{"id":11707,"date":"2026-04-27T13:57:31","date_gmt":"2026-04-27T13:57:31","guid":{"rendered":""},"modified":"2026-04-27T13:57:31","modified_gmt":"2026-04-27T13:57:31","slug":"multi-koupelnova-skrinka-na-nozickach-vcetne-umyvadla-60x46-cm-bila-spponza-aktualni-11707","status":"publish","type":"product","link":"https:\/\/www.koupeltech.com\/index.php\/produkt\/multi-koupelnova-skrinka-na-nozickach-vcetne-umyvadla-60x46-cm-bila-spponza-aktualni-11707\/","title":{"rendered":"Multi Koupelnov\u00e1 sk\u0159\u00ed\u0148ka na no\u017ei\u010dk\u00e1ch v\u010detn\u011b umyvadla 60&#215;46 cm b\u00edl\u00e1 SPPONZA Aktu\u00e1ln\u00ed"},"content":{"rendered":"<div class=\"ProductDetail-content NoFixImageContainer\" id=\"productDescription\">\n<div class=\"Heading\">\n<h2 class=\"Heading-title\">Popis produktu <span class=''>Multi Koupelnov\u00e1 sk\u0159\u00ed\u0148ka na no\u017ei\u010dk\u00e1ch v\u010detn\u011b umyvadla 60&#215;46 cm b\u00edl\u00e1 SPPONZA<\/span><\/h2>\n<\/p><\/div>\n<div class=\"ProductDetailContent\">\n<p>Sk\u0159\u00ed\u0148ka s keramick\u00fdm umyvadlem. Proveden\u00ed z lamina, lakovan\u00e9 jsou pouze \u010deln\u00ed plochy a je dod\u00e1v\u00e1na v rozlo\u017een\u00e9m stavu. Vybaven\u00ed sk\u0159\u00ed\u0148ky je 1x z\u00e1suvka (s oby\u010dejn\u00fdmi pojezdy), 2x dv\u00ed\u0159ka, 1x police.<\/p>\n<ul>\n<li><strong>Druh v\u00fdrobku:<\/strong> koupelnov\u00e1 sk\u0159\u00ed\u0148ka<\/li>\n<li><strong>Typ:<\/strong> s umyvadlem<\/li>\n<li><strong>Proveden\u00ed:<\/strong> stoj\u00edc\u00ed<\/li>\n<li><strong>Barva:<\/strong> b\u00edl\u00e1<\/li>\n<li><strong>Povrch:<\/strong> lamino<\/li>\n<li><strong>Povrchov\u00e1 \u00faprava:<\/strong> mat<\/li>\n<li><strong>\u0160\u00ed\u0159ka:<\/strong> 60 cm<\/li>\n<li><strong>V\u00fd\u0161ka:<\/strong> 85 cm<\/li>\n<li><strong>Hloubka:<\/strong> 46 cm<\/li>\n<\/ul><\/div>\n<div class=\"ProductDetailContent\">                                                                    <\/div>\n<\/p><\/div>\n<\/p><\/div>\n<\/p><\/div>\n","protected":false},"excerpt":{"rendered":"<p>Popis produktu Multi Koupelnov\u00e1 sk\u0159\u00ed\u0148ka na no\u017ei\u010dk\u00e1ch v\u010detn\u011b umyvadla 60&#215;46 cm b\u00edl\u00e1 SPPONZA Sk\u0159\u00ed\u0148ka s keramick\u00fdm umyvadlem. Proveden\u00ed z lamina, lakovan\u00e9 jsou pouze \u010deln\u00ed plochy a je dod\u00e1v\u00e1na v rozlo\u017een\u00e9m stavu. Vybaven\u00ed sk\u0159\u00ed\u0148ky je 1x z\u00e1suvka (s oby\u010dejn\u00fdmi pojezdy), 2x dv\u00ed\u0159ka, 1x police. Druh v\u00fdrobku: koupelnov\u00e1 sk\u0159\u00ed\u0148ka Typ: s umyvadlem Proveden\u00ed: stoj\u00edc\u00ed Barva: b\u00edl\u00e1 Povrch: [&hellip;]<\/p>\n","protected":false},"featured_media":11807,"comment_status":"open","ping_status":"open","template":"","meta":[],"product_brand":[],"product_cat":[77],"product_tag":[],"class_list":{"0":"post-11707","1":"product","2":"type-product","3":"status-publish","4":"has-post-thumbnail","6":"product_cat-koupelny","8":"first","9":"instock","10":"sale","11":"shipping-taxable","12":"purchasable","13":"product-type-simple"},"yoast_head":"<!-- This site is optimized with the Yoast SEO plugin v26.8 - https:\/\/yoast.com\/product\/yoast-seo-wordpress\/ -->\n<title>Multi Koupelnov\u00e1 sk\u0159\u00ed\u0148ka na no\u017ei\u010dk\u00e1ch v\u010detn\u011b umyvadla 60x46 cm b\u00edl\u00e1 SPPONZA Aktu\u00e1ln\u00ed -<\/title>\n<meta name=\"robots\" content=\"index, follow, max-snippet:-1, max-image-preview:large, max-video-preview:-1\" \/>\n<link rel=\"canonical\" href=\"https:\/\/www.koupeltech.com\/index.php\/produkt\/multi-koupelnova-skrinka-na-nozickach-vcetne-umyvadla-60x46-cm-bila-spponza-aktualni-11707\/\" \/>\n<meta property=\"og:locale\" content=\"cs_CZ\" \/>\n<meta property=\"og:type\" content=\"article\" \/>\n<meta property=\"og:title\" content=\"Multi Koupelnov\u00e1 sk\u0159\u00ed\u0148ka na no\u017ei\u010dk\u00e1ch v\u010detn\u011b umyvadla 60x46 cm b\u00edl\u00e1 SPPONZA Aktu\u00e1ln\u00ed -\" \/>\n<meta property=\"og:description\" content=\"Popis produktu Multi Koupelnov\u00e1 sk\u0159\u00ed\u0148ka na no\u017ei\u010dk\u00e1ch v\u010detn\u011b umyvadla 60&#215;46 cm b\u00edl\u00e1 SPPONZA Sk\u0159\u00ed\u0148ka s keramick\u00fdm umyvadlem. Proveden\u00ed z lamina, lakovan\u00e9 jsou pouze \u010deln\u00ed plochy a je dod\u00e1v\u00e1na v rozlo\u017een\u00e9m stavu. Vybaven\u00ed sk\u0159\u00ed\u0148ky je 1x z\u00e1suvka (s oby\u010dejn\u00fdmi pojezdy), 2x dv\u00ed\u0159ka, 1x police. Druh v\u00fdrobku: koupelnov\u00e1 sk\u0159\u00ed\u0148ka Typ: s umyvadlem Proveden\u00ed: stoj\u00edc\u00ed Barva: b\u00edl\u00e1 Povrch: [&hellip;]\" \/>\n<meta property=\"og:url\" content=\"https:\/\/www.koupeltech.com\/index.php\/produkt\/multi-koupelnova-skrinka-na-nozickach-vcetne-umyvadla-60x46-cm-bila-spponza-aktualni-11707\/\" \/>\n<meta property=\"og:image\" content=\"https:\/\/www.koupeltech.com\/wp-content\/uploads\/2026\/SK0022936-CZ20260425-092632-0-1777080397-multi-koupelnova-skrinka-na-nozickach-vcetne-umyvadla-60x46.webp\" \/>\n\t<meta property=\"og:image:width\" content=\"496\" \/>\n\t<meta property=\"og:image:height\" content=\"600\" \/>\n\t<meta property=\"og:image:type\" content=\"image\/webp\" \/>\n<meta name=\"twitter:card\" content=\"summary_large_image\" \/>\n<script type=\"application\/ld+json\" class=\"yoast-schema-graph\">{\"@context\":\"https:\/\/schema.org\",\"@graph\":[{\"@type\":\"WebPage\",\"@id\":\"https:\/\/www.koupeltech.com\/index.php\/produkt\/multi-koupelnova-skrinka-na-nozickach-vcetne-umyvadla-60x46-cm-bila-spponza-aktualni-11707\/\",\"url\":\"https:\/\/www.koupeltech.com\/index.php\/produkt\/multi-koupelnova-skrinka-na-nozickach-vcetne-umyvadla-60x46-cm-bila-spponza-aktualni-11707\/\",\"name\":\"Multi Koupelnov\u00e1 sk\u0159\u00ed\u0148ka na no\u017ei\u010dk\u00e1ch v\u010detn\u011b umyvadla 60x46 cm b\u00edl\u00e1 SPPONZA Aktu\u00e1ln\u00ed -\",\"isPartOf\":{\"@id\":\"https:\/\/www.koupeltech.com\/#website\"},\"primaryImageOfPage\":{\"@id\":\"https:\/\/www.koupeltech.com\/index.php\/produkt\/multi-koupelnova-skrinka-na-nozickach-vcetne-umyvadla-60x46-cm-bila-spponza-aktualni-11707\/#primaryimage\"},\"image\":{\"@id\":\"https:\/\/www.koupeltech.com\/index.php\/produkt\/multi-koupelnova-skrinka-na-nozickach-vcetne-umyvadla-60x46-cm-bila-spponza-aktualni-11707\/#primaryimage\"},\"thumbnailUrl\":\"https:\/\/www.koupeltech.com\/wp-content\/uploads\/2026\/SK0022936-CZ20260425-092632-0-1777080397-multi-koupelnova-skrinka-na-nozickach-vcetne-umyvadla-60x46.webp\",\"datePublished\":\"2026-04-27T13:57:31+00:00\",\"breadcrumb\":{\"@id\":\"https:\/\/www.koupeltech.com\/index.php\/produkt\/multi-koupelnova-skrinka-na-nozickach-vcetne-umyvadla-60x46-cm-bila-spponza-aktualni-11707\/#breadcrumb\"},\"inLanguage\":\"cs\",\"potentialAction\":[{\"@type\":\"ReadAction\",\"target\":[\"https:\/\/www.koupeltech.com\/index.php\/produkt\/multi-koupelnova-skrinka-na-nozickach-vcetne-umyvadla-60x46-cm-bila-spponza-aktualni-11707\/\"]}]},{\"@type\":\"ImageObject\",\"inLanguage\":\"cs\",\"@id\":\"https:\/\/www.koupeltech.com\/index.php\/produkt\/multi-koupelnova-skrinka-na-nozickach-vcetne-umyvadla-60x46-cm-bila-spponza-aktualni-11707\/#primaryimage\",\"url\":\"https:\/\/www.koupeltech.com\/wp-content\/uploads\/2026\/SK0022936-CZ20260425-092632-0-1777080397-multi-koupelnova-skrinka-na-nozickach-vcetne-umyvadla-60x46.webp\",\"contentUrl\":\"https:\/\/www.koupeltech.com\/wp-content\/uploads\/2026\/SK0022936-CZ20260425-092632-0-1777080397-multi-koupelnova-skrinka-na-nozickach-vcetne-umyvadla-60x46.webp\",\"width\":496,\"height\":600},{\"@type\":\"BreadcrumbList\",\"@id\":\"https:\/\/www.koupeltech.com\/index.php\/produkt\/multi-koupelnova-skrinka-na-nozickach-vcetne-umyvadla-60x46-cm-bila-spponza-aktualni-11707\/#breadcrumb\",\"itemListElement\":[{\"@type\":\"ListItem\",\"position\":1,\"name\":\"Home\",\"item\":\"https:\/\/www.koupeltech.com\/\"},{\"@type\":\"ListItem\",\"position\":2,\"name\":\"Products\",\"item\":\"https:\/\/www.koupeltech.com\/index.php\/products\/\"},{\"@type\":\"ListItem\",\"position\":3,\"name\":\"Multi Koupelnov\u00e1 sk\u0159\u00ed\u0148ka na no\u017ei\u010dk\u00e1ch v\u010detn\u011b umyvadla 60&#215;46 cm b\u00edl\u00e1 SPPONZA Aktu\u00e1ln\u00ed\"}]},{\"@type\":\"WebSite\",\"@id\":\"https:\/\/www.koupeltech.com\/#website\",\"url\":\"https:\/\/www.koupeltech.com\/\",\"name\":\"\",\"description\":\"\",\"potentialAction\":[{\"@type\":\"SearchAction\",\"target\":{\"@type\":\"EntryPoint\",\"urlTemplate\":\"https:\/\/www.koupeltech.com\/?s={search_term_string}\"},\"query-input\":{\"@type\":\"PropertyValueSpecification\",\"valueRequired\":true,\"valueName\":\"search_term_string\"}}],\"inLanguage\":\"cs\"}]}<\/script>\n<!-- \/ Yoast SEO plugin. -->","yoast_head_json":{"title":"Multi Koupelnov\u00e1 sk\u0159\u00ed\u0148ka na no\u017ei\u010dk\u00e1ch v\u010detn\u011b umyvadla 60x46 cm b\u00edl\u00e1 SPPONZA Aktu\u00e1ln\u00ed -","robots":{"index":"index","follow":"follow","max-snippet":"max-snippet:-1","max-image-preview":"max-image-preview:large","max-video-preview":"max-video-preview:-1"},"canonical":"https:\/\/www.koupeltech.com\/index.php\/produkt\/multi-koupelnova-skrinka-na-nozickach-vcetne-umyvadla-60x46-cm-bila-spponza-aktualni-11707\/","og_locale":"cs_CZ","og_type":"article","og_title":"Multi Koupelnov\u00e1 sk\u0159\u00ed\u0148ka na no\u017ei\u010dk\u00e1ch v\u010detn\u011b umyvadla 60x46 cm b\u00edl\u00e1 SPPONZA Aktu\u00e1ln\u00ed -","og_description":"Popis produktu Multi Koupelnov\u00e1 sk\u0159\u00ed\u0148ka na no\u017ei\u010dk\u00e1ch v\u010detn\u011b umyvadla 60&#215;46 cm b\u00edl\u00e1 SPPONZA Sk\u0159\u00ed\u0148ka s keramick\u00fdm umyvadlem. Proveden\u00ed z lamina, lakovan\u00e9 jsou pouze \u010deln\u00ed plochy a je dod\u00e1v\u00e1na v rozlo\u017een\u00e9m stavu. Vybaven\u00ed sk\u0159\u00ed\u0148ky je 1x z\u00e1suvka (s oby\u010dejn\u00fdmi pojezdy), 2x dv\u00ed\u0159ka, 1x police. Druh v\u00fdrobku: koupelnov\u00e1 sk\u0159\u00ed\u0148ka Typ: s umyvadlem Proveden\u00ed: stoj\u00edc\u00ed Barva: b\u00edl\u00e1 Povrch: [&hellip;]","og_url":"https:\/\/www.koupeltech.com\/index.php\/produkt\/multi-koupelnova-skrinka-na-nozickach-vcetne-umyvadla-60x46-cm-bila-spponza-aktualni-11707\/","og_image":[{"width":496,"height":600,"url":"https:\/\/www.koupeltech.com\/wp-content\/uploads\/2026\/SK0022936-CZ20260425-092632-0-1777080397-multi-koupelnova-skrinka-na-nozickach-vcetne-umyvadla-60x46.webp","type":"image\/webp"}],"twitter_card":"summary_large_image","schema":{"@context":"https:\/\/schema.org","@graph":[{"@type":"WebPage","@id":"https:\/\/www.koupeltech.com\/index.php\/produkt\/multi-koupelnova-skrinka-na-nozickach-vcetne-umyvadla-60x46-cm-bila-spponza-aktualni-11707\/","url":"https:\/\/www.koupeltech.com\/index.php\/produkt\/multi-koupelnova-skrinka-na-nozickach-vcetne-umyvadla-60x46-cm-bila-spponza-aktualni-11707\/","name":"Multi Koupelnov\u00e1 sk\u0159\u00ed\u0148ka na no\u017ei\u010dk\u00e1ch v\u010detn\u011b umyvadla 60x46 cm b\u00edl\u00e1 SPPONZA Aktu\u00e1ln\u00ed -","isPartOf":{"@id":"https:\/\/www.koupeltech.com\/#website"},"primaryImageOfPage":{"@id":"https:\/\/www.koupeltech.com\/index.php\/produkt\/multi-koupelnova-skrinka-na-nozickach-vcetne-umyvadla-60x46-cm-bila-spponza-aktualni-11707\/#primaryimage"},"image":{"@id":"https:\/\/www.koupeltech.com\/index.php\/produkt\/multi-koupelnova-skrinka-na-nozickach-vcetne-umyvadla-60x46-cm-bila-spponza-aktualni-11707\/#primaryimage"},"thumbnailUrl":"https:\/\/www.koupeltech.com\/wp-content\/uploads\/2026\/SK0022936-CZ20260425-092632-0-1777080397-multi-koupelnova-skrinka-na-nozickach-vcetne-umyvadla-60x46.webp","datePublished":"2026-04-27T13:57:31+00:00","breadcrumb":{"@id":"https:\/\/www.koupeltech.com\/index.php\/produkt\/multi-koupelnova-skrinka-na-nozickach-vcetne-umyvadla-60x46-cm-bila-spponza-aktualni-11707\/#breadcrumb"},"inLanguage":"cs","potentialAction":[{"@type":"ReadAction","target":["https:\/\/www.koupeltech.com\/index.php\/produkt\/multi-koupelnova-skrinka-na-nozickach-vcetne-umyvadla-60x46-cm-bila-spponza-aktualni-11707\/"]}]},{"@type":"ImageObject","inLanguage":"cs","@id":"https:\/\/www.koupeltech.com\/index.php\/produkt\/multi-koupelnova-skrinka-na-nozickach-vcetne-umyvadla-60x46-cm-bila-spponza-aktualni-11707\/#primaryimage","url":"https:\/\/www.koupeltech.com\/wp-content\/uploads\/2026\/SK0022936-CZ20260425-092632-0-1777080397-multi-koupelnova-skrinka-na-nozickach-vcetne-umyvadla-60x46.webp","contentUrl":"https:\/\/www.koupeltech.com\/wp-content\/uploads\/2026\/SK0022936-CZ20260425-092632-0-1777080397-multi-koupelnova-skrinka-na-nozickach-vcetne-umyvadla-60x46.webp","width":496,"height":600},{"@type":"BreadcrumbList","@id":"https:\/\/www.koupeltech.com\/index.php\/produkt\/multi-koupelnova-skrinka-na-nozickach-vcetne-umyvadla-60x46-cm-bila-spponza-aktualni-11707\/#breadcrumb","itemListElement":[{"@type":"ListItem","position":1,"name":"Home","item":"https:\/\/www.koupeltech.com\/"},{"@type":"ListItem","position":2,"name":"Products","item":"https:\/\/www.koupeltech.com\/index.php\/products\/"},{"@type":"ListItem","position":3,"name":"Multi Koupelnov\u00e1 sk\u0159\u00ed\u0148ka na no\u017ei\u010dk\u00e1ch v\u010detn\u011b umyvadla 60&#215;46 cm b\u00edl\u00e1 SPPONZA Aktu\u00e1ln\u00ed"}]},{"@type":"WebSite","@id":"https:\/\/www.koupeltech.com\/#website","url":"https:\/\/www.koupeltech.com\/","name":"","description":"","potentialAction":[{"@type":"SearchAction","target":{"@type":"EntryPoint","urlTemplate":"https:\/\/www.koupeltech.com\/?s={search_term_string}"},"query-input":{"@type":"PropertyValueSpecification","valueRequired":true,"valueName":"search_term_string"}}],"inLanguage":"cs"}]}},"_links":{"self":[{"href":"https:\/\/www.koupeltech.com\/index.php\/wp-json\/wp\/v2\/product\/11707","targetHints":{"allow":["GET"]}}],"collection":[{"href":"https:\/\/www.koupeltech.com\/index.php\/wp-json\/wp\/v2\/product"}],"about":[{"href":"https:\/\/www.koupeltech.com\/index.php\/wp-json\/wp\/v2\/types\/product"}],"replies":[{"embeddable":true,"href":"https:\/\/www.koupeltech.com\/index.php\/wp-json\/wp\/v2\/comments?post=11707"}],"wp:featuredmedia":[{"embeddable":true,"href":"https:\/\/www.koupeltech.com\/index.php\/wp-json\/wp\/v2\/media\/11807"}],"wp:attachment":[{"href":"https:\/\/www.koupeltech.com\/index.php\/wp-json\/wp\/v2\/media?parent=11707"}],"wp:term":[{"taxonomy":"product_brand","embeddable":true,"href":"https:\/\/www.koupeltech.com\/index.php\/wp-json\/wp\/v2\/product_brand?post=11707"},{"taxonomy":"product_cat","embeddable":true,"href":"https:\/\/www.koupeltech.com\/index.php\/wp-json\/wp\/v2\/product_cat?post=11707"},{"taxonomy":"product_tag","embeddable":true,"href":"https:\/\/www.koupeltech.com\/index.php\/wp-json\/wp\/v2\/product_tag?post=11707"}],"curies":[{"name":"wp","href":"https:\/\/api.w.org\/{rel}","templated":true}]}}