{"id":11710,"date":"2026-04-27T13:57:31","date_gmt":"2026-04-27T13:57:31","guid":{"rendered":""},"modified":"2026-04-27T13:57:31","modified_gmt":"2026-04-27T13:57:31","slug":"sprchovy-kout-ctvrtkruhovy-80x80cm-aqualine-arleta-black-cire-sklo-vraceni-zdarma-11710","status":"publish","type":"product","link":"https:\/\/www.koupeltech.com\/index.php\/produkt\/sprchovy-kout-ctvrtkruhovy-80x80cm-aqualine-arleta-black-cire-sklo-vraceni-zdarma-11710\/","title":{"rendered":"Sprchov\u00fd kout \u010dtvrtkruhov\u00fd 80x80cm Aqualine ARLETA BLACK \u010dir\u00e9 sklo Vr\u00e1cen\u00ed Zdarma"},"content":{"rendered":"<div class=\"ProductDetail-content NoFixImageContainer\" id=\"productDescription\">\n<div class=\"Heading\">\n<h2 class=\"Heading-title\">Popis produktu <span class=''>Sprchov\u00fd kout \u010dtvrtkruhov\u00fd 80x80cm Aqualine ARLETA BLACK \u010dir\u00e9 sklo<\/span><\/h2>\n<\/p><\/div>\n<div class=\"ProductDetailContent\">\n<ul>\n<li>Rozm\u011b: 80&#215;80 cm<\/li>\n<li>\u0160\u00ed\u0159ka: 800 mm<\/li>\n<li>V\u00fd\u0161ka: 1850 mm<\/li>\n<li>Hloubka: 800 mm<\/li>\n<li>Barva profilu: \u010cern\u00e1 mat<\/li>\n<li>Tvar: \u010ctvrtkruh<\/li>\n<li>Typ otev\u00edr\u00e1n\u00ed: Posuvn\u00e9<\/li>\n<li>\u0160\u00ed\u0159ka vstupu: 410 mm<\/li>\n<li>Typ v\u00fdpln\u011b: \u010cir\u00e9 sklo<\/li>\n<li>Tlou\u0161\u0165ka skla: 5 mm<\/li>\n<li>R\u00e1dius: R550<\/li>\n<li>Vlastnosti: R\u00e1mov\u00e9 proveden\u00ed<\/li>\n<\/ul><\/div>\n<div class=\"ProductDetailContent\">\n<div class=\"ProductDetailContent-item\">\n<div style=\"background-color:#f9f9f9; border-left:5px solid #4caf50; border-radius:8px; box-shadow:0 4px 12px rgba(0,0,0,0.1); font-family:Arial,sans-serif; margin-bottom:20px; padding:25px 20px 20px 20px; position:relative\"><!-- Ikona info v lev\u00e9m horn\u00edm rohu --><\/p>\n<div style=\"align-items:center; background-color:#4caf50; border-radius:50%; color:#ffffff; display:flex; font-size:18px; font-weight:bold; height:30px; justify-content:center; left:-10px; position:absolute; top:-10px; width:30px\">i<\/div>\n<h3 style=\"margin-left:15px\">\u2705 Nab\u00edz\u00edme profesion\u00e1ln\u00ed mont\u00e1\u017e sprchov\u00e9ho koutu \u2013 precizn\u011b a bez starost\u00ed<\/h3>\n<p>Kvalitn\u00ed mont\u00e1\u017e <strong>sprchov\u00e9ho koutu<\/strong> je kl\u00ed\u010dov\u00e1 pro jeho bezprobl\u00e9mov\u00e9 fungov\u00e1n\u00ed, dlouhou \u017eivotnost a maxim\u00e1ln\u00ed t\u011bsnost. A\u0165 u\u017e se jedn\u00e1 o <strong>\u010dtvrtkruhov\u00fd<\/strong>, <strong>\u010dtvercov\u00fd<\/strong>, <strong>obd\u00e9ln\u00edkov\u00fd<\/strong> \u010di <strong>asymetrick\u00fd<\/strong> sprchov\u00fd kout, spr\u00e1vn\u00e9 usazen\u00ed a ut\u011bsn\u011bn\u00ed jsou nezbytn\u00e9 pro komfortn\u00ed a bezpe\u010dn\u00e9 sprchov\u00e1n\u00ed.<\/p>\n<p><strong>Nab\u00edz\u00edme odbornou mont\u00e1\u017e sprchov\u00fdch kout\u016f v\u0161ech typ\u016f i zna\u010dek<\/strong>. Provedeme p\u0159esn\u00e9 zam\u011b\u0159en\u00ed, p\u0159\u00edpravu podkladu a profesion\u00e1ln\u00ed instalaci na <strong>sprchovou vani\u010dku<\/strong> \u010di podlahu se <strong>sprchov\u00fdm \u017elabem<\/strong>. Samoz\u0159ejmost\u00ed je d\u016fsledn\u00e1 kontrola funk\u010dnosti a \u010dist\u00fd v\u00fdstup po dokon\u010den\u00ed prac\u00ed.<\/p>\n<p><strong>Mont\u00e1\u017e sprchov\u00e9ho koutu p\u0159enechte odborn\u00edk\u016fm<\/strong>, vyhnete se tak zbyte\u010dn\u00fdm komplikac\u00edm a zajist\u00edte si precizn\u00ed v\u00fdsledek. Pracujeme rychle, spolehliv\u011b a db\u00e1me na ka\u017ed\u00fd detail. Kontaktujte n\u00e1s a sd\u011blte n\u00e1m sv\u00e9 po\u017eadavky, r\u00e1di v\u00e1m pom\u016f\u017eeme.<\/p>\n<p><strong>Mont\u00e1\u017e sprchov\u00e9ho koutu<\/strong> nab\u00edz\u00edme pouze pro <strong>N\u00e1chodsko<\/strong> a <strong>Trutnovsko<\/strong>.<\/p>\n<\/div><\/div>\n<\/p><\/div>\n<\/p><\/div>\n<\/p><\/div>\n<\/p><\/div>\n","protected":false},"excerpt":{"rendered":"<p>Popis produktu Sprchov\u00fd kout \u010dtvrtkruhov\u00fd 80x80cm Aqualine ARLETA BLACK \u010dir\u00e9 sklo Rozm\u011b: 80&#215;80 cm \u0160\u00ed\u0159ka: 800 mm V\u00fd\u0161ka: 1850 mm Hloubka: 800 mm Barva profilu: \u010cern\u00e1 mat Tvar: \u010ctvrtkruh Typ otev\u00edr\u00e1n\u00ed: Posuvn\u00e9 \u0160\u00ed\u0159ka vstupu: 410 mm Typ v\u00fdpln\u011b: \u010cir\u00e9 sklo Tlou\u0161\u0165ka skla: 5 mm R\u00e1dius: R550 Vlastnosti: R\u00e1mov\u00e9 proveden\u00ed i \u2705 Nab\u00edz\u00edme profesion\u00e1ln\u00ed mont\u00e1\u017e sprchov\u00e9ho [&hellip;]<\/p>\n","protected":false},"featured_media":11810,"comment_status":"open","ping_status":"open","template":"","meta":[],"product_brand":[],"product_cat":[77],"product_tag":[],"class_list":{"0":"post-11710","1":"product","2":"type-product","3":"status-publish","4":"has-post-thumbnail","6":"product_cat-koupelny","8":"first","9":"instock","10":"sale","11":"shipping-taxable","12":"purchasable","13":"product-type-simple"},"yoast_head":"<!-- This site is optimized with the Yoast SEO plugin v26.8 - https:\/\/yoast.com\/product\/yoast-seo-wordpress\/ -->\n<title>Sprchov\u00fd kout \u010dtvrtkruhov\u00fd 80x80cm Aqualine ARLETA BLACK \u010dir\u00e9 sklo Vr\u00e1cen\u00ed Zdarma -<\/title>\n<meta name=\"robots\" content=\"index, follow, max-snippet:-1, max-image-preview:large, max-video-preview:-1\" \/>\n<link rel=\"canonical\" href=\"https:\/\/www.koupeltech.com\/index.php\/produkt\/sprchovy-kout-ctvrtkruhovy-80x80cm-aqualine-arleta-black-cire-sklo-vraceni-zdarma-11710\/\" \/>\n<meta property=\"og:locale\" content=\"cs_CZ\" \/>\n<meta property=\"og:type\" content=\"article\" \/>\n<meta property=\"og:title\" content=\"Sprchov\u00fd kout \u010dtvrtkruhov\u00fd 80x80cm Aqualine ARLETA BLACK \u010dir\u00e9 sklo Vr\u00e1cen\u00ed Zdarma -\" \/>\n<meta property=\"og:description\" content=\"Popis produktu Sprchov\u00fd kout \u010dtvrtkruhov\u00fd 80x80cm Aqualine ARLETA BLACK \u010dir\u00e9 sklo Rozm\u011b: 80&#215;80 cm \u0160\u00ed\u0159ka: 800 mm V\u00fd\u0161ka: 1850 mm Hloubka: 800 mm Barva profilu: \u010cern\u00e1 mat Tvar: \u010ctvrtkruh Typ otev\u00edr\u00e1n\u00ed: Posuvn\u00e9 \u0160\u00ed\u0159ka vstupu: 410 mm Typ v\u00fdpln\u011b: \u010cir\u00e9 sklo Tlou\u0161\u0165ka skla: 5 mm R\u00e1dius: R550 Vlastnosti: R\u00e1mov\u00e9 proveden\u00ed i \u2705 Nab\u00edz\u00edme profesion\u00e1ln\u00ed mont\u00e1\u017e sprchov\u00e9ho [&hellip;]\" \/>\n<meta property=\"og:url\" content=\"https:\/\/www.koupeltech.com\/index.php\/produkt\/sprchovy-kout-ctvrtkruhovy-80x80cm-aqualine-arleta-black-cire-sklo-vraceni-zdarma-11710\/\" \/>\n<meta property=\"og:image\" content=\"https:\/\/www.koupeltech.com\/wp-content\/uploads\/2026\/SK0022939-CZ20260425-092632-0-1777080397-sprchovy-kout-ctvrtkruhovy-80x80cm-aqualine-arleta-black-ci.webp\" \/>\n\t<meta property=\"og:image:width\" content=\"600\" \/>\n\t<meta property=\"og:image:height\" content=\"547\" \/>\n\t<meta property=\"og:image:type\" content=\"image\/webp\" \/>\n<meta name=\"twitter:card\" content=\"summary_large_image\" \/>\n<meta name=\"twitter:label1\" content=\"Odhadovan\u00e1 doba \u010dten\u00ed\" \/>\n\t<meta name=\"twitter:data1\" content=\"1 minuta\" \/>\n<script type=\"application\/ld+json\" class=\"yoast-schema-graph\">{\"@context\":\"https:\/\/schema.org\",\"@graph\":[{\"@type\":\"WebPage\",\"@id\":\"https:\/\/www.koupeltech.com\/index.php\/produkt\/sprchovy-kout-ctvrtkruhovy-80x80cm-aqualine-arleta-black-cire-sklo-vraceni-zdarma-11710\/\",\"url\":\"https:\/\/www.koupeltech.com\/index.php\/produkt\/sprchovy-kout-ctvrtkruhovy-80x80cm-aqualine-arleta-black-cire-sklo-vraceni-zdarma-11710\/\",\"name\":\"Sprchov\u00fd kout \u010dtvrtkruhov\u00fd 80x80cm Aqualine ARLETA BLACK \u010dir\u00e9 sklo Vr\u00e1cen\u00ed Zdarma -\",\"isPartOf\":{\"@id\":\"https:\/\/www.koupeltech.com\/#website\"},\"primaryImageOfPage\":{\"@id\":\"https:\/\/www.koupeltech.com\/index.php\/produkt\/sprchovy-kout-ctvrtkruhovy-80x80cm-aqualine-arleta-black-cire-sklo-vraceni-zdarma-11710\/#primaryimage\"},\"image\":{\"@id\":\"https:\/\/www.koupeltech.com\/index.php\/produkt\/sprchovy-kout-ctvrtkruhovy-80x80cm-aqualine-arleta-black-cire-sklo-vraceni-zdarma-11710\/#primaryimage\"},\"thumbnailUrl\":\"https:\/\/www.koupeltech.com\/wp-content\/uploads\/2026\/SK0022939-CZ20260425-092632-0-1777080397-sprchovy-kout-ctvrtkruhovy-80x80cm-aqualine-arleta-black-ci.webp\",\"datePublished\":\"2026-04-27T13:57:31+00:00\",\"breadcrumb\":{\"@id\":\"https:\/\/www.koupeltech.com\/index.php\/produkt\/sprchovy-kout-ctvrtkruhovy-80x80cm-aqualine-arleta-black-cire-sklo-vraceni-zdarma-11710\/#breadcrumb\"},\"inLanguage\":\"cs\",\"potentialAction\":[{\"@type\":\"ReadAction\",\"target\":[\"https:\/\/www.koupeltech.com\/index.php\/produkt\/sprchovy-kout-ctvrtkruhovy-80x80cm-aqualine-arleta-black-cire-sklo-vraceni-zdarma-11710\/\"]}]},{\"@type\":\"ImageObject\",\"inLanguage\":\"cs\",\"@id\":\"https:\/\/www.koupeltech.com\/index.php\/produkt\/sprchovy-kout-ctvrtkruhovy-80x80cm-aqualine-arleta-black-cire-sklo-vraceni-zdarma-11710\/#primaryimage\",\"url\":\"https:\/\/www.koupeltech.com\/wp-content\/uploads\/2026\/SK0022939-CZ20260425-092632-0-1777080397-sprchovy-kout-ctvrtkruhovy-80x80cm-aqualine-arleta-black-ci.webp\",\"contentUrl\":\"https:\/\/www.koupeltech.com\/wp-content\/uploads\/2026\/SK0022939-CZ20260425-092632-0-1777080397-sprchovy-kout-ctvrtkruhovy-80x80cm-aqualine-arleta-black-ci.webp\",\"width\":600,\"height\":547},{\"@type\":\"BreadcrumbList\",\"@id\":\"https:\/\/www.koupeltech.com\/index.php\/produkt\/sprchovy-kout-ctvrtkruhovy-80x80cm-aqualine-arleta-black-cire-sklo-vraceni-zdarma-11710\/#breadcrumb\",\"itemListElement\":[{\"@type\":\"ListItem\",\"position\":1,\"name\":\"Home\",\"item\":\"https:\/\/www.koupeltech.com\/\"},{\"@type\":\"ListItem\",\"position\":2,\"name\":\"Products\",\"item\":\"https:\/\/www.koupeltech.com\/index.php\/products\/\"},{\"@type\":\"ListItem\",\"position\":3,\"name\":\"Sprchov\u00fd kout \u010dtvrtkruhov\u00fd 80x80cm Aqualine ARLETA BLACK \u010dir\u00e9 sklo Vr\u00e1cen\u00ed Zdarma\"}]},{\"@type\":\"WebSite\",\"@id\":\"https:\/\/www.koupeltech.com\/#website\",\"url\":\"https:\/\/www.koupeltech.com\/\",\"name\":\"\",\"description\":\"\",\"potentialAction\":[{\"@type\":\"SearchAction\",\"target\":{\"@type\":\"EntryPoint\",\"urlTemplate\":\"https:\/\/www.koupeltech.com\/?s={search_term_string}\"},\"query-input\":{\"@type\":\"PropertyValueSpecification\",\"valueRequired\":true,\"valueName\":\"search_term_string\"}}],\"inLanguage\":\"cs\"}]}<\/script>\n<!-- \/ Yoast SEO plugin. -->","yoast_head_json":{"title":"Sprchov\u00fd kout \u010dtvrtkruhov\u00fd 80x80cm Aqualine ARLETA BLACK \u010dir\u00e9 sklo Vr\u00e1cen\u00ed Zdarma -","robots":{"index":"index","follow":"follow","max-snippet":"max-snippet:-1","max-image-preview":"max-image-preview:large","max-video-preview":"max-video-preview:-1"},"canonical":"https:\/\/www.koupeltech.com\/index.php\/produkt\/sprchovy-kout-ctvrtkruhovy-80x80cm-aqualine-arleta-black-cire-sklo-vraceni-zdarma-11710\/","og_locale":"cs_CZ","og_type":"article","og_title":"Sprchov\u00fd kout \u010dtvrtkruhov\u00fd 80x80cm Aqualine ARLETA BLACK \u010dir\u00e9 sklo Vr\u00e1cen\u00ed Zdarma -","og_description":"Popis produktu Sprchov\u00fd kout \u010dtvrtkruhov\u00fd 80x80cm Aqualine ARLETA BLACK \u010dir\u00e9 sklo Rozm\u011b: 80&#215;80 cm \u0160\u00ed\u0159ka: 800 mm V\u00fd\u0161ka: 1850 mm Hloubka: 800 mm Barva profilu: \u010cern\u00e1 mat Tvar: \u010ctvrtkruh Typ otev\u00edr\u00e1n\u00ed: Posuvn\u00e9 \u0160\u00ed\u0159ka vstupu: 410 mm Typ v\u00fdpln\u011b: \u010cir\u00e9 sklo Tlou\u0161\u0165ka skla: 5 mm R\u00e1dius: R550 Vlastnosti: R\u00e1mov\u00e9 proveden\u00ed i \u2705 Nab\u00edz\u00edme profesion\u00e1ln\u00ed mont\u00e1\u017e sprchov\u00e9ho [&hellip;]","og_url":"https:\/\/www.koupeltech.com\/index.php\/produkt\/sprchovy-kout-ctvrtkruhovy-80x80cm-aqualine-arleta-black-cire-sklo-vraceni-zdarma-11710\/","og_image":[{"width":600,"height":547,"url":"https:\/\/www.koupeltech.com\/wp-content\/uploads\/2026\/SK0022939-CZ20260425-092632-0-1777080397-sprchovy-kout-ctvrtkruhovy-80x80cm-aqualine-arleta-black-ci.webp","type":"image\/webp"}],"twitter_card":"summary_large_image","twitter_misc":{"Odhadovan\u00e1 doba \u010dten\u00ed":"1 minuta"},"schema":{"@context":"https:\/\/schema.org","@graph":[{"@type":"WebPage","@id":"https:\/\/www.koupeltech.com\/index.php\/produkt\/sprchovy-kout-ctvrtkruhovy-80x80cm-aqualine-arleta-black-cire-sklo-vraceni-zdarma-11710\/","url":"https:\/\/www.koupeltech.com\/index.php\/produkt\/sprchovy-kout-ctvrtkruhovy-80x80cm-aqualine-arleta-black-cire-sklo-vraceni-zdarma-11710\/","name":"Sprchov\u00fd kout \u010dtvrtkruhov\u00fd 80x80cm Aqualine ARLETA BLACK \u010dir\u00e9 sklo Vr\u00e1cen\u00ed Zdarma -","isPartOf":{"@id":"https:\/\/www.koupeltech.com\/#website"},"primaryImageOfPage":{"@id":"https:\/\/www.koupeltech.com\/index.php\/produkt\/sprchovy-kout-ctvrtkruhovy-80x80cm-aqualine-arleta-black-cire-sklo-vraceni-zdarma-11710\/#primaryimage"},"image":{"@id":"https:\/\/www.koupeltech.com\/index.php\/produkt\/sprchovy-kout-ctvrtkruhovy-80x80cm-aqualine-arleta-black-cire-sklo-vraceni-zdarma-11710\/#primaryimage"},"thumbnailUrl":"https:\/\/www.koupeltech.com\/wp-content\/uploads\/2026\/SK0022939-CZ20260425-092632-0-1777080397-sprchovy-kout-ctvrtkruhovy-80x80cm-aqualine-arleta-black-ci.webp","datePublished":"2026-04-27T13:57:31+00:00","breadcrumb":{"@id":"https:\/\/www.koupeltech.com\/index.php\/produkt\/sprchovy-kout-ctvrtkruhovy-80x80cm-aqualine-arleta-black-cire-sklo-vraceni-zdarma-11710\/#breadcrumb"},"inLanguage":"cs","potentialAction":[{"@type":"ReadAction","target":["https:\/\/www.koupeltech.com\/index.php\/produkt\/sprchovy-kout-ctvrtkruhovy-80x80cm-aqualine-arleta-black-cire-sklo-vraceni-zdarma-11710\/"]}]},{"@type":"ImageObject","inLanguage":"cs","@id":"https:\/\/www.koupeltech.com\/index.php\/produkt\/sprchovy-kout-ctvrtkruhovy-80x80cm-aqualine-arleta-black-cire-sklo-vraceni-zdarma-11710\/#primaryimage","url":"https:\/\/www.koupeltech.com\/wp-content\/uploads\/2026\/SK0022939-CZ20260425-092632-0-1777080397-sprchovy-kout-ctvrtkruhovy-80x80cm-aqualine-arleta-black-ci.webp","contentUrl":"https:\/\/www.koupeltech.com\/wp-content\/uploads\/2026\/SK0022939-CZ20260425-092632-0-1777080397-sprchovy-kout-ctvrtkruhovy-80x80cm-aqualine-arleta-black-ci.webp","width":600,"height":547},{"@type":"BreadcrumbList","@id":"https:\/\/www.koupeltech.com\/index.php\/produkt\/sprchovy-kout-ctvrtkruhovy-80x80cm-aqualine-arleta-black-cire-sklo-vraceni-zdarma-11710\/#breadcrumb","itemListElement":[{"@type":"ListItem","position":1,"name":"Home","item":"https:\/\/www.koupeltech.com\/"},{"@type":"ListItem","position":2,"name":"Products","item":"https:\/\/www.koupeltech.com\/index.php\/products\/"},{"@type":"ListItem","position":3,"name":"Sprchov\u00fd kout \u010dtvrtkruhov\u00fd 80x80cm Aqualine ARLETA BLACK \u010dir\u00e9 sklo Vr\u00e1cen\u00ed Zdarma"}]},{"@type":"WebSite","@id":"https:\/\/www.koupeltech.com\/#website","url":"https:\/\/www.koupeltech.com\/","name":"","description":"","potentialAction":[{"@type":"SearchAction","target":{"@type":"EntryPoint","urlTemplate":"https:\/\/www.koupeltech.com\/?s={search_term_string}"},"query-input":{"@type":"PropertyValueSpecification","valueRequired":true,"valueName":"search_term_string"}}],"inLanguage":"cs"}]}},"_links":{"self":[{"href":"https:\/\/www.koupeltech.com\/index.php\/wp-json\/wp\/v2\/product\/11710","targetHints":{"allow":["GET"]}}],"collection":[{"href":"https:\/\/www.koupeltech.com\/index.php\/wp-json\/wp\/v2\/product"}],"about":[{"href":"https:\/\/www.koupeltech.com\/index.php\/wp-json\/wp\/v2\/types\/product"}],"replies":[{"embeddable":true,"href":"https:\/\/www.koupeltech.com\/index.php\/wp-json\/wp\/v2\/comments?post=11710"}],"wp:featuredmedia":[{"embeddable":true,"href":"https:\/\/www.koupeltech.com\/index.php\/wp-json\/wp\/v2\/media\/11810"}],"wp:attachment":[{"href":"https:\/\/www.koupeltech.com\/index.php\/wp-json\/wp\/v2\/media?parent=11710"}],"wp:term":[{"taxonomy":"product_brand","embeddable":true,"href":"https:\/\/www.koupeltech.com\/index.php\/wp-json\/wp\/v2\/product_brand?post=11710"},{"taxonomy":"product_cat","embeddable":true,"href":"https:\/\/www.koupeltech.com\/index.php\/wp-json\/wp\/v2\/product_cat?post=11710"},{"taxonomy":"product_tag","embeddable":true,"href":"https:\/\/www.koupeltech.com\/index.php\/wp-json\/wp\/v2\/product_tag?post=11710"}],"curies":[{"name":"wp","href":"https:\/\/api.w.org\/{rel}","templated":true}]}}