{"id":11727,"date":"2026-04-27T13:57:31","date_gmt":"2026-04-27T13:57:31","guid":{"rendered":""},"modified":"2026-04-27T13:57:31","modified_gmt":"2026-04-27T13:57:31","slug":"zlevneny-davkovac-mydla-sat-infinitio-bila-satdinfi99bi-11727","status":"publish","type":"product","link":"https:\/\/www.koupeltech.com\/index.php\/produkt\/zlevneny-davkovac-mydla-sat-infinitio-bila-satdinfi99bi-11727\/","title":{"rendered":"Zlevn\u011bn\u00fd D\u00e1vkova\u010d m\u00fddla SAT Infinitio b\u00edl\u00e1 SATDINFI99BI"},"content":{"rendered":"<div class=\"ProductDetail-content NoFixImageContainer\" id=\"productDescription\">\n<div class=\"Heading\">\n<h2 class=\"Heading-title\">Popis produktu <span class=''>D\u00e1vkova\u010d m\u00fddla SAT Infinitio b\u00edl\u00e1 SATDINFI99BI<\/span><\/h2>\n<\/p><\/div>\n<div class=\"ProductDetailContent\">\n<p>Nov\u00e1 s\u00e9rie voln\u011b stoj\u00edc\u00edch dopl\u0148k\u016f <strong>SAT Infinitio<\/strong><strong> <\/strong>vyroben\u00e1 z pogumovan\u00e9 keramiky vych\u00e1z\u00ed z barevn\u00e9 \u0161k\u00e1ly umyvadel Infinitio. Barevn\u00e1 \u0161k\u00e1la dopl\u0148k\u016f nen\u00ed zcela toto\u017en\u00e1, p\u0159i jejich v\u00fdb\u011bru jsme museli zohlednit i to, \u017ee se dopl\u0148ky mus\u00ed skv\u011ble prod\u00e1vat i samostatn\u011b, tedy nap\u0159\u00edklad na\u0161e tyrkysov\u00e9 dopl\u0148ky prim\u00e1rn\u011b nedoporu\u010dujeme kombinovat se zelen\u00fdm nebo modr\u00fdm umyvadlem Infinitio, k nim bychom doporu\u010dili sp\u00ed\u0161e dopl\u0148ky Infinitio v barv\u00e1ch b\u00edl\u00e9, \u010dern\u00e9, \u0161ed\u00e9 nebo b\u00e9\u017eov\u00e9 &#8211; zkr\u00e1tka neutr\u00e1ln\u00ed, s ohledem na dal\u0161\u00ed vybaven\u00ed koupelny. Ostatn\u00ed barvy dopl\u0148k\u016f s umyvadly Infinitio v\u00fdborn\u011b lad\u00ed a lze s nimi s \u00fasp\u011bchem ladit i na\u0161e nov\u00e9 koupelnov\u00e9 p\u0159edlo\u017eky Infinitio. Ale samoz\u0159ejm\u011b dopl\u0148ky Infinitio lze kombinovat s jakoukoli jinou sanit\u00e1rn\u00ed keramikou a koupelnov\u00fdm vybaven\u00edm dle Va\u0161eho p\u0159\u00e1n\u00ed.<\/p>\n<h3>Technick\u00e9 parametry<\/h3>\n<ul>\n<li>Druh v\u00fdrobku: d\u00e1vkova\u010d m\u00fddla<\/li>\n<li>Materi\u00e1l: keramika<\/li>\n<li>Barva popisn\u00e1: b\u00edl\u00e1<\/li>\n<li>Typ: voln\u011b stoj\u00edc\u00ed<\/li>\n<li>Lesk\/mat: mat<\/li>\n<li>\u0160\u00ed\u0159ka: 6,4 cm<\/li>\n<li>V\u00fd\u0161ka: 16,5 cm<\/li>\n<\/ul>\n<p><strong><strong>N\u00e1vod k pou\u017eit\u00ed<\/strong><\/strong><\/p>\n<ul>\n<li>Do d\u00e1vkova\u010d\u016f doporu\u010dujeme pou\u017e\u00edvat pouze lehce parfemovan\u00e1 tekut\u00e1 m\u00fddla bez abrazivn\u00edch slo\u017eek a agresivn\u00edch rozpou\u0161t\u011bdel.<\/li>\n<li>Doporu\u010dujeme opakovan\u011b pou\u017e\u00edvat m\u00fddla stejn\u00e9 zna\u010dky a v\u00fdrobce.<\/li>\n<li>Nedoporu\u010dujeme pou\u017e\u00edvat vysoce p\u011bniv\u00e1 m\u00fddla.<\/li>\n<li>P\u0159i zm\u011bn\u011b zna\u010dky m\u00fddla \u0159\u00e1dn\u011b vypl\u00e1chn\u011bte n\u00e1dobku a d\u00e1vkovac\u00ed za\u0159\u00edzen\u00ed (pumpi\u010dku) teplou vodou, a to tak, aby se odstranilo st\u00e1vaj\u00edc\u00ed m\u00fddlo a jeho ztuhl\u00e9 a zaschl\u00e9 zbytky.<\/li>\n<\/ul>\n<p><strong>Upozorn\u011bn\u00ed! P\u0159i sm\u00ed\u0161en\u00ed r\u016fzn\u00fdch zna\u010dek m\u00fddel zpravidla doch\u00e1z\u00ed k reakci, kter\u00e1 vede k zacp\u00e1n\u00ed nebo neopraviteln\u00e9mu po\u0161kozen\u00ed d\u00e1vkovac\u00edho za\u0159\u00edzen\u00ed.<\/strong><\/p>\n<\/p><\/div>\n<div class=\"ProductDetailContent\">                                                                    <\/div>\n<\/p><\/div>\n<\/p><\/div>\n<\/p><\/div>\n","protected":false},"excerpt":{"rendered":"<p>Popis produktu D\u00e1vkova\u010d m\u00fddla SAT Infinitio b\u00edl\u00e1 SATDINFI99BI Nov\u00e1 s\u00e9rie voln\u011b stoj\u00edc\u00edch dopl\u0148k\u016f SAT Infinitio vyroben\u00e1 z pogumovan\u00e9 keramiky vych\u00e1z\u00ed z barevn\u00e9 \u0161k\u00e1ly umyvadel Infinitio. Barevn\u00e1 \u0161k\u00e1la dopl\u0148k\u016f nen\u00ed zcela toto\u017en\u00e1, p\u0159i jejich v\u00fdb\u011bru jsme museli zohlednit i to, \u017ee se dopl\u0148ky mus\u00ed skv\u011ble prod\u00e1vat i samostatn\u011b, tedy nap\u0159\u00edklad na\u0161e tyrkysov\u00e9 dopl\u0148ky prim\u00e1rn\u011b nedoporu\u010dujeme kombinovat [&hellip;]<\/p>\n","protected":false},"featured_media":11827,"comment_status":"open","ping_status":"open","template":"","meta":[],"product_brand":[],"product_cat":[77],"product_tag":[],"class_list":{"0":"post-11727","1":"product","2":"type-product","3":"status-publish","4":"has-post-thumbnail","6":"product_cat-koupelny","8":"first","9":"instock","10":"sale","11":"shipping-taxable","12":"purchasable","13":"product-type-simple"},"yoast_head":"<!-- This site is optimized with the Yoast SEO plugin v26.8 - https:\/\/yoast.com\/product\/yoast-seo-wordpress\/ -->\n<title>Zlevn\u011bn\u00fd D\u00e1vkova\u010d m\u00fddla SAT Infinitio b\u00edl\u00e1 SATDINFI99BI -<\/title>\n<meta name=\"robots\" content=\"index, follow, max-snippet:-1, max-image-preview:large, max-video-preview:-1\" \/>\n<link rel=\"canonical\" href=\"https:\/\/www.koupeltech.com\/index.php\/produkt\/zlevneny-davkovac-mydla-sat-infinitio-bila-satdinfi99bi-11727\/\" \/>\n<meta property=\"og:locale\" content=\"cs_CZ\" \/>\n<meta property=\"og:type\" content=\"article\" \/>\n<meta property=\"og:title\" content=\"Zlevn\u011bn\u00fd D\u00e1vkova\u010d m\u00fddla SAT Infinitio b\u00edl\u00e1 SATDINFI99BI -\" \/>\n<meta property=\"og:description\" content=\"Popis produktu D\u00e1vkova\u010d m\u00fddla SAT Infinitio b\u00edl\u00e1 SATDINFI99BI Nov\u00e1 s\u00e9rie voln\u011b stoj\u00edc\u00edch dopl\u0148k\u016f SAT Infinitio vyroben\u00e1 z pogumovan\u00e9 keramiky vych\u00e1z\u00ed z barevn\u00e9 \u0161k\u00e1ly umyvadel Infinitio. Barevn\u00e1 \u0161k\u00e1la dopl\u0148k\u016f nen\u00ed zcela toto\u017en\u00e1, p\u0159i jejich v\u00fdb\u011bru jsme museli zohlednit i to, \u017ee se dopl\u0148ky mus\u00ed skv\u011ble prod\u00e1vat i samostatn\u011b, tedy nap\u0159\u00edklad na\u0161e tyrkysov\u00e9 dopl\u0148ky prim\u00e1rn\u011b nedoporu\u010dujeme kombinovat [&hellip;]\" \/>\n<meta property=\"og:url\" content=\"https:\/\/www.koupeltech.com\/index.php\/produkt\/zlevneny-davkovac-mydla-sat-infinitio-bila-satdinfi99bi-11727\/\" \/>\n<meta property=\"og:image\" content=\"https:\/\/www.koupeltech.com\/wp-content\/uploads\/2026\/SK0022962-CZ20260425-092632-0-1777080397-davkovac-mydla-sat-infinitio-bila-satdinfi99bi-961520.webp\" \/>\n\t<meta property=\"og:image:width\" content=\"600\" \/>\n\t<meta property=\"og:image:height\" content=\"600\" \/>\n\t<meta property=\"og:image:type\" content=\"image\/webp\" \/>\n<meta name=\"twitter:card\" content=\"summary_large_image\" \/>\n<meta name=\"twitter:label1\" content=\"Odhadovan\u00e1 doba \u010dten\u00ed\" \/>\n\t<meta name=\"twitter:data1\" content=\"2 minuty\" \/>\n<script type=\"application\/ld+json\" class=\"yoast-schema-graph\">{\"@context\":\"https:\/\/schema.org\",\"@graph\":[{\"@type\":\"WebPage\",\"@id\":\"https:\/\/www.koupeltech.com\/index.php\/produkt\/zlevneny-davkovac-mydla-sat-infinitio-bila-satdinfi99bi-11727\/\",\"url\":\"https:\/\/www.koupeltech.com\/index.php\/produkt\/zlevneny-davkovac-mydla-sat-infinitio-bila-satdinfi99bi-11727\/\",\"name\":\"Zlevn\u011bn\u00fd D\u00e1vkova\u010d m\u00fddla SAT Infinitio b\u00edl\u00e1 SATDINFI99BI -\",\"isPartOf\":{\"@id\":\"https:\/\/www.koupeltech.com\/#website\"},\"primaryImageOfPage\":{\"@id\":\"https:\/\/www.koupeltech.com\/index.php\/produkt\/zlevneny-davkovac-mydla-sat-infinitio-bila-satdinfi99bi-11727\/#primaryimage\"},\"image\":{\"@id\":\"https:\/\/www.koupeltech.com\/index.php\/produkt\/zlevneny-davkovac-mydla-sat-infinitio-bila-satdinfi99bi-11727\/#primaryimage\"},\"thumbnailUrl\":\"https:\/\/www.koupeltech.com\/wp-content\/uploads\/2026\/SK0022962-CZ20260425-092632-0-1777080397-davkovac-mydla-sat-infinitio-bila-satdinfi99bi-961520.webp\",\"datePublished\":\"2026-04-27T13:57:31+00:00\",\"breadcrumb\":{\"@id\":\"https:\/\/www.koupeltech.com\/index.php\/produkt\/zlevneny-davkovac-mydla-sat-infinitio-bila-satdinfi99bi-11727\/#breadcrumb\"},\"inLanguage\":\"cs\",\"potentialAction\":[{\"@type\":\"ReadAction\",\"target\":[\"https:\/\/www.koupeltech.com\/index.php\/produkt\/zlevneny-davkovac-mydla-sat-infinitio-bila-satdinfi99bi-11727\/\"]}]},{\"@type\":\"ImageObject\",\"inLanguage\":\"cs\",\"@id\":\"https:\/\/www.koupeltech.com\/index.php\/produkt\/zlevneny-davkovac-mydla-sat-infinitio-bila-satdinfi99bi-11727\/#primaryimage\",\"url\":\"https:\/\/www.koupeltech.com\/wp-content\/uploads\/2026\/SK0022962-CZ20260425-092632-0-1777080397-davkovac-mydla-sat-infinitio-bila-satdinfi99bi-961520.webp\",\"contentUrl\":\"https:\/\/www.koupeltech.com\/wp-content\/uploads\/2026\/SK0022962-CZ20260425-092632-0-1777080397-davkovac-mydla-sat-infinitio-bila-satdinfi99bi-961520.webp\",\"width\":600,\"height\":600},{\"@type\":\"BreadcrumbList\",\"@id\":\"https:\/\/www.koupeltech.com\/index.php\/produkt\/zlevneny-davkovac-mydla-sat-infinitio-bila-satdinfi99bi-11727\/#breadcrumb\",\"itemListElement\":[{\"@type\":\"ListItem\",\"position\":1,\"name\":\"Home\",\"item\":\"https:\/\/www.koupeltech.com\/\"},{\"@type\":\"ListItem\",\"position\":2,\"name\":\"Products\",\"item\":\"https:\/\/www.koupeltech.com\/index.php\/products\/\"},{\"@type\":\"ListItem\",\"position\":3,\"name\":\"Zlevn\u011bn\u00fd D\u00e1vkova\u010d m\u00fddla SAT Infinitio b\u00edl\u00e1 SATDINFI99BI\"}]},{\"@type\":\"WebSite\",\"@id\":\"https:\/\/www.koupeltech.com\/#website\",\"url\":\"https:\/\/www.koupeltech.com\/\",\"name\":\"\",\"description\":\"\",\"potentialAction\":[{\"@type\":\"SearchAction\",\"target\":{\"@type\":\"EntryPoint\",\"urlTemplate\":\"https:\/\/www.koupeltech.com\/?s={search_term_string}\"},\"query-input\":{\"@type\":\"PropertyValueSpecification\",\"valueRequired\":true,\"valueName\":\"search_term_string\"}}],\"inLanguage\":\"cs\"}]}<\/script>\n<!-- \/ Yoast SEO plugin. -->","yoast_head_json":{"title":"Zlevn\u011bn\u00fd D\u00e1vkova\u010d m\u00fddla SAT Infinitio b\u00edl\u00e1 SATDINFI99BI -","robots":{"index":"index","follow":"follow","max-snippet":"max-snippet:-1","max-image-preview":"max-image-preview:large","max-video-preview":"max-video-preview:-1"},"canonical":"https:\/\/www.koupeltech.com\/index.php\/produkt\/zlevneny-davkovac-mydla-sat-infinitio-bila-satdinfi99bi-11727\/","og_locale":"cs_CZ","og_type":"article","og_title":"Zlevn\u011bn\u00fd D\u00e1vkova\u010d m\u00fddla SAT Infinitio b\u00edl\u00e1 SATDINFI99BI -","og_description":"Popis produktu D\u00e1vkova\u010d m\u00fddla SAT Infinitio b\u00edl\u00e1 SATDINFI99BI Nov\u00e1 s\u00e9rie voln\u011b stoj\u00edc\u00edch dopl\u0148k\u016f SAT Infinitio vyroben\u00e1 z pogumovan\u00e9 keramiky vych\u00e1z\u00ed z barevn\u00e9 \u0161k\u00e1ly umyvadel Infinitio. Barevn\u00e1 \u0161k\u00e1la dopl\u0148k\u016f nen\u00ed zcela toto\u017en\u00e1, p\u0159i jejich v\u00fdb\u011bru jsme museli zohlednit i to, \u017ee se dopl\u0148ky mus\u00ed skv\u011ble prod\u00e1vat i samostatn\u011b, tedy nap\u0159\u00edklad na\u0161e tyrkysov\u00e9 dopl\u0148ky prim\u00e1rn\u011b nedoporu\u010dujeme kombinovat [&hellip;]","og_url":"https:\/\/www.koupeltech.com\/index.php\/produkt\/zlevneny-davkovac-mydla-sat-infinitio-bila-satdinfi99bi-11727\/","og_image":[{"width":600,"height":600,"url":"https:\/\/www.koupeltech.com\/wp-content\/uploads\/2026\/SK0022962-CZ20260425-092632-0-1777080397-davkovac-mydla-sat-infinitio-bila-satdinfi99bi-961520.webp","type":"image\/webp"}],"twitter_card":"summary_large_image","twitter_misc":{"Odhadovan\u00e1 doba \u010dten\u00ed":"2 minuty"},"schema":{"@context":"https:\/\/schema.org","@graph":[{"@type":"WebPage","@id":"https:\/\/www.koupeltech.com\/index.php\/produkt\/zlevneny-davkovac-mydla-sat-infinitio-bila-satdinfi99bi-11727\/","url":"https:\/\/www.koupeltech.com\/index.php\/produkt\/zlevneny-davkovac-mydla-sat-infinitio-bila-satdinfi99bi-11727\/","name":"Zlevn\u011bn\u00fd D\u00e1vkova\u010d m\u00fddla SAT Infinitio b\u00edl\u00e1 SATDINFI99BI -","isPartOf":{"@id":"https:\/\/www.koupeltech.com\/#website"},"primaryImageOfPage":{"@id":"https:\/\/www.koupeltech.com\/index.php\/produkt\/zlevneny-davkovac-mydla-sat-infinitio-bila-satdinfi99bi-11727\/#primaryimage"},"image":{"@id":"https:\/\/www.koupeltech.com\/index.php\/produkt\/zlevneny-davkovac-mydla-sat-infinitio-bila-satdinfi99bi-11727\/#primaryimage"},"thumbnailUrl":"https:\/\/www.koupeltech.com\/wp-content\/uploads\/2026\/SK0022962-CZ20260425-092632-0-1777080397-davkovac-mydla-sat-infinitio-bila-satdinfi99bi-961520.webp","datePublished":"2026-04-27T13:57:31+00:00","breadcrumb":{"@id":"https:\/\/www.koupeltech.com\/index.php\/produkt\/zlevneny-davkovac-mydla-sat-infinitio-bila-satdinfi99bi-11727\/#breadcrumb"},"inLanguage":"cs","potentialAction":[{"@type":"ReadAction","target":["https:\/\/www.koupeltech.com\/index.php\/produkt\/zlevneny-davkovac-mydla-sat-infinitio-bila-satdinfi99bi-11727\/"]}]},{"@type":"ImageObject","inLanguage":"cs","@id":"https:\/\/www.koupeltech.com\/index.php\/produkt\/zlevneny-davkovac-mydla-sat-infinitio-bila-satdinfi99bi-11727\/#primaryimage","url":"https:\/\/www.koupeltech.com\/wp-content\/uploads\/2026\/SK0022962-CZ20260425-092632-0-1777080397-davkovac-mydla-sat-infinitio-bila-satdinfi99bi-961520.webp","contentUrl":"https:\/\/www.koupeltech.com\/wp-content\/uploads\/2026\/SK0022962-CZ20260425-092632-0-1777080397-davkovac-mydla-sat-infinitio-bila-satdinfi99bi-961520.webp","width":600,"height":600},{"@type":"BreadcrumbList","@id":"https:\/\/www.koupeltech.com\/index.php\/produkt\/zlevneny-davkovac-mydla-sat-infinitio-bila-satdinfi99bi-11727\/#breadcrumb","itemListElement":[{"@type":"ListItem","position":1,"name":"Home","item":"https:\/\/www.koupeltech.com\/"},{"@type":"ListItem","position":2,"name":"Products","item":"https:\/\/www.koupeltech.com\/index.php\/products\/"},{"@type":"ListItem","position":3,"name":"Zlevn\u011bn\u00fd D\u00e1vkova\u010d m\u00fddla SAT Infinitio b\u00edl\u00e1 SATDINFI99BI"}]},{"@type":"WebSite","@id":"https:\/\/www.koupeltech.com\/#website","url":"https:\/\/www.koupeltech.com\/","name":"","description":"","potentialAction":[{"@type":"SearchAction","target":{"@type":"EntryPoint","urlTemplate":"https:\/\/www.koupeltech.com\/?s={search_term_string}"},"query-input":{"@type":"PropertyValueSpecification","valueRequired":true,"valueName":"search_term_string"}}],"inLanguage":"cs"}]}},"_links":{"self":[{"href":"https:\/\/www.koupeltech.com\/index.php\/wp-json\/wp\/v2\/product\/11727","targetHints":{"allow":["GET"]}}],"collection":[{"href":"https:\/\/www.koupeltech.com\/index.php\/wp-json\/wp\/v2\/product"}],"about":[{"href":"https:\/\/www.koupeltech.com\/index.php\/wp-json\/wp\/v2\/types\/product"}],"replies":[{"embeddable":true,"href":"https:\/\/www.koupeltech.com\/index.php\/wp-json\/wp\/v2\/comments?post=11727"}],"wp:featuredmedia":[{"embeddable":true,"href":"https:\/\/www.koupeltech.com\/index.php\/wp-json\/wp\/v2\/media\/11827"}],"wp:attachment":[{"href":"https:\/\/www.koupeltech.com\/index.php\/wp-json\/wp\/v2\/media?parent=11727"}],"wp:term":[{"taxonomy":"product_brand","embeddable":true,"href":"https:\/\/www.koupeltech.com\/index.php\/wp-json\/wp\/v2\/product_brand?post=11727"},{"taxonomy":"product_cat","embeddable":true,"href":"https:\/\/www.koupeltech.com\/index.php\/wp-json\/wp\/v2\/product_cat?post=11727"},{"taxonomy":"product_tag","embeddable":true,"href":"https:\/\/www.koupeltech.com\/index.php\/wp-json\/wp\/v2\/product_tag?post=11727"}],"curies":[{"name":"wp","href":"https:\/\/api.w.org\/{rel}","templated":true}]}}