{"id":12097,"date":"2026-04-27T13:57:35","date_gmt":"2026-04-27T13:57:35","guid":{"rendered":""},"modified":"2026-04-27T13:57:35","modified_gmt":"2026-04-27T13:57:35","slug":"regulus-cerpadlova-skupina-cse2-mix-bp-f-r8-1f-21372-primo-od-vyrobce-12097","status":"publish","type":"product","link":"https:\/\/www.koupeltech.com\/index.php\/produkt\/regulus-cerpadlova-skupina-cse2-mix-bp-f-r8-1f-21372-primo-od-vyrobce-12097\/","title":{"rendered":"Regulus \u010cerpadlov\u00e1 skupina CSE2 MIX-BP F R8 1F &#8211; 21372 P\u0159\u00edmo Od V\u00fdrobce"},"content":{"rendered":"<div class=\"ProductDetail-content NoFixImageContainer\" id=\"productDescription\">\n<div class=\"Heading\">\n<h2 class=\"Heading-title\">Popis produktu <span class=''>Regulus \u010cerpadlov\u00e1 skupina CSE2 MIX-BP F R8 1F &#8211; 21372<\/span><\/h2>\n<\/p><\/div>\n<div class=\"ProductDetailContent\">\n<p>Dvoutrubkov\u00e1 \u010derpadlov\u00e1 skupina s&nbsp;n\u00edzkoenergetick\u00fdm ob\u011bhov\u00fdm \u010derpadlem Regulus RPA 25-8, filtrem se s\u00edtkem a&nbsp;magnetem, zp\u011btn\u00fdm ventilem pod filtrem, kulov\u00fdmi kohouty, teplom\u011bry a&nbsp;\u0161rouben\u00edmi pro p\u0159ipojen\u00ed k&nbsp;rozd\u011blova\u010di. Umo\u017e\u0148uje uzav\u0159en\u00ed otopn\u00fdch okruh\u016f, kontrolu teplot a&nbsp;snadn\u00fd servis.<\/p>\n<h3>Parametry<\/h3>\n<ul>\n<li><strong>Pracovn\u00ed teplota kapaliny:<\/strong> 5\u201395 \u00b0C<\/li>\n<li><strong>Max. pracovn\u00ed tlak:<\/strong> 10 bar<\/li>\n<li><strong>Min. pracovn\u00ed tlak:<\/strong> 0,5 bar<\/li>\n<li><strong>Teplota okol\u00ed:<\/strong> 5\u201340 \u00b0C<\/li>\n<li><strong>Max. relativn\u00ed vlhkost:<\/strong> 80 % bez kondenzace<\/li>\n<li><strong>Max. p\u0159\u00edkon \u010derpadlov\u00e9 skupiny:<\/strong> 65 W<\/li>\n<li><strong>Nap\u00e1jen\u00ed \u010derpadla:<\/strong> 230 V, 50 Hz<\/li>\n<li><strong>Max. proud do \u010derpadla:<\/strong> 0,65 A<\/li>\n<li><strong>Kvs sm\u011b\u0161ovac\u00edho ventilu:<\/strong> 6,3 m\u00b3\/h<\/li>\n<li><strong>Max. rozd\u00edl tlak\u016f:<\/strong> 5 mH\u2082O (na vstupech sm\u011b\u0161ovac\u00edho ventilu)<\/li>\n<li><strong>Net\u011bsnost:<\/strong> &lt; 1 % Kvs p\u0159i rozd\u00edlu tlak\u016f 5 mH\u2082O (na vstupech sm\u011b\u0161ovac\u00edho ventilu)<\/li>\n<li><strong>Materi\u00e1l izolace:<\/strong> EPP RG 60 g\/l<\/li>\n<li><strong>Celkov\u00e9 rozm\u011bry:<\/strong> 360 x 142 x 245 mm<\/li>\n<li><strong>Celkov\u00e1 hmotnost:<\/strong> 6,3 kg<\/li>\n<li><strong>P\u0159ipojen\u00ed:<\/strong> 4 x G 1\u02ba F<\/li>\n<\/ul><\/div>\n<div class=\"ProductDetailContent\">                                                                    <\/div>\n<\/p><\/div>\n<\/p><\/div>\n<\/p><\/div>\n","protected":false},"excerpt":{"rendered":"<p>Popis produktu Regulus \u010cerpadlov\u00e1 skupina CSE2 MIX-BP F R8 1F &#8211; 21372 Dvoutrubkov\u00e1 \u010derpadlov\u00e1 skupina s&nbsp;n\u00edzkoenergetick\u00fdm ob\u011bhov\u00fdm \u010derpadlem Regulus RPA 25-8, filtrem se s\u00edtkem a&nbsp;magnetem, zp\u011btn\u00fdm ventilem pod filtrem, kulov\u00fdmi kohouty, teplom\u011bry a&nbsp;\u0161rouben\u00edmi pro p\u0159ipojen\u00ed k&nbsp;rozd\u011blova\u010di. Umo\u017e\u0148uje uzav\u0159en\u00ed otopn\u00fdch okruh\u016f, kontrolu teplot a&nbsp;snadn\u00fd servis. Parametry Pracovn\u00ed teplota kapaliny: 5\u201395 \u00b0C Max. pracovn\u00ed tlak: 10 bar [&hellip;]<\/p>\n","protected":false},"featured_media":12197,"comment_status":"open","ping_status":"open","template":"","meta":[],"product_brand":[],"product_cat":[79],"product_tag":[],"class_list":{"0":"post-12097","1":"product","2":"type-product","3":"status-publish","4":"has-post-thumbnail","6":"product_cat-topeni","8":"first","9":"instock","10":"sale","11":"shipping-taxable","12":"purchasable","13":"product-type-simple"},"yoast_head":"<!-- This site is optimized with the Yoast SEO plugin v26.8 - https:\/\/yoast.com\/product\/yoast-seo-wordpress\/ -->\n<title>Regulus \u010cerpadlov\u00e1 skupina CSE2 MIX-BP F R8 1F - 21372 P\u0159\u00edmo Od V\u00fdrobce -<\/title>\n<meta name=\"robots\" content=\"index, follow, max-snippet:-1, max-image-preview:large, max-video-preview:-1\" \/>\n<link rel=\"canonical\" href=\"https:\/\/www.koupeltech.com\/index.php\/produkt\/regulus-cerpadlova-skupina-cse2-mix-bp-f-r8-1f-21372-primo-od-vyrobce-12097\/\" \/>\n<meta property=\"og:locale\" content=\"cs_CZ\" \/>\n<meta property=\"og:type\" content=\"article\" \/>\n<meta property=\"og:title\" content=\"Regulus \u010cerpadlov\u00e1 skupina CSE2 MIX-BP F R8 1F - 21372 P\u0159\u00edmo Od V\u00fdrobce -\" \/>\n<meta property=\"og:description\" content=\"Popis produktu Regulus \u010cerpadlov\u00e1 skupina CSE2 MIX-BP F R8 1F &#8211; 21372 Dvoutrubkov\u00e1 \u010derpadlov\u00e1 skupina s&nbsp;n\u00edzkoenergetick\u00fdm ob\u011bhov\u00fdm \u010derpadlem Regulus RPA 25-8, filtrem se s\u00edtkem a&nbsp;magnetem, zp\u011btn\u00fdm ventilem pod filtrem, kulov\u00fdmi kohouty, teplom\u011bry a&nbsp;\u0161rouben\u00edmi pro p\u0159ipojen\u00ed k&nbsp;rozd\u011blova\u010di. Umo\u017e\u0148uje uzav\u0159en\u00ed otopn\u00fdch okruh\u016f, kontrolu teplot a&nbsp;snadn\u00fd servis. Parametry Pracovn\u00ed teplota kapaliny: 5\u201395 \u00b0C Max. pracovn\u00ed tlak: 10 bar [&hellip;]\" \/>\n<meta property=\"og:url\" content=\"https:\/\/www.koupeltech.com\/index.php\/produkt\/regulus-cerpadlova-skupina-cse2-mix-bp-f-r8-1f-21372-primo-od-vyrobce-12097\/\" \/>\n<meta property=\"og:image\" content=\"https:\/\/www.koupeltech.com\/wp-content\/uploads\/2026\/SK0023322-CZ20260425-092632-0-1777080397-regulus-cerpadlova-skupina-cse2-mix-bp-f-r8-1f-21372-997373.webp\" \/>\n\t<meta property=\"og:image:width\" content=\"600\" \/>\n\t<meta property=\"og:image:height\" content=\"480\" \/>\n\t<meta property=\"og:image:type\" content=\"image\/webp\" \/>\n<meta name=\"twitter:card\" content=\"summary_large_image\" \/>\n<meta name=\"twitter:label1\" content=\"Odhadovan\u00e1 doba \u010dten\u00ed\" \/>\n\t<meta name=\"twitter:data1\" content=\"1 minuta\" \/>\n<script type=\"application\/ld+json\" class=\"yoast-schema-graph\">{\"@context\":\"https:\/\/schema.org\",\"@graph\":[{\"@type\":\"WebPage\",\"@id\":\"https:\/\/www.koupeltech.com\/index.php\/produkt\/regulus-cerpadlova-skupina-cse2-mix-bp-f-r8-1f-21372-primo-od-vyrobce-12097\/\",\"url\":\"https:\/\/www.koupeltech.com\/index.php\/produkt\/regulus-cerpadlova-skupina-cse2-mix-bp-f-r8-1f-21372-primo-od-vyrobce-12097\/\",\"name\":\"Regulus \u010cerpadlov\u00e1 skupina CSE2 MIX-BP F R8 1F - 21372 P\u0159\u00edmo Od V\u00fdrobce -\",\"isPartOf\":{\"@id\":\"https:\/\/www.koupeltech.com\/#website\"},\"primaryImageOfPage\":{\"@id\":\"https:\/\/www.koupeltech.com\/index.php\/produkt\/regulus-cerpadlova-skupina-cse2-mix-bp-f-r8-1f-21372-primo-od-vyrobce-12097\/#primaryimage\"},\"image\":{\"@id\":\"https:\/\/www.koupeltech.com\/index.php\/produkt\/regulus-cerpadlova-skupina-cse2-mix-bp-f-r8-1f-21372-primo-od-vyrobce-12097\/#primaryimage\"},\"thumbnailUrl\":\"https:\/\/www.koupeltech.com\/wp-content\/uploads\/2026\/SK0023322-CZ20260425-092632-0-1777080397-regulus-cerpadlova-skupina-cse2-mix-bp-f-r8-1f-21372-997373.webp\",\"datePublished\":\"2026-04-27T13:57:35+00:00\",\"breadcrumb\":{\"@id\":\"https:\/\/www.koupeltech.com\/index.php\/produkt\/regulus-cerpadlova-skupina-cse2-mix-bp-f-r8-1f-21372-primo-od-vyrobce-12097\/#breadcrumb\"},\"inLanguage\":\"cs\",\"potentialAction\":[{\"@type\":\"ReadAction\",\"target\":[\"https:\/\/www.koupeltech.com\/index.php\/produkt\/regulus-cerpadlova-skupina-cse2-mix-bp-f-r8-1f-21372-primo-od-vyrobce-12097\/\"]}]},{\"@type\":\"ImageObject\",\"inLanguage\":\"cs\",\"@id\":\"https:\/\/www.koupeltech.com\/index.php\/produkt\/regulus-cerpadlova-skupina-cse2-mix-bp-f-r8-1f-21372-primo-od-vyrobce-12097\/#primaryimage\",\"url\":\"https:\/\/www.koupeltech.com\/wp-content\/uploads\/2026\/SK0023322-CZ20260425-092632-0-1777080397-regulus-cerpadlova-skupina-cse2-mix-bp-f-r8-1f-21372-997373.webp\",\"contentUrl\":\"https:\/\/www.koupeltech.com\/wp-content\/uploads\/2026\/SK0023322-CZ20260425-092632-0-1777080397-regulus-cerpadlova-skupina-cse2-mix-bp-f-r8-1f-21372-997373.webp\",\"width\":600,\"height\":480},{\"@type\":\"BreadcrumbList\",\"@id\":\"https:\/\/www.koupeltech.com\/index.php\/produkt\/regulus-cerpadlova-skupina-cse2-mix-bp-f-r8-1f-21372-primo-od-vyrobce-12097\/#breadcrumb\",\"itemListElement\":[{\"@type\":\"ListItem\",\"position\":1,\"name\":\"Home\",\"item\":\"https:\/\/www.koupeltech.com\/\"},{\"@type\":\"ListItem\",\"position\":2,\"name\":\"Products\",\"item\":\"https:\/\/www.koupeltech.com\/index.php\/products\/\"},{\"@type\":\"ListItem\",\"position\":3,\"name\":\"Regulus \u010cerpadlov\u00e1 skupina CSE2 MIX-BP F R8 1F &#8211; 21372 P\u0159\u00edmo Od V\u00fdrobce\"}]},{\"@type\":\"WebSite\",\"@id\":\"https:\/\/www.koupeltech.com\/#website\",\"url\":\"https:\/\/www.koupeltech.com\/\",\"name\":\"\",\"description\":\"\",\"potentialAction\":[{\"@type\":\"SearchAction\",\"target\":{\"@type\":\"EntryPoint\",\"urlTemplate\":\"https:\/\/www.koupeltech.com\/?s={search_term_string}\"},\"query-input\":{\"@type\":\"PropertyValueSpecification\",\"valueRequired\":true,\"valueName\":\"search_term_string\"}}],\"inLanguage\":\"cs\"}]}<\/script>\n<!-- \/ Yoast SEO plugin. -->","yoast_head_json":{"title":"Regulus \u010cerpadlov\u00e1 skupina CSE2 MIX-BP F R8 1F - 21372 P\u0159\u00edmo Od V\u00fdrobce -","robots":{"index":"index","follow":"follow","max-snippet":"max-snippet:-1","max-image-preview":"max-image-preview:large","max-video-preview":"max-video-preview:-1"},"canonical":"https:\/\/www.koupeltech.com\/index.php\/produkt\/regulus-cerpadlova-skupina-cse2-mix-bp-f-r8-1f-21372-primo-od-vyrobce-12097\/","og_locale":"cs_CZ","og_type":"article","og_title":"Regulus \u010cerpadlov\u00e1 skupina CSE2 MIX-BP F R8 1F - 21372 P\u0159\u00edmo Od V\u00fdrobce -","og_description":"Popis produktu Regulus \u010cerpadlov\u00e1 skupina CSE2 MIX-BP F R8 1F &#8211; 21372 Dvoutrubkov\u00e1 \u010derpadlov\u00e1 skupina s&nbsp;n\u00edzkoenergetick\u00fdm ob\u011bhov\u00fdm \u010derpadlem Regulus RPA 25-8, filtrem se s\u00edtkem a&nbsp;magnetem, zp\u011btn\u00fdm ventilem pod filtrem, kulov\u00fdmi kohouty, teplom\u011bry a&nbsp;\u0161rouben\u00edmi pro p\u0159ipojen\u00ed k&nbsp;rozd\u011blova\u010di. Umo\u017e\u0148uje uzav\u0159en\u00ed otopn\u00fdch okruh\u016f, kontrolu teplot a&nbsp;snadn\u00fd servis. Parametry Pracovn\u00ed teplota kapaliny: 5\u201395 \u00b0C Max. pracovn\u00ed tlak: 10 bar [&hellip;]","og_url":"https:\/\/www.koupeltech.com\/index.php\/produkt\/regulus-cerpadlova-skupina-cse2-mix-bp-f-r8-1f-21372-primo-od-vyrobce-12097\/","og_image":[{"width":600,"height":480,"url":"https:\/\/www.koupeltech.com\/wp-content\/uploads\/2026\/SK0023322-CZ20260425-092632-0-1777080397-regulus-cerpadlova-skupina-cse2-mix-bp-f-r8-1f-21372-997373.webp","type":"image\/webp"}],"twitter_card":"summary_large_image","twitter_misc":{"Odhadovan\u00e1 doba \u010dten\u00ed":"1 minuta"},"schema":{"@context":"https:\/\/schema.org","@graph":[{"@type":"WebPage","@id":"https:\/\/www.koupeltech.com\/index.php\/produkt\/regulus-cerpadlova-skupina-cse2-mix-bp-f-r8-1f-21372-primo-od-vyrobce-12097\/","url":"https:\/\/www.koupeltech.com\/index.php\/produkt\/regulus-cerpadlova-skupina-cse2-mix-bp-f-r8-1f-21372-primo-od-vyrobce-12097\/","name":"Regulus \u010cerpadlov\u00e1 skupina CSE2 MIX-BP F R8 1F - 21372 P\u0159\u00edmo Od V\u00fdrobce -","isPartOf":{"@id":"https:\/\/www.koupeltech.com\/#website"},"primaryImageOfPage":{"@id":"https:\/\/www.koupeltech.com\/index.php\/produkt\/regulus-cerpadlova-skupina-cse2-mix-bp-f-r8-1f-21372-primo-od-vyrobce-12097\/#primaryimage"},"image":{"@id":"https:\/\/www.koupeltech.com\/index.php\/produkt\/regulus-cerpadlova-skupina-cse2-mix-bp-f-r8-1f-21372-primo-od-vyrobce-12097\/#primaryimage"},"thumbnailUrl":"https:\/\/www.koupeltech.com\/wp-content\/uploads\/2026\/SK0023322-CZ20260425-092632-0-1777080397-regulus-cerpadlova-skupina-cse2-mix-bp-f-r8-1f-21372-997373.webp","datePublished":"2026-04-27T13:57:35+00:00","breadcrumb":{"@id":"https:\/\/www.koupeltech.com\/index.php\/produkt\/regulus-cerpadlova-skupina-cse2-mix-bp-f-r8-1f-21372-primo-od-vyrobce-12097\/#breadcrumb"},"inLanguage":"cs","potentialAction":[{"@type":"ReadAction","target":["https:\/\/www.koupeltech.com\/index.php\/produkt\/regulus-cerpadlova-skupina-cse2-mix-bp-f-r8-1f-21372-primo-od-vyrobce-12097\/"]}]},{"@type":"ImageObject","inLanguage":"cs","@id":"https:\/\/www.koupeltech.com\/index.php\/produkt\/regulus-cerpadlova-skupina-cse2-mix-bp-f-r8-1f-21372-primo-od-vyrobce-12097\/#primaryimage","url":"https:\/\/www.koupeltech.com\/wp-content\/uploads\/2026\/SK0023322-CZ20260425-092632-0-1777080397-regulus-cerpadlova-skupina-cse2-mix-bp-f-r8-1f-21372-997373.webp","contentUrl":"https:\/\/www.koupeltech.com\/wp-content\/uploads\/2026\/SK0023322-CZ20260425-092632-0-1777080397-regulus-cerpadlova-skupina-cse2-mix-bp-f-r8-1f-21372-997373.webp","width":600,"height":480},{"@type":"BreadcrumbList","@id":"https:\/\/www.koupeltech.com\/index.php\/produkt\/regulus-cerpadlova-skupina-cse2-mix-bp-f-r8-1f-21372-primo-od-vyrobce-12097\/#breadcrumb","itemListElement":[{"@type":"ListItem","position":1,"name":"Home","item":"https:\/\/www.koupeltech.com\/"},{"@type":"ListItem","position":2,"name":"Products","item":"https:\/\/www.koupeltech.com\/index.php\/products\/"},{"@type":"ListItem","position":3,"name":"Regulus \u010cerpadlov\u00e1 skupina CSE2 MIX-BP F R8 1F &#8211; 21372 P\u0159\u00edmo Od V\u00fdrobce"}]},{"@type":"WebSite","@id":"https:\/\/www.koupeltech.com\/#website","url":"https:\/\/www.koupeltech.com\/","name":"","description":"","potentialAction":[{"@type":"SearchAction","target":{"@type":"EntryPoint","urlTemplate":"https:\/\/www.koupeltech.com\/?s={search_term_string}"},"query-input":{"@type":"PropertyValueSpecification","valueRequired":true,"valueName":"search_term_string"}}],"inLanguage":"cs"}]}},"_links":{"self":[{"href":"https:\/\/www.koupeltech.com\/index.php\/wp-json\/wp\/v2\/product\/12097","targetHints":{"allow":["GET"]}}],"collection":[{"href":"https:\/\/www.koupeltech.com\/index.php\/wp-json\/wp\/v2\/product"}],"about":[{"href":"https:\/\/www.koupeltech.com\/index.php\/wp-json\/wp\/v2\/types\/product"}],"replies":[{"embeddable":true,"href":"https:\/\/www.koupeltech.com\/index.php\/wp-json\/wp\/v2\/comments?post=12097"}],"wp:featuredmedia":[{"embeddable":true,"href":"https:\/\/www.koupeltech.com\/index.php\/wp-json\/wp\/v2\/media\/12197"}],"wp:attachment":[{"href":"https:\/\/www.koupeltech.com\/index.php\/wp-json\/wp\/v2\/media?parent=12097"}],"wp:term":[{"taxonomy":"product_brand","embeddable":true,"href":"https:\/\/www.koupeltech.com\/index.php\/wp-json\/wp\/v2\/product_brand?post=12097"},{"taxonomy":"product_cat","embeddable":true,"href":"https:\/\/www.koupeltech.com\/index.php\/wp-json\/wp\/v2\/product_cat?post=12097"},{"taxonomy":"product_tag","embeddable":true,"href":"https:\/\/www.koupeltech.com\/index.php\/wp-json\/wp\/v2\/product_tag?post=12097"}],"curies":[{"name":"wp","href":"https:\/\/api.w.org\/{rel}","templated":true}]}}