{"id":12294,"date":"2026-04-27T13:57:37","date_gmt":"2026-04-27T13:57:37","guid":{"rendered":""},"modified":"2026-04-27T13:57:37","modified_gmt":"2026-04-27T13:57:37","slug":"znackovy-wc-set-zavesny-sat-do-lehkych-sten-wc-sat-brevis-vc-prkenka-sikossbr68-12294","status":"publish","type":"product","link":"https:\/\/www.koupeltech.com\/index.php\/produkt\/znackovy-wc-set-zavesny-sat-do-lehkych-sten-wc-sat-brevis-vc-prkenka-sikossbr68-12294\/","title":{"rendered":"Zna\u010dkov\u00fd WC set z\u00e1v\u011bsn\u00fd SAT do lehk\u00fdch st\u011bn + WC SAT Brevis v\u010d. prk\u00e9nka SIKOSSBR68"},"content":{"rendered":"<div class=\"ProductDetail-content NoFixImageContainer\" id=\"productDescription\">\n<div class=\"Heading\">\n<h2 class=\"Heading-title\">Popis produktu <span class=''>WC set z\u00e1v\u011bsn\u00fd SAT do lehk\u00fdch st\u011bn + WC SAT Brevis v\u010d. prk\u00e9nka SIKOSSBR68<\/span><\/h2>\n<\/p><\/div>\n<div class=\"ProductDetailContent\">\n<p>Podom\u00edtkov\u00e9 WC sety oproti standardn\u00edm n\u00e1dr\u017ek\u00e1m na vodu u\u0161et\u0159\u00ed m\u00edsto \u2013 podom\u00edtkov\u00fd modul je u\u017e\u0161\u00ed, ne\u017e n\u00e1dr\u017eka na vodu. Modern\u00ed vzhled a propracovan\u00fd design z\u00e1v\u011bsn\u00fdch WC ocen\u00ed nejen ti, kte\u0159\u00ed maj\u00ed WC v koupeln\u011b, ale i ti, co preferuj\u00ed samostatn\u00e9 WC. Z\u00e1v\u011bsn\u00e9 WC ocen\u00edte tak\u00e9 p\u0159i \u00faklidu, snadno pod n\u00edm zametete nebo vyt\u0159ete. Nab\u00edz\u00edme WC sety pro v\u0161echny typy zd\u00ed a zazd\u00edv\u00e1n\u00ed. WC do lehk\u00fdch zd\u00ed nebo p\u0159edst\u011bnov\u00e9 WC ur\u010den\u00e9 do s\u00e1drokartonov\u00e9 konstrukce \u010di p\u0159\u00ed\u010dky, v nab\u00eddce je i WC k zazd\u011bn\u00ed p\u0159\u00edmo do zd\u011bn\u00e9 konstrukce. V\u202fsetu najdete kompletn\u00ed sadu &#8211; z\u00e1v\u011bsn\u00e9 WC m\u00edsy, podom\u00edtkovou n\u00e1dr\u017e, splachovac\u00ed ovl\u00e1dac\u00ed tla\u010d\u00edtko na ze\u010f a \u010dasto i zvukoizola\u010dn\u00ed vlo\u017eku, aby napou\u0161t\u011bn\u00ed n\u00e1dr\u017eky bylo tich\u00e9 a nikoho neru\u0161ilo.<\/p>\n<p><strong>Technick\u00e9 parametry<\/strong><\/p>\n<ul>\n<li><strong>Druh v\u00fdrobku:<\/strong> z\u00e1v\u011bsn\u00fd WC set<\/li>\n<li><strong>Bal\u00ed\u010dek produkt\u016f:<\/strong> ano<\/li>\n<li><strong>Cenov\u011b v\u00fdhodn\u00fd bal\u00ed\u010dek:<\/strong> ano<\/li>\n<li><strong>Splachov\u00e1n\u00ed:<\/strong> bez splachovac\u00edho okruhu<\/li>\n<li><strong>Pou\u017eit\u00ed modulu:<\/strong> do lehk\u00fdch st\u011bn \/ p\u0159edst\u011bnov\u00e1<\/li>\n<li><strong>Materi\u00e1l tla\u010d\u00edtka:<\/strong> plast<\/li>\n<li><strong>Vlastnosti prk\u00e9nka:<\/strong> pomal\u00e9 skl\u00e1p\u011bn\u00ed softclose a snadn\u00e9 odepnut\u00ed<\/li>\n<li><strong>Zna\u010dka WC v setu:<\/strong> SAT<\/li>\n<li><strong>S\u00e9rie WC v setu:<\/strong> Brevis<\/li>\n<li><strong>Zna\u010dka n\u00e1dr\u017eky v setu:<\/strong> SAT<\/li>\n<\/ul><\/div>\n<div class=\"ProductDetailContent\">\n<div class=\"ProductDetailContent-item\">\n<div style=\"background-color:#f9f9f9; border-left:5px solid #4caf50; border-radius:8px; box-shadow:0 4px 12px rgba(0,0,0,0.1); font-family:Arial,sans-serif; margin-bottom:20px; padding:25px 20px 20px 20px; position:relative\"><!-- Ikona info v lev\u00e9m horn\u00edm rohu --><\/p>\n<div style=\"align-items:center; background-color:#4caf50; border-radius:50%; color:#ffffff; display:flex; font-size:18px; font-weight:bold; height:30px; justify-content:center; left:-10px; position:absolute; top:-10px; width:30px\">i<\/div>\n<h3 style=\"margin-left:15px\">Rimless, Rim-Ex, NoRim &#8211; WC bez oplachov\u00e9ho kruhu<\/h3>\n<p><strong>Rimless (NoRim, Rim-Ex) \u2013 WC toalety bez tradi\u010dn\u00edho oplachov\u00e9ho okruhu<\/strong> nab\u00edz\u00ed modern\u00ed design s <strong>hladk\u00fdm povrchem bez dutin a z\u00e1hyb\u016f<\/strong>. Oplachov\u00e1 voda je vedena speci\u00e1ln\u00edm rozd\u011blova\u010dem, kter\u00fd ji vypou\u0161t\u00ed z WC m\u00edsy. D\u00edky precizn\u011b navr\u017een\u00e9mu tvaru keramiky je vnit\u0159n\u00ed prostor dokonale opl\u00e1chnut\u00fd p\u0159i ka\u017ed\u00e9m spl\u00e1chnut\u00ed. Tento inovativn\u00ed syst\u00e9m zaji\u0161\u0165uje nejen efektivn\u00ed \u010di\u0161t\u011bn\u00ed, ale tak\u00e9 <strong>lep\u0161\u00ed hygienu<\/strong> a <strong>men\u0161\u00ed riziko usazov\u00e1n\u00ed ne\u010distot<\/strong>.<\/p>\n<h3>V\u00fdhody WC toalet bez oplachov\u00e9ho kruhu<\/h3>\n<p>\u2705 <strong>Lep\u0161\u00ed hygiena<\/strong> \u2013 D\u00edky absenci oplachov\u00e9ho kruhu se ne\u010distoty a bakterie nemaj\u00ed kde usazovat.<br \/>\u2705 <strong>Snadn\u00e1 \u00fadr\u017eba<\/strong> \u2013 Hladk\u00fd vnit\u0159n\u00ed povrch umo\u017e\u0148uje rychl\u00e9 a snadn\u00e9 \u010di\u0161t\u011bn\u00ed.<br \/>\u2705 <strong>Efektivn\u011bj\u0161\u00ed splachov\u00e1n\u00ed<\/strong> \u2013 Speci\u00e1ln\u00ed rozvod vody zajist\u00ed lep\u0161\u00ed oplach cel\u00e9 m\u00edsy.<br \/>\u2705 <strong>Modern\u00ed design<\/strong> \u2013 Minimalistick\u00fd vzhled bez zbyte\u010dn\u00fdch hran p\u016fsob\u00ed elegantn\u011b.<br \/>\u2705 <strong>M\u00e9n\u011b \u010distic\u00edch prost\u0159edk\u016f<\/strong> \u2013 D\u00edky efektivn\u00edmu oplachu nen\u00ed nutn\u00e9 tak \u010dasto pou\u017e\u00edvat agresivn\u00ed chemii.<br \/>\u2705 <strong>Ekologi\u010dt\u011bj\u0161\u00ed provoz<\/strong> \u2013 \u00da\u010dinn\u00e9 splachov\u00e1n\u00ed \u010dasto znamen\u00e1 ni\u017e\u0161\u00ed spot\u0159ebu vody.<\/p>\n<p><strong>WC bez oplachov\u00e9ho kruhu<\/strong> je skv\u011blou volbou pro ty, kte\u0159\u00ed cht\u011bj\u00ed <strong>\u010dist\u0161\u00ed a hygieni\u010dt\u011bj\u0161\u00ed toaletu<\/strong> s modern\u00edm designem.<\/p>\n<\/div>\n<\/p><\/div>\n<\/p><\/div>\n<\/p><\/div>\n<\/p><\/div>\n<\/p><\/div>\n","protected":false},"excerpt":{"rendered":"<p>Popis produktu WC set z\u00e1v\u011bsn\u00fd SAT do lehk\u00fdch st\u011bn + WC SAT Brevis v\u010d. prk\u00e9nka SIKOSSBR68 Podom\u00edtkov\u00e9 WC sety oproti standardn\u00edm n\u00e1dr\u017ek\u00e1m na vodu u\u0161et\u0159\u00ed m\u00edsto \u2013 podom\u00edtkov\u00fd modul je u\u017e\u0161\u00ed, ne\u017e n\u00e1dr\u017eka na vodu. Modern\u00ed vzhled a propracovan\u00fd design z\u00e1v\u011bsn\u00fdch WC ocen\u00ed nejen ti, kte\u0159\u00ed maj\u00ed WC v koupeln\u011b, ale i ti, co preferuj\u00ed [&hellip;]<\/p>\n","protected":false},"featured_media":12394,"comment_status":"open","ping_status":"open","template":"","meta":[],"product_brand":[],"product_cat":[77],"product_tag":[],"class_list":{"0":"post-12294","1":"product","2":"type-product","3":"status-publish","4":"has-post-thumbnail","6":"product_cat-koupelny","8":"first","9":"instock","10":"sale","11":"shipping-taxable","12":"purchasable","13":"product-type-simple"},"yoast_head":"<!-- This site is optimized with the Yoast SEO plugin v26.8 - https:\/\/yoast.com\/product\/yoast-seo-wordpress\/ -->\n<title>Zna\u010dkov\u00fd WC set z\u00e1v\u011bsn\u00fd SAT do lehk\u00fdch st\u011bn + WC SAT Brevis v\u010d. prk\u00e9nka SIKOSSBR68 -<\/title>\n<meta name=\"robots\" content=\"index, follow, max-snippet:-1, max-image-preview:large, max-video-preview:-1\" \/>\n<link rel=\"canonical\" href=\"https:\/\/www.koupeltech.com\/index.php\/produkt\/znackovy-wc-set-zavesny-sat-do-lehkych-sten-wc-sat-brevis-vc-prkenka-sikossbr68-12294\/\" \/>\n<meta property=\"og:locale\" content=\"cs_CZ\" \/>\n<meta property=\"og:type\" content=\"article\" \/>\n<meta property=\"og:title\" content=\"Zna\u010dkov\u00fd WC set z\u00e1v\u011bsn\u00fd SAT do lehk\u00fdch st\u011bn + WC SAT Brevis v\u010d. prk\u00e9nka SIKOSSBR68 -\" \/>\n<meta property=\"og:description\" content=\"Popis produktu WC set z\u00e1v\u011bsn\u00fd SAT do lehk\u00fdch st\u011bn + WC SAT Brevis v\u010d. prk\u00e9nka SIKOSSBR68 Podom\u00edtkov\u00e9 WC sety oproti standardn\u00edm n\u00e1dr\u017ek\u00e1m na vodu u\u0161et\u0159\u00ed m\u00edsto \u2013 podom\u00edtkov\u00fd modul je u\u017e\u0161\u00ed, ne\u017e n\u00e1dr\u017eka na vodu. Modern\u00ed vzhled a propracovan\u00fd design z\u00e1v\u011bsn\u00fdch WC ocen\u00ed nejen ti, kte\u0159\u00ed maj\u00ed WC v koupeln\u011b, ale i ti, co preferuj\u00ed [&hellip;]\" \/>\n<meta property=\"og:url\" content=\"https:\/\/www.koupeltech.com\/index.php\/produkt\/znackovy-wc-set-zavesny-sat-do-lehkych-sten-wc-sat-brevis-vc-prkenka-sikossbr68-12294\/\" \/>\n<meta property=\"og:image\" content=\"https:\/\/www.koupeltech.com\/wp-content\/uploads\/2026\/SK0023429-CZ20260425-092632-0-1777080397-wc-set-zavesny-sat-do-lehkych-sten-wc-sat-brevis-vc-prkenka.webp\" \/>\n\t<meta property=\"og:image:width\" content=\"600\" \/>\n\t<meta property=\"og:image:height\" content=\"480\" \/>\n\t<meta property=\"og:image:type\" content=\"image\/webp\" \/>\n<meta name=\"twitter:card\" content=\"summary_large_image\" \/>\n<meta name=\"twitter:label1\" content=\"Odhadovan\u00e1 doba \u010dten\u00ed\" \/>\n\t<meta name=\"twitter:data1\" content=\"2 minuty\" \/>\n<script type=\"application\/ld+json\" class=\"yoast-schema-graph\">{\"@context\":\"https:\/\/schema.org\",\"@graph\":[{\"@type\":\"WebPage\",\"@id\":\"https:\/\/www.koupeltech.com\/index.php\/produkt\/znackovy-wc-set-zavesny-sat-do-lehkych-sten-wc-sat-brevis-vc-prkenka-sikossbr68-12294\/\",\"url\":\"https:\/\/www.koupeltech.com\/index.php\/produkt\/znackovy-wc-set-zavesny-sat-do-lehkych-sten-wc-sat-brevis-vc-prkenka-sikossbr68-12294\/\",\"name\":\"Zna\u010dkov\u00fd WC set z\u00e1v\u011bsn\u00fd SAT do lehk\u00fdch st\u011bn + WC SAT Brevis v\u010d. prk\u00e9nka SIKOSSBR68 -\",\"isPartOf\":{\"@id\":\"https:\/\/www.koupeltech.com\/#website\"},\"primaryImageOfPage\":{\"@id\":\"https:\/\/www.koupeltech.com\/index.php\/produkt\/znackovy-wc-set-zavesny-sat-do-lehkych-sten-wc-sat-brevis-vc-prkenka-sikossbr68-12294\/#primaryimage\"},\"image\":{\"@id\":\"https:\/\/www.koupeltech.com\/index.php\/produkt\/znackovy-wc-set-zavesny-sat-do-lehkych-sten-wc-sat-brevis-vc-prkenka-sikossbr68-12294\/#primaryimage\"},\"thumbnailUrl\":\"https:\/\/www.koupeltech.com\/wp-content\/uploads\/2026\/SK0023429-CZ20260425-092632-0-1777080397-wc-set-zavesny-sat-do-lehkych-sten-wc-sat-brevis-vc-prkenka.webp\",\"datePublished\":\"2026-04-27T13:57:37+00:00\",\"breadcrumb\":{\"@id\":\"https:\/\/www.koupeltech.com\/index.php\/produkt\/znackovy-wc-set-zavesny-sat-do-lehkych-sten-wc-sat-brevis-vc-prkenka-sikossbr68-12294\/#breadcrumb\"},\"inLanguage\":\"cs\",\"potentialAction\":[{\"@type\":\"ReadAction\",\"target\":[\"https:\/\/www.koupeltech.com\/index.php\/produkt\/znackovy-wc-set-zavesny-sat-do-lehkych-sten-wc-sat-brevis-vc-prkenka-sikossbr68-12294\/\"]}]},{\"@type\":\"ImageObject\",\"inLanguage\":\"cs\",\"@id\":\"https:\/\/www.koupeltech.com\/index.php\/produkt\/znackovy-wc-set-zavesny-sat-do-lehkych-sten-wc-sat-brevis-vc-prkenka-sikossbr68-12294\/#primaryimage\",\"url\":\"https:\/\/www.koupeltech.com\/wp-content\/uploads\/2026\/SK0023429-CZ20260425-092632-0-1777080397-wc-set-zavesny-sat-do-lehkych-sten-wc-sat-brevis-vc-prkenka.webp\",\"contentUrl\":\"https:\/\/www.koupeltech.com\/wp-content\/uploads\/2026\/SK0023429-CZ20260425-092632-0-1777080397-wc-set-zavesny-sat-do-lehkych-sten-wc-sat-brevis-vc-prkenka.webp\",\"width\":600,\"height\":480},{\"@type\":\"BreadcrumbList\",\"@id\":\"https:\/\/www.koupeltech.com\/index.php\/produkt\/znackovy-wc-set-zavesny-sat-do-lehkych-sten-wc-sat-brevis-vc-prkenka-sikossbr68-12294\/#breadcrumb\",\"itemListElement\":[{\"@type\":\"ListItem\",\"position\":1,\"name\":\"Home\",\"item\":\"https:\/\/www.koupeltech.com\/\"},{\"@type\":\"ListItem\",\"position\":2,\"name\":\"Products\",\"item\":\"https:\/\/www.koupeltech.com\/index.php\/products\/\"},{\"@type\":\"ListItem\",\"position\":3,\"name\":\"Zna\u010dkov\u00fd WC set z\u00e1v\u011bsn\u00fd SAT do lehk\u00fdch st\u011bn + WC SAT Brevis v\u010d. prk\u00e9nka SIKOSSBR68\"}]},{\"@type\":\"WebSite\",\"@id\":\"https:\/\/www.koupeltech.com\/#website\",\"url\":\"https:\/\/www.koupeltech.com\/\",\"name\":\"\",\"description\":\"\",\"potentialAction\":[{\"@type\":\"SearchAction\",\"target\":{\"@type\":\"EntryPoint\",\"urlTemplate\":\"https:\/\/www.koupeltech.com\/?s={search_term_string}\"},\"query-input\":{\"@type\":\"PropertyValueSpecification\",\"valueRequired\":true,\"valueName\":\"search_term_string\"}}],\"inLanguage\":\"cs\"}]}<\/script>\n<!-- \/ Yoast SEO plugin. -->","yoast_head_json":{"title":"Zna\u010dkov\u00fd WC set z\u00e1v\u011bsn\u00fd SAT do lehk\u00fdch st\u011bn + WC SAT Brevis v\u010d. prk\u00e9nka SIKOSSBR68 -","robots":{"index":"index","follow":"follow","max-snippet":"max-snippet:-1","max-image-preview":"max-image-preview:large","max-video-preview":"max-video-preview:-1"},"canonical":"https:\/\/www.koupeltech.com\/index.php\/produkt\/znackovy-wc-set-zavesny-sat-do-lehkych-sten-wc-sat-brevis-vc-prkenka-sikossbr68-12294\/","og_locale":"cs_CZ","og_type":"article","og_title":"Zna\u010dkov\u00fd WC set z\u00e1v\u011bsn\u00fd SAT do lehk\u00fdch st\u011bn + WC SAT Brevis v\u010d. prk\u00e9nka SIKOSSBR68 -","og_description":"Popis produktu WC set z\u00e1v\u011bsn\u00fd SAT do lehk\u00fdch st\u011bn + WC SAT Brevis v\u010d. prk\u00e9nka SIKOSSBR68 Podom\u00edtkov\u00e9 WC sety oproti standardn\u00edm n\u00e1dr\u017ek\u00e1m na vodu u\u0161et\u0159\u00ed m\u00edsto \u2013 podom\u00edtkov\u00fd modul je u\u017e\u0161\u00ed, ne\u017e n\u00e1dr\u017eka na vodu. Modern\u00ed vzhled a propracovan\u00fd design z\u00e1v\u011bsn\u00fdch WC ocen\u00ed nejen ti, kte\u0159\u00ed maj\u00ed WC v koupeln\u011b, ale i ti, co preferuj\u00ed [&hellip;]","og_url":"https:\/\/www.koupeltech.com\/index.php\/produkt\/znackovy-wc-set-zavesny-sat-do-lehkych-sten-wc-sat-brevis-vc-prkenka-sikossbr68-12294\/","og_image":[{"width":600,"height":480,"url":"https:\/\/www.koupeltech.com\/wp-content\/uploads\/2026\/SK0023429-CZ20260425-092632-0-1777080397-wc-set-zavesny-sat-do-lehkych-sten-wc-sat-brevis-vc-prkenka.webp","type":"image\/webp"}],"twitter_card":"summary_large_image","twitter_misc":{"Odhadovan\u00e1 doba \u010dten\u00ed":"2 minuty"},"schema":{"@context":"https:\/\/schema.org","@graph":[{"@type":"WebPage","@id":"https:\/\/www.koupeltech.com\/index.php\/produkt\/znackovy-wc-set-zavesny-sat-do-lehkych-sten-wc-sat-brevis-vc-prkenka-sikossbr68-12294\/","url":"https:\/\/www.koupeltech.com\/index.php\/produkt\/znackovy-wc-set-zavesny-sat-do-lehkych-sten-wc-sat-brevis-vc-prkenka-sikossbr68-12294\/","name":"Zna\u010dkov\u00fd WC set z\u00e1v\u011bsn\u00fd SAT do lehk\u00fdch st\u011bn + WC SAT Brevis v\u010d. prk\u00e9nka SIKOSSBR68 -","isPartOf":{"@id":"https:\/\/www.koupeltech.com\/#website"},"primaryImageOfPage":{"@id":"https:\/\/www.koupeltech.com\/index.php\/produkt\/znackovy-wc-set-zavesny-sat-do-lehkych-sten-wc-sat-brevis-vc-prkenka-sikossbr68-12294\/#primaryimage"},"image":{"@id":"https:\/\/www.koupeltech.com\/index.php\/produkt\/znackovy-wc-set-zavesny-sat-do-lehkych-sten-wc-sat-brevis-vc-prkenka-sikossbr68-12294\/#primaryimage"},"thumbnailUrl":"https:\/\/www.koupeltech.com\/wp-content\/uploads\/2026\/SK0023429-CZ20260425-092632-0-1777080397-wc-set-zavesny-sat-do-lehkych-sten-wc-sat-brevis-vc-prkenka.webp","datePublished":"2026-04-27T13:57:37+00:00","breadcrumb":{"@id":"https:\/\/www.koupeltech.com\/index.php\/produkt\/znackovy-wc-set-zavesny-sat-do-lehkych-sten-wc-sat-brevis-vc-prkenka-sikossbr68-12294\/#breadcrumb"},"inLanguage":"cs","potentialAction":[{"@type":"ReadAction","target":["https:\/\/www.koupeltech.com\/index.php\/produkt\/znackovy-wc-set-zavesny-sat-do-lehkych-sten-wc-sat-brevis-vc-prkenka-sikossbr68-12294\/"]}]},{"@type":"ImageObject","inLanguage":"cs","@id":"https:\/\/www.koupeltech.com\/index.php\/produkt\/znackovy-wc-set-zavesny-sat-do-lehkych-sten-wc-sat-brevis-vc-prkenka-sikossbr68-12294\/#primaryimage","url":"https:\/\/www.koupeltech.com\/wp-content\/uploads\/2026\/SK0023429-CZ20260425-092632-0-1777080397-wc-set-zavesny-sat-do-lehkych-sten-wc-sat-brevis-vc-prkenka.webp","contentUrl":"https:\/\/www.koupeltech.com\/wp-content\/uploads\/2026\/SK0023429-CZ20260425-092632-0-1777080397-wc-set-zavesny-sat-do-lehkych-sten-wc-sat-brevis-vc-prkenka.webp","width":600,"height":480},{"@type":"BreadcrumbList","@id":"https:\/\/www.koupeltech.com\/index.php\/produkt\/znackovy-wc-set-zavesny-sat-do-lehkych-sten-wc-sat-brevis-vc-prkenka-sikossbr68-12294\/#breadcrumb","itemListElement":[{"@type":"ListItem","position":1,"name":"Home","item":"https:\/\/www.koupeltech.com\/"},{"@type":"ListItem","position":2,"name":"Products","item":"https:\/\/www.koupeltech.com\/index.php\/products\/"},{"@type":"ListItem","position":3,"name":"Zna\u010dkov\u00fd WC set z\u00e1v\u011bsn\u00fd SAT do lehk\u00fdch st\u011bn + WC SAT Brevis v\u010d. prk\u00e9nka SIKOSSBR68"}]},{"@type":"WebSite","@id":"https:\/\/www.koupeltech.com\/#website","url":"https:\/\/www.koupeltech.com\/","name":"","description":"","potentialAction":[{"@type":"SearchAction","target":{"@type":"EntryPoint","urlTemplate":"https:\/\/www.koupeltech.com\/?s={search_term_string}"},"query-input":{"@type":"PropertyValueSpecification","valueRequired":true,"valueName":"search_term_string"}}],"inLanguage":"cs"}]}},"_links":{"self":[{"href":"https:\/\/www.koupeltech.com\/index.php\/wp-json\/wp\/v2\/product\/12294","targetHints":{"allow":["GET"]}}],"collection":[{"href":"https:\/\/www.koupeltech.com\/index.php\/wp-json\/wp\/v2\/product"}],"about":[{"href":"https:\/\/www.koupeltech.com\/index.php\/wp-json\/wp\/v2\/types\/product"}],"replies":[{"embeddable":true,"href":"https:\/\/www.koupeltech.com\/index.php\/wp-json\/wp\/v2\/comments?post=12294"}],"wp:featuredmedia":[{"embeddable":true,"href":"https:\/\/www.koupeltech.com\/index.php\/wp-json\/wp\/v2\/media\/12394"}],"wp:attachment":[{"href":"https:\/\/www.koupeltech.com\/index.php\/wp-json\/wp\/v2\/media?parent=12294"}],"wp:term":[{"taxonomy":"product_brand","embeddable":true,"href":"https:\/\/www.koupeltech.com\/index.php\/wp-json\/wp\/v2\/product_brand?post=12294"},{"taxonomy":"product_cat","embeddable":true,"href":"https:\/\/www.koupeltech.com\/index.php\/wp-json\/wp\/v2\/product_cat?post=12294"},{"taxonomy":"product_tag","embeddable":true,"href":"https:\/\/www.koupeltech.com\/index.php\/wp-json\/wp\/v2\/product_tag?post=12294"}],"curies":[{"name":"wp","href":"https:\/\/api.w.org\/{rel}","templated":true}]}}