{"id":12954,"date":"2026-04-27T13:57:44","date_gmt":"2026-04-27T13:57:44","guid":{"rendered":""},"modified":"2026-04-27T13:57:44","modified_gmt":"2026-04-27T13:57:44","slug":"akce-rav-slezak-sprchovy-set-bez-baterie-cerna-matna-sk0145cmat-12954","status":"publish","type":"product","link":"https:\/\/www.koupeltech.com\/index.php\/produkt\/akce-rav-slezak-sprchovy-set-bez-baterie-cerna-matna-sk0145cmat-12954\/","title":{"rendered":"Akce Rav Slez\u00e1k Sprchov\u00fd set bez baterie \u010dern\u00e1 matn\u00e1 SK0145CMAT"},"content":{"rendered":"<div class=\"ProductDetail-content NoFixImageContainer\" id=\"productDescription\">\n<div class=\"Heading\">\n<h2 class=\"Heading-title\">Popis produktu <span class=''>Rav Slez\u00e1k Sprchov\u00fd set bez baterie \u010dern\u00e1 matn\u00e1 SK0145CMAT<\/span><\/h2>\n<\/p><\/div>\n<div class=\"ProductDetailContent\">                                                                    <\/div>\n<div class=\"ProductDetailContent\">\n<div class=\"ProductDetailContent-item\">\n<p><strong>Sprchov\u00fd komplet obsahuje:<\/strong><\/p>\n<ul>\n<li>plastov\u00e1 antiv\u00e1penn\u00e1\u00a0sprcha jednopolohov\u00e1 PS0045CMAT<\/li>\n<li>sprchov\u00e1 plastov\u00e1 hadice PH1505C &#8211;\u00a0d\u00e9lka 150 cm<\/li>\n<li>kovov\u00fd dr\u017e\u00e1k ru\u010dn\u00ed sprchy pevn\u00fd MD0904CMAT<\/li>\n<\/ul><\/div>\n<div class=\"ProductDetailContent-item\">\n<p><strong>Informa\u010dn\u00ed parametry:<\/strong><\/p>\n<ul>\n<li>Typ produktu: <strong>Sprchov\u00fd program<\/strong><\/li>\n<li>Barva: <strong>\u010cern\u00e1 matn\u00e1<\/strong><\/li>\n<li>D\u00e9lka sprchov\u00e9 hadice: <strong>1500<\/strong><\/li>\n<li>D\u00e9lka sprchov\u00e9 hadice, mm: <strong>1500<\/strong><\/li>\n<li>Materi\u00e1l: <strong>Mosaz\/Plast<\/strong><\/li>\n<li>Povrchov\u00e1 \u00faprava: <strong>Barevn\u00fd plast<\/strong><\/li>\n<li>Pr\u016fm\u011br sprchy: <strong>103<\/strong><\/li>\n<li>Rozm\u011br: <strong>103 mm<\/strong><\/li>\n<li>Ru\u010dn\u00ed sprchy, po\u010det funkc\u00ed: <strong>1<\/strong><\/li>\n<li>Typ sprchov\u00e9 hadice: <strong>plast<\/strong><\/li>\n<li>Velikost sprchy ru\u010dn\u00ed sprcha, mm: <strong>\u2300103<\/strong><\/li>\n<li>Vzhled (kulat\u00e1, hranat\u00e1) &#8211; ru\u010dn\u00ed a stropn\u00ed sprchy: <strong>kulat\u00e1<\/strong><\/li>\n<li>Z\u00e1ruka t\u011bsnosti: <strong>2 roky<\/strong><\/li>\n<\/ul><\/div>\n<div class=\"ProductDetailContent-item\">\n<p><strong>Ostatn\u00ed:<\/strong><\/p>\n<ul>\n<li>Rozm\u011br balen\u00ed: <strong>70 x 215 x 185 mm<\/strong><\/li>\n<li>V\u00e1ha netto: <strong>0,4<\/strong><\/li>\n<li>V\u00e1ha brutto: <strong>0,52<\/strong><\/li>\n<li>V\u00fd\u0161ka: <strong>215<\/strong><\/li>\n<li>\u0160\u00ed\u0159ka: <strong>185<\/strong><\/li>\n<li>Hloubka: <strong>70<\/strong><\/li>\n<li>Celn\u00ed k\u00f3d: <strong>39229000<\/strong><\/li>\n<\/ul><\/div>\n<\/p><\/div>\n<\/p><\/div>\n<\/p><\/div>\n<\/p><\/div>\n","protected":false},"excerpt":{"rendered":"<p>Popis produktu Rav Slez\u00e1k Sprchov\u00fd set bez baterie \u010dern\u00e1 matn\u00e1 SK0145CMAT Sprchov\u00fd komplet obsahuje: plastov\u00e1 antiv\u00e1penn\u00e1\u00a0sprcha jednopolohov\u00e1 PS0045CMAT sprchov\u00e1 plastov\u00e1 hadice PH1505C &#8211;\u00a0d\u00e9lka 150 cm kovov\u00fd dr\u017e\u00e1k ru\u010dn\u00ed sprchy pevn\u00fd MD0904CMAT Informa\u010dn\u00ed parametry: Typ produktu: Sprchov\u00fd program Barva: \u010cern\u00e1 matn\u00e1 D\u00e9lka sprchov\u00e9 hadice: 1500 D\u00e9lka sprchov\u00e9 hadice, mm: 1500 Materi\u00e1l: Mosaz\/Plast Povrchov\u00e1 \u00faprava: Barevn\u00fd plast [&hellip;]<\/p>\n","protected":false},"featured_media":13054,"comment_status":"open","ping_status":"open","template":"","meta":[],"product_brand":[],"product_cat":[77],"product_tag":[],"class_list":{"0":"post-12954","1":"product","2":"type-product","3":"status-publish","4":"has-post-thumbnail","6":"product_cat-koupelny","8":"first","9":"instock","10":"sale","11":"shipping-taxable","12":"purchasable","13":"product-type-simple"},"yoast_head":"<!-- This site is optimized with the Yoast SEO plugin v26.8 - https:\/\/yoast.com\/product\/yoast-seo-wordpress\/ -->\n<title>Akce Rav Slez\u00e1k Sprchov\u00fd set bez baterie \u010dern\u00e1 matn\u00e1 SK0145CMAT -<\/title>\n<meta name=\"robots\" content=\"index, follow, max-snippet:-1, max-image-preview:large, max-video-preview:-1\" \/>\n<link rel=\"canonical\" href=\"https:\/\/www.koupeltech.com\/index.php\/produkt\/akce-rav-slezak-sprchovy-set-bez-baterie-cerna-matna-sk0145cmat-12954\/\" \/>\n<meta property=\"og:locale\" content=\"cs_CZ\" \/>\n<meta property=\"og:type\" content=\"article\" \/>\n<meta property=\"og:title\" content=\"Akce Rav Slez\u00e1k Sprchov\u00fd set bez baterie \u010dern\u00e1 matn\u00e1 SK0145CMAT -\" \/>\n<meta property=\"og:description\" content=\"Popis produktu Rav Slez\u00e1k Sprchov\u00fd set bez baterie \u010dern\u00e1 matn\u00e1 SK0145CMAT Sprchov\u00fd komplet obsahuje: plastov\u00e1 antiv\u00e1penn\u00e1\u00a0sprcha jednopolohov\u00e1 PS0045CMAT sprchov\u00e1 plastov\u00e1 hadice PH1505C &#8211;\u00a0d\u00e9lka 150 cm kovov\u00fd dr\u017e\u00e1k ru\u010dn\u00ed sprchy pevn\u00fd MD0904CMAT Informa\u010dn\u00ed parametry: Typ produktu: Sprchov\u00fd program Barva: \u010cern\u00e1 matn\u00e1 D\u00e9lka sprchov\u00e9 hadice: 1500 D\u00e9lka sprchov\u00e9 hadice, mm: 1500 Materi\u00e1l: Mosaz\/Plast Povrchov\u00e1 \u00faprava: Barevn\u00fd plast [&hellip;]\" \/>\n<meta property=\"og:url\" content=\"https:\/\/www.koupeltech.com\/index.php\/produkt\/akce-rav-slezak-sprchovy-set-bez-baterie-cerna-matna-sk0145cmat-12954\/\" \/>\n<meta property=\"og:image\" content=\"https:\/\/www.koupeltech.com\/wp-content\/uploads\/2026\/SK0024027-CZ20260425-092632-0-1777080397-rav-slezak-sprchovy-set-bez-baterie-cerna-matna-sk0145cmat-.webp\" \/>\n\t<meta property=\"og:image:width\" content=\"600\" \/>\n\t<meta property=\"og:image:height\" content=\"600\" \/>\n\t<meta property=\"og:image:type\" content=\"image\/webp\" \/>\n<meta name=\"twitter:card\" content=\"summary_large_image\" \/>\n<meta name=\"twitter:label1\" content=\"Odhadovan\u00e1 doba \u010dten\u00ed\" \/>\n\t<meta name=\"twitter:data1\" content=\"1 minuta\" \/>\n<script type=\"application\/ld+json\" class=\"yoast-schema-graph\">{\"@context\":\"https:\/\/schema.org\",\"@graph\":[{\"@type\":\"WebPage\",\"@id\":\"https:\/\/www.koupeltech.com\/index.php\/produkt\/akce-rav-slezak-sprchovy-set-bez-baterie-cerna-matna-sk0145cmat-12954\/\",\"url\":\"https:\/\/www.koupeltech.com\/index.php\/produkt\/akce-rav-slezak-sprchovy-set-bez-baterie-cerna-matna-sk0145cmat-12954\/\",\"name\":\"Akce Rav Slez\u00e1k Sprchov\u00fd set bez baterie \u010dern\u00e1 matn\u00e1 SK0145CMAT -\",\"isPartOf\":{\"@id\":\"https:\/\/www.koupeltech.com\/#website\"},\"primaryImageOfPage\":{\"@id\":\"https:\/\/www.koupeltech.com\/index.php\/produkt\/akce-rav-slezak-sprchovy-set-bez-baterie-cerna-matna-sk0145cmat-12954\/#primaryimage\"},\"image\":{\"@id\":\"https:\/\/www.koupeltech.com\/index.php\/produkt\/akce-rav-slezak-sprchovy-set-bez-baterie-cerna-matna-sk0145cmat-12954\/#primaryimage\"},\"thumbnailUrl\":\"https:\/\/www.koupeltech.com\/wp-content\/uploads\/2026\/SK0024027-CZ20260425-092632-0-1777080397-rav-slezak-sprchovy-set-bez-baterie-cerna-matna-sk0145cmat-.webp\",\"datePublished\":\"2026-04-27T13:57:44+00:00\",\"breadcrumb\":{\"@id\":\"https:\/\/www.koupeltech.com\/index.php\/produkt\/akce-rav-slezak-sprchovy-set-bez-baterie-cerna-matna-sk0145cmat-12954\/#breadcrumb\"},\"inLanguage\":\"cs\",\"potentialAction\":[{\"@type\":\"ReadAction\",\"target\":[\"https:\/\/www.koupeltech.com\/index.php\/produkt\/akce-rav-slezak-sprchovy-set-bez-baterie-cerna-matna-sk0145cmat-12954\/\"]}]},{\"@type\":\"ImageObject\",\"inLanguage\":\"cs\",\"@id\":\"https:\/\/www.koupeltech.com\/index.php\/produkt\/akce-rav-slezak-sprchovy-set-bez-baterie-cerna-matna-sk0145cmat-12954\/#primaryimage\",\"url\":\"https:\/\/www.koupeltech.com\/wp-content\/uploads\/2026\/SK0024027-CZ20260425-092632-0-1777080397-rav-slezak-sprchovy-set-bez-baterie-cerna-matna-sk0145cmat-.webp\",\"contentUrl\":\"https:\/\/www.koupeltech.com\/wp-content\/uploads\/2026\/SK0024027-CZ20260425-092632-0-1777080397-rav-slezak-sprchovy-set-bez-baterie-cerna-matna-sk0145cmat-.webp\",\"width\":600,\"height\":600},{\"@type\":\"BreadcrumbList\",\"@id\":\"https:\/\/www.koupeltech.com\/index.php\/produkt\/akce-rav-slezak-sprchovy-set-bez-baterie-cerna-matna-sk0145cmat-12954\/#breadcrumb\",\"itemListElement\":[{\"@type\":\"ListItem\",\"position\":1,\"name\":\"Home\",\"item\":\"https:\/\/www.koupeltech.com\/\"},{\"@type\":\"ListItem\",\"position\":2,\"name\":\"Products\",\"item\":\"https:\/\/www.koupeltech.com\/index.php\/products\/\"},{\"@type\":\"ListItem\",\"position\":3,\"name\":\"Akce Rav Slez\u00e1k Sprchov\u00fd set bez baterie \u010dern\u00e1 matn\u00e1 SK0145CMAT\"}]},{\"@type\":\"WebSite\",\"@id\":\"https:\/\/www.koupeltech.com\/#website\",\"url\":\"https:\/\/www.koupeltech.com\/\",\"name\":\"\",\"description\":\"\",\"potentialAction\":[{\"@type\":\"SearchAction\",\"target\":{\"@type\":\"EntryPoint\",\"urlTemplate\":\"https:\/\/www.koupeltech.com\/?s={search_term_string}\"},\"query-input\":{\"@type\":\"PropertyValueSpecification\",\"valueRequired\":true,\"valueName\":\"search_term_string\"}}],\"inLanguage\":\"cs\"}]}<\/script>\n<!-- \/ Yoast SEO plugin. -->","yoast_head_json":{"title":"Akce Rav Slez\u00e1k Sprchov\u00fd set bez baterie \u010dern\u00e1 matn\u00e1 SK0145CMAT -","robots":{"index":"index","follow":"follow","max-snippet":"max-snippet:-1","max-image-preview":"max-image-preview:large","max-video-preview":"max-video-preview:-1"},"canonical":"https:\/\/www.koupeltech.com\/index.php\/produkt\/akce-rav-slezak-sprchovy-set-bez-baterie-cerna-matna-sk0145cmat-12954\/","og_locale":"cs_CZ","og_type":"article","og_title":"Akce Rav Slez\u00e1k Sprchov\u00fd set bez baterie \u010dern\u00e1 matn\u00e1 SK0145CMAT -","og_description":"Popis produktu Rav Slez\u00e1k Sprchov\u00fd set bez baterie \u010dern\u00e1 matn\u00e1 SK0145CMAT Sprchov\u00fd komplet obsahuje: plastov\u00e1 antiv\u00e1penn\u00e1\u00a0sprcha jednopolohov\u00e1 PS0045CMAT sprchov\u00e1 plastov\u00e1 hadice PH1505C &#8211;\u00a0d\u00e9lka 150 cm kovov\u00fd dr\u017e\u00e1k ru\u010dn\u00ed sprchy pevn\u00fd MD0904CMAT Informa\u010dn\u00ed parametry: Typ produktu: Sprchov\u00fd program Barva: \u010cern\u00e1 matn\u00e1 D\u00e9lka sprchov\u00e9 hadice: 1500 D\u00e9lka sprchov\u00e9 hadice, mm: 1500 Materi\u00e1l: Mosaz\/Plast Povrchov\u00e1 \u00faprava: Barevn\u00fd plast [&hellip;]","og_url":"https:\/\/www.koupeltech.com\/index.php\/produkt\/akce-rav-slezak-sprchovy-set-bez-baterie-cerna-matna-sk0145cmat-12954\/","og_image":[{"width":600,"height":600,"url":"https:\/\/www.koupeltech.com\/wp-content\/uploads\/2026\/SK0024027-CZ20260425-092632-0-1777080397-rav-slezak-sprchovy-set-bez-baterie-cerna-matna-sk0145cmat-.webp","type":"image\/webp"}],"twitter_card":"summary_large_image","twitter_misc":{"Odhadovan\u00e1 doba \u010dten\u00ed":"1 minuta"},"schema":{"@context":"https:\/\/schema.org","@graph":[{"@type":"WebPage","@id":"https:\/\/www.koupeltech.com\/index.php\/produkt\/akce-rav-slezak-sprchovy-set-bez-baterie-cerna-matna-sk0145cmat-12954\/","url":"https:\/\/www.koupeltech.com\/index.php\/produkt\/akce-rav-slezak-sprchovy-set-bez-baterie-cerna-matna-sk0145cmat-12954\/","name":"Akce Rav Slez\u00e1k Sprchov\u00fd set bez baterie \u010dern\u00e1 matn\u00e1 SK0145CMAT -","isPartOf":{"@id":"https:\/\/www.koupeltech.com\/#website"},"primaryImageOfPage":{"@id":"https:\/\/www.koupeltech.com\/index.php\/produkt\/akce-rav-slezak-sprchovy-set-bez-baterie-cerna-matna-sk0145cmat-12954\/#primaryimage"},"image":{"@id":"https:\/\/www.koupeltech.com\/index.php\/produkt\/akce-rav-slezak-sprchovy-set-bez-baterie-cerna-matna-sk0145cmat-12954\/#primaryimage"},"thumbnailUrl":"https:\/\/www.koupeltech.com\/wp-content\/uploads\/2026\/SK0024027-CZ20260425-092632-0-1777080397-rav-slezak-sprchovy-set-bez-baterie-cerna-matna-sk0145cmat-.webp","datePublished":"2026-04-27T13:57:44+00:00","breadcrumb":{"@id":"https:\/\/www.koupeltech.com\/index.php\/produkt\/akce-rav-slezak-sprchovy-set-bez-baterie-cerna-matna-sk0145cmat-12954\/#breadcrumb"},"inLanguage":"cs","potentialAction":[{"@type":"ReadAction","target":["https:\/\/www.koupeltech.com\/index.php\/produkt\/akce-rav-slezak-sprchovy-set-bez-baterie-cerna-matna-sk0145cmat-12954\/"]}]},{"@type":"ImageObject","inLanguage":"cs","@id":"https:\/\/www.koupeltech.com\/index.php\/produkt\/akce-rav-slezak-sprchovy-set-bez-baterie-cerna-matna-sk0145cmat-12954\/#primaryimage","url":"https:\/\/www.koupeltech.com\/wp-content\/uploads\/2026\/SK0024027-CZ20260425-092632-0-1777080397-rav-slezak-sprchovy-set-bez-baterie-cerna-matna-sk0145cmat-.webp","contentUrl":"https:\/\/www.koupeltech.com\/wp-content\/uploads\/2026\/SK0024027-CZ20260425-092632-0-1777080397-rav-slezak-sprchovy-set-bez-baterie-cerna-matna-sk0145cmat-.webp","width":600,"height":600},{"@type":"BreadcrumbList","@id":"https:\/\/www.koupeltech.com\/index.php\/produkt\/akce-rav-slezak-sprchovy-set-bez-baterie-cerna-matna-sk0145cmat-12954\/#breadcrumb","itemListElement":[{"@type":"ListItem","position":1,"name":"Home","item":"https:\/\/www.koupeltech.com\/"},{"@type":"ListItem","position":2,"name":"Products","item":"https:\/\/www.koupeltech.com\/index.php\/products\/"},{"@type":"ListItem","position":3,"name":"Akce Rav Slez\u00e1k Sprchov\u00fd set bez baterie \u010dern\u00e1 matn\u00e1 SK0145CMAT"}]},{"@type":"WebSite","@id":"https:\/\/www.koupeltech.com\/#website","url":"https:\/\/www.koupeltech.com\/","name":"","description":"","potentialAction":[{"@type":"SearchAction","target":{"@type":"EntryPoint","urlTemplate":"https:\/\/www.koupeltech.com\/?s={search_term_string}"},"query-input":{"@type":"PropertyValueSpecification","valueRequired":true,"valueName":"search_term_string"}}],"inLanguage":"cs"}]}},"_links":{"self":[{"href":"https:\/\/www.koupeltech.com\/index.php\/wp-json\/wp\/v2\/product\/12954","targetHints":{"allow":["GET"]}}],"collection":[{"href":"https:\/\/www.koupeltech.com\/index.php\/wp-json\/wp\/v2\/product"}],"about":[{"href":"https:\/\/www.koupeltech.com\/index.php\/wp-json\/wp\/v2\/types\/product"}],"replies":[{"embeddable":true,"href":"https:\/\/www.koupeltech.com\/index.php\/wp-json\/wp\/v2\/comments?post=12954"}],"wp:featuredmedia":[{"embeddable":true,"href":"https:\/\/www.koupeltech.com\/index.php\/wp-json\/wp\/v2\/media\/13054"}],"wp:attachment":[{"href":"https:\/\/www.koupeltech.com\/index.php\/wp-json\/wp\/v2\/media?parent=12954"}],"wp:term":[{"taxonomy":"product_brand","embeddable":true,"href":"https:\/\/www.koupeltech.com\/index.php\/wp-json\/wp\/v2\/product_brand?post=12954"},{"taxonomy":"product_cat","embeddable":true,"href":"https:\/\/www.koupeltech.com\/index.php\/wp-json\/wp\/v2\/product_cat?post=12954"},{"taxonomy":"product_tag","embeddable":true,"href":"https:\/\/www.koupeltech.com\/index.php\/wp-json\/wp\/v2\/product_tag?post=12954"}],"curies":[{"name":"wp","href":"https:\/\/api.w.org\/{rel}","templated":true}]}}