{"id":13092,"date":"2026-04-27T13:57:46","date_gmt":"2026-04-27T13:57:46","guid":{"rendered":""},"modified":"2026-04-27T13:57:46","modified_gmt":"2026-04-27T13:57:46","slug":"posledni-sance-innova-decentralizovana-vetraci-jednotka-ivar-hrc-elektronicka-verze-13092","status":"publish","type":"product","link":"https:\/\/www.koupeltech.com\/index.php\/produkt\/posledni-sance-innova-decentralizovana-vetraci-jednotka-ivar-hrc-elektronicka-verze-13092\/","title":{"rendered":"Posledn\u00ed \u0160ance Innova Decentralizovan\u00e1 v\u011btrac\u00ed jednotka IVAR.HRC elektronick\u00e1 verze"},"content":{"rendered":"<div class=\"ProductDetail-content NoFixImageContainer\" id=\"productDescription\">\n<div class=\"Heading\">\n<h2 class=\"Heading-title\">Popis produktu <span class=''>Innova Decentralizovan\u00e1 v\u011btrac\u00ed jednotka IVAR.HRC elektronick\u00e1 verze<\/span><\/h2>\n<\/p><\/div>\n<div class=\"ProductDetailContent\">\n<p><strong>HRC<\/strong> je decentralizovan\u00fd nucen\u00fd ventila\u010dn\u00ed syst\u00e9m od spole\u010dnosti <strong>INNOVA<\/strong>, kter\u00fd funguje na principu <strong>rekuperace tepla<\/strong>. D\u00edky keramick\u00e9mu v\u00fdm\u011bn\u00edku tepla a bezkart\u00e1\u010dov\u00e9mu ventil\u00e1toru doch\u00e1z\u00ed k <strong>nep\u0159etr\u017eit\u00e9 filtraci vzduchu<\/strong>, \u010d\u00edm\u017e se zlep\u0161uje jeho kvalita, sni\u017euje se vlhkost, eliminuje tvorba pl\u00edsn\u00ed a z\u00e1rove\u0148 se zaji\u0161\u0165uje <strong>vysok\u00fd akustick\u00fd komfort<\/strong>.<\/p>\n<p>Instalace syst\u00e9mu HRC je velmi jednoduch\u00e1 \u2013 vy\u017eaduje pouze p\u0159ipojen\u00ed do elektrick\u00e9 z\u00e1suvky a otvor ve vn\u011bj\u0161\u00ed st\u011bn\u011b, <strong>bez nutnosti napojen\u00ed na centr\u00e1ln\u00ed vzduchotechniku<\/strong>.<\/p>\n<ul>\n<li>jednotka je dod\u00e1v\u00e1na pouze ve verzi Master s d\u00e1lkov\u00fdm ovl\u00e1d\u00e1n\u00edm<\/li>\n<li>nap\u00e1jec\u00ed nap\u011bt\u00ed 230 V<\/li>\n<li>nutn\u00e9 doobjednat mont\u00e1\u017en\u00ed \u0161ablonu <strong>IVAR.HRC MS<\/strong> v\u010detn\u011b upev\u0148ovac\u00edch \u0161roub\u016f pro rychlou mont\u00e1\u017e\/demont\u00e1\u017e a v\u00fdm\u011bnu filtr\u016f GR0804II<\/li>\n<li>\u00fa\u010dinnost 77%<\/li>\n<\/ul>\n<h3>Technick\u00e9 parametry<\/h3>\n<table class=\"specs-bnp\">\n<thead>\n<tr>\n<th>K\u00f3d<\/th>\n<th>Typ<\/th>\n<th>Specifikace<\/th>\n<th>Max. pr\u016ftok vzduchu (m\u00b3\/h)<\/th>\n<th>Hmotnost (kg\/ks)<\/th>\n<\/tr>\n<\/thead>\n<tbody>\n<tr>\n<th scope=\"row\">VRVP05MC6II<\/th>\n<td>IVAR.HRC EM<\/td>\n<td>Elektronick\u00e1, 05 Master; \u00d8 160 mm; 180 \u00d7 180 \u00d7 540 mm<\/td>\n<td style=\"text-align:center\">25 \u2013 50<\/td>\n<td style=\"text-align:center\">4,0<\/td>\n<\/tr>\n<\/tbody>\n<\/table>\n<p>&nbsp;<\/p>\n<p>V\u011btrac\u00ed jednotky jsou nab\u00edzeny v&nbsp;analogov\u00e9m (IVAR.HRC S) nebo elektronick\u00e9m proveden\u00ed (IVAR.HRC E) a jsou schopny zajistit jmenovit\u00fd pr\u016ftok vzduchu a\u017e 50 m<sup>3<\/sup>\/h, resp. 38 m<sup>3<\/sup>\/h p\u0159i cyklov\u00e1n\u00ed re\u017eim\u016f (2 jednotky). Analogov\u00e1 jednotka nab\u00edz\u00ed jednoduch\u00e9 ovl\u00e1d\u00e1n\u00ed a 2 rychlosti v\u011btr\u00e1n\u00ed. Elektronick\u00e1 jednotka nab\u00edz\u00ed d\u00e1lkov\u00e9 ovl\u00e1d\u00e1n\u00ed se 3 rychlostmi v\u011btr\u00e1n\u00ed a je vybavena i dal\u0161\u00edmi funkcemi, jako je nap\u0159. no\u010dn\u00ed re\u017eim, automatick\u00fd re\u017eim (s p\u0159ipojen\u00fdmi sn\u00edma\u010di kvality vzduchu, CO<sub>2<\/sub>) apod.<\/p>\n<p>V\u0161echny decentralizovan\u00e9 v\u011btrac\u00ed jednotky IVAR.HRC jsou uvnit\u0159 standardn\u011b osazeny filtry vzduchu t\u0159\u00eddy G3. Nav\u00edc jsou vybaveny keramickou regenera\u010dn\u00ed vlo\u017ekou, kter\u00e1 zaji\u0161\u0165uje zp\u011btn\u00e9 z\u00edsk\u00e1v\u00e1n\u00ed tepla a t\u00edm i to, \u017ee je \u010derstv\u00fd vzduch do m\u00edstnosti dod\u00e1v\u00e1n o vy\u0161\u0161\u00ed teplot\u011b, ne\u017e je venkovn\u00ed teplota. Proto nedoch\u00e1z\u00ed k&nbsp;tepeln\u00fdm ztr\u00e1t\u00e1m jako p\u0159i klasick\u00e9m v\u011btr\u00e1n\u00ed otev\u0159en\u00fdmi okny.<\/p>\n<p>Instalace je d\u00edky nastaviteln\u00e9 d\u00e9lce v\u011btrac\u00edch jednotek velmi jednoduch\u00e1 \u2013 sta\u010d\u00ed do obvodov\u00e9 zdi vyvrtat otvor o pr\u016fm\u011bru max. 160 mm, do n\u011bj se instaluje decentralizovan\u00e1 v\u011btrac\u00ed jednotka, p\u0159ipoj\u00ed k&nbsp;nap\u00e1jen\u00ed a je hotovo.<\/p>\n<p>Je samoz\u0159ejm\u011b mo\u017en\u00e9 instalovat a vz\u00e1jemn\u011b propojit v\u00edce t\u011bchto v\u011btrac\u00edch jednotek (MASTER \u2013 SLAVE), kdy je d\u00e1lkov\u00e9 ovl\u00e1d\u00e1n\u00ed dod\u00e1v\u00e1no pouze k&nbsp;jednotce MASTER, kter\u00e1 pak ovl\u00e1d\u00e1 dal\u0161\u00ed jednotky SLAVE (u analogov\u00e9 verze m\u016f\u017ee 1 MASTER jednotka ovl\u00e1dat a\u017e 3 jednotky SLAVE, u elektronick\u00e9 m\u016f\u017ee 1 MASTER jednotka ovl\u00e1dat dokonce a\u017e 11 SLAVE jednotek).<\/p>\n<p>Vnit\u0159n\u00ed kryt jednotky je nab\u00edzen v&nbsp;n\u011bkolika stylov\u00fdch a barevn\u00fdch proveden\u00edch, tak\u017ee zapadne do jak\u00e9hokoliv interi\u00e9ru. Zvenku je jednotka opat\u0159ena m\u0159\u00ed\u017ekou. Jednotku je samoz\u0159ejm\u011b mo\u017eno dovybavit dal\u0161\u00edm p\u0159\u00edslu\u0161enstv\u00edm (nap\u0159. estetick\u00e9 venkovn\u00ed m\u0159\u00ed\u017eky, izola\u010dn\u00edm \u010di rohov\u00fdm kitem atd).<\/p>\n<p>D\u00edky tomu je mo\u017en\u00e9 naj\u00edt \u0159e\u0161en\u00ed optim\u00e1ln\u00edho v\u011btr\u00e1n\u00ed opravdu pro&nbsp;ka\u017ed\u00fd d\u016fm \u010di bytovou jednotku.<\/p>\n<\/p><\/div>\n<div class=\"ProductDetailContent\">                                                                    <\/div>\n<\/p><\/div>\n<\/p><\/div>\n<\/p><\/div>\n","protected":false},"excerpt":{"rendered":"<p>Popis produktu Innova Decentralizovan\u00e1 v\u011btrac\u00ed jednotka IVAR.HRC elektronick\u00e1 verze HRC je decentralizovan\u00fd nucen\u00fd ventila\u010dn\u00ed syst\u00e9m od spole\u010dnosti INNOVA, kter\u00fd funguje na principu rekuperace tepla. D\u00edky keramick\u00e9mu v\u00fdm\u011bn\u00edku tepla a bezkart\u00e1\u010dov\u00e9mu ventil\u00e1toru doch\u00e1z\u00ed k nep\u0159etr\u017eit\u00e9 filtraci vzduchu, \u010d\u00edm\u017e se zlep\u0161uje jeho kvalita, sni\u017euje se vlhkost, eliminuje tvorba pl\u00edsn\u00ed a z\u00e1rove\u0148 se zaji\u0161\u0165uje vysok\u00fd akustick\u00fd komfort. Instalace [&hellip;]<\/p>\n","protected":false},"featured_media":13192,"comment_status":"open","ping_status":"open","template":"","meta":[],"product_brand":[],"product_cat":[80],"product_tag":[],"class_list":{"0":"post-13092","1":"product","2":"type-product","3":"status-publish","4":"has-post-thumbnail","6":"product_cat-rekuperace-vzduchu-a-vody-vetrani","8":"first","9":"instock","10":"sale","11":"shipping-taxable","12":"purchasable","13":"product-type-simple"},"yoast_head":"<!-- This site is optimized with the Yoast SEO plugin v26.8 - https:\/\/yoast.com\/product\/yoast-seo-wordpress\/ -->\n<title>Posledn\u00ed \u0160ance Innova Decentralizovan\u00e1 v\u011btrac\u00ed jednotka IVAR.HRC elektronick\u00e1 verze -<\/title>\n<meta name=\"robots\" content=\"index, follow, max-snippet:-1, max-image-preview:large, max-video-preview:-1\" \/>\n<link rel=\"canonical\" href=\"https:\/\/www.koupeltech.com\/index.php\/produkt\/posledni-sance-innova-decentralizovana-vetraci-jednotka-ivar-hrc-elektronicka-verze-13092\/\" \/>\n<meta property=\"og:locale\" content=\"cs_CZ\" \/>\n<meta property=\"og:type\" content=\"article\" \/>\n<meta property=\"og:title\" content=\"Posledn\u00ed \u0160ance Innova Decentralizovan\u00e1 v\u011btrac\u00ed jednotka IVAR.HRC elektronick\u00e1 verze -\" \/>\n<meta property=\"og:description\" content=\"Popis produktu Innova Decentralizovan\u00e1 v\u011btrac\u00ed jednotka IVAR.HRC elektronick\u00e1 verze HRC je decentralizovan\u00fd nucen\u00fd ventila\u010dn\u00ed syst\u00e9m od spole\u010dnosti INNOVA, kter\u00fd funguje na principu rekuperace tepla. D\u00edky keramick\u00e9mu v\u00fdm\u011bn\u00edku tepla a bezkart\u00e1\u010dov\u00e9mu ventil\u00e1toru doch\u00e1z\u00ed k nep\u0159etr\u017eit\u00e9 filtraci vzduchu, \u010d\u00edm\u017e se zlep\u0161uje jeho kvalita, sni\u017euje se vlhkost, eliminuje tvorba pl\u00edsn\u00ed a z\u00e1rove\u0148 se zaji\u0161\u0165uje vysok\u00fd akustick\u00fd komfort. Instalace [&hellip;]\" \/>\n<meta property=\"og:url\" content=\"https:\/\/www.koupeltech.com\/index.php\/produkt\/posledni-sance-innova-decentralizovana-vetraci-jednotka-ivar-hrc-elektronicka-verze-13092\/\" \/>\n<meta property=\"og:image\" content=\"https:\/\/www.koupeltech.com\/wp-content\/uploads\/2026\/SK0024065-CZ20260425-092632-0-1777080397-innova-decentralizovana-vetraci-jednotka-ivar-hrc-elektroni.webp\" \/>\n\t<meta property=\"og:image:width\" content=\"600\" \/>\n\t<meta property=\"og:image:height\" content=\"447\" \/>\n\t<meta property=\"og:image:type\" content=\"image\/webp\" \/>\n<meta name=\"twitter:card\" content=\"summary_large_image\" \/>\n<meta name=\"twitter:label1\" content=\"Odhadovan\u00e1 doba \u010dten\u00ed\" \/>\n\t<meta name=\"twitter:data1\" content=\"3 minuty\" \/>\n<script type=\"application\/ld+json\" class=\"yoast-schema-graph\">{\"@context\":\"https:\/\/schema.org\",\"@graph\":[{\"@type\":\"WebPage\",\"@id\":\"https:\/\/www.koupeltech.com\/index.php\/produkt\/posledni-sance-innova-decentralizovana-vetraci-jednotka-ivar-hrc-elektronicka-verze-13092\/\",\"url\":\"https:\/\/www.koupeltech.com\/index.php\/produkt\/posledni-sance-innova-decentralizovana-vetraci-jednotka-ivar-hrc-elektronicka-verze-13092\/\",\"name\":\"Posledn\u00ed \u0160ance Innova Decentralizovan\u00e1 v\u011btrac\u00ed jednotka IVAR.HRC elektronick\u00e1 verze -\",\"isPartOf\":{\"@id\":\"https:\/\/www.koupeltech.com\/#website\"},\"primaryImageOfPage\":{\"@id\":\"https:\/\/www.koupeltech.com\/index.php\/produkt\/posledni-sance-innova-decentralizovana-vetraci-jednotka-ivar-hrc-elektronicka-verze-13092\/#primaryimage\"},\"image\":{\"@id\":\"https:\/\/www.koupeltech.com\/index.php\/produkt\/posledni-sance-innova-decentralizovana-vetraci-jednotka-ivar-hrc-elektronicka-verze-13092\/#primaryimage\"},\"thumbnailUrl\":\"https:\/\/www.koupeltech.com\/wp-content\/uploads\/2026\/SK0024065-CZ20260425-092632-0-1777080397-innova-decentralizovana-vetraci-jednotka-ivar-hrc-elektroni.webp\",\"datePublished\":\"2026-04-27T13:57:46+00:00\",\"breadcrumb\":{\"@id\":\"https:\/\/www.koupeltech.com\/index.php\/produkt\/posledni-sance-innova-decentralizovana-vetraci-jednotka-ivar-hrc-elektronicka-verze-13092\/#breadcrumb\"},\"inLanguage\":\"cs\",\"potentialAction\":[{\"@type\":\"ReadAction\",\"target\":[\"https:\/\/www.koupeltech.com\/index.php\/produkt\/posledni-sance-innova-decentralizovana-vetraci-jednotka-ivar-hrc-elektronicka-verze-13092\/\"]}]},{\"@type\":\"ImageObject\",\"inLanguage\":\"cs\",\"@id\":\"https:\/\/www.koupeltech.com\/index.php\/produkt\/posledni-sance-innova-decentralizovana-vetraci-jednotka-ivar-hrc-elektronicka-verze-13092\/#primaryimage\",\"url\":\"https:\/\/www.koupeltech.com\/wp-content\/uploads\/2026\/SK0024065-CZ20260425-092632-0-1777080397-innova-decentralizovana-vetraci-jednotka-ivar-hrc-elektroni.webp\",\"contentUrl\":\"https:\/\/www.koupeltech.com\/wp-content\/uploads\/2026\/SK0024065-CZ20260425-092632-0-1777080397-innova-decentralizovana-vetraci-jednotka-ivar-hrc-elektroni.webp\",\"width\":600,\"height\":447},{\"@type\":\"BreadcrumbList\",\"@id\":\"https:\/\/www.koupeltech.com\/index.php\/produkt\/posledni-sance-innova-decentralizovana-vetraci-jednotka-ivar-hrc-elektronicka-verze-13092\/#breadcrumb\",\"itemListElement\":[{\"@type\":\"ListItem\",\"position\":1,\"name\":\"Home\",\"item\":\"https:\/\/www.koupeltech.com\/\"},{\"@type\":\"ListItem\",\"position\":2,\"name\":\"Products\",\"item\":\"https:\/\/www.koupeltech.com\/index.php\/products\/\"},{\"@type\":\"ListItem\",\"position\":3,\"name\":\"Posledn\u00ed \u0160ance Innova Decentralizovan\u00e1 v\u011btrac\u00ed jednotka IVAR.HRC elektronick\u00e1 verze\"}]},{\"@type\":\"WebSite\",\"@id\":\"https:\/\/www.koupeltech.com\/#website\",\"url\":\"https:\/\/www.koupeltech.com\/\",\"name\":\"\",\"description\":\"\",\"potentialAction\":[{\"@type\":\"SearchAction\",\"target\":{\"@type\":\"EntryPoint\",\"urlTemplate\":\"https:\/\/www.koupeltech.com\/?s={search_term_string}\"},\"query-input\":{\"@type\":\"PropertyValueSpecification\",\"valueRequired\":true,\"valueName\":\"search_term_string\"}}],\"inLanguage\":\"cs\"}]}<\/script>\n<!-- \/ Yoast SEO plugin. -->","yoast_head_json":{"title":"Posledn\u00ed \u0160ance Innova Decentralizovan\u00e1 v\u011btrac\u00ed jednotka IVAR.HRC elektronick\u00e1 verze -","robots":{"index":"index","follow":"follow","max-snippet":"max-snippet:-1","max-image-preview":"max-image-preview:large","max-video-preview":"max-video-preview:-1"},"canonical":"https:\/\/www.koupeltech.com\/index.php\/produkt\/posledni-sance-innova-decentralizovana-vetraci-jednotka-ivar-hrc-elektronicka-verze-13092\/","og_locale":"cs_CZ","og_type":"article","og_title":"Posledn\u00ed \u0160ance Innova Decentralizovan\u00e1 v\u011btrac\u00ed jednotka IVAR.HRC elektronick\u00e1 verze -","og_description":"Popis produktu Innova Decentralizovan\u00e1 v\u011btrac\u00ed jednotka IVAR.HRC elektronick\u00e1 verze HRC je decentralizovan\u00fd nucen\u00fd ventila\u010dn\u00ed syst\u00e9m od spole\u010dnosti INNOVA, kter\u00fd funguje na principu rekuperace tepla. D\u00edky keramick\u00e9mu v\u00fdm\u011bn\u00edku tepla a bezkart\u00e1\u010dov\u00e9mu ventil\u00e1toru doch\u00e1z\u00ed k nep\u0159etr\u017eit\u00e9 filtraci vzduchu, \u010d\u00edm\u017e se zlep\u0161uje jeho kvalita, sni\u017euje se vlhkost, eliminuje tvorba pl\u00edsn\u00ed a z\u00e1rove\u0148 se zaji\u0161\u0165uje vysok\u00fd akustick\u00fd komfort. Instalace [&hellip;]","og_url":"https:\/\/www.koupeltech.com\/index.php\/produkt\/posledni-sance-innova-decentralizovana-vetraci-jednotka-ivar-hrc-elektronicka-verze-13092\/","og_image":[{"width":600,"height":447,"url":"https:\/\/www.koupeltech.com\/wp-content\/uploads\/2026\/SK0024065-CZ20260425-092632-0-1777080397-innova-decentralizovana-vetraci-jednotka-ivar-hrc-elektroni.webp","type":"image\/webp"}],"twitter_card":"summary_large_image","twitter_misc":{"Odhadovan\u00e1 doba \u010dten\u00ed":"3 minuty"},"schema":{"@context":"https:\/\/schema.org","@graph":[{"@type":"WebPage","@id":"https:\/\/www.koupeltech.com\/index.php\/produkt\/posledni-sance-innova-decentralizovana-vetraci-jednotka-ivar-hrc-elektronicka-verze-13092\/","url":"https:\/\/www.koupeltech.com\/index.php\/produkt\/posledni-sance-innova-decentralizovana-vetraci-jednotka-ivar-hrc-elektronicka-verze-13092\/","name":"Posledn\u00ed \u0160ance Innova Decentralizovan\u00e1 v\u011btrac\u00ed jednotka IVAR.HRC elektronick\u00e1 verze -","isPartOf":{"@id":"https:\/\/www.koupeltech.com\/#website"},"primaryImageOfPage":{"@id":"https:\/\/www.koupeltech.com\/index.php\/produkt\/posledni-sance-innova-decentralizovana-vetraci-jednotka-ivar-hrc-elektronicka-verze-13092\/#primaryimage"},"image":{"@id":"https:\/\/www.koupeltech.com\/index.php\/produkt\/posledni-sance-innova-decentralizovana-vetraci-jednotka-ivar-hrc-elektronicka-verze-13092\/#primaryimage"},"thumbnailUrl":"https:\/\/www.koupeltech.com\/wp-content\/uploads\/2026\/SK0024065-CZ20260425-092632-0-1777080397-innova-decentralizovana-vetraci-jednotka-ivar-hrc-elektroni.webp","datePublished":"2026-04-27T13:57:46+00:00","breadcrumb":{"@id":"https:\/\/www.koupeltech.com\/index.php\/produkt\/posledni-sance-innova-decentralizovana-vetraci-jednotka-ivar-hrc-elektronicka-verze-13092\/#breadcrumb"},"inLanguage":"cs","potentialAction":[{"@type":"ReadAction","target":["https:\/\/www.koupeltech.com\/index.php\/produkt\/posledni-sance-innova-decentralizovana-vetraci-jednotka-ivar-hrc-elektronicka-verze-13092\/"]}]},{"@type":"ImageObject","inLanguage":"cs","@id":"https:\/\/www.koupeltech.com\/index.php\/produkt\/posledni-sance-innova-decentralizovana-vetraci-jednotka-ivar-hrc-elektronicka-verze-13092\/#primaryimage","url":"https:\/\/www.koupeltech.com\/wp-content\/uploads\/2026\/SK0024065-CZ20260425-092632-0-1777080397-innova-decentralizovana-vetraci-jednotka-ivar-hrc-elektroni.webp","contentUrl":"https:\/\/www.koupeltech.com\/wp-content\/uploads\/2026\/SK0024065-CZ20260425-092632-0-1777080397-innova-decentralizovana-vetraci-jednotka-ivar-hrc-elektroni.webp","width":600,"height":447},{"@type":"BreadcrumbList","@id":"https:\/\/www.koupeltech.com\/index.php\/produkt\/posledni-sance-innova-decentralizovana-vetraci-jednotka-ivar-hrc-elektronicka-verze-13092\/#breadcrumb","itemListElement":[{"@type":"ListItem","position":1,"name":"Home","item":"https:\/\/www.koupeltech.com\/"},{"@type":"ListItem","position":2,"name":"Products","item":"https:\/\/www.koupeltech.com\/index.php\/products\/"},{"@type":"ListItem","position":3,"name":"Posledn\u00ed \u0160ance Innova Decentralizovan\u00e1 v\u011btrac\u00ed jednotka IVAR.HRC elektronick\u00e1 verze"}]},{"@type":"WebSite","@id":"https:\/\/www.koupeltech.com\/#website","url":"https:\/\/www.koupeltech.com\/","name":"","description":"","potentialAction":[{"@type":"SearchAction","target":{"@type":"EntryPoint","urlTemplate":"https:\/\/www.koupeltech.com\/?s={search_term_string}"},"query-input":{"@type":"PropertyValueSpecification","valueRequired":true,"valueName":"search_term_string"}}],"inLanguage":"cs"}]}},"_links":{"self":[{"href":"https:\/\/www.koupeltech.com\/index.php\/wp-json\/wp\/v2\/product\/13092","targetHints":{"allow":["GET"]}}],"collection":[{"href":"https:\/\/www.koupeltech.com\/index.php\/wp-json\/wp\/v2\/product"}],"about":[{"href":"https:\/\/www.koupeltech.com\/index.php\/wp-json\/wp\/v2\/types\/product"}],"replies":[{"embeddable":true,"href":"https:\/\/www.koupeltech.com\/index.php\/wp-json\/wp\/v2\/comments?post=13092"}],"wp:featuredmedia":[{"embeddable":true,"href":"https:\/\/www.koupeltech.com\/index.php\/wp-json\/wp\/v2\/media\/13192"}],"wp:attachment":[{"href":"https:\/\/www.koupeltech.com\/index.php\/wp-json\/wp\/v2\/media?parent=13092"}],"wp:term":[{"taxonomy":"product_brand","embeddable":true,"href":"https:\/\/www.koupeltech.com\/index.php\/wp-json\/wp\/v2\/product_brand?post=13092"},{"taxonomy":"product_cat","embeddable":true,"href":"https:\/\/www.koupeltech.com\/index.php\/wp-json\/wp\/v2\/product_cat?post=13092"},{"taxonomy":"product_tag","embeddable":true,"href":"https:\/\/www.koupeltech.com\/index.php\/wp-json\/wp\/v2\/product_tag?post=13092"}],"curies":[{"name":"wp","href":"https:\/\/api.w.org\/{rel}","templated":true}]}}