{"id":13562,"date":"2026-04-27T13:57:50","date_gmt":"2026-04-27T13:57:50","guid":{"rendered":""},"modified":"2026-04-27T13:57:50","modified_gmt":"2026-04-27T13:57:50","slug":"vyhodna-nabidka-zehnder-instalacni-box-comfoair-fit-100-13562","status":"publish","type":"product","link":"https:\/\/www.koupeltech.com\/index.php\/produkt\/vyhodna-nabidka-zehnder-instalacni-box-comfoair-fit-100-13562\/","title":{"rendered":"V\u00fdhodn\u00e1 Nab\u00eddka Zehnder instala\u010dn\u00ed box ComfoAir Fit 100"},"content":{"rendered":"<div class=\"ProductDetail-content NoFixImageContainer\" id=\"productDescription\">\n<div class=\"Heading\">\n<h2 class=\"Heading-title\">Popis produktu <span class=''>Zehnder instala\u010dn\u00ed box ComfoAir Fit 100<\/span><\/h2>\n<\/p><\/div>\n<div class=\"ProductDetailContent\">\n<ul>\n<li><strong>\u03bb-hodnota<\/strong>:&nbsp;0.048 W\/(m*K)&nbsp;* V porovn\u00e1n\u00ed s b\u011b\u017en\u00fdm materi\u00e1lem EPP<\/li>\n<li><strong>Tlou\u0161\u0165ka materi\u00e1lu zadn\u00edho panelu<\/strong>:&nbsp;20mm<\/li>\n<li><strong>Pou\u017eit\u00ed<\/strong>:&nbsp;-25\u00b0C do 60\u00b0C<\/li>\n<li><strong>Materi\u00e1l<\/strong>:&nbsp;Expandovan\u00fd polypropylen (EPP)<\/li>\n<li><strong>Hustota materi\u00e1lu<\/strong>:&nbsp;60g\/l do 100g\/l<\/li>\n<li><strong>Hmotnost<\/strong>:&nbsp;1.7 kg do 2.8 kg<\/li>\n<li><strong>Rozm\u011bry (D x \u0160 x H)<\/strong>:&nbsp;920 mm \/ 550 mm \/ 255 mm<\/li>\n<li><strong>Napojen\u00ed interi\u00e9rov\u00e9ho vzduchu<\/strong>:&nbsp;\n<ul>\n<li>ComfoMain CK150 dvojit\u00e9 potrub\u00ed (nelze zal\u00e9vat do betonu)<\/li>\n<li>ComfoMain CK150 Plus dvojit\u00e9 potru\u00ed (lze zal\u00e9vat do betonu)<\/li>\n<\/ul>\n<\/li>\n<li><strong>Napojen\u00ed exteri\u00e9rov\u00e9ho vzduchu<\/strong>:&nbsp;ComfoPipe Compact 125<\/li>\n<\/ul>\n<p>\u0160etrn\u00e9 k \u017eivotn\u00edmu prost\u0159ed\u00ed a jedine\u010dn\u00e9! Celkem -44 %* emis\u00ed CO2 d\u00edky p\u0159\u00edm\u00e9mu pou\u017eit\u00ed vysoce kvalitn\u00edch recyklovan\u00fdch materi\u00e1l\u016f. D\u00edky tomu m\u00e1 instala\u010dn\u00ed box pro zapu\u0161t\u011bnou mont\u00e1\u017e sv\u016fj osobit\u00fd design. Ka\u017ed\u00e1 z nich je jedine\u010dn\u00e1 d\u00edky r\u016fzn\u00fdm barv\u00e1m.<\/p>\n<\/p><\/div>\n<div class=\"ProductDetailContent\">                                                                    <\/div>\n<\/p><\/div>\n<\/p><\/div>\n<\/p><\/div>\n","protected":false},"excerpt":{"rendered":"<p>Popis produktu Zehnder instala\u010dn\u00ed box ComfoAir Fit 100 \u03bb-hodnota:&nbsp;0.048 W\/(m*K)&nbsp;* V porovn\u00e1n\u00ed s b\u011b\u017en\u00fdm materi\u00e1lem EPP Tlou\u0161\u0165ka materi\u00e1lu zadn\u00edho panelu:&nbsp;20mm Pou\u017eit\u00ed:&nbsp;-25\u00b0C do 60\u00b0C Materi\u00e1l:&nbsp;Expandovan\u00fd polypropylen (EPP) Hustota materi\u00e1lu:&nbsp;60g\/l do 100g\/l Hmotnost:&nbsp;1.7 kg do 2.8 kg Rozm\u011bry (D x \u0160 x H):&nbsp;920 mm \/ 550 mm \/ 255 mm Napojen\u00ed interi\u00e9rov\u00e9ho vzduchu:&nbsp; ComfoMain CK150 dvojit\u00e9 potrub\u00ed [&hellip;]<\/p>\n","protected":false},"featured_media":13662,"comment_status":"open","ping_status":"open","template":"","meta":[],"product_brand":[],"product_cat":[80],"product_tag":[],"class_list":{"0":"post-13562","1":"product","2":"type-product","3":"status-publish","4":"has-post-thumbnail","6":"product_cat-rekuperace-vzduchu-a-vody-vetrani","8":"first","9":"instock","10":"sale","11":"shipping-taxable","12":"purchasable","13":"product-type-simple"},"yoast_head":"<!-- This site is optimized with the Yoast SEO plugin v26.8 - https:\/\/yoast.com\/product\/yoast-seo-wordpress\/ -->\n<title>V\u00fdhodn\u00e1 Nab\u00eddka Zehnder instala\u010dn\u00ed box ComfoAir Fit 100 -<\/title>\n<meta name=\"robots\" content=\"index, follow, max-snippet:-1, max-image-preview:large, max-video-preview:-1\" \/>\n<link rel=\"canonical\" href=\"https:\/\/www.koupeltech.com\/index.php\/produkt\/vyhodna-nabidka-zehnder-instalacni-box-comfoair-fit-100-13562\/\" \/>\n<meta property=\"og:locale\" content=\"cs_CZ\" \/>\n<meta property=\"og:type\" content=\"article\" \/>\n<meta property=\"og:title\" content=\"V\u00fdhodn\u00e1 Nab\u00eddka Zehnder instala\u010dn\u00ed box ComfoAir Fit 100 -\" \/>\n<meta property=\"og:description\" content=\"Popis produktu Zehnder instala\u010dn\u00ed box ComfoAir Fit 100 \u03bb-hodnota:&nbsp;0.048 W\/(m*K)&nbsp;* V porovn\u00e1n\u00ed s b\u011b\u017en\u00fdm materi\u00e1lem EPP Tlou\u0161\u0165ka materi\u00e1lu zadn\u00edho panelu:&nbsp;20mm Pou\u017eit\u00ed:&nbsp;-25\u00b0C do 60\u00b0C Materi\u00e1l:&nbsp;Expandovan\u00fd polypropylen (EPP) Hustota materi\u00e1lu:&nbsp;60g\/l do 100g\/l Hmotnost:&nbsp;1.7 kg do 2.8 kg Rozm\u011bry (D x \u0160 x H):&nbsp;920 mm \/ 550 mm \/ 255 mm Napojen\u00ed interi\u00e9rov\u00e9ho vzduchu:&nbsp; ComfoMain CK150 dvojit\u00e9 potrub\u00ed [&hellip;]\" \/>\n<meta property=\"og:url\" content=\"https:\/\/www.koupeltech.com\/index.php\/produkt\/vyhodna-nabidka-zehnder-instalacni-box-comfoair-fit-100-13562\/\" \/>\n<meta property=\"og:image\" content=\"https:\/\/www.koupeltech.com\/wp-content\/uploads\/2026\/SK0024379-CZ20260425-092632-0-1777080397-zehnder-instalacni-box-comfoair-fit-100-1025203.webp\" \/>\n\t<meta property=\"og:image:width\" content=\"600\" \/>\n\t<meta property=\"og:image:height\" content=\"600\" \/>\n\t<meta property=\"og:image:type\" content=\"image\/webp\" \/>\n<meta name=\"twitter:card\" content=\"summary_large_image\" \/>\n<meta name=\"twitter:label1\" content=\"Odhadovan\u00e1 doba \u010dten\u00ed\" \/>\n\t<meta name=\"twitter:data1\" content=\"1 minuta\" \/>\n<script type=\"application\/ld+json\" class=\"yoast-schema-graph\">{\"@context\":\"https:\/\/schema.org\",\"@graph\":[{\"@type\":\"WebPage\",\"@id\":\"https:\/\/www.koupeltech.com\/index.php\/produkt\/vyhodna-nabidka-zehnder-instalacni-box-comfoair-fit-100-13562\/\",\"url\":\"https:\/\/www.koupeltech.com\/index.php\/produkt\/vyhodna-nabidka-zehnder-instalacni-box-comfoair-fit-100-13562\/\",\"name\":\"V\u00fdhodn\u00e1 Nab\u00eddka Zehnder instala\u010dn\u00ed box ComfoAir Fit 100 -\",\"isPartOf\":{\"@id\":\"https:\/\/www.koupeltech.com\/#website\"},\"primaryImageOfPage\":{\"@id\":\"https:\/\/www.koupeltech.com\/index.php\/produkt\/vyhodna-nabidka-zehnder-instalacni-box-comfoair-fit-100-13562\/#primaryimage\"},\"image\":{\"@id\":\"https:\/\/www.koupeltech.com\/index.php\/produkt\/vyhodna-nabidka-zehnder-instalacni-box-comfoair-fit-100-13562\/#primaryimage\"},\"thumbnailUrl\":\"https:\/\/www.koupeltech.com\/wp-content\/uploads\/2026\/SK0024379-CZ20260425-092632-0-1777080397-zehnder-instalacni-box-comfoair-fit-100-1025203.webp\",\"datePublished\":\"2026-04-27T13:57:50+00:00\",\"breadcrumb\":{\"@id\":\"https:\/\/www.koupeltech.com\/index.php\/produkt\/vyhodna-nabidka-zehnder-instalacni-box-comfoair-fit-100-13562\/#breadcrumb\"},\"inLanguage\":\"cs\",\"potentialAction\":[{\"@type\":\"ReadAction\",\"target\":[\"https:\/\/www.koupeltech.com\/index.php\/produkt\/vyhodna-nabidka-zehnder-instalacni-box-comfoair-fit-100-13562\/\"]}]},{\"@type\":\"ImageObject\",\"inLanguage\":\"cs\",\"@id\":\"https:\/\/www.koupeltech.com\/index.php\/produkt\/vyhodna-nabidka-zehnder-instalacni-box-comfoair-fit-100-13562\/#primaryimage\",\"url\":\"https:\/\/www.koupeltech.com\/wp-content\/uploads\/2026\/SK0024379-CZ20260425-092632-0-1777080397-zehnder-instalacni-box-comfoair-fit-100-1025203.webp\",\"contentUrl\":\"https:\/\/www.koupeltech.com\/wp-content\/uploads\/2026\/SK0024379-CZ20260425-092632-0-1777080397-zehnder-instalacni-box-comfoair-fit-100-1025203.webp\",\"width\":600,\"height\":600},{\"@type\":\"BreadcrumbList\",\"@id\":\"https:\/\/www.koupeltech.com\/index.php\/produkt\/vyhodna-nabidka-zehnder-instalacni-box-comfoair-fit-100-13562\/#breadcrumb\",\"itemListElement\":[{\"@type\":\"ListItem\",\"position\":1,\"name\":\"Home\",\"item\":\"https:\/\/www.koupeltech.com\/\"},{\"@type\":\"ListItem\",\"position\":2,\"name\":\"Products\",\"item\":\"https:\/\/www.koupeltech.com\/index.php\/products\/\"},{\"@type\":\"ListItem\",\"position\":3,\"name\":\"V\u00fdhodn\u00e1 Nab\u00eddka Zehnder instala\u010dn\u00ed box ComfoAir Fit 100\"}]},{\"@type\":\"WebSite\",\"@id\":\"https:\/\/www.koupeltech.com\/#website\",\"url\":\"https:\/\/www.koupeltech.com\/\",\"name\":\"\",\"description\":\"\",\"potentialAction\":[{\"@type\":\"SearchAction\",\"target\":{\"@type\":\"EntryPoint\",\"urlTemplate\":\"https:\/\/www.koupeltech.com\/?s={search_term_string}\"},\"query-input\":{\"@type\":\"PropertyValueSpecification\",\"valueRequired\":true,\"valueName\":\"search_term_string\"}}],\"inLanguage\":\"cs\"}]}<\/script>\n<!-- \/ Yoast SEO plugin. -->","yoast_head_json":{"title":"V\u00fdhodn\u00e1 Nab\u00eddka Zehnder instala\u010dn\u00ed box ComfoAir Fit 100 -","robots":{"index":"index","follow":"follow","max-snippet":"max-snippet:-1","max-image-preview":"max-image-preview:large","max-video-preview":"max-video-preview:-1"},"canonical":"https:\/\/www.koupeltech.com\/index.php\/produkt\/vyhodna-nabidka-zehnder-instalacni-box-comfoair-fit-100-13562\/","og_locale":"cs_CZ","og_type":"article","og_title":"V\u00fdhodn\u00e1 Nab\u00eddka Zehnder instala\u010dn\u00ed box ComfoAir Fit 100 -","og_description":"Popis produktu Zehnder instala\u010dn\u00ed box ComfoAir Fit 100 \u03bb-hodnota:&nbsp;0.048 W\/(m*K)&nbsp;* V porovn\u00e1n\u00ed s b\u011b\u017en\u00fdm materi\u00e1lem EPP Tlou\u0161\u0165ka materi\u00e1lu zadn\u00edho panelu:&nbsp;20mm Pou\u017eit\u00ed:&nbsp;-25\u00b0C do 60\u00b0C Materi\u00e1l:&nbsp;Expandovan\u00fd polypropylen (EPP) Hustota materi\u00e1lu:&nbsp;60g\/l do 100g\/l Hmotnost:&nbsp;1.7 kg do 2.8 kg Rozm\u011bry (D x \u0160 x H):&nbsp;920 mm \/ 550 mm \/ 255 mm Napojen\u00ed interi\u00e9rov\u00e9ho vzduchu:&nbsp; ComfoMain CK150 dvojit\u00e9 potrub\u00ed [&hellip;]","og_url":"https:\/\/www.koupeltech.com\/index.php\/produkt\/vyhodna-nabidka-zehnder-instalacni-box-comfoair-fit-100-13562\/","og_image":[{"width":600,"height":600,"url":"https:\/\/www.koupeltech.com\/wp-content\/uploads\/2026\/SK0024379-CZ20260425-092632-0-1777080397-zehnder-instalacni-box-comfoair-fit-100-1025203.webp","type":"image\/webp"}],"twitter_card":"summary_large_image","twitter_misc":{"Odhadovan\u00e1 doba \u010dten\u00ed":"1 minuta"},"schema":{"@context":"https:\/\/schema.org","@graph":[{"@type":"WebPage","@id":"https:\/\/www.koupeltech.com\/index.php\/produkt\/vyhodna-nabidka-zehnder-instalacni-box-comfoair-fit-100-13562\/","url":"https:\/\/www.koupeltech.com\/index.php\/produkt\/vyhodna-nabidka-zehnder-instalacni-box-comfoair-fit-100-13562\/","name":"V\u00fdhodn\u00e1 Nab\u00eddka Zehnder instala\u010dn\u00ed box ComfoAir Fit 100 -","isPartOf":{"@id":"https:\/\/www.koupeltech.com\/#website"},"primaryImageOfPage":{"@id":"https:\/\/www.koupeltech.com\/index.php\/produkt\/vyhodna-nabidka-zehnder-instalacni-box-comfoair-fit-100-13562\/#primaryimage"},"image":{"@id":"https:\/\/www.koupeltech.com\/index.php\/produkt\/vyhodna-nabidka-zehnder-instalacni-box-comfoair-fit-100-13562\/#primaryimage"},"thumbnailUrl":"https:\/\/www.koupeltech.com\/wp-content\/uploads\/2026\/SK0024379-CZ20260425-092632-0-1777080397-zehnder-instalacni-box-comfoair-fit-100-1025203.webp","datePublished":"2026-04-27T13:57:50+00:00","breadcrumb":{"@id":"https:\/\/www.koupeltech.com\/index.php\/produkt\/vyhodna-nabidka-zehnder-instalacni-box-comfoair-fit-100-13562\/#breadcrumb"},"inLanguage":"cs","potentialAction":[{"@type":"ReadAction","target":["https:\/\/www.koupeltech.com\/index.php\/produkt\/vyhodna-nabidka-zehnder-instalacni-box-comfoair-fit-100-13562\/"]}]},{"@type":"ImageObject","inLanguage":"cs","@id":"https:\/\/www.koupeltech.com\/index.php\/produkt\/vyhodna-nabidka-zehnder-instalacni-box-comfoair-fit-100-13562\/#primaryimage","url":"https:\/\/www.koupeltech.com\/wp-content\/uploads\/2026\/SK0024379-CZ20260425-092632-0-1777080397-zehnder-instalacni-box-comfoair-fit-100-1025203.webp","contentUrl":"https:\/\/www.koupeltech.com\/wp-content\/uploads\/2026\/SK0024379-CZ20260425-092632-0-1777080397-zehnder-instalacni-box-comfoair-fit-100-1025203.webp","width":600,"height":600},{"@type":"BreadcrumbList","@id":"https:\/\/www.koupeltech.com\/index.php\/produkt\/vyhodna-nabidka-zehnder-instalacni-box-comfoair-fit-100-13562\/#breadcrumb","itemListElement":[{"@type":"ListItem","position":1,"name":"Home","item":"https:\/\/www.koupeltech.com\/"},{"@type":"ListItem","position":2,"name":"Products","item":"https:\/\/www.koupeltech.com\/index.php\/products\/"},{"@type":"ListItem","position":3,"name":"V\u00fdhodn\u00e1 Nab\u00eddka Zehnder instala\u010dn\u00ed box ComfoAir Fit 100"}]},{"@type":"WebSite","@id":"https:\/\/www.koupeltech.com\/#website","url":"https:\/\/www.koupeltech.com\/","name":"","description":"","potentialAction":[{"@type":"SearchAction","target":{"@type":"EntryPoint","urlTemplate":"https:\/\/www.koupeltech.com\/?s={search_term_string}"},"query-input":{"@type":"PropertyValueSpecification","valueRequired":true,"valueName":"search_term_string"}}],"inLanguage":"cs"}]}},"_links":{"self":[{"href":"https:\/\/www.koupeltech.com\/index.php\/wp-json\/wp\/v2\/product\/13562","targetHints":{"allow":["GET"]}}],"collection":[{"href":"https:\/\/www.koupeltech.com\/index.php\/wp-json\/wp\/v2\/product"}],"about":[{"href":"https:\/\/www.koupeltech.com\/index.php\/wp-json\/wp\/v2\/types\/product"}],"replies":[{"embeddable":true,"href":"https:\/\/www.koupeltech.com\/index.php\/wp-json\/wp\/v2\/comments?post=13562"}],"wp:featuredmedia":[{"embeddable":true,"href":"https:\/\/www.koupeltech.com\/index.php\/wp-json\/wp\/v2\/media\/13662"}],"wp:attachment":[{"href":"https:\/\/www.koupeltech.com\/index.php\/wp-json\/wp\/v2\/media?parent=13562"}],"wp:term":[{"taxonomy":"product_brand","embeddable":true,"href":"https:\/\/www.koupeltech.com\/index.php\/wp-json\/wp\/v2\/product_brand?post=13562"},{"taxonomy":"product_cat","embeddable":true,"href":"https:\/\/www.koupeltech.com\/index.php\/wp-json\/wp\/v2\/product_cat?post=13562"},{"taxonomy":"product_tag","embeddable":true,"href":"https:\/\/www.koupeltech.com\/index.php\/wp-json\/wp\/v2\/product_tag?post=13562"}],"curies":[{"name":"wp","href":"https:\/\/api.w.org\/{rel}","templated":true}]}}