{"id":13575,"date":"2026-04-27T13:57:50","date_gmt":"2026-04-27T13:57:50","guid":{"rendered":""},"modified":"2026-04-27T13:57:50","modified_gmt":"2026-04-27T13:57:50","slug":"kerasan-oke-keramicky-podstavec-ke-stene-pro-umyvadlo-554031-cerna-mat-557031-sleva-13575","status":"publish","type":"product","link":"https:\/\/www.koupeltech.com\/index.php\/produkt\/kerasan-oke-keramicky-podstavec-ke-stene-pro-umyvadlo-554031-cerna-mat-557031-sleva-13575\/","title":{"rendered":"Kerasan OKE keramick\u00fd podstavec ke st\u011bn\u011b pro umyvadlo 554031, \u010dern\u00e1 mat 557031 Sleva"},"content":{"rendered":"<div class=\"tabs__content-outer\" id=\"tab_description\" data-hash=\"description\" data-tabindex=\"-1\">\n<div class=\"tabs__content toggle_description\" id=\"content_description\">\n<div class=\"wysiwyg-content\">\n<div class=\"product__tab product__description full-width\">\n<div class=\"container\">\n<div >\n<h3>Kerasan OKE keramick\u00fd podstavec ke st\u011bn\u011b pro umyvadlo 554031, \u010dern\u00e1 mat 557031<\/h3>\n<p><\/p>\n<p><b>Vlastnosti<\/b><\/p>\n<ul>\n<li><span>Materi\u00e1l:<\/span> Keramika<\/li>\n<li><span>Barva:<\/span> \u010cern\u00e1<\/li>\n<li><span>Rozm\u011br:<\/span> 29,5&#215;74,5 cm<\/li>\n<li><span>\u0160\u00ed\u0159ka:<\/span> 295 mm<\/li>\n<li><span>V\u00fd\u0161ka:<\/span> 745 mm<\/li>\n<li><span>Pr\u016fm\u011br:<\/span> 295 mm<\/li>\n<li><span>Hloubka:<\/span> 295 mm<\/li>\n<li><span>3D model:<\/span> ANO<\/li>\n<\/ul>\n<\/div><\/div>\n<\/p><\/div>\n<\/p><\/div>\n<\/p><\/div>\n","protected":false},"excerpt":{"rendered":"<p>Kerasan OKE keramick\u00fd podstavec ke st\u011bn\u011b pro umyvadlo 554031, \u010dern\u00e1 mat 557031 Vlastnosti Materi\u00e1l: Keramika Barva: \u010cern\u00e1 Rozm\u011br: 29,5&#215;74,5 cm \u0160\u00ed\u0159ka: 295 mm V\u00fd\u0161ka: 745 mm Pr\u016fm\u011br: 295 mm Hloubka: 295 mm 3D model: ANO<\/p>\n","protected":false},"featured_media":13675,"comment_status":"open","ping_status":"open","template":"","meta":[],"product_brand":[],"product_cat":[83],"product_tag":[],"class_list":{"0":"post-13575","1":"product","2":"type-product","3":"status-publish","4":"has-post-thumbnail","6":"product_cat-koupelna","8":"first","9":"instock","10":"sale","11":"shipping-taxable","12":"purchasable","13":"product-type-simple"},"yoast_head":"<!-- This site is optimized with the Yoast SEO plugin v26.8 - https:\/\/yoast.com\/product\/yoast-seo-wordpress\/ -->\n<title>Kerasan OKE keramick\u00fd podstavec ke st\u011bn\u011b pro umyvadlo 554031, \u010dern\u00e1 mat 557031 Sleva -<\/title>\n<meta name=\"robots\" content=\"index, follow, max-snippet:-1, max-image-preview:large, max-video-preview:-1\" \/>\n<link rel=\"canonical\" href=\"https:\/\/www.koupeltech.com\/index.php\/produkt\/kerasan-oke-keramicky-podstavec-ke-stene-pro-umyvadlo-554031-cerna-mat-557031-sleva-13575\/\" \/>\n<meta property=\"og:locale\" content=\"cs_CZ\" \/>\n<meta property=\"og:type\" content=\"article\" \/>\n<meta property=\"og:title\" content=\"Kerasan OKE keramick\u00fd podstavec ke st\u011bn\u011b pro umyvadlo 554031, \u010dern\u00e1 mat 557031 Sleva -\" \/>\n<meta property=\"og:description\" content=\"Kerasan OKE keramick\u00fd podstavec ke st\u011bn\u011b pro umyvadlo 554031, \u010dern\u00e1 mat 557031 Vlastnosti Materi\u00e1l: Keramika Barva: \u010cern\u00e1 Rozm\u011br: 29,5&#215;74,5 cm \u0160\u00ed\u0159ka: 295 mm V\u00fd\u0161ka: 745 mm Pr\u016fm\u011br: 295 mm Hloubka: 295 mm 3D model: ANO\" \/>\n<meta property=\"og:url\" content=\"https:\/\/www.koupeltech.com\/index.php\/produkt\/kerasan-oke-keramicky-podstavec-ke-stene-pro-umyvadlo-554031-cerna-mat-557031-sleva-13575\/\" \/>\n<meta property=\"og:image\" content=\"https:\/\/www.koupeltech.com\/wp-content\/uploads\/2026\/SK0019778-CZ20260425-093041-0-1777080643-d632a5762ebfa7b6bea7eae01a1822e3.webp\" \/>\n\t<meta property=\"og:image:width\" content=\"306\" \/>\n\t<meta property=\"og:image:height\" content=\"800\" \/>\n\t<meta property=\"og:image:type\" content=\"image\/webp\" \/>\n<meta name=\"twitter:card\" content=\"summary_large_image\" \/>\n<script type=\"application\/ld+json\" class=\"yoast-schema-graph\">{\"@context\":\"https:\/\/schema.org\",\"@graph\":[{\"@type\":\"WebPage\",\"@id\":\"https:\/\/www.koupeltech.com\/index.php\/produkt\/kerasan-oke-keramicky-podstavec-ke-stene-pro-umyvadlo-554031-cerna-mat-557031-sleva-13575\/\",\"url\":\"https:\/\/www.koupeltech.com\/index.php\/produkt\/kerasan-oke-keramicky-podstavec-ke-stene-pro-umyvadlo-554031-cerna-mat-557031-sleva-13575\/\",\"name\":\"Kerasan OKE keramick\u00fd podstavec ke st\u011bn\u011b pro umyvadlo 554031, \u010dern\u00e1 mat 557031 Sleva -\",\"isPartOf\":{\"@id\":\"https:\/\/www.koupeltech.com\/#website\"},\"primaryImageOfPage\":{\"@id\":\"https:\/\/www.koupeltech.com\/index.php\/produkt\/kerasan-oke-keramicky-podstavec-ke-stene-pro-umyvadlo-554031-cerna-mat-557031-sleva-13575\/#primaryimage\"},\"image\":{\"@id\":\"https:\/\/www.koupeltech.com\/index.php\/produkt\/kerasan-oke-keramicky-podstavec-ke-stene-pro-umyvadlo-554031-cerna-mat-557031-sleva-13575\/#primaryimage\"},\"thumbnailUrl\":\"https:\/\/www.koupeltech.com\/wp-content\/uploads\/2026\/SK0019778-CZ20260425-093041-0-1777080643-d632a5762ebfa7b6bea7eae01a1822e3.webp\",\"datePublished\":\"2026-04-27T13:57:50+00:00\",\"breadcrumb\":{\"@id\":\"https:\/\/www.koupeltech.com\/index.php\/produkt\/kerasan-oke-keramicky-podstavec-ke-stene-pro-umyvadlo-554031-cerna-mat-557031-sleva-13575\/#breadcrumb\"},\"inLanguage\":\"cs\",\"potentialAction\":[{\"@type\":\"ReadAction\",\"target\":[\"https:\/\/www.koupeltech.com\/index.php\/produkt\/kerasan-oke-keramicky-podstavec-ke-stene-pro-umyvadlo-554031-cerna-mat-557031-sleva-13575\/\"]}]},{\"@type\":\"ImageObject\",\"inLanguage\":\"cs\",\"@id\":\"https:\/\/www.koupeltech.com\/index.php\/produkt\/kerasan-oke-keramicky-podstavec-ke-stene-pro-umyvadlo-554031-cerna-mat-557031-sleva-13575\/#primaryimage\",\"url\":\"https:\/\/www.koupeltech.com\/wp-content\/uploads\/2026\/SK0019778-CZ20260425-093041-0-1777080643-d632a5762ebfa7b6bea7eae01a1822e3.webp\",\"contentUrl\":\"https:\/\/www.koupeltech.com\/wp-content\/uploads\/2026\/SK0019778-CZ20260425-093041-0-1777080643-d632a5762ebfa7b6bea7eae01a1822e3.webp\",\"width\":306,\"height\":800},{\"@type\":\"BreadcrumbList\",\"@id\":\"https:\/\/www.koupeltech.com\/index.php\/produkt\/kerasan-oke-keramicky-podstavec-ke-stene-pro-umyvadlo-554031-cerna-mat-557031-sleva-13575\/#breadcrumb\",\"itemListElement\":[{\"@type\":\"ListItem\",\"position\":1,\"name\":\"Home\",\"item\":\"https:\/\/www.koupeltech.com\/\"},{\"@type\":\"ListItem\",\"position\":2,\"name\":\"Products\",\"item\":\"https:\/\/www.koupeltech.com\/index.php\/products\/\"},{\"@type\":\"ListItem\",\"position\":3,\"name\":\"Kerasan OKE keramick\u00fd podstavec ke st\u011bn\u011b pro umyvadlo 554031, \u010dern\u00e1 mat 557031 Sleva\"}]},{\"@type\":\"WebSite\",\"@id\":\"https:\/\/www.koupeltech.com\/#website\",\"url\":\"https:\/\/www.koupeltech.com\/\",\"name\":\"\",\"description\":\"\",\"potentialAction\":[{\"@type\":\"SearchAction\",\"target\":{\"@type\":\"EntryPoint\",\"urlTemplate\":\"https:\/\/www.koupeltech.com\/?s={search_term_string}\"},\"query-input\":{\"@type\":\"PropertyValueSpecification\",\"valueRequired\":true,\"valueName\":\"search_term_string\"}}],\"inLanguage\":\"cs\"}]}<\/script>\n<!-- \/ Yoast SEO plugin. -->","yoast_head_json":{"title":"Kerasan OKE keramick\u00fd podstavec ke st\u011bn\u011b pro umyvadlo 554031, \u010dern\u00e1 mat 557031 Sleva -","robots":{"index":"index","follow":"follow","max-snippet":"max-snippet:-1","max-image-preview":"max-image-preview:large","max-video-preview":"max-video-preview:-1"},"canonical":"https:\/\/www.koupeltech.com\/index.php\/produkt\/kerasan-oke-keramicky-podstavec-ke-stene-pro-umyvadlo-554031-cerna-mat-557031-sleva-13575\/","og_locale":"cs_CZ","og_type":"article","og_title":"Kerasan OKE keramick\u00fd podstavec ke st\u011bn\u011b pro umyvadlo 554031, \u010dern\u00e1 mat 557031 Sleva -","og_description":"Kerasan OKE keramick\u00fd podstavec ke st\u011bn\u011b pro umyvadlo 554031, \u010dern\u00e1 mat 557031 Vlastnosti Materi\u00e1l: Keramika Barva: \u010cern\u00e1 Rozm\u011br: 29,5&#215;74,5 cm \u0160\u00ed\u0159ka: 295 mm V\u00fd\u0161ka: 745 mm Pr\u016fm\u011br: 295 mm Hloubka: 295 mm 3D model: ANO","og_url":"https:\/\/www.koupeltech.com\/index.php\/produkt\/kerasan-oke-keramicky-podstavec-ke-stene-pro-umyvadlo-554031-cerna-mat-557031-sleva-13575\/","og_image":[{"width":306,"height":800,"url":"https:\/\/www.koupeltech.com\/wp-content\/uploads\/2026\/SK0019778-CZ20260425-093041-0-1777080643-d632a5762ebfa7b6bea7eae01a1822e3.webp","type":"image\/webp"}],"twitter_card":"summary_large_image","schema":{"@context":"https:\/\/schema.org","@graph":[{"@type":"WebPage","@id":"https:\/\/www.koupeltech.com\/index.php\/produkt\/kerasan-oke-keramicky-podstavec-ke-stene-pro-umyvadlo-554031-cerna-mat-557031-sleva-13575\/","url":"https:\/\/www.koupeltech.com\/index.php\/produkt\/kerasan-oke-keramicky-podstavec-ke-stene-pro-umyvadlo-554031-cerna-mat-557031-sleva-13575\/","name":"Kerasan OKE keramick\u00fd podstavec ke st\u011bn\u011b pro umyvadlo 554031, \u010dern\u00e1 mat 557031 Sleva -","isPartOf":{"@id":"https:\/\/www.koupeltech.com\/#website"},"primaryImageOfPage":{"@id":"https:\/\/www.koupeltech.com\/index.php\/produkt\/kerasan-oke-keramicky-podstavec-ke-stene-pro-umyvadlo-554031-cerna-mat-557031-sleva-13575\/#primaryimage"},"image":{"@id":"https:\/\/www.koupeltech.com\/index.php\/produkt\/kerasan-oke-keramicky-podstavec-ke-stene-pro-umyvadlo-554031-cerna-mat-557031-sleva-13575\/#primaryimage"},"thumbnailUrl":"https:\/\/www.koupeltech.com\/wp-content\/uploads\/2026\/SK0019778-CZ20260425-093041-0-1777080643-d632a5762ebfa7b6bea7eae01a1822e3.webp","datePublished":"2026-04-27T13:57:50+00:00","breadcrumb":{"@id":"https:\/\/www.koupeltech.com\/index.php\/produkt\/kerasan-oke-keramicky-podstavec-ke-stene-pro-umyvadlo-554031-cerna-mat-557031-sleva-13575\/#breadcrumb"},"inLanguage":"cs","potentialAction":[{"@type":"ReadAction","target":["https:\/\/www.koupeltech.com\/index.php\/produkt\/kerasan-oke-keramicky-podstavec-ke-stene-pro-umyvadlo-554031-cerna-mat-557031-sleva-13575\/"]}]},{"@type":"ImageObject","inLanguage":"cs","@id":"https:\/\/www.koupeltech.com\/index.php\/produkt\/kerasan-oke-keramicky-podstavec-ke-stene-pro-umyvadlo-554031-cerna-mat-557031-sleva-13575\/#primaryimage","url":"https:\/\/www.koupeltech.com\/wp-content\/uploads\/2026\/SK0019778-CZ20260425-093041-0-1777080643-d632a5762ebfa7b6bea7eae01a1822e3.webp","contentUrl":"https:\/\/www.koupeltech.com\/wp-content\/uploads\/2026\/SK0019778-CZ20260425-093041-0-1777080643-d632a5762ebfa7b6bea7eae01a1822e3.webp","width":306,"height":800},{"@type":"BreadcrumbList","@id":"https:\/\/www.koupeltech.com\/index.php\/produkt\/kerasan-oke-keramicky-podstavec-ke-stene-pro-umyvadlo-554031-cerna-mat-557031-sleva-13575\/#breadcrumb","itemListElement":[{"@type":"ListItem","position":1,"name":"Home","item":"https:\/\/www.koupeltech.com\/"},{"@type":"ListItem","position":2,"name":"Products","item":"https:\/\/www.koupeltech.com\/index.php\/products\/"},{"@type":"ListItem","position":3,"name":"Kerasan OKE keramick\u00fd podstavec ke st\u011bn\u011b pro umyvadlo 554031, \u010dern\u00e1 mat 557031 Sleva"}]},{"@type":"WebSite","@id":"https:\/\/www.koupeltech.com\/#website","url":"https:\/\/www.koupeltech.com\/","name":"","description":"","potentialAction":[{"@type":"SearchAction","target":{"@type":"EntryPoint","urlTemplate":"https:\/\/www.koupeltech.com\/?s={search_term_string}"},"query-input":{"@type":"PropertyValueSpecification","valueRequired":true,"valueName":"search_term_string"}}],"inLanguage":"cs"}]}},"_links":{"self":[{"href":"https:\/\/www.koupeltech.com\/index.php\/wp-json\/wp\/v2\/product\/13575","targetHints":{"allow":["GET"]}}],"collection":[{"href":"https:\/\/www.koupeltech.com\/index.php\/wp-json\/wp\/v2\/product"}],"about":[{"href":"https:\/\/www.koupeltech.com\/index.php\/wp-json\/wp\/v2\/types\/product"}],"replies":[{"embeddable":true,"href":"https:\/\/www.koupeltech.com\/index.php\/wp-json\/wp\/v2\/comments?post=13575"}],"wp:featuredmedia":[{"embeddable":true,"href":"https:\/\/www.koupeltech.com\/index.php\/wp-json\/wp\/v2\/media\/13675"}],"wp:attachment":[{"href":"https:\/\/www.koupeltech.com\/index.php\/wp-json\/wp\/v2\/media?parent=13575"}],"wp:term":[{"taxonomy":"product_brand","embeddable":true,"href":"https:\/\/www.koupeltech.com\/index.php\/wp-json\/wp\/v2\/product_brand?post=13575"},{"taxonomy":"product_cat","embeddable":true,"href":"https:\/\/www.koupeltech.com\/index.php\/wp-json\/wp\/v2\/product_cat?post=13575"},{"taxonomy":"product_tag","embeddable":true,"href":"https:\/\/www.koupeltech.com\/index.php\/wp-json\/wp\/v2\/product_tag?post=13575"}],"curies":[{"name":"wp","href":"https:\/\/api.w.org\/{rel}","templated":true}]}}