{"id":13577,"date":"2026-04-27T13:57:50","date_gmt":"2026-04-27T13:57:50","guid":{"rendered":""},"modified":"2026-04-27T13:57:50","modified_gmt":"2026-04-27T13:57:50","slug":"pouze-dnes-sapho-paco-wc-sedatko-slim-soft-close-easy-take-bila-pcs1014-13577","status":"publish","type":"product","link":"https:\/\/www.koupeltech.com\/index.php\/produkt\/pouze-dnes-sapho-paco-wc-sedatko-slim-soft-close-easy-take-bila-pcs1014-13577\/","title":{"rendered":"Pouze Dnes Sapho PACO WC sed\u00e1tko, SLIM, Soft Close, Easy Take, b\u00edl\u00e1 PCS1014"},"content":{"rendered":"<div class=\"tabs__content-outer\" id=\"tab_description\" data-hash=\"description\" data-tabindex=\"-1\">\n<div class=\"tabs__content toggle_description\" id=\"content_description\">\n<div class=\"wysiwyg-content\">\n<div class=\"product__tab product__description full-width\">\n<div class=\"container\">\n<div >\n<h3>Sapho PACO WC sed\u00e1tko, SLIM, Soft Close, Easy Take, b\u00edl\u00e1 PCS1014<\/h3>\n<p style=\"text-align: justify;\">Sanit\u00e1rn\u00ed keramika PACO se vyzna\u010duje nad\u010dasov\u00fdm obl\u00fdm vzhledem. Zahrnuje z\u00e1v\u011bsnou WC m\u00edsu a kombi WC v proveden\u00ed Rimless.&nbsp;Z\u00e1v\u011bsn\u00e9 WC lze doplnit z\u00e1v\u011bsn\u00fdm bidetem.<\/p>\n<div class=\"product-explanation-item\">\n<h3 style=\"text-align: justify;\">Duroplast<\/h3>\n<p style=\"text-align: justify;\">Reaktoplasty (duroplasty) jsou zes\u00ed\u0165ovan\u00e9 polymery, kter\u00e9 vytv\u00e1\u0159ej\u00ed prostorovou trojrozm\u011brnou s\u00ed\u0165. Zes\u00ed\u0165ov\u00e1n\u00ed nast\u00e1v\u00e1 a\u017e p\u0159i tvarov\u00e1n\u00ed plastu vlivem tepla a tlaku, n\u011bkdy p\u016fsoben\u00edm katalyz\u00e1tor\u016f.<\/p>\n<\/p><\/div>\n<div class=\"product-explanation-item\">\n<h3>SoftClose<\/h3>\n<div style=\"float: left;\"><\/div>\n<p style=\"text-align: justify;\">Pomoc\u00ed hydraulick\u00e9ho syst\u00e9mu v\u00edko i sed\u00e1tko pomalu dopadaj\u00ed na m\u00edsu. Pozvoln\u00e9 skl\u00e1p\u011bn\u00ed sed\u00e1tka i v\u00edka zaru\u010duje bezpe\u010dnost a zabra\u0148uje po\u0161kozen\u00ed sed\u00e1tka i WC m\u00edsy\/urin\u00e1lu.<\/p>\n<div style=\"float: left;\"><\/div>\n<div style=\"clear: both;\"><\/div>\n<\/p><\/div>\n<div class=\"product-explanation-item\">\n<h3>Easy take \/ Quick release<\/h3>\n<div style=\"float: left;\"><\/div>\n<p style=\"text-align: justify;\">Snadn\u00e9 sejmut\u00ed a upevn\u011bn\u00ed sed\u00e1tka: stisknut\u00edm tla\u010d\u00edtka (u n\u011bkter\u00fdch model\u016f pouh\u00fdm uveden\u00edm sed\u00e1tka do kolm\u00e9 polohy a vyta\u017een\u00edm) lze sed\u00e1tko sejmout z pant\u016f (podle typu obr. 1a, 1b, 1c) a n\u00e1sledn\u011b pouh\u00fdm zacvaknut\u00edm sed\u00e1tko op\u011bt nasadit (obr. 2).<\/p>\n<div style=\"float: left; width: 25%; text-align: center;\">1a<\/div>\n<div style=\"float: left; width: 25%; text-align: center;\">1b<\/div>\n<div style=\"float: left; width: 25%; text-align: center;\">1c<\/div>\n<div style=\"float: left; width: 25%; text-align: center;\">2<\/div>\n<div style=\"clear: both;\"><\/div>\n<\/p><\/div>\n<p><\/p>\n<p><b>Vlastnosti<\/b><\/p>\n<ul>\n<li><span>Materi\u00e1l:<\/span> Duroplast<\/li>\n<li><span>Barva:<\/span> B\u00edl\u00e1<\/li>\n<li><span>Tvar:<\/span> Pro konkr\u00e9tn\u00ed WC<\/li>\n<li><span>V\u00fdbava:<\/span> Soft Close (pomal\u00e9 skl\u00e1p\u011bn\u00ed), Easy Take (odn\u00edmateln\u00e9 sed\u00e1tko), SLIM (tenk\u00e9)<\/li>\n<\/ul>\n<\/div><\/div>\n<\/p><\/div>\n<\/p><\/div>\n<\/p><\/div>\n","protected":false},"excerpt":{"rendered":"<p>Sapho PACO WC sed\u00e1tko, SLIM, Soft Close, Easy Take, b\u00edl\u00e1 PCS1014 Sanit\u00e1rn\u00ed keramika PACO se vyzna\u010duje nad\u010dasov\u00fdm obl\u00fdm vzhledem. Zahrnuje z\u00e1v\u011bsnou WC m\u00edsu a kombi WC v proveden\u00ed Rimless.&nbsp;Z\u00e1v\u011bsn\u00e9 WC lze doplnit z\u00e1v\u011bsn\u00fdm bidetem. Duroplast Reaktoplasty (duroplasty) jsou zes\u00ed\u0165ovan\u00e9 polymery, kter\u00e9 vytv\u00e1\u0159ej\u00ed prostorovou trojrozm\u011brnou s\u00ed\u0165. Zes\u00ed\u0165ov\u00e1n\u00ed nast\u00e1v\u00e1 a\u017e p\u0159i tvarov\u00e1n\u00ed plastu vlivem tepla a tlaku, [&hellip;]<\/p>\n","protected":false},"featured_media":13677,"comment_status":"open","ping_status":"open","template":"","meta":[],"product_brand":[],"product_cat":[83],"product_tag":[],"class_list":{"0":"post-13577","1":"product","2":"type-product","3":"status-publish","4":"has-post-thumbnail","6":"product_cat-koupelna","8":"first","9":"instock","10":"sale","11":"shipping-taxable","12":"purchasable","13":"product-type-simple"},"yoast_head":"<!-- This site is optimized with the Yoast SEO plugin v26.8 - https:\/\/yoast.com\/product\/yoast-seo-wordpress\/ -->\n<title>Pouze Dnes Sapho PACO WC sed\u00e1tko, SLIM, Soft Close, Easy Take, b\u00edl\u00e1 PCS1014 -<\/title>\n<meta name=\"robots\" content=\"index, follow, max-snippet:-1, max-image-preview:large, max-video-preview:-1\" \/>\n<link rel=\"canonical\" href=\"https:\/\/www.koupeltech.com\/index.php\/produkt\/pouze-dnes-sapho-paco-wc-sedatko-slim-soft-close-easy-take-bila-pcs1014-13577\/\" \/>\n<meta property=\"og:locale\" content=\"cs_CZ\" \/>\n<meta property=\"og:type\" content=\"article\" \/>\n<meta property=\"og:title\" content=\"Pouze Dnes Sapho PACO WC sed\u00e1tko, SLIM, Soft Close, Easy Take, b\u00edl\u00e1 PCS1014 -\" \/>\n<meta property=\"og:description\" content=\"Sapho PACO WC sed\u00e1tko, SLIM, Soft Close, Easy Take, b\u00edl\u00e1 PCS1014 Sanit\u00e1rn\u00ed keramika PACO se vyzna\u010duje nad\u010dasov\u00fdm obl\u00fdm vzhledem. Zahrnuje z\u00e1v\u011bsnou WC m\u00edsu a kombi WC v proveden\u00ed Rimless.&nbsp;Z\u00e1v\u011bsn\u00e9 WC lze doplnit z\u00e1v\u011bsn\u00fdm bidetem. Duroplast Reaktoplasty (duroplasty) jsou zes\u00ed\u0165ovan\u00e9 polymery, kter\u00e9 vytv\u00e1\u0159ej\u00ed prostorovou trojrozm\u011brnou s\u00ed\u0165. Zes\u00ed\u0165ov\u00e1n\u00ed nast\u00e1v\u00e1 a\u017e p\u0159i tvarov\u00e1n\u00ed plastu vlivem tepla a tlaku, [&hellip;]\" \/>\n<meta property=\"og:url\" content=\"https:\/\/www.koupeltech.com\/index.php\/produkt\/pouze-dnes-sapho-paco-wc-sedatko-slim-soft-close-easy-take-bila-pcs1014-13577\/\" \/>\n<meta property=\"og:image\" content=\"https:\/\/www.koupeltech.com\/wp-content\/uploads\/2026\/SK0019780-CZ20260425-093041-0-1777080643-a1265febd183cf0650c90435bb02e699.webp\" \/>\n\t<meta property=\"og:image:width\" content=\"1000\" \/>\n\t<meta property=\"og:image:height\" content=\"738\" \/>\n\t<meta property=\"og:image:type\" content=\"image\/webp\" \/>\n<meta name=\"twitter:card\" content=\"summary_large_image\" \/>\n<meta name=\"twitter:label1\" content=\"Odhadovan\u00e1 doba \u010dten\u00ed\" \/>\n\t<meta name=\"twitter:data1\" content=\"1 minuta\" \/>\n<script type=\"application\/ld+json\" class=\"yoast-schema-graph\">{\"@context\":\"https:\/\/schema.org\",\"@graph\":[{\"@type\":\"WebPage\",\"@id\":\"https:\/\/www.koupeltech.com\/index.php\/produkt\/pouze-dnes-sapho-paco-wc-sedatko-slim-soft-close-easy-take-bila-pcs1014-13577\/\",\"url\":\"https:\/\/www.koupeltech.com\/index.php\/produkt\/pouze-dnes-sapho-paco-wc-sedatko-slim-soft-close-easy-take-bila-pcs1014-13577\/\",\"name\":\"Pouze Dnes Sapho PACO WC sed\u00e1tko, SLIM, Soft Close, Easy Take, b\u00edl\u00e1 PCS1014 -\",\"isPartOf\":{\"@id\":\"https:\/\/www.koupeltech.com\/#website\"},\"primaryImageOfPage\":{\"@id\":\"https:\/\/www.koupeltech.com\/index.php\/produkt\/pouze-dnes-sapho-paco-wc-sedatko-slim-soft-close-easy-take-bila-pcs1014-13577\/#primaryimage\"},\"image\":{\"@id\":\"https:\/\/www.koupeltech.com\/index.php\/produkt\/pouze-dnes-sapho-paco-wc-sedatko-slim-soft-close-easy-take-bila-pcs1014-13577\/#primaryimage\"},\"thumbnailUrl\":\"https:\/\/www.koupeltech.com\/wp-content\/uploads\/2026\/SK0019780-CZ20260425-093041-0-1777080643-a1265febd183cf0650c90435bb02e699.webp\",\"datePublished\":\"2026-04-27T13:57:50+00:00\",\"breadcrumb\":{\"@id\":\"https:\/\/www.koupeltech.com\/index.php\/produkt\/pouze-dnes-sapho-paco-wc-sedatko-slim-soft-close-easy-take-bila-pcs1014-13577\/#breadcrumb\"},\"inLanguage\":\"cs\",\"potentialAction\":[{\"@type\":\"ReadAction\",\"target\":[\"https:\/\/www.koupeltech.com\/index.php\/produkt\/pouze-dnes-sapho-paco-wc-sedatko-slim-soft-close-easy-take-bila-pcs1014-13577\/\"]}]},{\"@type\":\"ImageObject\",\"inLanguage\":\"cs\",\"@id\":\"https:\/\/www.koupeltech.com\/index.php\/produkt\/pouze-dnes-sapho-paco-wc-sedatko-slim-soft-close-easy-take-bila-pcs1014-13577\/#primaryimage\",\"url\":\"https:\/\/www.koupeltech.com\/wp-content\/uploads\/2026\/SK0019780-CZ20260425-093041-0-1777080643-a1265febd183cf0650c90435bb02e699.webp\",\"contentUrl\":\"https:\/\/www.koupeltech.com\/wp-content\/uploads\/2026\/SK0019780-CZ20260425-093041-0-1777080643-a1265febd183cf0650c90435bb02e699.webp\",\"width\":1000,\"height\":738},{\"@type\":\"BreadcrumbList\",\"@id\":\"https:\/\/www.koupeltech.com\/index.php\/produkt\/pouze-dnes-sapho-paco-wc-sedatko-slim-soft-close-easy-take-bila-pcs1014-13577\/#breadcrumb\",\"itemListElement\":[{\"@type\":\"ListItem\",\"position\":1,\"name\":\"Home\",\"item\":\"https:\/\/www.koupeltech.com\/\"},{\"@type\":\"ListItem\",\"position\":2,\"name\":\"Products\",\"item\":\"https:\/\/www.koupeltech.com\/index.php\/products\/\"},{\"@type\":\"ListItem\",\"position\":3,\"name\":\"Pouze Dnes Sapho PACO WC sed\u00e1tko, SLIM, Soft Close, Easy Take, b\u00edl\u00e1 PCS1014\"}]},{\"@type\":\"WebSite\",\"@id\":\"https:\/\/www.koupeltech.com\/#website\",\"url\":\"https:\/\/www.koupeltech.com\/\",\"name\":\"\",\"description\":\"\",\"potentialAction\":[{\"@type\":\"SearchAction\",\"target\":{\"@type\":\"EntryPoint\",\"urlTemplate\":\"https:\/\/www.koupeltech.com\/?s={search_term_string}\"},\"query-input\":{\"@type\":\"PropertyValueSpecification\",\"valueRequired\":true,\"valueName\":\"search_term_string\"}}],\"inLanguage\":\"cs\"}]}<\/script>\n<!-- \/ Yoast SEO plugin. -->","yoast_head_json":{"title":"Pouze Dnes Sapho PACO WC sed\u00e1tko, SLIM, Soft Close, Easy Take, b\u00edl\u00e1 PCS1014 -","robots":{"index":"index","follow":"follow","max-snippet":"max-snippet:-1","max-image-preview":"max-image-preview:large","max-video-preview":"max-video-preview:-1"},"canonical":"https:\/\/www.koupeltech.com\/index.php\/produkt\/pouze-dnes-sapho-paco-wc-sedatko-slim-soft-close-easy-take-bila-pcs1014-13577\/","og_locale":"cs_CZ","og_type":"article","og_title":"Pouze Dnes Sapho PACO WC sed\u00e1tko, SLIM, Soft Close, Easy Take, b\u00edl\u00e1 PCS1014 -","og_description":"Sapho PACO WC sed\u00e1tko, SLIM, Soft Close, Easy Take, b\u00edl\u00e1 PCS1014 Sanit\u00e1rn\u00ed keramika PACO se vyzna\u010duje nad\u010dasov\u00fdm obl\u00fdm vzhledem. Zahrnuje z\u00e1v\u011bsnou WC m\u00edsu a kombi WC v proveden\u00ed Rimless.&nbsp;Z\u00e1v\u011bsn\u00e9 WC lze doplnit z\u00e1v\u011bsn\u00fdm bidetem. Duroplast Reaktoplasty (duroplasty) jsou zes\u00ed\u0165ovan\u00e9 polymery, kter\u00e9 vytv\u00e1\u0159ej\u00ed prostorovou trojrozm\u011brnou s\u00ed\u0165. Zes\u00ed\u0165ov\u00e1n\u00ed nast\u00e1v\u00e1 a\u017e p\u0159i tvarov\u00e1n\u00ed plastu vlivem tepla a tlaku, [&hellip;]","og_url":"https:\/\/www.koupeltech.com\/index.php\/produkt\/pouze-dnes-sapho-paco-wc-sedatko-slim-soft-close-easy-take-bila-pcs1014-13577\/","og_image":[{"width":1000,"height":738,"url":"https:\/\/www.koupeltech.com\/wp-content\/uploads\/2026\/SK0019780-CZ20260425-093041-0-1777080643-a1265febd183cf0650c90435bb02e699.webp","type":"image\/webp"}],"twitter_card":"summary_large_image","twitter_misc":{"Odhadovan\u00e1 doba \u010dten\u00ed":"1 minuta"},"schema":{"@context":"https:\/\/schema.org","@graph":[{"@type":"WebPage","@id":"https:\/\/www.koupeltech.com\/index.php\/produkt\/pouze-dnes-sapho-paco-wc-sedatko-slim-soft-close-easy-take-bila-pcs1014-13577\/","url":"https:\/\/www.koupeltech.com\/index.php\/produkt\/pouze-dnes-sapho-paco-wc-sedatko-slim-soft-close-easy-take-bila-pcs1014-13577\/","name":"Pouze Dnes Sapho PACO WC sed\u00e1tko, SLIM, Soft Close, Easy Take, b\u00edl\u00e1 PCS1014 -","isPartOf":{"@id":"https:\/\/www.koupeltech.com\/#website"},"primaryImageOfPage":{"@id":"https:\/\/www.koupeltech.com\/index.php\/produkt\/pouze-dnes-sapho-paco-wc-sedatko-slim-soft-close-easy-take-bila-pcs1014-13577\/#primaryimage"},"image":{"@id":"https:\/\/www.koupeltech.com\/index.php\/produkt\/pouze-dnes-sapho-paco-wc-sedatko-slim-soft-close-easy-take-bila-pcs1014-13577\/#primaryimage"},"thumbnailUrl":"https:\/\/www.koupeltech.com\/wp-content\/uploads\/2026\/SK0019780-CZ20260425-093041-0-1777080643-a1265febd183cf0650c90435bb02e699.webp","datePublished":"2026-04-27T13:57:50+00:00","breadcrumb":{"@id":"https:\/\/www.koupeltech.com\/index.php\/produkt\/pouze-dnes-sapho-paco-wc-sedatko-slim-soft-close-easy-take-bila-pcs1014-13577\/#breadcrumb"},"inLanguage":"cs","potentialAction":[{"@type":"ReadAction","target":["https:\/\/www.koupeltech.com\/index.php\/produkt\/pouze-dnes-sapho-paco-wc-sedatko-slim-soft-close-easy-take-bila-pcs1014-13577\/"]}]},{"@type":"ImageObject","inLanguage":"cs","@id":"https:\/\/www.koupeltech.com\/index.php\/produkt\/pouze-dnes-sapho-paco-wc-sedatko-slim-soft-close-easy-take-bila-pcs1014-13577\/#primaryimage","url":"https:\/\/www.koupeltech.com\/wp-content\/uploads\/2026\/SK0019780-CZ20260425-093041-0-1777080643-a1265febd183cf0650c90435bb02e699.webp","contentUrl":"https:\/\/www.koupeltech.com\/wp-content\/uploads\/2026\/SK0019780-CZ20260425-093041-0-1777080643-a1265febd183cf0650c90435bb02e699.webp","width":1000,"height":738},{"@type":"BreadcrumbList","@id":"https:\/\/www.koupeltech.com\/index.php\/produkt\/pouze-dnes-sapho-paco-wc-sedatko-slim-soft-close-easy-take-bila-pcs1014-13577\/#breadcrumb","itemListElement":[{"@type":"ListItem","position":1,"name":"Home","item":"https:\/\/www.koupeltech.com\/"},{"@type":"ListItem","position":2,"name":"Products","item":"https:\/\/www.koupeltech.com\/index.php\/products\/"},{"@type":"ListItem","position":3,"name":"Pouze Dnes Sapho PACO WC sed\u00e1tko, SLIM, Soft Close, Easy Take, b\u00edl\u00e1 PCS1014"}]},{"@type":"WebSite","@id":"https:\/\/www.koupeltech.com\/#website","url":"https:\/\/www.koupeltech.com\/","name":"","description":"","potentialAction":[{"@type":"SearchAction","target":{"@type":"EntryPoint","urlTemplate":"https:\/\/www.koupeltech.com\/?s={search_term_string}"},"query-input":{"@type":"PropertyValueSpecification","valueRequired":true,"valueName":"search_term_string"}}],"inLanguage":"cs"}]}},"_links":{"self":[{"href":"https:\/\/www.koupeltech.com\/index.php\/wp-json\/wp\/v2\/product\/13577","targetHints":{"allow":["GET"]}}],"collection":[{"href":"https:\/\/www.koupeltech.com\/index.php\/wp-json\/wp\/v2\/product"}],"about":[{"href":"https:\/\/www.koupeltech.com\/index.php\/wp-json\/wp\/v2\/types\/product"}],"replies":[{"embeddable":true,"href":"https:\/\/www.koupeltech.com\/index.php\/wp-json\/wp\/v2\/comments?post=13577"}],"wp:featuredmedia":[{"embeddable":true,"href":"https:\/\/www.koupeltech.com\/index.php\/wp-json\/wp\/v2\/media\/13677"}],"wp:attachment":[{"href":"https:\/\/www.koupeltech.com\/index.php\/wp-json\/wp\/v2\/media?parent=13577"}],"wp:term":[{"taxonomy":"product_brand","embeddable":true,"href":"https:\/\/www.koupeltech.com\/index.php\/wp-json\/wp\/v2\/product_brand?post=13577"},{"taxonomy":"product_cat","embeddable":true,"href":"https:\/\/www.koupeltech.com\/index.php\/wp-json\/wp\/v2\/product_cat?post=13577"},{"taxonomy":"product_tag","embeddable":true,"href":"https:\/\/www.koupeltech.com\/index.php\/wp-json\/wp\/v2\/product_tag?post=13577"}],"curies":[{"name":"wp","href":"https:\/\/api.w.org\/{rel}","templated":true}]}}