{"id":13578,"date":"2026-04-27T13:57:50","date_gmt":"2026-04-27T13:57:50","guid":{"rendered":""},"modified":"2026-04-27T13:57:50","modified_gmt":"2026-04-27T13:57:50","slug":"super-cena-sapho-osaka-wc-stetka-na-postaveni-seda-8656-13578","status":"publish","type":"product","link":"https:\/\/www.koupeltech.com\/index.php\/produkt\/super-cena-sapho-osaka-wc-stetka-na-postaveni-seda-8656-13578\/","title":{"rendered":"Super Cena Sapho OSAKA WC \u0161t\u011btka na postaven\u00ed, \u0161ed\u00e1 8656"},"content":{"rendered":"<div class=\"tabs__content-outer\" id=\"tab_description\" data-hash=\"description\" data-tabindex=\"-1\">\n<div class=\"tabs__content toggle_description\" id=\"content_description\">\n<div class=\"wysiwyg-content\">\n<div class=\"product__tab product__description full-width\">\n<div class=\"container\">\n<div >\n<h3>Sapho OSAKA WC \u0161t\u011btka na postaven\u00ed, \u0161ed\u00e1 8656<\/h3>\n<p style=\"text-align: justify;\">Zemit\u00e9 proveden\u00ed kolekce OSAKA imituj\u00edc\u00ed beton kombinovan\u00e9 s \u010dern\u00fdmi prvky nepot\u0159ebuje dal\u0161\u00ed zdoben\u00ed. Zaujme na prvn\u00ed pohled. Perfektn\u011b dopln\u00ed autentick\u00e9 vyzn\u011bn\u00ed nejen industri\u00e1ln\u00ed, ale i modern\u00ed koupelny.<\/p>\n<div class=\"product-explanation-item\">\n<h3><span><strong>Polyresin<\/strong><\/span><\/h3>\n<p style=\"text-align: justify;\">Jedn\u00e1 se o materi\u00e1l vyr\u00e1b\u011bn\u00fd z prysky\u0159i\u010dn\u00fdch materi\u00e1l\u016f, kter\u00fd se kv\u016fli sv\u00fdm vlastnostem s oblibou vyu\u017e\u00edv\u00e1 p\u0159edev\u0161\u00edm pro v\u00fdrobu dekora\u010dn\u00edch p\u0159edm\u011bt\u016f. P\u0159i zah\u0159\u00e1t\u00ed je dob\u0159e tvarovateln\u00fd, po zaschnut\u00ed naopak vysoce odoln\u00fd proti pov\u011btrnostn\u00edm vliv\u016fm a vod\u011b, je nerozbitn\u00fd a trvanliv\u00fd.<\/p>\n<\/p><\/div>\n<p><\/p>\n<p><b>Vlastnosti<\/b><\/p>\n<ul>\n<li><span>Materi\u00e1l:<\/span> Polyresin<\/li>\n<li><span>Barva:<\/span> \u0160ed\u00e1<\/li>\n<li><span>Instalace:<\/span> Na postaven\u00ed<\/li>\n<li><span>Tvar:<\/span> Kruhov\u00e9<\/li>\n<li><span>Rozm\u011br:<\/span> 103&#215;360 mm<\/li>\n<li><span>Druh:<\/span> WC \u0161t\u011btka<\/li>\n<li><span>\u0160\u00ed\u0159ka:<\/span> 103 mm<\/li>\n<li><span>V\u00fd\u0161ka:<\/span> 360 mm<\/li>\n<li><span>Pr\u016fm\u011br:<\/span> 103 mm<\/li>\n<li><span>Hloubka:<\/span> 109 mm<\/li>\n<\/ul>\n<\/div><\/div>\n<\/p><\/div>\n<\/p><\/div>\n<\/p><\/div>\n","protected":false},"excerpt":{"rendered":"<p>Sapho OSAKA WC \u0161t\u011btka na postaven\u00ed, \u0161ed\u00e1 8656 Zemit\u00e9 proveden\u00ed kolekce OSAKA imituj\u00edc\u00ed beton kombinovan\u00e9 s \u010dern\u00fdmi prvky nepot\u0159ebuje dal\u0161\u00ed zdoben\u00ed. Zaujme na prvn\u00ed pohled. Perfektn\u011b dopln\u00ed autentick\u00e9 vyzn\u011bn\u00ed nejen industri\u00e1ln\u00ed, ale i modern\u00ed koupelny. Polyresin Jedn\u00e1 se o materi\u00e1l vyr\u00e1b\u011bn\u00fd z prysky\u0159i\u010dn\u00fdch materi\u00e1l\u016f, kter\u00fd se kv\u016fli sv\u00fdm vlastnostem s oblibou vyu\u017e\u00edv\u00e1 p\u0159edev\u0161\u00edm pro v\u00fdrobu [&hellip;]<\/p>\n","protected":false},"featured_media":13678,"comment_status":"open","ping_status":"open","template":"","meta":[],"product_brand":[],"product_cat":[83],"product_tag":[],"class_list":{"0":"post-13578","1":"product","2":"type-product","3":"status-publish","4":"has-post-thumbnail","6":"product_cat-koupelna","8":"first","9":"instock","10":"sale","11":"shipping-taxable","12":"purchasable","13":"product-type-simple"},"yoast_head":"<!-- This site is optimized with the Yoast SEO plugin v26.8 - https:\/\/yoast.com\/product\/yoast-seo-wordpress\/ -->\n<title>Super Cena Sapho OSAKA WC \u0161t\u011btka na postaven\u00ed, \u0161ed\u00e1 8656 -<\/title>\n<meta name=\"robots\" content=\"index, follow, max-snippet:-1, max-image-preview:large, max-video-preview:-1\" \/>\n<link rel=\"canonical\" href=\"https:\/\/www.koupeltech.com\/index.php\/produkt\/super-cena-sapho-osaka-wc-stetka-na-postaveni-seda-8656-13578\/\" \/>\n<meta property=\"og:locale\" content=\"cs_CZ\" \/>\n<meta property=\"og:type\" content=\"article\" \/>\n<meta property=\"og:title\" content=\"Super Cena Sapho OSAKA WC \u0161t\u011btka na postaven\u00ed, \u0161ed\u00e1 8656 -\" \/>\n<meta property=\"og:description\" content=\"Sapho OSAKA WC \u0161t\u011btka na postaven\u00ed, \u0161ed\u00e1 8656 Zemit\u00e9 proveden\u00ed kolekce OSAKA imituj\u00edc\u00ed beton kombinovan\u00e9 s \u010dern\u00fdmi prvky nepot\u0159ebuje dal\u0161\u00ed zdoben\u00ed. Zaujme na prvn\u00ed pohled. Perfektn\u011b dopln\u00ed autentick\u00e9 vyzn\u011bn\u00ed nejen industri\u00e1ln\u00ed, ale i modern\u00ed koupelny. Polyresin Jedn\u00e1 se o materi\u00e1l vyr\u00e1b\u011bn\u00fd z prysky\u0159i\u010dn\u00fdch materi\u00e1l\u016f, kter\u00fd se kv\u016fli sv\u00fdm vlastnostem s oblibou vyu\u017e\u00edv\u00e1 p\u0159edev\u0161\u00edm pro v\u00fdrobu [&hellip;]\" \/>\n<meta property=\"og:url\" content=\"https:\/\/www.koupeltech.com\/index.php\/produkt\/super-cena-sapho-osaka-wc-stetka-na-postaveni-seda-8656-13578\/\" \/>\n<meta property=\"og:image\" content=\"https:\/\/www.koupeltech.com\/wp-content\/uploads\/2026\/SK0019781-CZ20260425-093041-0-1777080643-751a1b7f53459310535de5c003feae08.webp\" \/>\n\t<meta property=\"og:image:width\" content=\"480\" \/>\n\t<meta property=\"og:image:height\" content=\"800\" \/>\n\t<meta property=\"og:image:type\" content=\"image\/webp\" \/>\n<meta name=\"twitter:card\" content=\"summary_large_image\" \/>\n<meta name=\"twitter:label1\" content=\"Odhadovan\u00e1 doba \u010dten\u00ed\" \/>\n\t<meta name=\"twitter:data1\" content=\"1 minuta\" \/>\n<script type=\"application\/ld+json\" class=\"yoast-schema-graph\">{\"@context\":\"https:\/\/schema.org\",\"@graph\":[{\"@type\":\"WebPage\",\"@id\":\"https:\/\/www.koupeltech.com\/index.php\/produkt\/super-cena-sapho-osaka-wc-stetka-na-postaveni-seda-8656-13578\/\",\"url\":\"https:\/\/www.koupeltech.com\/index.php\/produkt\/super-cena-sapho-osaka-wc-stetka-na-postaveni-seda-8656-13578\/\",\"name\":\"Super Cena Sapho OSAKA WC \u0161t\u011btka na postaven\u00ed, \u0161ed\u00e1 8656 -\",\"isPartOf\":{\"@id\":\"https:\/\/www.koupeltech.com\/#website\"},\"primaryImageOfPage\":{\"@id\":\"https:\/\/www.koupeltech.com\/index.php\/produkt\/super-cena-sapho-osaka-wc-stetka-na-postaveni-seda-8656-13578\/#primaryimage\"},\"image\":{\"@id\":\"https:\/\/www.koupeltech.com\/index.php\/produkt\/super-cena-sapho-osaka-wc-stetka-na-postaveni-seda-8656-13578\/#primaryimage\"},\"thumbnailUrl\":\"https:\/\/www.koupeltech.com\/wp-content\/uploads\/2026\/SK0019781-CZ20260425-093041-0-1777080643-751a1b7f53459310535de5c003feae08.webp\",\"datePublished\":\"2026-04-27T13:57:50+00:00\",\"breadcrumb\":{\"@id\":\"https:\/\/www.koupeltech.com\/index.php\/produkt\/super-cena-sapho-osaka-wc-stetka-na-postaveni-seda-8656-13578\/#breadcrumb\"},\"inLanguage\":\"cs\",\"potentialAction\":[{\"@type\":\"ReadAction\",\"target\":[\"https:\/\/www.koupeltech.com\/index.php\/produkt\/super-cena-sapho-osaka-wc-stetka-na-postaveni-seda-8656-13578\/\"]}]},{\"@type\":\"ImageObject\",\"inLanguage\":\"cs\",\"@id\":\"https:\/\/www.koupeltech.com\/index.php\/produkt\/super-cena-sapho-osaka-wc-stetka-na-postaveni-seda-8656-13578\/#primaryimage\",\"url\":\"https:\/\/www.koupeltech.com\/wp-content\/uploads\/2026\/SK0019781-CZ20260425-093041-0-1777080643-751a1b7f53459310535de5c003feae08.webp\",\"contentUrl\":\"https:\/\/www.koupeltech.com\/wp-content\/uploads\/2026\/SK0019781-CZ20260425-093041-0-1777080643-751a1b7f53459310535de5c003feae08.webp\",\"width\":480,\"height\":800},{\"@type\":\"BreadcrumbList\",\"@id\":\"https:\/\/www.koupeltech.com\/index.php\/produkt\/super-cena-sapho-osaka-wc-stetka-na-postaveni-seda-8656-13578\/#breadcrumb\",\"itemListElement\":[{\"@type\":\"ListItem\",\"position\":1,\"name\":\"Home\",\"item\":\"https:\/\/www.koupeltech.com\/\"},{\"@type\":\"ListItem\",\"position\":2,\"name\":\"Products\",\"item\":\"https:\/\/www.koupeltech.com\/index.php\/products\/\"},{\"@type\":\"ListItem\",\"position\":3,\"name\":\"Super Cena Sapho OSAKA WC \u0161t\u011btka na postaven\u00ed, \u0161ed\u00e1 8656\"}]},{\"@type\":\"WebSite\",\"@id\":\"https:\/\/www.koupeltech.com\/#website\",\"url\":\"https:\/\/www.koupeltech.com\/\",\"name\":\"\",\"description\":\"\",\"potentialAction\":[{\"@type\":\"SearchAction\",\"target\":{\"@type\":\"EntryPoint\",\"urlTemplate\":\"https:\/\/www.koupeltech.com\/?s={search_term_string}\"},\"query-input\":{\"@type\":\"PropertyValueSpecification\",\"valueRequired\":true,\"valueName\":\"search_term_string\"}}],\"inLanguage\":\"cs\"}]}<\/script>\n<!-- \/ Yoast SEO plugin. -->","yoast_head_json":{"title":"Super Cena Sapho OSAKA WC \u0161t\u011btka na postaven\u00ed, \u0161ed\u00e1 8656 -","robots":{"index":"index","follow":"follow","max-snippet":"max-snippet:-1","max-image-preview":"max-image-preview:large","max-video-preview":"max-video-preview:-1"},"canonical":"https:\/\/www.koupeltech.com\/index.php\/produkt\/super-cena-sapho-osaka-wc-stetka-na-postaveni-seda-8656-13578\/","og_locale":"cs_CZ","og_type":"article","og_title":"Super Cena Sapho OSAKA WC \u0161t\u011btka na postaven\u00ed, \u0161ed\u00e1 8656 -","og_description":"Sapho OSAKA WC \u0161t\u011btka na postaven\u00ed, \u0161ed\u00e1 8656 Zemit\u00e9 proveden\u00ed kolekce OSAKA imituj\u00edc\u00ed beton kombinovan\u00e9 s \u010dern\u00fdmi prvky nepot\u0159ebuje dal\u0161\u00ed zdoben\u00ed. Zaujme na prvn\u00ed pohled. Perfektn\u011b dopln\u00ed autentick\u00e9 vyzn\u011bn\u00ed nejen industri\u00e1ln\u00ed, ale i modern\u00ed koupelny. Polyresin Jedn\u00e1 se o materi\u00e1l vyr\u00e1b\u011bn\u00fd z prysky\u0159i\u010dn\u00fdch materi\u00e1l\u016f, kter\u00fd se kv\u016fli sv\u00fdm vlastnostem s oblibou vyu\u017e\u00edv\u00e1 p\u0159edev\u0161\u00edm pro v\u00fdrobu [&hellip;]","og_url":"https:\/\/www.koupeltech.com\/index.php\/produkt\/super-cena-sapho-osaka-wc-stetka-na-postaveni-seda-8656-13578\/","og_image":[{"width":480,"height":800,"url":"https:\/\/www.koupeltech.com\/wp-content\/uploads\/2026\/SK0019781-CZ20260425-093041-0-1777080643-751a1b7f53459310535de5c003feae08.webp","type":"image\/webp"}],"twitter_card":"summary_large_image","twitter_misc":{"Odhadovan\u00e1 doba \u010dten\u00ed":"1 minuta"},"schema":{"@context":"https:\/\/schema.org","@graph":[{"@type":"WebPage","@id":"https:\/\/www.koupeltech.com\/index.php\/produkt\/super-cena-sapho-osaka-wc-stetka-na-postaveni-seda-8656-13578\/","url":"https:\/\/www.koupeltech.com\/index.php\/produkt\/super-cena-sapho-osaka-wc-stetka-na-postaveni-seda-8656-13578\/","name":"Super Cena Sapho OSAKA WC \u0161t\u011btka na postaven\u00ed, \u0161ed\u00e1 8656 -","isPartOf":{"@id":"https:\/\/www.koupeltech.com\/#website"},"primaryImageOfPage":{"@id":"https:\/\/www.koupeltech.com\/index.php\/produkt\/super-cena-sapho-osaka-wc-stetka-na-postaveni-seda-8656-13578\/#primaryimage"},"image":{"@id":"https:\/\/www.koupeltech.com\/index.php\/produkt\/super-cena-sapho-osaka-wc-stetka-na-postaveni-seda-8656-13578\/#primaryimage"},"thumbnailUrl":"https:\/\/www.koupeltech.com\/wp-content\/uploads\/2026\/SK0019781-CZ20260425-093041-0-1777080643-751a1b7f53459310535de5c003feae08.webp","datePublished":"2026-04-27T13:57:50+00:00","breadcrumb":{"@id":"https:\/\/www.koupeltech.com\/index.php\/produkt\/super-cena-sapho-osaka-wc-stetka-na-postaveni-seda-8656-13578\/#breadcrumb"},"inLanguage":"cs","potentialAction":[{"@type":"ReadAction","target":["https:\/\/www.koupeltech.com\/index.php\/produkt\/super-cena-sapho-osaka-wc-stetka-na-postaveni-seda-8656-13578\/"]}]},{"@type":"ImageObject","inLanguage":"cs","@id":"https:\/\/www.koupeltech.com\/index.php\/produkt\/super-cena-sapho-osaka-wc-stetka-na-postaveni-seda-8656-13578\/#primaryimage","url":"https:\/\/www.koupeltech.com\/wp-content\/uploads\/2026\/SK0019781-CZ20260425-093041-0-1777080643-751a1b7f53459310535de5c003feae08.webp","contentUrl":"https:\/\/www.koupeltech.com\/wp-content\/uploads\/2026\/SK0019781-CZ20260425-093041-0-1777080643-751a1b7f53459310535de5c003feae08.webp","width":480,"height":800},{"@type":"BreadcrumbList","@id":"https:\/\/www.koupeltech.com\/index.php\/produkt\/super-cena-sapho-osaka-wc-stetka-na-postaveni-seda-8656-13578\/#breadcrumb","itemListElement":[{"@type":"ListItem","position":1,"name":"Home","item":"https:\/\/www.koupeltech.com\/"},{"@type":"ListItem","position":2,"name":"Products","item":"https:\/\/www.koupeltech.com\/index.php\/products\/"},{"@type":"ListItem","position":3,"name":"Super Cena Sapho OSAKA WC \u0161t\u011btka na postaven\u00ed, \u0161ed\u00e1 8656"}]},{"@type":"WebSite","@id":"https:\/\/www.koupeltech.com\/#website","url":"https:\/\/www.koupeltech.com\/","name":"","description":"","potentialAction":[{"@type":"SearchAction","target":{"@type":"EntryPoint","urlTemplate":"https:\/\/www.koupeltech.com\/?s={search_term_string}"},"query-input":{"@type":"PropertyValueSpecification","valueRequired":true,"valueName":"search_term_string"}}],"inLanguage":"cs"}]}},"_links":{"self":[{"href":"https:\/\/www.koupeltech.com\/index.php\/wp-json\/wp\/v2\/product\/13578","targetHints":{"allow":["GET"]}}],"collection":[{"href":"https:\/\/www.koupeltech.com\/index.php\/wp-json\/wp\/v2\/product"}],"about":[{"href":"https:\/\/www.koupeltech.com\/index.php\/wp-json\/wp\/v2\/types\/product"}],"replies":[{"embeddable":true,"href":"https:\/\/www.koupeltech.com\/index.php\/wp-json\/wp\/v2\/comments?post=13578"}],"wp:featuredmedia":[{"embeddable":true,"href":"https:\/\/www.koupeltech.com\/index.php\/wp-json\/wp\/v2\/media\/13678"}],"wp:attachment":[{"href":"https:\/\/www.koupeltech.com\/index.php\/wp-json\/wp\/v2\/media?parent=13578"}],"wp:term":[{"taxonomy":"product_brand","embeddable":true,"href":"https:\/\/www.koupeltech.com\/index.php\/wp-json\/wp\/v2\/product_brand?post=13578"},{"taxonomy":"product_cat","embeddable":true,"href":"https:\/\/www.koupeltech.com\/index.php\/wp-json\/wp\/v2\/product_cat?post=13578"},{"taxonomy":"product_tag","embeddable":true,"href":"https:\/\/www.koupeltech.com\/index.php\/wp-json\/wp\/v2\/product_tag?post=13578"}],"curies":[{"name":"wp","href":"https:\/\/api.w.org\/{rel}","templated":true}]}}