{"id":14720,"date":"2026-04-27T13:58:00","date_gmt":"2026-04-27T13:58:00","guid":{"rendered":""},"modified":"2026-04-27T13:58:00","modified_gmt":"2026-04-27T13:58:00","slug":"zlevneny-polysan-architex-sada-pro-uchyceni-skla-podlaha-stena-se-spadovou-listou-1615x2105mm-prava-lesteny-hlinik-ax2116r-14720","status":"publish","type":"product","link":"https:\/\/www.koupeltech.com\/index.php\/produkt\/zlevneny-polysan-architex-sada-pro-uchyceni-skla-podlaha-stena-se-spadovou-listou-1615x2105mm-prava-lesteny-hlinik-ax2116r-14720\/","title":{"rendered":"Zlevn\u011bn\u00fd Polysan ARCHITEX sada pro uchycen\u00ed skla podlaha-st\u011bna se sp\u00e1dovou li\u0161tou, 1615x2105mm, prav\u00e1, le\u0161t\u011bn\u00fd hlin\u00edk AX2116R"},"content":{"rendered":"<div class=\"tabs__content-outer\" id=\"tab_description\" data-hash=\"description\" data-tabindex=\"-1\">\n<div class=\"tabs__content toggle_description\" id=\"content_description\">\n<div class=\"wysiwyg-content\">\n<div class=\"product__tab product__description full-width\">\n<div class=\"container\">\n<div >\n<h3>Polysan ARCHITEX sada pro uchycen\u00ed skla podlaha-st\u011bna se sp\u00e1dovou li\u0161tou, 1615x2105mm, prav\u00e1, le\u0161t\u011bn\u00fd hlin\u00edk AX2116R<\/h3>\n<div>\n<p>ARCHITEX\u00a0\u00a0jsou elegantn\u00ed walk-in sprchov\u00e9 z\u00e1st\u011bny bez ru\u0161iv\u00fdch kotv\u00edc\u00edch profil\u016f. Neviditeln\u00e9 uchycen\u00ed sklen\u011bn\u00e9 z\u00e1st\u011bny umo\u017e\u0148uj\u00ed profily zasazen\u00e9 pod keramick\u00fd obklad. Sklen\u011bn\u00e1 tabule se usazuje a\u017e po fin\u00e1ln\u00edm vysp\u00e1rovan\u00ed keramick\u00e9ho obkladu. <br \/>Profily nov\u00fdch sad ARCHITEX maj\u00ed integrovanou sp\u00e1dovou li\u0161tu,\u00a0co\u017e umo\u017e\u0148uje snadno zakr\u00fdt p\u0159echod mezi sp\u00e1dovanou a nesp\u00e1dovanou \u010d\u00e1st\u00ed podlahy pod sprchovou z\u00e1st\u011bnou. <br \/>Sady jsou nab\u00edzeny v lev\u00e9m\/prav\u00e9m proveden\u00ed podle sp\u00e1dov\u00e9 strany.<br \/>Pro snaz\u0161\u00ed instalaci skel do profilu ve st\u011bn\u011b i podlaze je nov\u011b pou\u017eito zama\u010dk\u00e1vac\u00ed t\u011bsn\u011bn\u00ed.<\/p>\n<p>Sada zkracovateln\u00fdch profil\u016f pro uchycen\u00ed skla:<\/p>\n<p>\u2022\u00a0max. \u0161\u00ed\u0159ka 1610 mm<br \/>\u2022\u00a0max. v\u00fd\u0161ka 2100 mm<\/p>\n<p>Sklen\u011bn\u00e1 v\u00fdpl\u0148 k dokoupen\u00ed (nen\u00ed v cen\u011b):<\/p>\n<ul>\n<li>na v\u00fdb\u011br bezpe\u010dnostn\u00ed sklo o s\u00edle 8 mm: proveden\u00ed \u010dir\u00e9 \/ matn\u00e9 \/ kou\u0159ov\u00e9 \/ kou\u0159ov\u00e9 matn\u00e9 \/ Flute \/ Marron<\/li>\n<\/ul>\n<p>Obsah balen\u00ed:<\/p>\n<p>\u2022 1x profil do podlahy, 1x profil do st\u011bny, v\u010d. zama\u010dk\u00e1vac\u00edch t\u011bsn\u011bn\u00ed<br \/>\u2022 1x instala\u010dn\u00ed pom\u016fcky<br \/>\u2022 1x podrobn\u00fd n\u00e1vod k instalaci<\/p>\n<\/div>\n<p><\/p>\n<p><b>Vlastnosti<\/b><\/p>\n<ul>\n<li><span>\u0160\u00ed\u0159ka:<\/span> 1615 mm<\/li>\n<li><span>Tvar:<\/span> Jednost\u011bnn\u00e1 pevn\u00e1<\/li>\n<li><span>Tlou\u0161\u0165ka skla:<\/span> 8 mm<\/li>\n<li><span>Barva:<\/span> St\u0159\u00edbrn\u00e1<\/li>\n<\/ul>\n<\/div><\/div>\n<\/p><\/div>\n<\/p><\/div>\n<\/p><\/div>\n","protected":false},"excerpt":{"rendered":"<p>Polysan ARCHITEX sada pro uchycen\u00ed skla podlaha-st\u011bna se sp\u00e1dovou li\u0161tou, 1615x2105mm, prav\u00e1, le\u0161t\u011bn\u00fd hlin\u00edk AX2116R ARCHITEX\u00a0\u00a0jsou elegantn\u00ed walk-in sprchov\u00e9 z\u00e1st\u011bny bez ru\u0161iv\u00fdch kotv\u00edc\u00edch profil\u016f. Neviditeln\u00e9 uchycen\u00ed sklen\u011bn\u00e9 z\u00e1st\u011bny umo\u017e\u0148uj\u00ed profily zasazen\u00e9 pod keramick\u00fd obklad. Sklen\u011bn\u00e1 tabule se usazuje a\u017e po fin\u00e1ln\u00edm vysp\u00e1rovan\u00ed keramick\u00e9ho obkladu. Profily nov\u00fdch sad ARCHITEX maj\u00ed integrovanou sp\u00e1dovou li\u0161tu,\u00a0co\u017e umo\u017e\u0148uje snadno zakr\u00fdt [&hellip;]<\/p>\n","protected":false},"featured_media":14820,"comment_status":"open","ping_status":"open","template":"","meta":[],"product_brand":[],"product_cat":[83],"product_tag":[],"class_list":{"0":"post-14720","1":"product","2":"type-product","3":"status-publish","4":"has-post-thumbnail","6":"product_cat-koupelna","8":"first","9":"instock","10":"sale","11":"shipping-taxable","12":"purchasable","13":"product-type-simple"},"yoast_head":"<!-- This site is optimized with the Yoast SEO plugin v26.8 - https:\/\/yoast.com\/product\/yoast-seo-wordpress\/ -->\n<title>Zlevn\u011bn\u00fd Polysan ARCHITEX sada pro uchycen\u00ed skla podlaha-st\u011bna se sp\u00e1dovou li\u0161tou, 1615x2105mm, prav\u00e1, le\u0161t\u011bn\u00fd hlin\u00edk AX2116R -<\/title>\n<meta name=\"robots\" content=\"index, follow, max-snippet:-1, max-image-preview:large, max-video-preview:-1\" \/>\n<link rel=\"canonical\" href=\"https:\/\/www.koupeltech.com\/index.php\/produkt\/zlevneny-polysan-architex-sada-pro-uchyceni-skla-podlaha-stena-se-spadovou-listou-1615x2105mm-prava-lesteny-hlinik-ax2116r-14720\/\" \/>\n<meta property=\"og:locale\" content=\"cs_CZ\" \/>\n<meta property=\"og:type\" content=\"article\" \/>\n<meta property=\"og:title\" content=\"Zlevn\u011bn\u00fd Polysan ARCHITEX sada pro uchycen\u00ed skla podlaha-st\u011bna se sp\u00e1dovou li\u0161tou, 1615x2105mm, prav\u00e1, le\u0161t\u011bn\u00fd hlin\u00edk AX2116R -\" \/>\n<meta property=\"og:description\" content=\"Polysan ARCHITEX sada pro uchycen\u00ed skla podlaha-st\u011bna se sp\u00e1dovou li\u0161tou, 1615x2105mm, prav\u00e1, le\u0161t\u011bn\u00fd hlin\u00edk AX2116R ARCHITEX\u00a0\u00a0jsou elegantn\u00ed walk-in sprchov\u00e9 z\u00e1st\u011bny bez ru\u0161iv\u00fdch kotv\u00edc\u00edch profil\u016f. Neviditeln\u00e9 uchycen\u00ed sklen\u011bn\u00e9 z\u00e1st\u011bny umo\u017e\u0148uj\u00ed profily zasazen\u00e9 pod keramick\u00fd obklad. Sklen\u011bn\u00e1 tabule se usazuje a\u017e po fin\u00e1ln\u00edm vysp\u00e1rovan\u00ed keramick\u00e9ho obkladu. Profily nov\u00fdch sad ARCHITEX maj\u00ed integrovanou sp\u00e1dovou li\u0161tu,\u00a0co\u017e umo\u017e\u0148uje snadno zakr\u00fdt [&hellip;]\" \/>\n<meta property=\"og:url\" content=\"https:\/\/www.koupeltech.com\/index.php\/produkt\/zlevneny-polysan-architex-sada-pro-uchyceni-skla-podlaha-stena-se-spadovou-listou-1615x2105mm-prava-lesteny-hlinik-ax2116r-14720\/\" \/>\n<meta property=\"og:image\" content=\"https:\/\/www.koupeltech.com\/wp-content\/uploads\/2026\/SK0020344-CZ20260425-093041-0-1777080643-ff40af1fdc9e4e3d485ccb1e5c4e393e.webp\" \/>\n\t<meta property=\"og:image:width\" content=\"681\" \/>\n\t<meta property=\"og:image:height\" content=\"800\" \/>\n\t<meta property=\"og:image:type\" content=\"image\/webp\" \/>\n<meta name=\"twitter:card\" content=\"summary_large_image\" \/>\n<meta name=\"twitter:label1\" content=\"Odhadovan\u00e1 doba \u010dten\u00ed\" \/>\n\t<meta name=\"twitter:data1\" content=\"1 minuta\" \/>\n<script type=\"application\/ld+json\" class=\"yoast-schema-graph\">{\"@context\":\"https:\/\/schema.org\",\"@graph\":[{\"@type\":\"WebPage\",\"@id\":\"https:\/\/www.koupeltech.com\/index.php\/produkt\/zlevneny-polysan-architex-sada-pro-uchyceni-skla-podlaha-stena-se-spadovou-listou-1615x2105mm-prava-lesteny-hlinik-ax2116r-14720\/\",\"url\":\"https:\/\/www.koupeltech.com\/index.php\/produkt\/zlevneny-polysan-architex-sada-pro-uchyceni-skla-podlaha-stena-se-spadovou-listou-1615x2105mm-prava-lesteny-hlinik-ax2116r-14720\/\",\"name\":\"Zlevn\u011bn\u00fd Polysan ARCHITEX sada pro uchycen\u00ed skla podlaha-st\u011bna se sp\u00e1dovou li\u0161tou, 1615x2105mm, prav\u00e1, le\u0161t\u011bn\u00fd hlin\u00edk AX2116R -\",\"isPartOf\":{\"@id\":\"https:\/\/www.koupeltech.com\/#website\"},\"primaryImageOfPage\":{\"@id\":\"https:\/\/www.koupeltech.com\/index.php\/produkt\/zlevneny-polysan-architex-sada-pro-uchyceni-skla-podlaha-stena-se-spadovou-listou-1615x2105mm-prava-lesteny-hlinik-ax2116r-14720\/#primaryimage\"},\"image\":{\"@id\":\"https:\/\/www.koupeltech.com\/index.php\/produkt\/zlevneny-polysan-architex-sada-pro-uchyceni-skla-podlaha-stena-se-spadovou-listou-1615x2105mm-prava-lesteny-hlinik-ax2116r-14720\/#primaryimage\"},\"thumbnailUrl\":\"https:\/\/www.koupeltech.com\/wp-content\/uploads\/2026\/SK0020344-CZ20260425-093041-0-1777080643-ff40af1fdc9e4e3d485ccb1e5c4e393e.webp\",\"datePublished\":\"2026-04-27T13:58:00+00:00\",\"breadcrumb\":{\"@id\":\"https:\/\/www.koupeltech.com\/index.php\/produkt\/zlevneny-polysan-architex-sada-pro-uchyceni-skla-podlaha-stena-se-spadovou-listou-1615x2105mm-prava-lesteny-hlinik-ax2116r-14720\/#breadcrumb\"},\"inLanguage\":\"cs\",\"potentialAction\":[{\"@type\":\"ReadAction\",\"target\":[\"https:\/\/www.koupeltech.com\/index.php\/produkt\/zlevneny-polysan-architex-sada-pro-uchyceni-skla-podlaha-stena-se-spadovou-listou-1615x2105mm-prava-lesteny-hlinik-ax2116r-14720\/\"]}]},{\"@type\":\"ImageObject\",\"inLanguage\":\"cs\",\"@id\":\"https:\/\/www.koupeltech.com\/index.php\/produkt\/zlevneny-polysan-architex-sada-pro-uchyceni-skla-podlaha-stena-se-spadovou-listou-1615x2105mm-prava-lesteny-hlinik-ax2116r-14720\/#primaryimage\",\"url\":\"https:\/\/www.koupeltech.com\/wp-content\/uploads\/2026\/SK0020344-CZ20260425-093041-0-1777080643-ff40af1fdc9e4e3d485ccb1e5c4e393e.webp\",\"contentUrl\":\"https:\/\/www.koupeltech.com\/wp-content\/uploads\/2026\/SK0020344-CZ20260425-093041-0-1777080643-ff40af1fdc9e4e3d485ccb1e5c4e393e.webp\",\"width\":681,\"height\":800},{\"@type\":\"BreadcrumbList\",\"@id\":\"https:\/\/www.koupeltech.com\/index.php\/produkt\/zlevneny-polysan-architex-sada-pro-uchyceni-skla-podlaha-stena-se-spadovou-listou-1615x2105mm-prava-lesteny-hlinik-ax2116r-14720\/#breadcrumb\",\"itemListElement\":[{\"@type\":\"ListItem\",\"position\":1,\"name\":\"Home\",\"item\":\"https:\/\/www.koupeltech.com\/\"},{\"@type\":\"ListItem\",\"position\":2,\"name\":\"Products\",\"item\":\"https:\/\/www.koupeltech.com\/index.php\/products\/\"},{\"@type\":\"ListItem\",\"position\":3,\"name\":\"Zlevn\u011bn\u00fd Polysan ARCHITEX sada pro uchycen\u00ed skla podlaha-st\u011bna se sp\u00e1dovou li\u0161tou, 1615x2105mm, prav\u00e1, le\u0161t\u011bn\u00fd hlin\u00edk AX2116R\"}]},{\"@type\":\"WebSite\",\"@id\":\"https:\/\/www.koupeltech.com\/#website\",\"url\":\"https:\/\/www.koupeltech.com\/\",\"name\":\"\",\"description\":\"\",\"potentialAction\":[{\"@type\":\"SearchAction\",\"target\":{\"@type\":\"EntryPoint\",\"urlTemplate\":\"https:\/\/www.koupeltech.com\/?s={search_term_string}\"},\"query-input\":{\"@type\":\"PropertyValueSpecification\",\"valueRequired\":true,\"valueName\":\"search_term_string\"}}],\"inLanguage\":\"cs\"}]}<\/script>\n<!-- \/ Yoast SEO plugin. -->","yoast_head_json":{"title":"Zlevn\u011bn\u00fd Polysan ARCHITEX sada pro uchycen\u00ed skla podlaha-st\u011bna se sp\u00e1dovou li\u0161tou, 1615x2105mm, prav\u00e1, le\u0161t\u011bn\u00fd hlin\u00edk AX2116R -","robots":{"index":"index","follow":"follow","max-snippet":"max-snippet:-1","max-image-preview":"max-image-preview:large","max-video-preview":"max-video-preview:-1"},"canonical":"https:\/\/www.koupeltech.com\/index.php\/produkt\/zlevneny-polysan-architex-sada-pro-uchyceni-skla-podlaha-stena-se-spadovou-listou-1615x2105mm-prava-lesteny-hlinik-ax2116r-14720\/","og_locale":"cs_CZ","og_type":"article","og_title":"Zlevn\u011bn\u00fd Polysan ARCHITEX sada pro uchycen\u00ed skla podlaha-st\u011bna se sp\u00e1dovou li\u0161tou, 1615x2105mm, prav\u00e1, le\u0161t\u011bn\u00fd hlin\u00edk AX2116R -","og_description":"Polysan ARCHITEX sada pro uchycen\u00ed skla podlaha-st\u011bna se sp\u00e1dovou li\u0161tou, 1615x2105mm, prav\u00e1, le\u0161t\u011bn\u00fd hlin\u00edk AX2116R ARCHITEX\u00a0\u00a0jsou elegantn\u00ed walk-in sprchov\u00e9 z\u00e1st\u011bny bez ru\u0161iv\u00fdch kotv\u00edc\u00edch profil\u016f. Neviditeln\u00e9 uchycen\u00ed sklen\u011bn\u00e9 z\u00e1st\u011bny umo\u017e\u0148uj\u00ed profily zasazen\u00e9 pod keramick\u00fd obklad. Sklen\u011bn\u00e1 tabule se usazuje a\u017e po fin\u00e1ln\u00edm vysp\u00e1rovan\u00ed keramick\u00e9ho obkladu. Profily nov\u00fdch sad ARCHITEX maj\u00ed integrovanou sp\u00e1dovou li\u0161tu,\u00a0co\u017e umo\u017e\u0148uje snadno zakr\u00fdt [&hellip;]","og_url":"https:\/\/www.koupeltech.com\/index.php\/produkt\/zlevneny-polysan-architex-sada-pro-uchyceni-skla-podlaha-stena-se-spadovou-listou-1615x2105mm-prava-lesteny-hlinik-ax2116r-14720\/","og_image":[{"width":681,"height":800,"url":"https:\/\/www.koupeltech.com\/wp-content\/uploads\/2026\/SK0020344-CZ20260425-093041-0-1777080643-ff40af1fdc9e4e3d485ccb1e5c4e393e.webp","type":"image\/webp"}],"twitter_card":"summary_large_image","twitter_misc":{"Odhadovan\u00e1 doba \u010dten\u00ed":"1 minuta"},"schema":{"@context":"https:\/\/schema.org","@graph":[{"@type":"WebPage","@id":"https:\/\/www.koupeltech.com\/index.php\/produkt\/zlevneny-polysan-architex-sada-pro-uchyceni-skla-podlaha-stena-se-spadovou-listou-1615x2105mm-prava-lesteny-hlinik-ax2116r-14720\/","url":"https:\/\/www.koupeltech.com\/index.php\/produkt\/zlevneny-polysan-architex-sada-pro-uchyceni-skla-podlaha-stena-se-spadovou-listou-1615x2105mm-prava-lesteny-hlinik-ax2116r-14720\/","name":"Zlevn\u011bn\u00fd Polysan ARCHITEX sada pro uchycen\u00ed skla podlaha-st\u011bna se sp\u00e1dovou li\u0161tou, 1615x2105mm, prav\u00e1, le\u0161t\u011bn\u00fd hlin\u00edk AX2116R -","isPartOf":{"@id":"https:\/\/www.koupeltech.com\/#website"},"primaryImageOfPage":{"@id":"https:\/\/www.koupeltech.com\/index.php\/produkt\/zlevneny-polysan-architex-sada-pro-uchyceni-skla-podlaha-stena-se-spadovou-listou-1615x2105mm-prava-lesteny-hlinik-ax2116r-14720\/#primaryimage"},"image":{"@id":"https:\/\/www.koupeltech.com\/index.php\/produkt\/zlevneny-polysan-architex-sada-pro-uchyceni-skla-podlaha-stena-se-spadovou-listou-1615x2105mm-prava-lesteny-hlinik-ax2116r-14720\/#primaryimage"},"thumbnailUrl":"https:\/\/www.koupeltech.com\/wp-content\/uploads\/2026\/SK0020344-CZ20260425-093041-0-1777080643-ff40af1fdc9e4e3d485ccb1e5c4e393e.webp","datePublished":"2026-04-27T13:58:00+00:00","breadcrumb":{"@id":"https:\/\/www.koupeltech.com\/index.php\/produkt\/zlevneny-polysan-architex-sada-pro-uchyceni-skla-podlaha-stena-se-spadovou-listou-1615x2105mm-prava-lesteny-hlinik-ax2116r-14720\/#breadcrumb"},"inLanguage":"cs","potentialAction":[{"@type":"ReadAction","target":["https:\/\/www.koupeltech.com\/index.php\/produkt\/zlevneny-polysan-architex-sada-pro-uchyceni-skla-podlaha-stena-se-spadovou-listou-1615x2105mm-prava-lesteny-hlinik-ax2116r-14720\/"]}]},{"@type":"ImageObject","inLanguage":"cs","@id":"https:\/\/www.koupeltech.com\/index.php\/produkt\/zlevneny-polysan-architex-sada-pro-uchyceni-skla-podlaha-stena-se-spadovou-listou-1615x2105mm-prava-lesteny-hlinik-ax2116r-14720\/#primaryimage","url":"https:\/\/www.koupeltech.com\/wp-content\/uploads\/2026\/SK0020344-CZ20260425-093041-0-1777080643-ff40af1fdc9e4e3d485ccb1e5c4e393e.webp","contentUrl":"https:\/\/www.koupeltech.com\/wp-content\/uploads\/2026\/SK0020344-CZ20260425-093041-0-1777080643-ff40af1fdc9e4e3d485ccb1e5c4e393e.webp","width":681,"height":800},{"@type":"BreadcrumbList","@id":"https:\/\/www.koupeltech.com\/index.php\/produkt\/zlevneny-polysan-architex-sada-pro-uchyceni-skla-podlaha-stena-se-spadovou-listou-1615x2105mm-prava-lesteny-hlinik-ax2116r-14720\/#breadcrumb","itemListElement":[{"@type":"ListItem","position":1,"name":"Home","item":"https:\/\/www.koupeltech.com\/"},{"@type":"ListItem","position":2,"name":"Products","item":"https:\/\/www.koupeltech.com\/index.php\/products\/"},{"@type":"ListItem","position":3,"name":"Zlevn\u011bn\u00fd Polysan ARCHITEX sada pro uchycen\u00ed skla podlaha-st\u011bna se sp\u00e1dovou li\u0161tou, 1615x2105mm, prav\u00e1, le\u0161t\u011bn\u00fd hlin\u00edk AX2116R"}]},{"@type":"WebSite","@id":"https:\/\/www.koupeltech.com\/#website","url":"https:\/\/www.koupeltech.com\/","name":"","description":"","potentialAction":[{"@type":"SearchAction","target":{"@type":"EntryPoint","urlTemplate":"https:\/\/www.koupeltech.com\/?s={search_term_string}"},"query-input":{"@type":"PropertyValueSpecification","valueRequired":true,"valueName":"search_term_string"}}],"inLanguage":"cs"}]}},"_links":{"self":[{"href":"https:\/\/www.koupeltech.com\/index.php\/wp-json\/wp\/v2\/product\/14720","targetHints":{"allow":["GET"]}}],"collection":[{"href":"https:\/\/www.koupeltech.com\/index.php\/wp-json\/wp\/v2\/product"}],"about":[{"href":"https:\/\/www.koupeltech.com\/index.php\/wp-json\/wp\/v2\/types\/product"}],"replies":[{"embeddable":true,"href":"https:\/\/www.koupeltech.com\/index.php\/wp-json\/wp\/v2\/comments?post=14720"}],"wp:featuredmedia":[{"embeddable":true,"href":"https:\/\/www.koupeltech.com\/index.php\/wp-json\/wp\/v2\/media\/14820"}],"wp:attachment":[{"href":"https:\/\/www.koupeltech.com\/index.php\/wp-json\/wp\/v2\/media?parent=14720"}],"wp:term":[{"taxonomy":"product_brand","embeddable":true,"href":"https:\/\/www.koupeltech.com\/index.php\/wp-json\/wp\/v2\/product_brand?post=14720"},{"taxonomy":"product_cat","embeddable":true,"href":"https:\/\/www.koupeltech.com\/index.php\/wp-json\/wp\/v2\/product_cat?post=14720"},{"taxonomy":"product_tag","embeddable":true,"href":"https:\/\/www.koupeltech.com\/index.php\/wp-json\/wp\/v2\/product_tag?post=14720"}],"curies":[{"name":"wp","href":"https:\/\/api.w.org\/{rel}","templated":true}]}}