{"id":16895,"date":"2026-04-27T13:58:23","date_gmt":"2026-04-27T13:58:23","guid":{"rendered":""},"modified":"2026-04-27T13:58:23","modified_gmt":"2026-04-27T13:58:23","slug":"akce-koupelnova-skrinka-q-max-szz2-105-d05-oregon-uchytka-t06-d05-oregon-16895","status":"publish","type":"product","link":"https:\/\/www.koupeltech.com\/index.php\/produkt\/akce-koupelnova-skrinka-q-max-szz2-105-d05-oregon-uchytka-t06-d05-oregon-16895\/","title":{"rendered":"Akce Koupelnov\u00e1 sk\u0159\u00ed\u0148ka Q MAX SZZ2 105 &#8211; D05 Oregon \/ \u00dachytka T06 \/ D05 Oregon"},"content":{"rendered":"<div class=\"basic-description\">\n<h3>Detailn\u00ed popis produktu<\/h3>\n<p>Pot\u0159ebujete v koupeln\u011b prostornou sk\u0159\u00ed\u0148ku pod umyvadlo? Na\u0161e kolekce koupelnov\u00e9ho n\u00e1bytku Q MAX v\u00e1m p\u0159in\u00e1\u0161\u00ed v jednoduch\u00e9m designu zabalen\u00e9 praktick\u00e9 z\u00e1suvky a velk\u00e9 umyvadlo se zaoblen\u00fdmi rohy. Koupelnov\u00fd n\u00e1bytek Q MAX pat\u0159\u00ed k obl\u00edben\u00fdm nejen d\u00edky sv\u00e9 prakti\u010dnosti, ale i<span> <\/span><strong>\u0161irokou nab\u00eddkou barev, dekor\u016f, lak\u016f a tak\u00e9 \u00fachytek<\/strong>. Poj\u010fte si vybrat i vy. <\/p>\n<h2><strong>Parametry sk\u0159\u00ed\u0148ky<\/strong><\/h2>\n<p>Z\u00e1v\u011bsn\u00e1 umyvadlov\u00e1 sk\u0159\u00ed\u0148ka Q MAX SZZ2 105 v\u00e1s na prvn\u00ed pohled zaujme<span> <\/span><strong>vysok\u00fdmi prostorn\u00fdmi z\u00e1suvkami<\/strong>, kter\u00e9 jsou asymetricky rozd\u011bleny. V\u011b\u0159\u00edme, \u017ee ka\u017ed\u00e9 brzk\u00e9 r\u00e1no ocen\u00edte kvalitn\u00ed<span> <\/span><strong>n\u011bmeck\u00e9 pojezdy s tlumen\u00fdm dov\u00edr\u00e1n\u00edm zna\u010dky Hettich<\/strong>. Na ty z\u00edsk\u00e1te<span> <\/span><strong>do\u017eivotn\u00ed z\u00e1ruku<\/strong><span> <\/span>a na celou sk\u0159\u00ed\u0148ku pak<span> <\/span><strong>prodlou\u017eenou z\u00e1ruku 5 let<\/strong>. <\/p>\n<p>Jednoduch\u00fd, propracovan\u00fd design p\u0159edpov\u00edd\u00e1 t\u00e9to umyvadlov\u00e9 sk\u0159\u00ed\u0148ce mnoho let ve va\u0161\u00ed koupeln\u011b a s t\u00edm samoz\u0159ejm\u011b po\u010d\u00edt\u00e1me i p\u0159i jej\u00ed v\u00fdrob\u011b. Pou\u017eit\u00ed kvalitn\u00edho materi\u00e1lu dopl\u0148ujeme i \u0161irokou nab\u00eddkou barevnost\u00ed \u2013 vybrat si m\u016f\u017eete z<span> <\/span><strong>d\u0159evodekor\u016f, barevn\u00fdch variant \u201cbeton\u016f\u201d, cel\u00e9ho<span> <\/span>vzorn\u00edku RAL\/NCS i z\u00e1kladn\u00edch barevn\u00fdch t\u00f3n\u016f ve vysok\u00e9m lesku \u010di matu<\/strong>. Ten se spr\u00e1vn\u011b zvolen\u00fdmi \u00fachytkami p\u0159inese do va\u0161\u00ed koupelny je\u0161t\u011b luxusn\u011bj\u0161\u00ed atmosf\u00e9ru.<\/p>\n<p>Do vysok\u00fdch z\u00e1suvek snadno ulo\u017e\u00edte ka\u017edodenn\u00ed drobnosti i v\u011bt\u0161\u00ed a vy\u0161\u0161\u00ed p\u0159edm\u011bty. Pokud do horn\u00ed z\u00e1suvky po\u0159\u00edd\u00edte po\u0159ada\u010d a do spodn\u00ed z\u00e1suvky kovov\u00fd organiz\u00e9r, pak nemus\u00edte m\u00edt obavy z chaosu. I b\u011bhem hektick\u00e9ho r\u00e1na najdete v\u0161e na sv\u00e9m m\u00edst\u011b.<\/p>\n<h3><strong>\u00dachytky:<\/strong><\/h3>\n<p>Tlumen\u00e9 dov\u00edr\u00e1n\u00ed a subtiln\u00ed \u00fachytky jsou velk\u00fdmi p\u0159ednostmi t\u00e9to sk\u0159\u00ed\u0148ky a jeliko\u017e v\u00edme, \u017ee ka\u017ed\u00fd m\u00e1 jin\u00fd vkus, m\u016f\u017eete si vybrat hned z n\u011bkolika typ\u016f \u00fachytek:<\/p>\n<ul>\n<li>T01 &#8211; matn\u00e1 obl\u00e1 \u00fachytka z hlin\u00edku<\/li>\n<li>T02 &#8211; ocelov\u00e1 kulat\u00e1 \u00fachytka<\/li>\n<li>T03 &#8211; chromov\u00e1 hranat\u00e1 \u00fachytka<\/li>\n<li>T04 &#8211; chromov\u00e1 leskl\u00e1 \u00fachytka<\/li>\n<li>T06 &#8211; \u010dern\u00e1 mat<\/li>\n<\/ul>\n<h3>Prostorn\u00e9 umyvadlo Victory v cen\u011b<\/h3>\n<p>Keramick\u00e9 umyvadlo Myjoys Victory 105 pat\u0159\u00ed mezi designovou klasiku, kterou budete milovat dlouh\u00e1 l\u00e9ta. Odkl\u00e1dac\u00ed prostor po boc\u00edch i v zadn\u00ed \u010d\u00e1sti zaji\u0161\u0165uje dostatek m\u00edsta ka\u017edodenn\u00edm drobnostem i trvale um\u00edst\u011bn\u00e9mu m\u00fddlu a zubn\u00edm kart\u00e1\u010dk\u016fm. A postupn\u011b se sva\u017euj\u00edc\u00ed bo\u010dn\u00ed st\u011bny umyvadla design p\u0159\u00edjemn\u011b podtrhuj\u00ed. Umyvadlo Victory 105 dod\u00e1v\u00e1me s kovovou krytkou odpadu. K v\u00fdrobku lze dokoupit i<span> <\/span>kovovou v\u00fdpus\u0165 Click-Clack<span> <\/span>a<span> <\/span>n\u00e1bytkov\u00e9 sifony<span> <\/span>z na\u0161\u00ed nab\u00eddky.<\/p>\n<h2><strong>Pro\u010d si zamilujete tuto sk\u0159\u00ed\u0148ku:<\/strong><\/h2>\n<ul>\n<li>Tlumen\u00e9 dov\u00edr\u00e1n\u00ed<\/li>\n<li>Velice prostorn\u00e9 z\u00e1suvky<\/li>\n<li>Keramick\u00e9 umyvadlo Victory 105 v cen\u011b<\/li>\n<li>Prodlou\u017een\u00e1 z\u00e1ruka 5 let na sk\u0159\u00ed\u0148ku<\/li>\n<li>Do\u017eivotn\u00ed z\u00e1ruka na kov\u00e1n\u00ed zna\u010dky Hettich<\/li>\n<\/ul>\n<h3><strong>Kvalita D\u0159evojas<\/strong><\/h3>\n<p>Ve svitavsk\u00e9m v\u00fdrobn\u00edm z\u00e1vod\u011b prob\u00edhaj\u00ed v\u0161echny kroky v\u00fdroby pod bedliv\u00fdm dohledem. Novou sk\u0159\u00ed\u0148ku v\u00e1m ode\u0161leme ji\u017e sestavenou a p\u0159ipravenou k okam\u017eit\u00e9 instalaci ve va\u0161\u00ed koupeln\u011b. Podpo\u0159te \u010deskou firmu a spolehn\u011bte se na kvalitu materi\u00e1l\u016f i pr\u00e1ce. <\/p>\n<h3><strong>Jsme tu pro v\u00e1s!<\/strong><\/h3>\n<p>Na\u0161e z\u00e1kaznick\u00e1 linka je tu pro v\u00e1s ka\u017ed\u00fd v\u0161edn\u00ed den a snadno v\u00e1m porad\u00ed p\u0159i mont\u00e1\u017ei i v\u00fdb\u011bru n\u00e1bytku. Pokud hled\u00e1te tipy, jak spr\u00e1vn\u011b vybrat n\u00e1bytek p\u0159\u00edmo do va\u0161\u00ed koupelny, p\u0159e\u010dt\u011bte si \u010dl\u00e1nky v na\u0161\u00ed Poradn\u011b na t\u00e9ma:<span> <\/span>V\u00fdb\u011br koupelnov\u00e9ho n\u00e1bytku. Mnoho informac\u00ed pro v\u00e1s pravideln\u011b aktualizujeme i na na\u0161em<span> <\/span>blogu p\u0159\u00edmo z koupelny, kde najdete inspiraci i rady, jak si z koupelny vytvo\u0159it vlastn\u00ed luxusn\u00ed spa salon.<\/p>\n<\/p><\/div>\n","protected":false},"excerpt":{"rendered":"<p>Detailn\u00ed popis produktu Pot\u0159ebujete v koupeln\u011b prostornou sk\u0159\u00ed\u0148ku pod umyvadlo? Na\u0161e kolekce koupelnov\u00e9ho n\u00e1bytku Q MAX v\u00e1m p\u0159in\u00e1\u0161\u00ed v jednoduch\u00e9m designu zabalen\u00e9 praktick\u00e9 z\u00e1suvky a velk\u00e9 umyvadlo se zaoblen\u00fdmi rohy. Koupelnov\u00fd n\u00e1bytek Q MAX pat\u0159\u00ed k obl\u00edben\u00fdm nejen d\u00edky sv\u00e9 prakti\u010dnosti, ale i \u0161irokou nab\u00eddkou barev, dekor\u016f, lak\u016f a tak\u00e9 \u00fachytek. Poj\u010fte si vybrat i [&hellip;]<\/p>\n","protected":false},"featured_media":16995,"comment_status":"open","ping_status":"open","template":"","meta":[],"product_brand":[],"product_cat":[84],"product_tag":[],"class_list":{"0":"post-16895","1":"product","2":"type-product","3":"status-publish","4":"has-post-thumbnail","6":"product_cat-koupelny-a-sanitarni-technika","8":"first","9":"instock","10":"sale","11":"shipping-taxable","12":"purchasable","13":"product-type-simple"},"yoast_head":"<!-- This site is optimized with the Yoast SEO plugin v26.8 - https:\/\/yoast.com\/product\/yoast-seo-wordpress\/ -->\n<title>Akce Koupelnov\u00e1 sk\u0159\u00ed\u0148ka Q MAX SZZ2 105 - D05 Oregon \/ \u00dachytka T06 \/ D05 Oregon -<\/title>\n<meta name=\"robots\" content=\"index, follow, max-snippet:-1, max-image-preview:large, max-video-preview:-1\" \/>\n<link rel=\"canonical\" href=\"https:\/\/www.koupeltech.com\/index.php\/produkt\/akce-koupelnova-skrinka-q-max-szz2-105-d05-oregon-uchytka-t06-d05-oregon-16895\/\" \/>\n<meta property=\"og:locale\" content=\"cs_CZ\" \/>\n<meta property=\"og:type\" content=\"article\" \/>\n<meta property=\"og:title\" content=\"Akce Koupelnov\u00e1 sk\u0159\u00ed\u0148ka Q MAX SZZ2 105 - D05 Oregon \/ \u00dachytka T06 \/ D05 Oregon -\" \/>\n<meta property=\"og:description\" content=\"Detailn\u00ed popis produktu Pot\u0159ebujete v koupeln\u011b prostornou sk\u0159\u00ed\u0148ku pod umyvadlo? Na\u0161e kolekce koupelnov\u00e9ho n\u00e1bytku Q MAX v\u00e1m p\u0159in\u00e1\u0161\u00ed v jednoduch\u00e9m designu zabalen\u00e9 praktick\u00e9 z\u00e1suvky a velk\u00e9 umyvadlo se zaoblen\u00fdmi rohy. Koupelnov\u00fd n\u00e1bytek Q MAX pat\u0159\u00ed k obl\u00edben\u00fdm nejen d\u00edky sv\u00e9 prakti\u010dnosti, ale i \u0161irokou nab\u00eddkou barev, dekor\u016f, lak\u016f a tak\u00e9 \u00fachytek. Poj\u010fte si vybrat i [&hellip;]\" \/>\n<meta property=\"og:url\" content=\"https:\/\/www.koupeltech.com\/index.php\/produkt\/akce-koupelnova-skrinka-q-max-szz2-105-d05-oregon-uchytka-t06-d05-oregon-16895\/\" \/>\n<meta property=\"og:image\" content=\"https:\/\/www.koupeltech.com\/wp-content\/uploads\/2026\/SK0023922-CZ20260425-093351-0-1777080838-909300_koupelnova-skrinka-q-max-szz2-105-d05-oregon-uchytka.webp\" \/>\n\t<meta property=\"og:image:width\" content=\"1000\" \/>\n\t<meta property=\"og:image:height\" content=\"750\" \/>\n\t<meta property=\"og:image:type\" content=\"image\/webp\" \/>\n<meta name=\"twitter:card\" content=\"summary_large_image\" \/>\n<meta name=\"twitter:label1\" content=\"Odhadovan\u00e1 doba \u010dten\u00ed\" \/>\n\t<meta name=\"twitter:data1\" content=\"3 minuty\" \/>\n<script type=\"application\/ld+json\" class=\"yoast-schema-graph\">{\"@context\":\"https:\/\/schema.org\",\"@graph\":[{\"@type\":\"WebPage\",\"@id\":\"https:\/\/www.koupeltech.com\/index.php\/produkt\/akce-koupelnova-skrinka-q-max-szz2-105-d05-oregon-uchytka-t06-d05-oregon-16895\/\",\"url\":\"https:\/\/www.koupeltech.com\/index.php\/produkt\/akce-koupelnova-skrinka-q-max-szz2-105-d05-oregon-uchytka-t06-d05-oregon-16895\/\",\"name\":\"Akce Koupelnov\u00e1 sk\u0159\u00ed\u0148ka Q MAX SZZ2 105 - D05 Oregon \/ \u00dachytka T06 \/ D05 Oregon -\",\"isPartOf\":{\"@id\":\"https:\/\/www.koupeltech.com\/#website\"},\"primaryImageOfPage\":{\"@id\":\"https:\/\/www.koupeltech.com\/index.php\/produkt\/akce-koupelnova-skrinka-q-max-szz2-105-d05-oregon-uchytka-t06-d05-oregon-16895\/#primaryimage\"},\"image\":{\"@id\":\"https:\/\/www.koupeltech.com\/index.php\/produkt\/akce-koupelnova-skrinka-q-max-szz2-105-d05-oregon-uchytka-t06-d05-oregon-16895\/#primaryimage\"},\"thumbnailUrl\":\"https:\/\/www.koupeltech.com\/wp-content\/uploads\/2026\/SK0023922-CZ20260425-093351-0-1777080838-909300_koupelnova-skrinka-q-max-szz2-105-d05-oregon-uchytka.webp\",\"datePublished\":\"2026-04-27T13:58:23+00:00\",\"breadcrumb\":{\"@id\":\"https:\/\/www.koupeltech.com\/index.php\/produkt\/akce-koupelnova-skrinka-q-max-szz2-105-d05-oregon-uchytka-t06-d05-oregon-16895\/#breadcrumb\"},\"inLanguage\":\"cs\",\"potentialAction\":[{\"@type\":\"ReadAction\",\"target\":[\"https:\/\/www.koupeltech.com\/index.php\/produkt\/akce-koupelnova-skrinka-q-max-szz2-105-d05-oregon-uchytka-t06-d05-oregon-16895\/\"]}]},{\"@type\":\"ImageObject\",\"inLanguage\":\"cs\",\"@id\":\"https:\/\/www.koupeltech.com\/index.php\/produkt\/akce-koupelnova-skrinka-q-max-szz2-105-d05-oregon-uchytka-t06-d05-oregon-16895\/#primaryimage\",\"url\":\"https:\/\/www.koupeltech.com\/wp-content\/uploads\/2026\/SK0023922-CZ20260425-093351-0-1777080838-909300_koupelnova-skrinka-q-max-szz2-105-d05-oregon-uchytka.webp\",\"contentUrl\":\"https:\/\/www.koupeltech.com\/wp-content\/uploads\/2026\/SK0023922-CZ20260425-093351-0-1777080838-909300_koupelnova-skrinka-q-max-szz2-105-d05-oregon-uchytka.webp\",\"width\":1000,\"height\":750},{\"@type\":\"BreadcrumbList\",\"@id\":\"https:\/\/www.koupeltech.com\/index.php\/produkt\/akce-koupelnova-skrinka-q-max-szz2-105-d05-oregon-uchytka-t06-d05-oregon-16895\/#breadcrumb\",\"itemListElement\":[{\"@type\":\"ListItem\",\"position\":1,\"name\":\"Home\",\"item\":\"https:\/\/www.koupeltech.com\/\"},{\"@type\":\"ListItem\",\"position\":2,\"name\":\"Products\",\"item\":\"https:\/\/www.koupeltech.com\/index.php\/products\/\"},{\"@type\":\"ListItem\",\"position\":3,\"name\":\"Akce Koupelnov\u00e1 sk\u0159\u00ed\u0148ka Q MAX SZZ2 105 &#8211; D05 Oregon \/ \u00dachytka T06 \/ D05 Oregon\"}]},{\"@type\":\"WebSite\",\"@id\":\"https:\/\/www.koupeltech.com\/#website\",\"url\":\"https:\/\/www.koupeltech.com\/\",\"name\":\"\",\"description\":\"\",\"potentialAction\":[{\"@type\":\"SearchAction\",\"target\":{\"@type\":\"EntryPoint\",\"urlTemplate\":\"https:\/\/www.koupeltech.com\/?s={search_term_string}\"},\"query-input\":{\"@type\":\"PropertyValueSpecification\",\"valueRequired\":true,\"valueName\":\"search_term_string\"}}],\"inLanguage\":\"cs\"}]}<\/script>\n<!-- \/ Yoast SEO plugin. -->","yoast_head_json":{"title":"Akce Koupelnov\u00e1 sk\u0159\u00ed\u0148ka Q MAX SZZ2 105 - D05 Oregon \/ \u00dachytka T06 \/ D05 Oregon -","robots":{"index":"index","follow":"follow","max-snippet":"max-snippet:-1","max-image-preview":"max-image-preview:large","max-video-preview":"max-video-preview:-1"},"canonical":"https:\/\/www.koupeltech.com\/index.php\/produkt\/akce-koupelnova-skrinka-q-max-szz2-105-d05-oregon-uchytka-t06-d05-oregon-16895\/","og_locale":"cs_CZ","og_type":"article","og_title":"Akce Koupelnov\u00e1 sk\u0159\u00ed\u0148ka Q MAX SZZ2 105 - D05 Oregon \/ \u00dachytka T06 \/ D05 Oregon -","og_description":"Detailn\u00ed popis produktu Pot\u0159ebujete v koupeln\u011b prostornou sk\u0159\u00ed\u0148ku pod umyvadlo? Na\u0161e kolekce koupelnov\u00e9ho n\u00e1bytku Q MAX v\u00e1m p\u0159in\u00e1\u0161\u00ed v jednoduch\u00e9m designu zabalen\u00e9 praktick\u00e9 z\u00e1suvky a velk\u00e9 umyvadlo se zaoblen\u00fdmi rohy. Koupelnov\u00fd n\u00e1bytek Q MAX pat\u0159\u00ed k obl\u00edben\u00fdm nejen d\u00edky sv\u00e9 prakti\u010dnosti, ale i \u0161irokou nab\u00eddkou barev, dekor\u016f, lak\u016f a tak\u00e9 \u00fachytek. Poj\u010fte si vybrat i [&hellip;]","og_url":"https:\/\/www.koupeltech.com\/index.php\/produkt\/akce-koupelnova-skrinka-q-max-szz2-105-d05-oregon-uchytka-t06-d05-oregon-16895\/","og_image":[{"width":1000,"height":750,"url":"https:\/\/www.koupeltech.com\/wp-content\/uploads\/2026\/SK0023922-CZ20260425-093351-0-1777080838-909300_koupelnova-skrinka-q-max-szz2-105-d05-oregon-uchytka.webp","type":"image\/webp"}],"twitter_card":"summary_large_image","twitter_misc":{"Odhadovan\u00e1 doba \u010dten\u00ed":"3 minuty"},"schema":{"@context":"https:\/\/schema.org","@graph":[{"@type":"WebPage","@id":"https:\/\/www.koupeltech.com\/index.php\/produkt\/akce-koupelnova-skrinka-q-max-szz2-105-d05-oregon-uchytka-t06-d05-oregon-16895\/","url":"https:\/\/www.koupeltech.com\/index.php\/produkt\/akce-koupelnova-skrinka-q-max-szz2-105-d05-oregon-uchytka-t06-d05-oregon-16895\/","name":"Akce Koupelnov\u00e1 sk\u0159\u00ed\u0148ka Q MAX SZZ2 105 - D05 Oregon \/ \u00dachytka T06 \/ D05 Oregon -","isPartOf":{"@id":"https:\/\/www.koupeltech.com\/#website"},"primaryImageOfPage":{"@id":"https:\/\/www.koupeltech.com\/index.php\/produkt\/akce-koupelnova-skrinka-q-max-szz2-105-d05-oregon-uchytka-t06-d05-oregon-16895\/#primaryimage"},"image":{"@id":"https:\/\/www.koupeltech.com\/index.php\/produkt\/akce-koupelnova-skrinka-q-max-szz2-105-d05-oregon-uchytka-t06-d05-oregon-16895\/#primaryimage"},"thumbnailUrl":"https:\/\/www.koupeltech.com\/wp-content\/uploads\/2026\/SK0023922-CZ20260425-093351-0-1777080838-909300_koupelnova-skrinka-q-max-szz2-105-d05-oregon-uchytka.webp","datePublished":"2026-04-27T13:58:23+00:00","breadcrumb":{"@id":"https:\/\/www.koupeltech.com\/index.php\/produkt\/akce-koupelnova-skrinka-q-max-szz2-105-d05-oregon-uchytka-t06-d05-oregon-16895\/#breadcrumb"},"inLanguage":"cs","potentialAction":[{"@type":"ReadAction","target":["https:\/\/www.koupeltech.com\/index.php\/produkt\/akce-koupelnova-skrinka-q-max-szz2-105-d05-oregon-uchytka-t06-d05-oregon-16895\/"]}]},{"@type":"ImageObject","inLanguage":"cs","@id":"https:\/\/www.koupeltech.com\/index.php\/produkt\/akce-koupelnova-skrinka-q-max-szz2-105-d05-oregon-uchytka-t06-d05-oregon-16895\/#primaryimage","url":"https:\/\/www.koupeltech.com\/wp-content\/uploads\/2026\/SK0023922-CZ20260425-093351-0-1777080838-909300_koupelnova-skrinka-q-max-szz2-105-d05-oregon-uchytka.webp","contentUrl":"https:\/\/www.koupeltech.com\/wp-content\/uploads\/2026\/SK0023922-CZ20260425-093351-0-1777080838-909300_koupelnova-skrinka-q-max-szz2-105-d05-oregon-uchytka.webp","width":1000,"height":750},{"@type":"BreadcrumbList","@id":"https:\/\/www.koupeltech.com\/index.php\/produkt\/akce-koupelnova-skrinka-q-max-szz2-105-d05-oregon-uchytka-t06-d05-oregon-16895\/#breadcrumb","itemListElement":[{"@type":"ListItem","position":1,"name":"Home","item":"https:\/\/www.koupeltech.com\/"},{"@type":"ListItem","position":2,"name":"Products","item":"https:\/\/www.koupeltech.com\/index.php\/products\/"},{"@type":"ListItem","position":3,"name":"Akce Koupelnov\u00e1 sk\u0159\u00ed\u0148ka Q MAX SZZ2 105 &#8211; D05 Oregon \/ \u00dachytka T06 \/ D05 Oregon"}]},{"@type":"WebSite","@id":"https:\/\/www.koupeltech.com\/#website","url":"https:\/\/www.koupeltech.com\/","name":"","description":"","potentialAction":[{"@type":"SearchAction","target":{"@type":"EntryPoint","urlTemplate":"https:\/\/www.koupeltech.com\/?s={search_term_string}"},"query-input":{"@type":"PropertyValueSpecification","valueRequired":true,"valueName":"search_term_string"}}],"inLanguage":"cs"}]}},"_links":{"self":[{"href":"https:\/\/www.koupeltech.com\/index.php\/wp-json\/wp\/v2\/product\/16895","targetHints":{"allow":["GET"]}}],"collection":[{"href":"https:\/\/www.koupeltech.com\/index.php\/wp-json\/wp\/v2\/product"}],"about":[{"href":"https:\/\/www.koupeltech.com\/index.php\/wp-json\/wp\/v2\/types\/product"}],"replies":[{"embeddable":true,"href":"https:\/\/www.koupeltech.com\/index.php\/wp-json\/wp\/v2\/comments?post=16895"}],"wp:featuredmedia":[{"embeddable":true,"href":"https:\/\/www.koupeltech.com\/index.php\/wp-json\/wp\/v2\/media\/16995"}],"wp:attachment":[{"href":"https:\/\/www.koupeltech.com\/index.php\/wp-json\/wp\/v2\/media?parent=16895"}],"wp:term":[{"taxonomy":"product_brand","embeddable":true,"href":"https:\/\/www.koupeltech.com\/index.php\/wp-json\/wp\/v2\/product_brand?post=16895"},{"taxonomy":"product_cat","embeddable":true,"href":"https:\/\/www.koupeltech.com\/index.php\/wp-json\/wp\/v2\/product_cat?post=16895"},{"taxonomy":"product_tag","embeddable":true,"href":"https:\/\/www.koupeltech.com\/index.php\/wp-json\/wp\/v2\/product_tag?post=16895"}],"curies":[{"name":"wp","href":"https:\/\/api.w.org\/{rel}","templated":true}]}}