{"id":19296,"date":"2026-04-27T13:58:43","date_gmt":"2026-04-27T13:58:43","guid":{"rendered":""},"modified":"2026-04-27T13:58:43","modified_gmt":"2026-04-27T13:58:43","slug":"nova-kolekce-bgs-lepidlo-vterinove-stredne-viskozni-lahvicka-se-stojankem-25-g-19296","status":"publish","type":"product","link":"https:\/\/www.koupeltech.com\/index.php\/produkt\/nova-kolekce-bgs-lepidlo-vterinove-stredne-viskozni-lahvicka-se-stojankem-25-g-19296\/","title":{"rendered":"Nov\u00e1 Kolekce BGS Lepidlo vte\u0159inov\u00e9 , st\u0159edn\u011b visk\u00f3zn\u00ed, lahvi\u010dka se stoj\u00e1nkem 25 g"},"content":{"rendered":"<div id=\"e3281654\" class=\"pages\">\n<div>\n<div id=\"PDDescription\" class=\"UserContentView userContent v1a v1 bs-view dcon dc164 PDDescription\" ><dc-con><dc-con><bs-empty><\/bs-empty><\/dc-con><dc-con>        <\/p>\n<div class=\"customDescription\">                    <\/div>\n<p><\/dc-con><dc-con><\/p>\n<ul>\n<li>kyanoakryl\u00e1tov\u00e9 lepidlo nejnov\u011bj\u0161\u00ed generace<\/li>\n<li>pro lepen\u00ed \u0161irok\u00e9 \u0161k\u00e1ly spoj\u016f materi\u00e1l\u016f<br \/>(kov, pry\u017e, d\u0159evo, lepenka, keramika a v\u011bt\u0161ina plast\u016f) k sob\u011b navz\u00e1jem i k sob\u011b<\/a> li>\n<li>i p\u0159es zbytkovou pru\u017enost je u v\u011bt\u0161iny materi\u00e1l\u016f dosa\u017eeno velmi vysok\u00e9 pevnosti<\/li>\n<li>z\u016fst\u00e1v\u00e1 flexibiln\u00ed s rychl\u00fdm ru\u010dn\u00edm uta\u017een\u00edm<\/li>\n<li>bez po\u0161kozen\u00ed elektronick\u00fdch sou\u010d\u00e1stek<\/li>\n<p><\/ ul><\/p>\n<ul>\n<li>inovativn\u00ed d\u00e1vkov\u00e1n\u00ed:\n<ul>\n<li>\u017e\u00e1dn\u00fd chod<\/li>\n<li>\u0161oup\u00e1tko ventilu<\/li>\n<li>\u017e\u00e1dn\u00e9 ucp\u00e1v\u00e1n\u00ed pr\u016fchodek<\/li>\n<li>snadn\u00e1 aplikace lepidlo<\/li>\n<li>p\u0159esn\u00e9 d\u00e1vkov\u00e1n\u00ed<\/li>\n<\/ul>\n<\/li>\n<\/ul>\n<ul>\n<li>z\u00e1klad: methoxyethylkyanoakryl\u00e1t<\/li>\n<li>barva: transparentn\u00ed, \u010dir\u00e1< \/li>\n<li>viskozita 25\u00b0C (Brookfield): cca 120 &#8211; 250 mPa.s<\/li>\n<li>hustota: cca. 1,12 g \/ cm3<\/li>\n<li>kapacita pln\u011bn\u00ed mezery: < 0,1 mm<\/li>\n<li>teplotn\u00ed odolnost: od -50 do + 80 \u00b0C<\/li>\n<li>t\u011bsnost v ruce: cca. 10\u2013120 sekund<\/li>\n<li>kone\u010dn\u00e1 s\u00edla: 24 hodin<\/li>\n<\/ul>\n<p><\/dc-con><\/dc-con><\/div>\n<div id=\"PDDescription2\" class=\"UserContentView userContent v1a v1 bs-view dcon dc165 PDDescription2\" >V\u00dd\u0160KA BALEN\u00cd<\/div>\n<\/p><\/div>\n<div id=\"PDTable3\" class=\"ProductDetailTableView v3a v3 bs-view dcon dc185 PDTable3\" >\n<table>\n<thead><\/thead>\n<tbody>\n<tr class=\"attribute attr_bsshop_maker\">\n<td class=\"caption\">V\u00fdrobce<\/td>\n<td class=\"value\">BGS Technic<\/td>\n<\/tr>\n<\/tbody>\n<\/table>\n<\/div>\n<div id=\"PdProductGpsr\" class=\"ProductGpsrView v1a v1 bs-view dcon dc217 PdProductGpsr\" >\n<div class=\"subject\"><dc-root class=\"dcon dc219\"><span class=\"title\">Zodpov\u011bdn&#253; subjekt:<\/span><dc-con><dc-con><span class=\"company\">BGS technik KG<\/span><span class=\"name\">BGS Technic<\/span><\/dc-con><dc-con><span class=\"street\">Bandwirkerstr. 3<\/span><span class=\"city\">Wermelskirchen<\/span><span class=\"zip\">429 29<\/span><span class=\"country\">N\u011bmecko<\/span><\/dc-con><span class=\"email\">mail@bgs-technic.de<\/span><span class=\"phone\">+49 2196-720480<\/span><bs-empty><\/bs-empty><a href=\"https:\/\/www.bgstechnic.com\/\" class=\"link\" target=\"_blank\">https:\/\/www.bgstechnic.com\/<\/a><\/dc-con><bs-empty><\/bs-empty><\/dc-root><\/div>\n<p><bs-empty><\/bs-empty><\/div>\n<\/div>\n<div id=\"e3281655\" class=\"tabs\">\n","protected":false},"excerpt":{"rendered":"<p>kyanoakryl\u00e1tov\u00e9 lepidlo nejnov\u011bj\u0161\u00ed generace pro lepen\u00ed \u0161irok\u00e9 \u0161k\u00e1ly spoj\u016f materi\u00e1l\u016f(kov, pry\u017e, d\u0159evo, lepenka, keramika a v\u011bt\u0161ina plast\u016f) k sob\u011b navz\u00e1jem i k sob\u011b li> i p\u0159es zbytkovou pru\u017enost je u v\u011bt\u0161iny materi\u00e1l\u016f dosa\u017eeno velmi vysok\u00e9 pevnosti z\u016fst\u00e1v\u00e1 flexibiln\u00ed s rychl\u00fdm ru\u010dn\u00edm uta\u017een\u00edm bez po\u0161kozen\u00ed elektronick\u00fdch sou\u010d\u00e1stek inovativn\u00ed d\u00e1vkov\u00e1n\u00ed: \u017e\u00e1dn\u00fd chod \u0161oup\u00e1tko ventilu \u017e\u00e1dn\u00e9 ucp\u00e1v\u00e1n\u00ed pr\u016fchodek [&hellip;]<\/p>\n","protected":false},"featured_media":19396,"comment_status":"open","ping_status":"open","template":"","meta":[],"product_brand":[],"product_cat":[86],"product_tag":[],"class_list":{"0":"post-19296","1":"product","2":"type-product","3":"status-publish","4":"has-post-thumbnail","6":"product_cat-upevnovac-237-technika","8":"first","9":"instock","10":"sale","11":"shipping-taxable","12":"purchasable","13":"product-type-simple"},"yoast_head":"<!-- This site is optimized with the Yoast SEO plugin v26.8 - https:\/\/yoast.com\/product\/yoast-seo-wordpress\/ -->\n<title>Nov\u00e1 Kolekce BGS Lepidlo vte\u0159inov\u00e9 , st\u0159edn\u011b visk\u00f3zn\u00ed, lahvi\u010dka se stoj\u00e1nkem 25 g -<\/title>\n<meta name=\"robots\" content=\"index, follow, max-snippet:-1, max-image-preview:large, max-video-preview:-1\" \/>\n<link rel=\"canonical\" href=\"https:\/\/www.koupeltech.com\/index.php\/produkt\/nova-kolekce-bgs-lepidlo-vterinove-stredne-viskozni-lahvicka-se-stojankem-25-g-19296\/\" \/>\n<meta property=\"og:locale\" content=\"cs_CZ\" \/>\n<meta property=\"og:type\" content=\"article\" \/>\n<meta property=\"og:title\" content=\"Nov\u00e1 Kolekce BGS Lepidlo vte\u0159inov\u00e9 , st\u0159edn\u011b visk\u00f3zn\u00ed, lahvi\u010dka se stoj\u00e1nkem 25 g -\" \/>\n<meta property=\"og:description\" content=\"kyanoakryl\u00e1tov\u00e9 lepidlo nejnov\u011bj\u0161\u00ed generace pro lepen\u00ed \u0161irok\u00e9 \u0161k\u00e1ly spoj\u016f materi\u00e1l\u016f(kov, pry\u017e, d\u0159evo, lepenka, keramika a v\u011bt\u0161ina plast\u016f) k sob\u011b navz\u00e1jem i k sob\u011b li&gt; i p\u0159es zbytkovou pru\u017enost je u v\u011bt\u0161iny materi\u00e1l\u016f dosa\u017eeno velmi vysok\u00e9 pevnosti z\u016fst\u00e1v\u00e1 flexibiln\u00ed s rychl\u00fdm ru\u010dn\u00edm uta\u017een\u00edm bez po\u0161kozen\u00ed elektronick\u00fdch sou\u010d\u00e1stek inovativn\u00ed d\u00e1vkov\u00e1n\u00ed: \u017e\u00e1dn\u00fd chod \u0161oup\u00e1tko ventilu \u017e\u00e1dn\u00e9 ucp\u00e1v\u00e1n\u00ed pr\u016fchodek [&hellip;]\" \/>\n<meta property=\"og:url\" content=\"https:\/\/www.koupeltech.com\/index.php\/produkt\/nova-kolekce-bgs-lepidlo-vterinove-stredne-viskozni-lahvicka-se-stojankem-25-g-19296\/\" \/>\n<meta property=\"og:image\" content=\"https:\/\/www.koupeltech.com\/wp-content\/uploads\/2026\/SK0018702-CZ20260425-093449-0-1777080896-bgs-lepidlo-vterinove-stredne-viskozni-lahvicka-se-stojanke.webp\" \/>\n\t<meta property=\"og:image:width\" content=\"1000\" \/>\n\t<meta property=\"og:image:height\" content=\"525\" \/>\n\t<meta property=\"og:image:type\" content=\"image\/webp\" \/>\n<meta name=\"twitter:card\" content=\"summary_large_image\" \/>\n<meta name=\"twitter:label1\" content=\"Odhadovan\u00e1 doba \u010dten\u00ed\" \/>\n\t<meta name=\"twitter:data1\" content=\"1 minuta\" \/>\n<script type=\"application\/ld+json\" class=\"yoast-schema-graph\">{\"@context\":\"https:\/\/schema.org\",\"@graph\":[{\"@type\":\"WebPage\",\"@id\":\"https:\/\/www.koupeltech.com\/index.php\/produkt\/nova-kolekce-bgs-lepidlo-vterinove-stredne-viskozni-lahvicka-se-stojankem-25-g-19296\/\",\"url\":\"https:\/\/www.koupeltech.com\/index.php\/produkt\/nova-kolekce-bgs-lepidlo-vterinove-stredne-viskozni-lahvicka-se-stojankem-25-g-19296\/\",\"name\":\"Nov\u00e1 Kolekce BGS Lepidlo vte\u0159inov\u00e9 , st\u0159edn\u011b visk\u00f3zn\u00ed, lahvi\u010dka se stoj\u00e1nkem 25 g -\",\"isPartOf\":{\"@id\":\"https:\/\/www.koupeltech.com\/#website\"},\"primaryImageOfPage\":{\"@id\":\"https:\/\/www.koupeltech.com\/index.php\/produkt\/nova-kolekce-bgs-lepidlo-vterinove-stredne-viskozni-lahvicka-se-stojankem-25-g-19296\/#primaryimage\"},\"image\":{\"@id\":\"https:\/\/www.koupeltech.com\/index.php\/produkt\/nova-kolekce-bgs-lepidlo-vterinove-stredne-viskozni-lahvicka-se-stojankem-25-g-19296\/#primaryimage\"},\"thumbnailUrl\":\"https:\/\/www.koupeltech.com\/wp-content\/uploads\/2026\/SK0018702-CZ20260425-093449-0-1777080896-bgs-lepidlo-vterinove-stredne-viskozni-lahvicka-se-stojanke.webp\",\"datePublished\":\"2026-04-27T13:58:43+00:00\",\"breadcrumb\":{\"@id\":\"https:\/\/www.koupeltech.com\/index.php\/produkt\/nova-kolekce-bgs-lepidlo-vterinove-stredne-viskozni-lahvicka-se-stojankem-25-g-19296\/#breadcrumb\"},\"inLanguage\":\"cs\",\"potentialAction\":[{\"@type\":\"ReadAction\",\"target\":[\"https:\/\/www.koupeltech.com\/index.php\/produkt\/nova-kolekce-bgs-lepidlo-vterinove-stredne-viskozni-lahvicka-se-stojankem-25-g-19296\/\"]}]},{\"@type\":\"ImageObject\",\"inLanguage\":\"cs\",\"@id\":\"https:\/\/www.koupeltech.com\/index.php\/produkt\/nova-kolekce-bgs-lepidlo-vterinove-stredne-viskozni-lahvicka-se-stojankem-25-g-19296\/#primaryimage\",\"url\":\"https:\/\/www.koupeltech.com\/wp-content\/uploads\/2026\/SK0018702-CZ20260425-093449-0-1777080896-bgs-lepidlo-vterinove-stredne-viskozni-lahvicka-se-stojanke.webp\",\"contentUrl\":\"https:\/\/www.koupeltech.com\/wp-content\/uploads\/2026\/SK0018702-CZ20260425-093449-0-1777080896-bgs-lepidlo-vterinove-stredne-viskozni-lahvicka-se-stojanke.webp\",\"width\":1000,\"height\":525},{\"@type\":\"BreadcrumbList\",\"@id\":\"https:\/\/www.koupeltech.com\/index.php\/produkt\/nova-kolekce-bgs-lepidlo-vterinove-stredne-viskozni-lahvicka-se-stojankem-25-g-19296\/#breadcrumb\",\"itemListElement\":[{\"@type\":\"ListItem\",\"position\":1,\"name\":\"Home\",\"item\":\"https:\/\/www.koupeltech.com\/\"},{\"@type\":\"ListItem\",\"position\":2,\"name\":\"Products\",\"item\":\"https:\/\/www.koupeltech.com\/index.php\/products\/\"},{\"@type\":\"ListItem\",\"position\":3,\"name\":\"Nov\u00e1 Kolekce BGS Lepidlo vte\u0159inov\u00e9 , st\u0159edn\u011b visk\u00f3zn\u00ed, lahvi\u010dka se stoj\u00e1nkem 25 g\"}]},{\"@type\":\"WebSite\",\"@id\":\"https:\/\/www.koupeltech.com\/#website\",\"url\":\"https:\/\/www.koupeltech.com\/\",\"name\":\"\",\"description\":\"\",\"potentialAction\":[{\"@type\":\"SearchAction\",\"target\":{\"@type\":\"EntryPoint\",\"urlTemplate\":\"https:\/\/www.koupeltech.com\/?s={search_term_string}\"},\"query-input\":{\"@type\":\"PropertyValueSpecification\",\"valueRequired\":true,\"valueName\":\"search_term_string\"}}],\"inLanguage\":\"cs\"}]}<\/script>\n<!-- \/ Yoast SEO plugin. -->","yoast_head_json":{"title":"Nov\u00e1 Kolekce BGS Lepidlo vte\u0159inov\u00e9 , st\u0159edn\u011b visk\u00f3zn\u00ed, lahvi\u010dka se stoj\u00e1nkem 25 g -","robots":{"index":"index","follow":"follow","max-snippet":"max-snippet:-1","max-image-preview":"max-image-preview:large","max-video-preview":"max-video-preview:-1"},"canonical":"https:\/\/www.koupeltech.com\/index.php\/produkt\/nova-kolekce-bgs-lepidlo-vterinove-stredne-viskozni-lahvicka-se-stojankem-25-g-19296\/","og_locale":"cs_CZ","og_type":"article","og_title":"Nov\u00e1 Kolekce BGS Lepidlo vte\u0159inov\u00e9 , st\u0159edn\u011b visk\u00f3zn\u00ed, lahvi\u010dka se stoj\u00e1nkem 25 g -","og_description":"kyanoakryl\u00e1tov\u00e9 lepidlo nejnov\u011bj\u0161\u00ed generace pro lepen\u00ed \u0161irok\u00e9 \u0161k\u00e1ly spoj\u016f materi\u00e1l\u016f(kov, pry\u017e, d\u0159evo, lepenka, keramika a v\u011bt\u0161ina plast\u016f) k sob\u011b navz\u00e1jem i k sob\u011b li> i p\u0159es zbytkovou pru\u017enost je u v\u011bt\u0161iny materi\u00e1l\u016f dosa\u017eeno velmi vysok\u00e9 pevnosti z\u016fst\u00e1v\u00e1 flexibiln\u00ed s rychl\u00fdm ru\u010dn\u00edm uta\u017een\u00edm bez po\u0161kozen\u00ed elektronick\u00fdch sou\u010d\u00e1stek inovativn\u00ed d\u00e1vkov\u00e1n\u00ed: \u017e\u00e1dn\u00fd chod \u0161oup\u00e1tko ventilu \u017e\u00e1dn\u00e9 ucp\u00e1v\u00e1n\u00ed pr\u016fchodek [&hellip;]","og_url":"https:\/\/www.koupeltech.com\/index.php\/produkt\/nova-kolekce-bgs-lepidlo-vterinove-stredne-viskozni-lahvicka-se-stojankem-25-g-19296\/","og_image":[{"width":1000,"height":525,"url":"https:\/\/www.koupeltech.com\/wp-content\/uploads\/2026\/SK0018702-CZ20260425-093449-0-1777080896-bgs-lepidlo-vterinove-stredne-viskozni-lahvicka-se-stojanke.webp","type":"image\/webp"}],"twitter_card":"summary_large_image","twitter_misc":{"Odhadovan\u00e1 doba \u010dten\u00ed":"1 minuta"},"schema":{"@context":"https:\/\/schema.org","@graph":[{"@type":"WebPage","@id":"https:\/\/www.koupeltech.com\/index.php\/produkt\/nova-kolekce-bgs-lepidlo-vterinove-stredne-viskozni-lahvicka-se-stojankem-25-g-19296\/","url":"https:\/\/www.koupeltech.com\/index.php\/produkt\/nova-kolekce-bgs-lepidlo-vterinove-stredne-viskozni-lahvicka-se-stojankem-25-g-19296\/","name":"Nov\u00e1 Kolekce BGS Lepidlo vte\u0159inov\u00e9 , st\u0159edn\u011b visk\u00f3zn\u00ed, lahvi\u010dka se stoj\u00e1nkem 25 g -","isPartOf":{"@id":"https:\/\/www.koupeltech.com\/#website"},"primaryImageOfPage":{"@id":"https:\/\/www.koupeltech.com\/index.php\/produkt\/nova-kolekce-bgs-lepidlo-vterinove-stredne-viskozni-lahvicka-se-stojankem-25-g-19296\/#primaryimage"},"image":{"@id":"https:\/\/www.koupeltech.com\/index.php\/produkt\/nova-kolekce-bgs-lepidlo-vterinove-stredne-viskozni-lahvicka-se-stojankem-25-g-19296\/#primaryimage"},"thumbnailUrl":"https:\/\/www.koupeltech.com\/wp-content\/uploads\/2026\/SK0018702-CZ20260425-093449-0-1777080896-bgs-lepidlo-vterinove-stredne-viskozni-lahvicka-se-stojanke.webp","datePublished":"2026-04-27T13:58:43+00:00","breadcrumb":{"@id":"https:\/\/www.koupeltech.com\/index.php\/produkt\/nova-kolekce-bgs-lepidlo-vterinove-stredne-viskozni-lahvicka-se-stojankem-25-g-19296\/#breadcrumb"},"inLanguage":"cs","potentialAction":[{"@type":"ReadAction","target":["https:\/\/www.koupeltech.com\/index.php\/produkt\/nova-kolekce-bgs-lepidlo-vterinove-stredne-viskozni-lahvicka-se-stojankem-25-g-19296\/"]}]},{"@type":"ImageObject","inLanguage":"cs","@id":"https:\/\/www.koupeltech.com\/index.php\/produkt\/nova-kolekce-bgs-lepidlo-vterinove-stredne-viskozni-lahvicka-se-stojankem-25-g-19296\/#primaryimage","url":"https:\/\/www.koupeltech.com\/wp-content\/uploads\/2026\/SK0018702-CZ20260425-093449-0-1777080896-bgs-lepidlo-vterinove-stredne-viskozni-lahvicka-se-stojanke.webp","contentUrl":"https:\/\/www.koupeltech.com\/wp-content\/uploads\/2026\/SK0018702-CZ20260425-093449-0-1777080896-bgs-lepidlo-vterinove-stredne-viskozni-lahvicka-se-stojanke.webp","width":1000,"height":525},{"@type":"BreadcrumbList","@id":"https:\/\/www.koupeltech.com\/index.php\/produkt\/nova-kolekce-bgs-lepidlo-vterinove-stredne-viskozni-lahvicka-se-stojankem-25-g-19296\/#breadcrumb","itemListElement":[{"@type":"ListItem","position":1,"name":"Home","item":"https:\/\/www.koupeltech.com\/"},{"@type":"ListItem","position":2,"name":"Products","item":"https:\/\/www.koupeltech.com\/index.php\/products\/"},{"@type":"ListItem","position":3,"name":"Nov\u00e1 Kolekce BGS Lepidlo vte\u0159inov\u00e9 , st\u0159edn\u011b visk\u00f3zn\u00ed, lahvi\u010dka se stoj\u00e1nkem 25 g"}]},{"@type":"WebSite","@id":"https:\/\/www.koupeltech.com\/#website","url":"https:\/\/www.koupeltech.com\/","name":"","description":"","potentialAction":[{"@type":"SearchAction","target":{"@type":"EntryPoint","urlTemplate":"https:\/\/www.koupeltech.com\/?s={search_term_string}"},"query-input":{"@type":"PropertyValueSpecification","valueRequired":true,"valueName":"search_term_string"}}],"inLanguage":"cs"}]}},"_links":{"self":[{"href":"https:\/\/www.koupeltech.com\/index.php\/wp-json\/wp\/v2\/product\/19296","targetHints":{"allow":["GET"]}}],"collection":[{"href":"https:\/\/www.koupeltech.com\/index.php\/wp-json\/wp\/v2\/product"}],"about":[{"href":"https:\/\/www.koupeltech.com\/index.php\/wp-json\/wp\/v2\/types\/product"}],"replies":[{"embeddable":true,"href":"https:\/\/www.koupeltech.com\/index.php\/wp-json\/wp\/v2\/comments?post=19296"}],"wp:featuredmedia":[{"embeddable":true,"href":"https:\/\/www.koupeltech.com\/index.php\/wp-json\/wp\/v2\/media\/19396"}],"wp:attachment":[{"href":"https:\/\/www.koupeltech.com\/index.php\/wp-json\/wp\/v2\/media?parent=19296"}],"wp:term":[{"taxonomy":"product_brand","embeddable":true,"href":"https:\/\/www.koupeltech.com\/index.php\/wp-json\/wp\/v2\/product_brand?post=19296"},{"taxonomy":"product_cat","embeddable":true,"href":"https:\/\/www.koupeltech.com\/index.php\/wp-json\/wp\/v2\/product_cat?post=19296"},{"taxonomy":"product_tag","embeddable":true,"href":"https:\/\/www.koupeltech.com\/index.php\/wp-json\/wp\/v2\/product_tag?post=19296"}],"curies":[{"name":"wp","href":"https:\/\/api.w.org\/{rel}","templated":true}]}}