{"id":21105,"date":"2026-04-27T13:59:01","date_gmt":"2026-04-27T13:59:01","guid":{"rendered":""},"modified":"2026-04-27T13:59:01","modified_gmt":"2026-04-27T13:59:01","slug":"isan-ori-open-1490-490-otopne-teleso-662-w-stredove-pripojeni-doro14900490-akcni-cena-21105","status":"publish","type":"product","link":"https:\/\/www.koupeltech.com\/index.php\/produkt\/isan-ori-open-1490-490-otopne-teleso-662-w-stredove-pripojeni-doro14900490-akcni-cena-21105\/","title":{"rendered":"ISAN ORI OPEN 1490\/490 otopn\u00e9 t\u011bleso 662 W, st\u0159edov\u00e9 p\u0159ipojen\u00ed, DORO14900490 Ak\u010dn\u00ed Cena"},"content":{"rendered":"<div class=\"basic-description\">\n<h3>Detailn\u00ed popis produktu<\/h3>\n<h1>Ori Open<\/h1>\n<div class=\"product-class\">&nbsp;<\/div>\n<div class=\"product-perex\">\n<p>Elegantnost, modern\u00ed vzhled a extra tenk\u00e9 proveden\u00ed jsou hlavn\u00ed p\u0159ednosti radi\u00e1toru Ori. Pr\u00e1v\u011b tenk\u00e1 konstrukce vyu\u017e\u00edv\u00e1 minim\u00e1ln\u00ed mno\u017estv\u00ed vody, a&nbsp;tak \u0161et\u0159\u00ed spot\u0159ebu tepeln\u00e9 energie p\u0159i oh\u0159evu teplonosn\u00e9ho m\u00e9dia. Jednoduch\u00fd design t\u011bles, snadn\u00e1 manipulace a rychl\u00e1 mont\u00e1\u017e. Jako dopln\u011bk k&nbsp;na\u0161emu modelu m\u016f\u017eeme nab\u00eddnout nerezov\u00e1 madla. T\u011bleso je mo\u017en\u00e9 lakovat pouze strukturovan\u00fdmi barvami ze vzorn\u00edku ISAN.<\/p>\n<p>T\u011bleso je vhodn\u00e9 pro zapojen\u00ed do n\u00edzkoteplotn\u00edho syst\u00e9mu pouze s SB p\u0159ipojen\u00edm!<\/p>\n<p>&nbsp;<\/p>\n<p>&nbsp; &nbsp;<\/p>\n<p>&nbsp;<\/p>\n<p>&nbsp; &nbsp; &nbsp;&nbsp; &nbsp;<\/p>\n<p style=\"text-align: center;\"><span style=\"font-size: 18pt;\"><strong>V\u00fdb\u011br barevn\u00fdch proveden\u00ed&nbsp;<\/strong><\/span><\/p>\n<p>&nbsp;&nbsp; &nbsp;&nbsp;&nbsp; &nbsp;&nbsp; &nbsp;&nbsp;&nbsp; &nbsp;&nbsp;&nbsp;<\/p>\n<\/p>\n<p>&nbsp;<\/p>\n<\/p>\n<p>&nbsp;<\/p>\n<p>&nbsp;<\/p>\n<p>&nbsp;<\/p>\n<\/p>\n<p style=\"text-align: center;\">&nbsp;<\/p>\n<p><strong><\/strong><\/div>\n<div class=\"plus-gallery-wrap\">&nbsp;<\/div>\n<p>&nbsp;<\/p>\n<p><strong>Upozorn\u011bn\u00ed pro z\u00e1kazn\u00edky ke koupi produkt\u016f na objedn\u00e1n\u00ed:<\/strong> Toto zbo\u017e\u00ed nen\u00ed standardn\u00edm s\u00e9riov\u00fdm v\u00fdrobkem. Bude vyrobeno na p\u0159\u00e1n\u00ed z\u00e1kazn\u00edka a proto jej <strong>nelze dodavateli v z\u00e1konn\u00e9 lh\u016ft\u011b vr\u00e1tit<\/strong>. (viz \u00a71837 odst.d, ob\u010dansk\u00e9ho z\u00e1kon\u00edku). V tomto p\u0159\u00edpad\u011b m\u016f\u017eeme po\u017eadovat nevratnou z\u00e1lohu a\u017e do v\u00fd\u0161e 100% z ceny v\u00fdrobku.<\/p>\n<div class=\"plus-gallery-wrap\">&nbsp;<\/div>\n<h1 style=\"text-align: center;\"><span style=\"font-size: 18pt;\"><strong><span style=\"color: #ff0000;\"><\/span><\/strong><\/span><\/h1>\n<\/p><\/div>\n","protected":false},"excerpt":{"rendered":"<p>Detailn\u00ed popis produktu Ori Open &nbsp; Elegantnost, modern\u00ed vzhled a extra tenk\u00e9 proveden\u00ed jsou hlavn\u00ed p\u0159ednosti radi\u00e1toru Ori. Pr\u00e1v\u011b tenk\u00e1 konstrukce vyu\u017e\u00edv\u00e1 minim\u00e1ln\u00ed mno\u017estv\u00ed vody, a&nbsp;tak \u0161et\u0159\u00ed spot\u0159ebu tepeln\u00e9 energie p\u0159i oh\u0159evu teplonosn\u00e9ho m\u00e9dia. Jednoduch\u00fd design t\u011bles, snadn\u00e1 manipulace a rychl\u00e1 mont\u00e1\u017e. Jako dopln\u011bk k&nbsp;na\u0161emu modelu m\u016f\u017eeme nab\u00eddnout nerezov\u00e1 madla. T\u011bleso je mo\u017en\u00e9 lakovat pouze [&hellip;]<\/p>\n","protected":false},"featured_media":21205,"comment_status":"open","ping_status":"open","template":"","meta":[],"product_brand":[],"product_cat":[87],"product_tag":[],"class_list":{"0":"post-21105","1":"product","2":"type-product","3":"status-publish","4":"has-post-thumbnail","6":"product_cat-vytapeni","8":"first","9":"instock","10":"sale","11":"shipping-taxable","12":"purchasable","13":"product-type-simple"},"yoast_head":"<!-- This site is optimized with the Yoast SEO plugin v26.8 - https:\/\/yoast.com\/product\/yoast-seo-wordpress\/ -->\n<title>ISAN ORI OPEN 1490\/490 otopn\u00e9 t\u011bleso 662 W, st\u0159edov\u00e9 p\u0159ipojen\u00ed, DORO14900490 Ak\u010dn\u00ed Cena -<\/title>\n<meta name=\"robots\" content=\"index, follow, max-snippet:-1, max-image-preview:large, max-video-preview:-1\" \/>\n<link rel=\"canonical\" href=\"https:\/\/www.koupeltech.com\/index.php\/produkt\/isan-ori-open-1490-490-otopne-teleso-662-w-stredove-pripojeni-doro14900490-akcni-cena-21105\/\" \/>\n<meta property=\"og:locale\" content=\"cs_CZ\" \/>\n<meta property=\"og:type\" content=\"article\" \/>\n<meta property=\"og:title\" content=\"ISAN ORI OPEN 1490\/490 otopn\u00e9 t\u011bleso 662 W, st\u0159edov\u00e9 p\u0159ipojen\u00ed, DORO14900490 Ak\u010dn\u00ed Cena -\" \/>\n<meta property=\"og:description\" content=\"Detailn\u00ed popis produktu Ori Open &nbsp; Elegantnost, modern\u00ed vzhled a extra tenk\u00e9 proveden\u00ed jsou hlavn\u00ed p\u0159ednosti radi\u00e1toru Ori. Pr\u00e1v\u011b tenk\u00e1 konstrukce vyu\u017e\u00edv\u00e1 minim\u00e1ln\u00ed mno\u017estv\u00ed vody, a&nbsp;tak \u0161et\u0159\u00ed spot\u0159ebu tepeln\u00e9 energie p\u0159i oh\u0159evu teplonosn\u00e9ho m\u00e9dia. Jednoduch\u00fd design t\u011bles, snadn\u00e1 manipulace a rychl\u00e1 mont\u00e1\u017e. Jako dopln\u011bk k&nbsp;na\u0161emu modelu m\u016f\u017eeme nab\u00eddnout nerezov\u00e1 madla. T\u011bleso je mo\u017en\u00e9 lakovat pouze [&hellip;]\" \/>\n<meta property=\"og:url\" content=\"https:\/\/www.koupeltech.com\/index.php\/produkt\/isan-ori-open-1490-490-otopne-teleso-662-w-stredove-pripojeni-doro14900490-akcni-cena-21105\/\" \/>\n<meta property=\"og:image\" content=\"https:\/\/www.koupeltech.com\/wp-content\/uploads\/2026\/SK0020021-CZ20260425-093631-0-1777080994-331331-4_ori-open-1.webp\" \/>\n\t<meta property=\"og:image:width\" content=\"1000\" \/>\n\t<meta property=\"og:image:height\" content=\"750\" \/>\n\t<meta property=\"og:image:type\" content=\"image\/webp\" \/>\n<meta name=\"twitter:card\" content=\"summary_large_image\" \/>\n<meta name=\"twitter:label1\" content=\"Odhadovan\u00e1 doba \u010dten\u00ed\" \/>\n\t<meta name=\"twitter:data1\" content=\"1 minuta\" \/>\n<script type=\"application\/ld+json\" class=\"yoast-schema-graph\">{\"@context\":\"https:\/\/schema.org\",\"@graph\":[{\"@type\":\"WebPage\",\"@id\":\"https:\/\/www.koupeltech.com\/index.php\/produkt\/isan-ori-open-1490-490-otopne-teleso-662-w-stredove-pripojeni-doro14900490-akcni-cena-21105\/\",\"url\":\"https:\/\/www.koupeltech.com\/index.php\/produkt\/isan-ori-open-1490-490-otopne-teleso-662-w-stredove-pripojeni-doro14900490-akcni-cena-21105\/\",\"name\":\"ISAN ORI OPEN 1490\/490 otopn\u00e9 t\u011bleso 662 W, st\u0159edov\u00e9 p\u0159ipojen\u00ed, DORO14900490 Ak\u010dn\u00ed Cena -\",\"isPartOf\":{\"@id\":\"https:\/\/www.koupeltech.com\/#website\"},\"primaryImageOfPage\":{\"@id\":\"https:\/\/www.koupeltech.com\/index.php\/produkt\/isan-ori-open-1490-490-otopne-teleso-662-w-stredove-pripojeni-doro14900490-akcni-cena-21105\/#primaryimage\"},\"image\":{\"@id\":\"https:\/\/www.koupeltech.com\/index.php\/produkt\/isan-ori-open-1490-490-otopne-teleso-662-w-stredove-pripojeni-doro14900490-akcni-cena-21105\/#primaryimage\"},\"thumbnailUrl\":\"https:\/\/www.koupeltech.com\/wp-content\/uploads\/2026\/SK0020021-CZ20260425-093631-0-1777080994-331331-4_ori-open-1.webp\",\"datePublished\":\"2026-04-27T13:59:01+00:00\",\"breadcrumb\":{\"@id\":\"https:\/\/www.koupeltech.com\/index.php\/produkt\/isan-ori-open-1490-490-otopne-teleso-662-w-stredove-pripojeni-doro14900490-akcni-cena-21105\/#breadcrumb\"},\"inLanguage\":\"cs\",\"potentialAction\":[{\"@type\":\"ReadAction\",\"target\":[\"https:\/\/www.koupeltech.com\/index.php\/produkt\/isan-ori-open-1490-490-otopne-teleso-662-w-stredove-pripojeni-doro14900490-akcni-cena-21105\/\"]}]},{\"@type\":\"ImageObject\",\"inLanguage\":\"cs\",\"@id\":\"https:\/\/www.koupeltech.com\/index.php\/produkt\/isan-ori-open-1490-490-otopne-teleso-662-w-stredove-pripojeni-doro14900490-akcni-cena-21105\/#primaryimage\",\"url\":\"https:\/\/www.koupeltech.com\/wp-content\/uploads\/2026\/SK0020021-CZ20260425-093631-0-1777080994-331331-4_ori-open-1.webp\",\"contentUrl\":\"https:\/\/www.koupeltech.com\/wp-content\/uploads\/2026\/SK0020021-CZ20260425-093631-0-1777080994-331331-4_ori-open-1.webp\",\"width\":1000,\"height\":750},{\"@type\":\"BreadcrumbList\",\"@id\":\"https:\/\/www.koupeltech.com\/index.php\/produkt\/isan-ori-open-1490-490-otopne-teleso-662-w-stredove-pripojeni-doro14900490-akcni-cena-21105\/#breadcrumb\",\"itemListElement\":[{\"@type\":\"ListItem\",\"position\":1,\"name\":\"Home\",\"item\":\"https:\/\/www.koupeltech.com\/\"},{\"@type\":\"ListItem\",\"position\":2,\"name\":\"Products\",\"item\":\"https:\/\/www.koupeltech.com\/index.php\/products\/\"},{\"@type\":\"ListItem\",\"position\":3,\"name\":\"ISAN ORI OPEN 1490\/490 otopn\u00e9 t\u011bleso 662 W, st\u0159edov\u00e9 p\u0159ipojen\u00ed, DORO14900490 Ak\u010dn\u00ed Cena\"}]},{\"@type\":\"WebSite\",\"@id\":\"https:\/\/www.koupeltech.com\/#website\",\"url\":\"https:\/\/www.koupeltech.com\/\",\"name\":\"\",\"description\":\"\",\"potentialAction\":[{\"@type\":\"SearchAction\",\"target\":{\"@type\":\"EntryPoint\",\"urlTemplate\":\"https:\/\/www.koupeltech.com\/?s={search_term_string}\"},\"query-input\":{\"@type\":\"PropertyValueSpecification\",\"valueRequired\":true,\"valueName\":\"search_term_string\"}}],\"inLanguage\":\"cs\"}]}<\/script>\n<!-- \/ Yoast SEO plugin. -->","yoast_head_json":{"title":"ISAN ORI OPEN 1490\/490 otopn\u00e9 t\u011bleso 662 W, st\u0159edov\u00e9 p\u0159ipojen\u00ed, DORO14900490 Ak\u010dn\u00ed Cena -","robots":{"index":"index","follow":"follow","max-snippet":"max-snippet:-1","max-image-preview":"max-image-preview:large","max-video-preview":"max-video-preview:-1"},"canonical":"https:\/\/www.koupeltech.com\/index.php\/produkt\/isan-ori-open-1490-490-otopne-teleso-662-w-stredove-pripojeni-doro14900490-akcni-cena-21105\/","og_locale":"cs_CZ","og_type":"article","og_title":"ISAN ORI OPEN 1490\/490 otopn\u00e9 t\u011bleso 662 W, st\u0159edov\u00e9 p\u0159ipojen\u00ed, DORO14900490 Ak\u010dn\u00ed Cena -","og_description":"Detailn\u00ed popis produktu Ori Open &nbsp; Elegantnost, modern\u00ed vzhled a extra tenk\u00e9 proveden\u00ed jsou hlavn\u00ed p\u0159ednosti radi\u00e1toru Ori. Pr\u00e1v\u011b tenk\u00e1 konstrukce vyu\u017e\u00edv\u00e1 minim\u00e1ln\u00ed mno\u017estv\u00ed vody, a&nbsp;tak \u0161et\u0159\u00ed spot\u0159ebu tepeln\u00e9 energie p\u0159i oh\u0159evu teplonosn\u00e9ho m\u00e9dia. Jednoduch\u00fd design t\u011bles, snadn\u00e1 manipulace a rychl\u00e1 mont\u00e1\u017e. Jako dopln\u011bk k&nbsp;na\u0161emu modelu m\u016f\u017eeme nab\u00eddnout nerezov\u00e1 madla. T\u011bleso je mo\u017en\u00e9 lakovat pouze [&hellip;]","og_url":"https:\/\/www.koupeltech.com\/index.php\/produkt\/isan-ori-open-1490-490-otopne-teleso-662-w-stredove-pripojeni-doro14900490-akcni-cena-21105\/","og_image":[{"width":1000,"height":750,"url":"https:\/\/www.koupeltech.com\/wp-content\/uploads\/2026\/SK0020021-CZ20260425-093631-0-1777080994-331331-4_ori-open-1.webp","type":"image\/webp"}],"twitter_card":"summary_large_image","twitter_misc":{"Odhadovan\u00e1 doba \u010dten\u00ed":"1 minuta"},"schema":{"@context":"https:\/\/schema.org","@graph":[{"@type":"WebPage","@id":"https:\/\/www.koupeltech.com\/index.php\/produkt\/isan-ori-open-1490-490-otopne-teleso-662-w-stredove-pripojeni-doro14900490-akcni-cena-21105\/","url":"https:\/\/www.koupeltech.com\/index.php\/produkt\/isan-ori-open-1490-490-otopne-teleso-662-w-stredove-pripojeni-doro14900490-akcni-cena-21105\/","name":"ISAN ORI OPEN 1490\/490 otopn\u00e9 t\u011bleso 662 W, st\u0159edov\u00e9 p\u0159ipojen\u00ed, DORO14900490 Ak\u010dn\u00ed Cena -","isPartOf":{"@id":"https:\/\/www.koupeltech.com\/#website"},"primaryImageOfPage":{"@id":"https:\/\/www.koupeltech.com\/index.php\/produkt\/isan-ori-open-1490-490-otopne-teleso-662-w-stredove-pripojeni-doro14900490-akcni-cena-21105\/#primaryimage"},"image":{"@id":"https:\/\/www.koupeltech.com\/index.php\/produkt\/isan-ori-open-1490-490-otopne-teleso-662-w-stredove-pripojeni-doro14900490-akcni-cena-21105\/#primaryimage"},"thumbnailUrl":"https:\/\/www.koupeltech.com\/wp-content\/uploads\/2026\/SK0020021-CZ20260425-093631-0-1777080994-331331-4_ori-open-1.webp","datePublished":"2026-04-27T13:59:01+00:00","breadcrumb":{"@id":"https:\/\/www.koupeltech.com\/index.php\/produkt\/isan-ori-open-1490-490-otopne-teleso-662-w-stredove-pripojeni-doro14900490-akcni-cena-21105\/#breadcrumb"},"inLanguage":"cs","potentialAction":[{"@type":"ReadAction","target":["https:\/\/www.koupeltech.com\/index.php\/produkt\/isan-ori-open-1490-490-otopne-teleso-662-w-stredove-pripojeni-doro14900490-akcni-cena-21105\/"]}]},{"@type":"ImageObject","inLanguage":"cs","@id":"https:\/\/www.koupeltech.com\/index.php\/produkt\/isan-ori-open-1490-490-otopne-teleso-662-w-stredove-pripojeni-doro14900490-akcni-cena-21105\/#primaryimage","url":"https:\/\/www.koupeltech.com\/wp-content\/uploads\/2026\/SK0020021-CZ20260425-093631-0-1777080994-331331-4_ori-open-1.webp","contentUrl":"https:\/\/www.koupeltech.com\/wp-content\/uploads\/2026\/SK0020021-CZ20260425-093631-0-1777080994-331331-4_ori-open-1.webp","width":1000,"height":750},{"@type":"BreadcrumbList","@id":"https:\/\/www.koupeltech.com\/index.php\/produkt\/isan-ori-open-1490-490-otopne-teleso-662-w-stredove-pripojeni-doro14900490-akcni-cena-21105\/#breadcrumb","itemListElement":[{"@type":"ListItem","position":1,"name":"Home","item":"https:\/\/www.koupeltech.com\/"},{"@type":"ListItem","position":2,"name":"Products","item":"https:\/\/www.koupeltech.com\/index.php\/products\/"},{"@type":"ListItem","position":3,"name":"ISAN ORI OPEN 1490\/490 otopn\u00e9 t\u011bleso 662 W, st\u0159edov\u00e9 p\u0159ipojen\u00ed, DORO14900490 Ak\u010dn\u00ed Cena"}]},{"@type":"WebSite","@id":"https:\/\/www.koupeltech.com\/#website","url":"https:\/\/www.koupeltech.com\/","name":"","description":"","potentialAction":[{"@type":"SearchAction","target":{"@type":"EntryPoint","urlTemplate":"https:\/\/www.koupeltech.com\/?s={search_term_string}"},"query-input":{"@type":"PropertyValueSpecification","valueRequired":true,"valueName":"search_term_string"}}],"inLanguage":"cs"}]}},"_links":{"self":[{"href":"https:\/\/www.koupeltech.com\/index.php\/wp-json\/wp\/v2\/product\/21105","targetHints":{"allow":["GET"]}}],"collection":[{"href":"https:\/\/www.koupeltech.com\/index.php\/wp-json\/wp\/v2\/product"}],"about":[{"href":"https:\/\/www.koupeltech.com\/index.php\/wp-json\/wp\/v2\/types\/product"}],"replies":[{"embeddable":true,"href":"https:\/\/www.koupeltech.com\/index.php\/wp-json\/wp\/v2\/comments?post=21105"}],"wp:featuredmedia":[{"embeddable":true,"href":"https:\/\/www.koupeltech.com\/index.php\/wp-json\/wp\/v2\/media\/21205"}],"wp:attachment":[{"href":"https:\/\/www.koupeltech.com\/index.php\/wp-json\/wp\/v2\/media?parent=21105"}],"wp:term":[{"taxonomy":"product_brand","embeddable":true,"href":"https:\/\/www.koupeltech.com\/index.php\/wp-json\/wp\/v2\/product_brand?post=21105"},{"taxonomy":"product_cat","embeddable":true,"href":"https:\/\/www.koupeltech.com\/index.php\/wp-json\/wp\/v2\/product_cat?post=21105"},{"taxonomy":"product_tag","embeddable":true,"href":"https:\/\/www.koupeltech.com\/index.php\/wp-json\/wp\/v2\/product_tag?post=21105"}],"curies":[{"name":"wp","href":"https:\/\/api.w.org\/{rel}","templated":true}]}}