{"id":21115,"date":"2026-04-27T13:59:01","date_gmt":"2026-04-27T13:59:01","guid":{"rendered":""},"modified":"2026-04-27T13:59:01","modified_gmt":"2026-04-27T13:59:01","slug":"akce-sapho-spitza-sprchova-zastena-walk-in-1000mm-matne-sklo-750-102-1-21115","status":"publish","type":"product","link":"https:\/\/www.koupeltech.com\/index.php\/produkt\/akce-sapho-spitza-sprchova-zastena-walk-in-1000mm-matne-sklo-750-102-1-21115\/","title":{"rendered":"Akce Sapho SPITZA sprchov\u00e1 z\u00e1st\u011bna WALK-IN, 1000mm, matn\u00e9 sklo 750.102.1"},"content":{"rendered":"<div class=\"basic-description\">\n<h3>Detailn\u00ed popis produktu<\/h3>\n<p><\/p>\n<p><strong>Celkov\u00e1 charakteristika sprchov\u00fdch z\u00e1st\u011bn s\u00e9rie SPITZA:<\/strong><\/p>\n<ul>\n<li>Walk-In z\u00e1st\u011bny v&nbsp;\u0161\u00ed\u0159k\u00e1ch 800 a\u017e 1200 mm<\/li>\n<li>Bezpe\u010dnostn\u00ed sklo o&nbsp;s\u00edle 8 mm v \u010dir\u00e9m a matn\u00e9m proveden\u00ed<\/li>\n<li>Povrchov\u00e1 \u00faprava skel Nano coating zabra\u0148uje usazov\u00e1n\u00ed vodn\u00edho kamene a usnad\u0148uje \u010di\u0161t\u011bn\u00ed<\/li>\n<li>St\u011bnov\u00e9 profily s&nbsp;toleranc\u00ed 15 mm usnad\u0148uj\u00ed stabiln\u00ed mont\u00e1\u017e z\u00e1st\u011bn, instalace je mo\u017en\u00e1 na dla\u017ebu nebo sprchovou vani\u010dku<\/li>\n<li>St\u011bnov\u00fd profil z le\u0161t\u011bn\u00e9ho hlin\u00edku<\/li>\n<li>Kolm\u00e1 vzp\u011bra v chromov\u00e9m proveden\u00ed o&nbsp;d\u00e9lce 1380 mm sou\u010d\u00e1st\u00ed balen\u00ed<\/li>\n<li>Vzp\u011bru lze zkr\u00e1tit na po\u017eadovan\u00fd rozm\u011br<\/li>\n<li>Variabiln\u00ed proveden\u00ed L\/R<\/li>\n<li>V\u00fd\u0161ka 2000 mm<\/li>\n<\/ul>\n<h2 class=\"props-title\">Vlastnosti<\/h2>\n<table>\n<tr>\n<th>Zna\u010dka<\/th>\n<td>BRUCKNER<\/td>\n<\/tr>\n<tr>\n<th>S\u00e9rie<\/th>\n<td>SPITZA<\/td>\n<\/tr>\n<tr>\n<th>\u0160\u00ed\u0159ka<\/th>\n<td>1000&nbsp;mm<\/td>\n<\/tr>\n<tr>\n<th>V\u00fd\u0161ka<\/th>\n<td>2000&nbsp;mm<\/td>\n<\/tr>\n<tr>\n<th>Barva profilu<\/th>\n<td>Chrom &#8211; Le\u0161t\u011bn\u00fd hlin\u00edk<\/td>\n<\/tr>\n<tr>\n<th>Tvar<\/th>\n<td>Jednost\u011bnn\u00e1 pevn\u00e1<\/td>\n<\/tr>\n<tr>\n<th>Typ v\u00fdpln\u011b<\/th>\n<td>Matn\u00e9 sklo<\/td>\n<\/tr>\n<tr>\n<th>Tlou\u0161\u0165ka skla<\/th>\n<td>8&nbsp;mm<\/td>\n<\/tr>\n<tr>\n<th>Balen\u00ed obsahuje<\/th>\n<td>Vzp\u011bra<\/td>\n<\/tr>\n<tr>\n<th>Hmotnost \/ ks<\/th>\n<td>43.0000&nbsp;kg<\/td>\n<\/tr>\n<tr>\n<th>Balen\u00ed<\/th>\n<td>1&nbsp;ks<\/td>\n<\/tr>\n<tr>\n<th>EAN<\/th>\n<td>8590913117145<\/td>\n<\/tr>\n<tr>\n<th>Taric<\/th>\n<td>70200080<\/td>\n<\/tr>\n<tr>\n<th>Z\u00e1ruka<\/th>\n<td>2 roky<\/td>\n<\/tr>\n<\/table><\/div>\n","protected":false},"excerpt":{"rendered":"<p>Detailn\u00ed popis produktu Celkov\u00e1 charakteristika sprchov\u00fdch z\u00e1st\u011bn s\u00e9rie SPITZA: Walk-In z\u00e1st\u011bny v&nbsp;\u0161\u00ed\u0159k\u00e1ch 800 a\u017e 1200 mm Bezpe\u010dnostn\u00ed sklo o&nbsp;s\u00edle 8 mm v \u010dir\u00e9m a matn\u00e9m proveden\u00ed Povrchov\u00e1 \u00faprava skel Nano coating zabra\u0148uje usazov\u00e1n\u00ed vodn\u00edho kamene a usnad\u0148uje \u010di\u0161t\u011bn\u00ed St\u011bnov\u00e9 profily s&nbsp;toleranc\u00ed 15 mm usnad\u0148uj\u00ed stabiln\u00ed mont\u00e1\u017e z\u00e1st\u011bn, instalace je mo\u017en\u00e1 na dla\u017ebu nebo sprchovou vani\u010dku [&hellip;]<\/p>\n","protected":false},"featured_media":21215,"comment_status":"open","ping_status":"open","template":"","meta":[],"product_brand":[],"product_cat":[57],"product_tag":[],"class_list":{"0":"post-21115","1":"product","2":"type-product","3":"status-publish","4":"has-post-thumbnail","6":"product_cat-sprchove-kouty","8":"first","9":"instock","10":"sale","11":"shipping-taxable","12":"purchasable","13":"product-type-simple"},"yoast_head":"<!-- This site is optimized with the Yoast SEO plugin v26.8 - https:\/\/yoast.com\/product\/yoast-seo-wordpress\/ -->\n<title>Akce Sapho SPITZA sprchov\u00e1 z\u00e1st\u011bna WALK-IN, 1000mm, matn\u00e9 sklo 750.102.1 -<\/title>\n<meta name=\"robots\" content=\"index, follow, max-snippet:-1, max-image-preview:large, max-video-preview:-1\" \/>\n<link rel=\"canonical\" href=\"https:\/\/www.koupeltech.com\/index.php\/produkt\/akce-sapho-spitza-sprchova-zastena-walk-in-1000mm-matne-sklo-750-102-1-21115\/\" \/>\n<meta property=\"og:locale\" content=\"cs_CZ\" \/>\n<meta property=\"og:type\" content=\"article\" \/>\n<meta property=\"og:title\" content=\"Akce Sapho SPITZA sprchov\u00e1 z\u00e1st\u011bna WALK-IN, 1000mm, matn\u00e9 sklo 750.102.1 -\" \/>\n<meta property=\"og:description\" content=\"Detailn\u00ed popis produktu Celkov\u00e1 charakteristika sprchov\u00fdch z\u00e1st\u011bn s\u00e9rie SPITZA: Walk-In z\u00e1st\u011bny v&nbsp;\u0161\u00ed\u0159k\u00e1ch 800 a\u017e 1200 mm Bezpe\u010dnostn\u00ed sklo o&nbsp;s\u00edle 8 mm v \u010dir\u00e9m a matn\u00e9m proveden\u00ed Povrchov\u00e1 \u00faprava skel Nano coating zabra\u0148uje usazov\u00e1n\u00ed vodn\u00edho kamene a usnad\u0148uje \u010di\u0161t\u011bn\u00ed St\u011bnov\u00e9 profily s&nbsp;toleranc\u00ed 15 mm usnad\u0148uj\u00ed stabiln\u00ed mont\u00e1\u017e z\u00e1st\u011bn, instalace je mo\u017en\u00e1 na dla\u017ebu nebo sprchovou vani\u010dku [&hellip;]\" \/>\n<meta property=\"og:url\" content=\"https:\/\/www.koupeltech.com\/index.php\/produkt\/akce-sapho-spitza-sprchova-zastena-walk-in-1000mm-matne-sklo-750-102-1-21115\/\" \/>\n<meta property=\"og:image\" content=\"https:\/\/www.koupeltech.com\/wp-content\/uploads\/2026\/SK0020031-CZ20260425-093631-0-1777080994-331376_sapho-spitza-sprchova-zastena-walk-in--1000mm--matne.webp\" \/>\n\t<meta property=\"og:image:width\" content=\"1000\" \/>\n\t<meta property=\"og:image:height\" content=\"750\" \/>\n\t<meta property=\"og:image:type\" content=\"image\/webp\" \/>\n<meta name=\"twitter:card\" content=\"summary_large_image\" \/>\n<meta name=\"twitter:label1\" content=\"Odhadovan\u00e1 doba \u010dten\u00ed\" \/>\n\t<meta name=\"twitter:data1\" content=\"1 minuta\" \/>\n<script type=\"application\/ld+json\" class=\"yoast-schema-graph\">{\"@context\":\"https:\/\/schema.org\",\"@graph\":[{\"@type\":\"WebPage\",\"@id\":\"https:\/\/www.koupeltech.com\/index.php\/produkt\/akce-sapho-spitza-sprchova-zastena-walk-in-1000mm-matne-sklo-750-102-1-21115\/\",\"url\":\"https:\/\/www.koupeltech.com\/index.php\/produkt\/akce-sapho-spitza-sprchova-zastena-walk-in-1000mm-matne-sklo-750-102-1-21115\/\",\"name\":\"Akce Sapho SPITZA sprchov\u00e1 z\u00e1st\u011bna WALK-IN, 1000mm, matn\u00e9 sklo 750.102.1 -\",\"isPartOf\":{\"@id\":\"https:\/\/www.koupeltech.com\/#website\"},\"primaryImageOfPage\":{\"@id\":\"https:\/\/www.koupeltech.com\/index.php\/produkt\/akce-sapho-spitza-sprchova-zastena-walk-in-1000mm-matne-sklo-750-102-1-21115\/#primaryimage\"},\"image\":{\"@id\":\"https:\/\/www.koupeltech.com\/index.php\/produkt\/akce-sapho-spitza-sprchova-zastena-walk-in-1000mm-matne-sklo-750-102-1-21115\/#primaryimage\"},\"thumbnailUrl\":\"https:\/\/www.koupeltech.com\/wp-content\/uploads\/2026\/SK0020031-CZ20260425-093631-0-1777080994-331376_sapho-spitza-sprchova-zastena-walk-in--1000mm--matne.webp\",\"datePublished\":\"2026-04-27T13:59:01+00:00\",\"breadcrumb\":{\"@id\":\"https:\/\/www.koupeltech.com\/index.php\/produkt\/akce-sapho-spitza-sprchova-zastena-walk-in-1000mm-matne-sklo-750-102-1-21115\/#breadcrumb\"},\"inLanguage\":\"cs\",\"potentialAction\":[{\"@type\":\"ReadAction\",\"target\":[\"https:\/\/www.koupeltech.com\/index.php\/produkt\/akce-sapho-spitza-sprchova-zastena-walk-in-1000mm-matne-sklo-750-102-1-21115\/\"]}]},{\"@type\":\"ImageObject\",\"inLanguage\":\"cs\",\"@id\":\"https:\/\/www.koupeltech.com\/index.php\/produkt\/akce-sapho-spitza-sprchova-zastena-walk-in-1000mm-matne-sklo-750-102-1-21115\/#primaryimage\",\"url\":\"https:\/\/www.koupeltech.com\/wp-content\/uploads\/2026\/SK0020031-CZ20260425-093631-0-1777080994-331376_sapho-spitza-sprchova-zastena-walk-in--1000mm--matne.webp\",\"contentUrl\":\"https:\/\/www.koupeltech.com\/wp-content\/uploads\/2026\/SK0020031-CZ20260425-093631-0-1777080994-331376_sapho-spitza-sprchova-zastena-walk-in--1000mm--matne.webp\",\"width\":1000,\"height\":750},{\"@type\":\"BreadcrumbList\",\"@id\":\"https:\/\/www.koupeltech.com\/index.php\/produkt\/akce-sapho-spitza-sprchova-zastena-walk-in-1000mm-matne-sklo-750-102-1-21115\/#breadcrumb\",\"itemListElement\":[{\"@type\":\"ListItem\",\"position\":1,\"name\":\"Home\",\"item\":\"https:\/\/www.koupeltech.com\/\"},{\"@type\":\"ListItem\",\"position\":2,\"name\":\"Products\",\"item\":\"https:\/\/www.koupeltech.com\/index.php\/products\/\"},{\"@type\":\"ListItem\",\"position\":3,\"name\":\"Akce Sapho SPITZA sprchov\u00e1 z\u00e1st\u011bna WALK-IN, 1000mm, matn\u00e9 sklo 750.102.1\"}]},{\"@type\":\"WebSite\",\"@id\":\"https:\/\/www.koupeltech.com\/#website\",\"url\":\"https:\/\/www.koupeltech.com\/\",\"name\":\"\",\"description\":\"\",\"potentialAction\":[{\"@type\":\"SearchAction\",\"target\":{\"@type\":\"EntryPoint\",\"urlTemplate\":\"https:\/\/www.koupeltech.com\/?s={search_term_string}\"},\"query-input\":{\"@type\":\"PropertyValueSpecification\",\"valueRequired\":true,\"valueName\":\"search_term_string\"}}],\"inLanguage\":\"cs\"}]}<\/script>\n<!-- \/ Yoast SEO plugin. -->","yoast_head_json":{"title":"Akce Sapho SPITZA sprchov\u00e1 z\u00e1st\u011bna WALK-IN, 1000mm, matn\u00e9 sklo 750.102.1 -","robots":{"index":"index","follow":"follow","max-snippet":"max-snippet:-1","max-image-preview":"max-image-preview:large","max-video-preview":"max-video-preview:-1"},"canonical":"https:\/\/www.koupeltech.com\/index.php\/produkt\/akce-sapho-spitza-sprchova-zastena-walk-in-1000mm-matne-sklo-750-102-1-21115\/","og_locale":"cs_CZ","og_type":"article","og_title":"Akce Sapho SPITZA sprchov\u00e1 z\u00e1st\u011bna WALK-IN, 1000mm, matn\u00e9 sklo 750.102.1 -","og_description":"Detailn\u00ed popis produktu Celkov\u00e1 charakteristika sprchov\u00fdch z\u00e1st\u011bn s\u00e9rie SPITZA: Walk-In z\u00e1st\u011bny v&nbsp;\u0161\u00ed\u0159k\u00e1ch 800 a\u017e 1200 mm Bezpe\u010dnostn\u00ed sklo o&nbsp;s\u00edle 8 mm v \u010dir\u00e9m a matn\u00e9m proveden\u00ed Povrchov\u00e1 \u00faprava skel Nano coating zabra\u0148uje usazov\u00e1n\u00ed vodn\u00edho kamene a usnad\u0148uje \u010di\u0161t\u011bn\u00ed St\u011bnov\u00e9 profily s&nbsp;toleranc\u00ed 15 mm usnad\u0148uj\u00ed stabiln\u00ed mont\u00e1\u017e z\u00e1st\u011bn, instalace je mo\u017en\u00e1 na dla\u017ebu nebo sprchovou vani\u010dku [&hellip;]","og_url":"https:\/\/www.koupeltech.com\/index.php\/produkt\/akce-sapho-spitza-sprchova-zastena-walk-in-1000mm-matne-sklo-750-102-1-21115\/","og_image":[{"width":1000,"height":750,"url":"https:\/\/www.koupeltech.com\/wp-content\/uploads\/2026\/SK0020031-CZ20260425-093631-0-1777080994-331376_sapho-spitza-sprchova-zastena-walk-in--1000mm--matne.webp","type":"image\/webp"}],"twitter_card":"summary_large_image","twitter_misc":{"Odhadovan\u00e1 doba \u010dten\u00ed":"1 minuta"},"schema":{"@context":"https:\/\/schema.org","@graph":[{"@type":"WebPage","@id":"https:\/\/www.koupeltech.com\/index.php\/produkt\/akce-sapho-spitza-sprchova-zastena-walk-in-1000mm-matne-sklo-750-102-1-21115\/","url":"https:\/\/www.koupeltech.com\/index.php\/produkt\/akce-sapho-spitza-sprchova-zastena-walk-in-1000mm-matne-sklo-750-102-1-21115\/","name":"Akce Sapho SPITZA sprchov\u00e1 z\u00e1st\u011bna WALK-IN, 1000mm, matn\u00e9 sklo 750.102.1 -","isPartOf":{"@id":"https:\/\/www.koupeltech.com\/#website"},"primaryImageOfPage":{"@id":"https:\/\/www.koupeltech.com\/index.php\/produkt\/akce-sapho-spitza-sprchova-zastena-walk-in-1000mm-matne-sklo-750-102-1-21115\/#primaryimage"},"image":{"@id":"https:\/\/www.koupeltech.com\/index.php\/produkt\/akce-sapho-spitza-sprchova-zastena-walk-in-1000mm-matne-sklo-750-102-1-21115\/#primaryimage"},"thumbnailUrl":"https:\/\/www.koupeltech.com\/wp-content\/uploads\/2026\/SK0020031-CZ20260425-093631-0-1777080994-331376_sapho-spitza-sprchova-zastena-walk-in--1000mm--matne.webp","datePublished":"2026-04-27T13:59:01+00:00","breadcrumb":{"@id":"https:\/\/www.koupeltech.com\/index.php\/produkt\/akce-sapho-spitza-sprchova-zastena-walk-in-1000mm-matne-sklo-750-102-1-21115\/#breadcrumb"},"inLanguage":"cs","potentialAction":[{"@type":"ReadAction","target":["https:\/\/www.koupeltech.com\/index.php\/produkt\/akce-sapho-spitza-sprchova-zastena-walk-in-1000mm-matne-sklo-750-102-1-21115\/"]}]},{"@type":"ImageObject","inLanguage":"cs","@id":"https:\/\/www.koupeltech.com\/index.php\/produkt\/akce-sapho-spitza-sprchova-zastena-walk-in-1000mm-matne-sklo-750-102-1-21115\/#primaryimage","url":"https:\/\/www.koupeltech.com\/wp-content\/uploads\/2026\/SK0020031-CZ20260425-093631-0-1777080994-331376_sapho-spitza-sprchova-zastena-walk-in--1000mm--matne.webp","contentUrl":"https:\/\/www.koupeltech.com\/wp-content\/uploads\/2026\/SK0020031-CZ20260425-093631-0-1777080994-331376_sapho-spitza-sprchova-zastena-walk-in--1000mm--matne.webp","width":1000,"height":750},{"@type":"BreadcrumbList","@id":"https:\/\/www.koupeltech.com\/index.php\/produkt\/akce-sapho-spitza-sprchova-zastena-walk-in-1000mm-matne-sklo-750-102-1-21115\/#breadcrumb","itemListElement":[{"@type":"ListItem","position":1,"name":"Home","item":"https:\/\/www.koupeltech.com\/"},{"@type":"ListItem","position":2,"name":"Products","item":"https:\/\/www.koupeltech.com\/index.php\/products\/"},{"@type":"ListItem","position":3,"name":"Akce Sapho SPITZA sprchov\u00e1 z\u00e1st\u011bna WALK-IN, 1000mm, matn\u00e9 sklo 750.102.1"}]},{"@type":"WebSite","@id":"https:\/\/www.koupeltech.com\/#website","url":"https:\/\/www.koupeltech.com\/","name":"","description":"","potentialAction":[{"@type":"SearchAction","target":{"@type":"EntryPoint","urlTemplate":"https:\/\/www.koupeltech.com\/?s={search_term_string}"},"query-input":{"@type":"PropertyValueSpecification","valueRequired":true,"valueName":"search_term_string"}}],"inLanguage":"cs"}]}},"_links":{"self":[{"href":"https:\/\/www.koupeltech.com\/index.php\/wp-json\/wp\/v2\/product\/21115","targetHints":{"allow":["GET"]}}],"collection":[{"href":"https:\/\/www.koupeltech.com\/index.php\/wp-json\/wp\/v2\/product"}],"about":[{"href":"https:\/\/www.koupeltech.com\/index.php\/wp-json\/wp\/v2\/types\/product"}],"replies":[{"embeddable":true,"href":"https:\/\/www.koupeltech.com\/index.php\/wp-json\/wp\/v2\/comments?post=21115"}],"wp:featuredmedia":[{"embeddable":true,"href":"https:\/\/www.koupeltech.com\/index.php\/wp-json\/wp\/v2\/media\/21215"}],"wp:attachment":[{"href":"https:\/\/www.koupeltech.com\/index.php\/wp-json\/wp\/v2\/media?parent=21115"}],"wp:term":[{"taxonomy":"product_brand","embeddable":true,"href":"https:\/\/www.koupeltech.com\/index.php\/wp-json\/wp\/v2\/product_brand?post=21115"},{"taxonomy":"product_cat","embeddable":true,"href":"https:\/\/www.koupeltech.com\/index.php\/wp-json\/wp\/v2\/product_cat?post=21115"},{"taxonomy":"product_tag","embeddable":true,"href":"https:\/\/www.koupeltech.com\/index.php\/wp-json\/wp\/v2\/product_tag?post=21115"}],"curies":[{"name":"wp","href":"https:\/\/api.w.org\/{rel}","templated":true}]}}