{"id":22164,"date":"2026-04-27T13:59:11","date_gmt":"2026-04-27T13:59:11","guid":{"rendered":""},"modified":"2026-04-27T13:59:11","modified_gmt":"2026-04-27T13:59:11","slug":"akce-sapho-glanz-zavesna-wc-misa-vortex-rimless-36x52-5cm-bila-201-336-4-22164","status":"publish","type":"product","link":"https:\/\/www.koupeltech.com\/index.php\/produkt\/akce-sapho-glanz-zavesna-wc-misa-vortex-rimless-36x52-5cm-bila-201-336-4-22164\/","title":{"rendered":"Akce Sapho GLANZ z\u00e1v\u011bsn\u00e1 WC m\u00edsa, Vortex Rimless, 36&#215;52,5cm, b\u00edl\u00e1 201.336.4"},"content":{"rendered":"<div class=\"basic-description\">\n<h3>Detailn\u00ed popis produktu<\/h3>\n<p><\/p>\n<h2 class=\"props-title\">Vlastnosti<\/h2>\n<table>\n<tr>\n<th>Zna\u010dka<\/th>\n<td>BRUCKNER<\/td>\n<\/tr>\n<tr>\n<th>3D model<\/th>\n<td>ANO<\/td>\n<\/tr>\n<tr>\n<th>Rozm\u011br<\/th>\n<td>36x34x54 cm<\/td>\n<\/tr>\n<tr>\n<th>\u0160\u00ed\u0159ka<\/th>\n<td>360&nbsp;mm<\/td>\n<\/tr>\n<tr>\n<th>V\u00fd\u0161ka<\/th>\n<td>340&nbsp;mm<\/td>\n<\/tr>\n<tr>\n<th>Hloubka<\/th>\n<td>540&nbsp;mm<\/td>\n<\/tr>\n<tr>\n<th>Barva<\/th>\n<td>B\u00edl\u00e1<\/td>\n<\/tr>\n<tr>\n<th>Materi\u00e1l<\/th>\n<td>Keramika<\/td>\n<\/tr>\n<tr>\n<th>Technologie splachov\u00e1n\u00ed<\/th>\n<td>Vortex<\/td>\n<\/tr>\n<tr>\n<th>Objem splachovac\u00ed vody<\/th>\n<td>3 l \/ 4,5 l<\/td>\n<\/tr>\n<tr>\n<th>Tvar<\/th>\n<td>Klasik<\/td>\n<\/tr>\n<tr>\n<th>Ostatn\u00ed<\/th>\n<td>Skryt\u00e9 uchycen\u00ed<\/td>\n<\/tr>\n<tr>\n<th>Balen\u00ed neobsahuje<\/th>\n<td>WC sed\u00e1tko<\/td>\n<\/tr>\n<tr>\n<th>Hmotnost \/ ks<\/th>\n<td>27.0000&nbsp;kg<\/td>\n<\/tr>\n<tr>\n<th>Balen\u00ed<\/th>\n<td>1&nbsp;ks<\/td>\n<\/tr>\n<tr>\n<th>EAN<\/th>\n<td>8590913121593<\/td>\n<\/tr>\n<tr>\n<th>Taric<\/th>\n<td>69109000<\/td>\n<\/tr>\n<tr>\n<th>Z\u00e1ruka<\/th>\n<td>2 roky<\/td>\n<\/tr>\n<\/table>\n<div class=\"product-explanation-item\">\n<h3>Technologie splachov\u00e1n\u00ed Vortex Rimless<\/h3>\n<p style=\"text-align: justify;\">Vortex &#8211; toalety bez tradi\u010dn\u00edho oplachov\u00e9ho kruhu. P\u0159i splachov\u00e1n\u00ed voda vyt\u00e9k\u00e1 z jednoho bodu a efektivn\u011b opl\u00e1chne vnit\u0159n\u00ed prostor keramiky pomoc\u00ed vodn\u00edho v\u00edru. Tato technologie splachov\u00e1n\u00ed je nejen \u00fa\u010dinn\u00e1, ale i velmi tich\u00e1.<\/p>\n<\/div>\n<div class=\"product-explanation-item\">\n<h3>Water saving &#8211; \u00fasporn\u00e9 splachov\u00e1n\u00ed<\/h3>\n<p style=\"text-align: justify;\">Tvar m\u00edsy umo\u017e\u0148uje efektivn\u00ed a \u00fa\u010dinn\u00e9 spl\u00e1chnut\u00ed s men\u0161\u00edm objemem vody a t\u00edm \u0161et\u0159\u00ed \u017eivotn\u00ed prost\u0159ed\u00ed a n\u00e1klady za vodu.<br \/>\u00dasporn\u00e9 splachov\u00e1n\u00ed je mo\u017en\u00e9 pou\u017e\u00edt s n\u00e1dr\u017ekou s du\u00e1ln\u00edm splachov\u00e1n\u00edm, jej\u00ed\u017e vypou\u0161t\u011bc\u00ed ventil umo\u017e\u0148uje nastaven\u00ed objemu vody od 2 litr\u016f u mal\u00e9ho splachov\u00e1n\u00ed a od 4 litr\u016f u velk\u00e9ho splachov\u00e1n\u00ed.<\/p>\n<\/div><\/div>\n","protected":false},"excerpt":{"rendered":"<p>Detailn\u00ed popis produktu Vlastnosti Zna\u010dka BRUCKNER 3D model ANO Rozm\u011br 36x34x54 cm \u0160\u00ed\u0159ka 360&nbsp;mm V\u00fd\u0161ka 340&nbsp;mm Hloubka 540&nbsp;mm Barva B\u00edl\u00e1 Materi\u00e1l Keramika Technologie splachov\u00e1n\u00ed Vortex Objem splachovac\u00ed vody 3 l \/ 4,5 l Tvar Klasik Ostatn\u00ed Skryt\u00e9 uchycen\u00ed Balen\u00ed neobsahuje WC sed\u00e1tko Hmotnost \/ ks 27.0000&nbsp;kg Balen\u00ed 1&nbsp;ks EAN 8590913121593 Taric 69109000 Z\u00e1ruka 2 roky [&hellip;]<\/p>\n","protected":false},"featured_media":22264,"comment_status":"open","ping_status":"open","template":"","meta":[],"product_brand":[],"product_cat":[91],"product_tag":[],"class_list":{"0":"post-22164","1":"product","2":"type-product","3":"status-publish","4":"has-post-thumbnail","6":"product_cat-wc","8":"first","9":"instock","10":"sale","11":"shipping-taxable","12":"purchasable","13":"product-type-simple"},"yoast_head":"<!-- This site is optimized with the Yoast SEO plugin v26.8 - https:\/\/yoast.com\/product\/yoast-seo-wordpress\/ -->\n<title>Akce Sapho GLANZ z\u00e1v\u011bsn\u00e1 WC m\u00edsa, Vortex Rimless, 36x52,5cm, b\u00edl\u00e1 201.336.4 -<\/title>\n<meta name=\"robots\" content=\"index, follow, max-snippet:-1, max-image-preview:large, max-video-preview:-1\" \/>\n<link rel=\"canonical\" href=\"https:\/\/www.koupeltech.com\/index.php\/produkt\/akce-sapho-glanz-zavesna-wc-misa-vortex-rimless-36x52-5cm-bila-201-336-4-22164\/\" \/>\n<meta property=\"og:locale\" content=\"cs_CZ\" \/>\n<meta property=\"og:type\" content=\"article\" \/>\n<meta property=\"og:title\" content=\"Akce Sapho GLANZ z\u00e1v\u011bsn\u00e1 WC m\u00edsa, Vortex Rimless, 36x52,5cm, b\u00edl\u00e1 201.336.4 -\" \/>\n<meta property=\"og:description\" content=\"Detailn\u00ed popis produktu Vlastnosti Zna\u010dka BRUCKNER 3D model ANO Rozm\u011br 36x34x54 cm \u0160\u00ed\u0159ka 360&nbsp;mm V\u00fd\u0161ka 340&nbsp;mm Hloubka 540&nbsp;mm Barva B\u00edl\u00e1 Materi\u00e1l Keramika Technologie splachov\u00e1n\u00ed Vortex Objem splachovac\u00ed vody 3 l \/ 4,5 l Tvar Klasik Ostatn\u00ed Skryt\u00e9 uchycen\u00ed Balen\u00ed neobsahuje WC sed\u00e1tko Hmotnost \/ ks 27.0000&nbsp;kg Balen\u00ed 1&nbsp;ks EAN 8590913121593 Taric 69109000 Z\u00e1ruka 2 roky [&hellip;]\" \/>\n<meta property=\"og:url\" content=\"https:\/\/www.koupeltech.com\/index.php\/produkt\/akce-sapho-glanz-zavesna-wc-misa-vortex-rimless-36x52-5cm-bila-201-336-4-22164\/\" \/>\n<meta property=\"og:image\" content=\"https:\/\/www.koupeltech.com\/wp-content\/uploads\/2026\/SK0020916-CZ20260425-093631-0-1777080994-337013-4_sapho-glanz-zavesna-wc-misa--vortex-rimless--36x52.webp\" \/>\n\t<meta property=\"og:image:width\" content=\"1000\" \/>\n\t<meta property=\"og:image:height\" content=\"750\" \/>\n\t<meta property=\"og:image:type\" content=\"image\/webp\" \/>\n<meta name=\"twitter:card\" content=\"summary_large_image\" \/>\n<meta name=\"twitter:label1\" content=\"Odhadovan\u00e1 doba \u010dten\u00ed\" \/>\n\t<meta name=\"twitter:data1\" content=\"1 minuta\" \/>\n<script type=\"application\/ld+json\" class=\"yoast-schema-graph\">{\"@context\":\"https:\/\/schema.org\",\"@graph\":[{\"@type\":\"WebPage\",\"@id\":\"https:\/\/www.koupeltech.com\/index.php\/produkt\/akce-sapho-glanz-zavesna-wc-misa-vortex-rimless-36x52-5cm-bila-201-336-4-22164\/\",\"url\":\"https:\/\/www.koupeltech.com\/index.php\/produkt\/akce-sapho-glanz-zavesna-wc-misa-vortex-rimless-36x52-5cm-bila-201-336-4-22164\/\",\"name\":\"Akce Sapho GLANZ z\u00e1v\u011bsn\u00e1 WC m\u00edsa, Vortex Rimless, 36x52,5cm, b\u00edl\u00e1 201.336.4 -\",\"isPartOf\":{\"@id\":\"https:\/\/www.koupeltech.com\/#website\"},\"primaryImageOfPage\":{\"@id\":\"https:\/\/www.koupeltech.com\/index.php\/produkt\/akce-sapho-glanz-zavesna-wc-misa-vortex-rimless-36x52-5cm-bila-201-336-4-22164\/#primaryimage\"},\"image\":{\"@id\":\"https:\/\/www.koupeltech.com\/index.php\/produkt\/akce-sapho-glanz-zavesna-wc-misa-vortex-rimless-36x52-5cm-bila-201-336-4-22164\/#primaryimage\"},\"thumbnailUrl\":\"https:\/\/www.koupeltech.com\/wp-content\/uploads\/2026\/SK0020916-CZ20260425-093631-0-1777080994-337013-4_sapho-glanz-zavesna-wc-misa--vortex-rimless--36x52.webp\",\"datePublished\":\"2026-04-27T13:59:11+00:00\",\"breadcrumb\":{\"@id\":\"https:\/\/www.koupeltech.com\/index.php\/produkt\/akce-sapho-glanz-zavesna-wc-misa-vortex-rimless-36x52-5cm-bila-201-336-4-22164\/#breadcrumb\"},\"inLanguage\":\"cs\",\"potentialAction\":[{\"@type\":\"ReadAction\",\"target\":[\"https:\/\/www.koupeltech.com\/index.php\/produkt\/akce-sapho-glanz-zavesna-wc-misa-vortex-rimless-36x52-5cm-bila-201-336-4-22164\/\"]}]},{\"@type\":\"ImageObject\",\"inLanguage\":\"cs\",\"@id\":\"https:\/\/www.koupeltech.com\/index.php\/produkt\/akce-sapho-glanz-zavesna-wc-misa-vortex-rimless-36x52-5cm-bila-201-336-4-22164\/#primaryimage\",\"url\":\"https:\/\/www.koupeltech.com\/wp-content\/uploads\/2026\/SK0020916-CZ20260425-093631-0-1777080994-337013-4_sapho-glanz-zavesna-wc-misa--vortex-rimless--36x52.webp\",\"contentUrl\":\"https:\/\/www.koupeltech.com\/wp-content\/uploads\/2026\/SK0020916-CZ20260425-093631-0-1777080994-337013-4_sapho-glanz-zavesna-wc-misa--vortex-rimless--36x52.webp\",\"width\":1000,\"height\":750},{\"@type\":\"BreadcrumbList\",\"@id\":\"https:\/\/www.koupeltech.com\/index.php\/produkt\/akce-sapho-glanz-zavesna-wc-misa-vortex-rimless-36x52-5cm-bila-201-336-4-22164\/#breadcrumb\",\"itemListElement\":[{\"@type\":\"ListItem\",\"position\":1,\"name\":\"Home\",\"item\":\"https:\/\/www.koupeltech.com\/\"},{\"@type\":\"ListItem\",\"position\":2,\"name\":\"Products\",\"item\":\"https:\/\/www.koupeltech.com\/index.php\/products\/\"},{\"@type\":\"ListItem\",\"position\":3,\"name\":\"Akce Sapho GLANZ z\u00e1v\u011bsn\u00e1 WC m\u00edsa, Vortex Rimless, 36&#215;52,5cm, b\u00edl\u00e1 201.336.4\"}]},{\"@type\":\"WebSite\",\"@id\":\"https:\/\/www.koupeltech.com\/#website\",\"url\":\"https:\/\/www.koupeltech.com\/\",\"name\":\"\",\"description\":\"\",\"potentialAction\":[{\"@type\":\"SearchAction\",\"target\":{\"@type\":\"EntryPoint\",\"urlTemplate\":\"https:\/\/www.koupeltech.com\/?s={search_term_string}\"},\"query-input\":{\"@type\":\"PropertyValueSpecification\",\"valueRequired\":true,\"valueName\":\"search_term_string\"}}],\"inLanguage\":\"cs\"}]}<\/script>\n<!-- \/ Yoast SEO plugin. -->","yoast_head_json":{"title":"Akce Sapho GLANZ z\u00e1v\u011bsn\u00e1 WC m\u00edsa, Vortex Rimless, 36x52,5cm, b\u00edl\u00e1 201.336.4 -","robots":{"index":"index","follow":"follow","max-snippet":"max-snippet:-1","max-image-preview":"max-image-preview:large","max-video-preview":"max-video-preview:-1"},"canonical":"https:\/\/www.koupeltech.com\/index.php\/produkt\/akce-sapho-glanz-zavesna-wc-misa-vortex-rimless-36x52-5cm-bila-201-336-4-22164\/","og_locale":"cs_CZ","og_type":"article","og_title":"Akce Sapho GLANZ z\u00e1v\u011bsn\u00e1 WC m\u00edsa, Vortex Rimless, 36x52,5cm, b\u00edl\u00e1 201.336.4 -","og_description":"Detailn\u00ed popis produktu Vlastnosti Zna\u010dka BRUCKNER 3D model ANO Rozm\u011br 36x34x54 cm \u0160\u00ed\u0159ka 360&nbsp;mm V\u00fd\u0161ka 340&nbsp;mm Hloubka 540&nbsp;mm Barva B\u00edl\u00e1 Materi\u00e1l Keramika Technologie splachov\u00e1n\u00ed Vortex Objem splachovac\u00ed vody 3 l \/ 4,5 l Tvar Klasik Ostatn\u00ed Skryt\u00e9 uchycen\u00ed Balen\u00ed neobsahuje WC sed\u00e1tko Hmotnost \/ ks 27.0000&nbsp;kg Balen\u00ed 1&nbsp;ks EAN 8590913121593 Taric 69109000 Z\u00e1ruka 2 roky [&hellip;]","og_url":"https:\/\/www.koupeltech.com\/index.php\/produkt\/akce-sapho-glanz-zavesna-wc-misa-vortex-rimless-36x52-5cm-bila-201-336-4-22164\/","og_image":[{"width":1000,"height":750,"url":"https:\/\/www.koupeltech.com\/wp-content\/uploads\/2026\/SK0020916-CZ20260425-093631-0-1777080994-337013-4_sapho-glanz-zavesna-wc-misa--vortex-rimless--36x52.webp","type":"image\/webp"}],"twitter_card":"summary_large_image","twitter_misc":{"Odhadovan\u00e1 doba \u010dten\u00ed":"1 minuta"},"schema":{"@context":"https:\/\/schema.org","@graph":[{"@type":"WebPage","@id":"https:\/\/www.koupeltech.com\/index.php\/produkt\/akce-sapho-glanz-zavesna-wc-misa-vortex-rimless-36x52-5cm-bila-201-336-4-22164\/","url":"https:\/\/www.koupeltech.com\/index.php\/produkt\/akce-sapho-glanz-zavesna-wc-misa-vortex-rimless-36x52-5cm-bila-201-336-4-22164\/","name":"Akce Sapho GLANZ z\u00e1v\u011bsn\u00e1 WC m\u00edsa, Vortex Rimless, 36x52,5cm, b\u00edl\u00e1 201.336.4 -","isPartOf":{"@id":"https:\/\/www.koupeltech.com\/#website"},"primaryImageOfPage":{"@id":"https:\/\/www.koupeltech.com\/index.php\/produkt\/akce-sapho-glanz-zavesna-wc-misa-vortex-rimless-36x52-5cm-bila-201-336-4-22164\/#primaryimage"},"image":{"@id":"https:\/\/www.koupeltech.com\/index.php\/produkt\/akce-sapho-glanz-zavesna-wc-misa-vortex-rimless-36x52-5cm-bila-201-336-4-22164\/#primaryimage"},"thumbnailUrl":"https:\/\/www.koupeltech.com\/wp-content\/uploads\/2026\/SK0020916-CZ20260425-093631-0-1777080994-337013-4_sapho-glanz-zavesna-wc-misa--vortex-rimless--36x52.webp","datePublished":"2026-04-27T13:59:11+00:00","breadcrumb":{"@id":"https:\/\/www.koupeltech.com\/index.php\/produkt\/akce-sapho-glanz-zavesna-wc-misa-vortex-rimless-36x52-5cm-bila-201-336-4-22164\/#breadcrumb"},"inLanguage":"cs","potentialAction":[{"@type":"ReadAction","target":["https:\/\/www.koupeltech.com\/index.php\/produkt\/akce-sapho-glanz-zavesna-wc-misa-vortex-rimless-36x52-5cm-bila-201-336-4-22164\/"]}]},{"@type":"ImageObject","inLanguage":"cs","@id":"https:\/\/www.koupeltech.com\/index.php\/produkt\/akce-sapho-glanz-zavesna-wc-misa-vortex-rimless-36x52-5cm-bila-201-336-4-22164\/#primaryimage","url":"https:\/\/www.koupeltech.com\/wp-content\/uploads\/2026\/SK0020916-CZ20260425-093631-0-1777080994-337013-4_sapho-glanz-zavesna-wc-misa--vortex-rimless--36x52.webp","contentUrl":"https:\/\/www.koupeltech.com\/wp-content\/uploads\/2026\/SK0020916-CZ20260425-093631-0-1777080994-337013-4_sapho-glanz-zavesna-wc-misa--vortex-rimless--36x52.webp","width":1000,"height":750},{"@type":"BreadcrumbList","@id":"https:\/\/www.koupeltech.com\/index.php\/produkt\/akce-sapho-glanz-zavesna-wc-misa-vortex-rimless-36x52-5cm-bila-201-336-4-22164\/#breadcrumb","itemListElement":[{"@type":"ListItem","position":1,"name":"Home","item":"https:\/\/www.koupeltech.com\/"},{"@type":"ListItem","position":2,"name":"Products","item":"https:\/\/www.koupeltech.com\/index.php\/products\/"},{"@type":"ListItem","position":3,"name":"Akce Sapho GLANZ z\u00e1v\u011bsn\u00e1 WC m\u00edsa, Vortex Rimless, 36&#215;52,5cm, b\u00edl\u00e1 201.336.4"}]},{"@type":"WebSite","@id":"https:\/\/www.koupeltech.com\/#website","url":"https:\/\/www.koupeltech.com\/","name":"","description":"","potentialAction":[{"@type":"SearchAction","target":{"@type":"EntryPoint","urlTemplate":"https:\/\/www.koupeltech.com\/?s={search_term_string}"},"query-input":{"@type":"PropertyValueSpecification","valueRequired":true,"valueName":"search_term_string"}}],"inLanguage":"cs"}]}},"_links":{"self":[{"href":"https:\/\/www.koupeltech.com\/index.php\/wp-json\/wp\/v2\/product\/22164","targetHints":{"allow":["GET"]}}],"collection":[{"href":"https:\/\/www.koupeltech.com\/index.php\/wp-json\/wp\/v2\/product"}],"about":[{"href":"https:\/\/www.koupeltech.com\/index.php\/wp-json\/wp\/v2\/types\/product"}],"replies":[{"embeddable":true,"href":"https:\/\/www.koupeltech.com\/index.php\/wp-json\/wp\/v2\/comments?post=22164"}],"wp:featuredmedia":[{"embeddable":true,"href":"https:\/\/www.koupeltech.com\/index.php\/wp-json\/wp\/v2\/media\/22264"}],"wp:attachment":[{"href":"https:\/\/www.koupeltech.com\/index.php\/wp-json\/wp\/v2\/media?parent=22164"}],"wp:term":[{"taxonomy":"product_brand","embeddable":true,"href":"https:\/\/www.koupeltech.com\/index.php\/wp-json\/wp\/v2\/product_brand?post=22164"},{"taxonomy":"product_cat","embeddable":true,"href":"https:\/\/www.koupeltech.com\/index.php\/wp-json\/wp\/v2\/product_cat?post=22164"},{"taxonomy":"product_tag","embeddable":true,"href":"https:\/\/www.koupeltech.com\/index.php\/wp-json\/wp\/v2\/product_tag?post=22164"}],"curies":[{"name":"wp","href":"https:\/\/api.w.org\/{rel}","templated":true}]}}