{"id":22311,"date":"2026-04-27T13:59:13","date_gmt":"2026-04-27T13:59:13","guid":{"rendered":""},"modified":"2026-04-27T13:59:13","modified_gmt":"2026-04-27T13:59:13","slug":"santech-vypwhn57-sifon-vanovy-s-napoustenim-bovden-sezonni-sleva-22311","status":"publish","type":"product","link":"https:\/\/www.koupeltech.com\/index.php\/produkt\/santech-vypwhn57-sifon-vanovy-s-napoustenim-bovden-sezonni-sleva-22311\/","title":{"rendered":"Santech VYPWHN57 sifon vanov\u00fd s napou\u0161t\u011bn\u00edm bovden Sez\u00f3nn\u00ed Sleva"},"content":{"rendered":"<div class=\"basic-description\">\n<h3>Detailn\u00ed popis produktu<\/h3>\n<p><span>Mechanick\u00e1 v\u00fdpus\u0165 s napou\u0161t\u011bn\u00edm je ur\u010dena pro p\u0159ipojen\u00ed k podom\u00edtkov\u00e9 baterii. P\u0159epad je p\u0159izp\u016fsoben k napou\u0161t\u011bn\u00ed vody do koupac\u00ed vany.<\/span><\/p>\n<ul>\n<li>Proveden\u00ed: b\u00edl\u00e1\n<\/li>\n<li>D\u00e9lka: 575 mm\n<\/li>\n<li>K\u00f3d: VYPWHN57\n<\/li>\n<li>Uzav\u00edr\u00e1n\u00ed odpadu pomoc\u00ed bovdenov\u00e9ho ovl\u00e1d\u00e1n\u00ed\n<\/li>\n<li>B\u00edl\u00e1 plastov\u00e1 ovl\u00e1dac\u00ed hlavice\n<\/li>\n<li>B\u00edl\u00e1 plastov\u00e1 z\u00e1tka o pr. 72 mm\n<\/li>\n<li>Nerezov\u00e1 m\u0159\u00ed\u017eka v\u00fdpusti\n<\/li>\n<li>Z\u00e1pachov\u00e1 uz\u00e1v\u011bra\n<\/li>\n<li>Mont\u00e1\u017en\u00ed set<\/li>\n<\/ul>\n<p>&nbsp;<\/p>\n<\/p>\n<p>&nbsp;<\/p>\n<p>&nbsp;<\/p>\n<\/p><\/div>\n","protected":false},"excerpt":{"rendered":"<p>Detailn\u00ed popis produktu Mechanick\u00e1 v\u00fdpus\u0165 s napou\u0161t\u011bn\u00edm je ur\u010dena pro p\u0159ipojen\u00ed k podom\u00edtkov\u00e9 baterii. P\u0159epad je p\u0159izp\u016fsoben k napou\u0161t\u011bn\u00ed vody do koupac\u00ed vany. Proveden\u00ed: b\u00edl\u00e1 D\u00e9lka: 575 mm K\u00f3d: VYPWHN57 Uzav\u00edr\u00e1n\u00ed odpadu pomoc\u00ed bovdenov\u00e9ho ovl\u00e1d\u00e1n\u00ed B\u00edl\u00e1 plastov\u00e1 ovl\u00e1dac\u00ed hlavice B\u00edl\u00e1 plastov\u00e1 z\u00e1tka o pr. 72 mm Nerezov\u00e1 m\u0159\u00ed\u017eka v\u00fdpusti Z\u00e1pachov\u00e1 uz\u00e1v\u011bra Mont\u00e1\u017en\u00ed set &nbsp; &nbsp; [&hellip;]<\/p>\n","protected":false},"featured_media":22411,"comment_status":"open","ping_status":"open","template":"","meta":[],"product_brand":[],"product_cat":[88],"product_tag":[],"class_list":{"0":"post-22311","1":"product","2":"type-product","3":"status-publish","4":"has-post-thumbnail","6":"product_cat-vany","8":"first","9":"instock","10":"sale","11":"shipping-taxable","12":"purchasable","13":"product-type-simple"},"yoast_head":"<!-- This site is optimized with the Yoast SEO plugin v26.8 - https:\/\/yoast.com\/product\/yoast-seo-wordpress\/ -->\n<title>Santech VYPWHN57 sifon vanov\u00fd s napou\u0161t\u011bn\u00edm bovden Sez\u00f3nn\u00ed Sleva -<\/title>\n<meta name=\"robots\" content=\"index, follow, max-snippet:-1, max-image-preview:large, max-video-preview:-1\" \/>\n<link rel=\"canonical\" href=\"https:\/\/www.koupeltech.com\/index.php\/produkt\/santech-vypwhn57-sifon-vanovy-s-napoustenim-bovden-sezonni-sleva-22311\/\" \/>\n<meta property=\"og:locale\" content=\"cs_CZ\" \/>\n<meta property=\"og:type\" content=\"article\" \/>\n<meta property=\"og:title\" content=\"Santech VYPWHN57 sifon vanov\u00fd s napou\u0161t\u011bn\u00edm bovden Sez\u00f3nn\u00ed Sleva -\" \/>\n<meta property=\"og:description\" content=\"Detailn\u00ed popis produktu Mechanick\u00e1 v\u00fdpus\u0165 s napou\u0161t\u011bn\u00edm je ur\u010dena pro p\u0159ipojen\u00ed k podom\u00edtkov\u00e9 baterii. P\u0159epad je p\u0159izp\u016fsoben k napou\u0161t\u011bn\u00ed vody do koupac\u00ed vany. Proveden\u00ed: b\u00edl\u00e1 D\u00e9lka: 575 mm K\u00f3d: VYPWHN57 Uzav\u00edr\u00e1n\u00ed odpadu pomoc\u00ed bovdenov\u00e9ho ovl\u00e1d\u00e1n\u00ed B\u00edl\u00e1 plastov\u00e1 ovl\u00e1dac\u00ed hlavice B\u00edl\u00e1 plastov\u00e1 z\u00e1tka o pr. 72 mm Nerezov\u00e1 m\u0159\u00ed\u017eka v\u00fdpusti Z\u00e1pachov\u00e1 uz\u00e1v\u011bra Mont\u00e1\u017en\u00ed set &nbsp; &nbsp; [&hellip;]\" \/>\n<meta property=\"og:url\" content=\"https:\/\/www.koupeltech.com\/index.php\/produkt\/santech-vypwhn57-sifon-vanovy-s-napoustenim-bovden-sezonni-sleva-22311\/\" \/>\n<meta property=\"og:image\" content=\"https:\/\/www.koupeltech.com\/wp-content\/uploads\/2026\/SK0020963-CZ20260425-093631-0-1777080994-337160-2_vypust-white-1684229098.webp\" \/>\n\t<meta property=\"og:image:width\" content=\"1000\" \/>\n\t<meta property=\"og:image:height\" content=\"750\" \/>\n\t<meta property=\"og:image:type\" content=\"image\/webp\" \/>\n<meta name=\"twitter:card\" content=\"summary_large_image\" \/>\n<script type=\"application\/ld+json\" class=\"yoast-schema-graph\">{\"@context\":\"https:\/\/schema.org\",\"@graph\":[{\"@type\":\"WebPage\",\"@id\":\"https:\/\/www.koupeltech.com\/index.php\/produkt\/santech-vypwhn57-sifon-vanovy-s-napoustenim-bovden-sezonni-sleva-22311\/\",\"url\":\"https:\/\/www.koupeltech.com\/index.php\/produkt\/santech-vypwhn57-sifon-vanovy-s-napoustenim-bovden-sezonni-sleva-22311\/\",\"name\":\"Santech VYPWHN57 sifon vanov\u00fd s napou\u0161t\u011bn\u00edm bovden Sez\u00f3nn\u00ed Sleva -\",\"isPartOf\":{\"@id\":\"https:\/\/www.koupeltech.com\/#website\"},\"primaryImageOfPage\":{\"@id\":\"https:\/\/www.koupeltech.com\/index.php\/produkt\/santech-vypwhn57-sifon-vanovy-s-napoustenim-bovden-sezonni-sleva-22311\/#primaryimage\"},\"image\":{\"@id\":\"https:\/\/www.koupeltech.com\/index.php\/produkt\/santech-vypwhn57-sifon-vanovy-s-napoustenim-bovden-sezonni-sleva-22311\/#primaryimage\"},\"thumbnailUrl\":\"https:\/\/www.koupeltech.com\/wp-content\/uploads\/2026\/SK0020963-CZ20260425-093631-0-1777080994-337160-2_vypust-white-1684229098.webp\",\"datePublished\":\"2026-04-27T13:59:13+00:00\",\"breadcrumb\":{\"@id\":\"https:\/\/www.koupeltech.com\/index.php\/produkt\/santech-vypwhn57-sifon-vanovy-s-napoustenim-bovden-sezonni-sleva-22311\/#breadcrumb\"},\"inLanguage\":\"cs\",\"potentialAction\":[{\"@type\":\"ReadAction\",\"target\":[\"https:\/\/www.koupeltech.com\/index.php\/produkt\/santech-vypwhn57-sifon-vanovy-s-napoustenim-bovden-sezonni-sleva-22311\/\"]}]},{\"@type\":\"ImageObject\",\"inLanguage\":\"cs\",\"@id\":\"https:\/\/www.koupeltech.com\/index.php\/produkt\/santech-vypwhn57-sifon-vanovy-s-napoustenim-bovden-sezonni-sleva-22311\/#primaryimage\",\"url\":\"https:\/\/www.koupeltech.com\/wp-content\/uploads\/2026\/SK0020963-CZ20260425-093631-0-1777080994-337160-2_vypust-white-1684229098.webp\",\"contentUrl\":\"https:\/\/www.koupeltech.com\/wp-content\/uploads\/2026\/SK0020963-CZ20260425-093631-0-1777080994-337160-2_vypust-white-1684229098.webp\",\"width\":1000,\"height\":750},{\"@type\":\"BreadcrumbList\",\"@id\":\"https:\/\/www.koupeltech.com\/index.php\/produkt\/santech-vypwhn57-sifon-vanovy-s-napoustenim-bovden-sezonni-sleva-22311\/#breadcrumb\",\"itemListElement\":[{\"@type\":\"ListItem\",\"position\":1,\"name\":\"Home\",\"item\":\"https:\/\/www.koupeltech.com\/\"},{\"@type\":\"ListItem\",\"position\":2,\"name\":\"Products\",\"item\":\"https:\/\/www.koupeltech.com\/index.php\/products\/\"},{\"@type\":\"ListItem\",\"position\":3,\"name\":\"Santech VYPWHN57 sifon vanov\u00fd s napou\u0161t\u011bn\u00edm bovden Sez\u00f3nn\u00ed Sleva\"}]},{\"@type\":\"WebSite\",\"@id\":\"https:\/\/www.koupeltech.com\/#website\",\"url\":\"https:\/\/www.koupeltech.com\/\",\"name\":\"\",\"description\":\"\",\"potentialAction\":[{\"@type\":\"SearchAction\",\"target\":{\"@type\":\"EntryPoint\",\"urlTemplate\":\"https:\/\/www.koupeltech.com\/?s={search_term_string}\"},\"query-input\":{\"@type\":\"PropertyValueSpecification\",\"valueRequired\":true,\"valueName\":\"search_term_string\"}}],\"inLanguage\":\"cs\"}]}<\/script>\n<!-- \/ Yoast SEO plugin. -->","yoast_head_json":{"title":"Santech VYPWHN57 sifon vanov\u00fd s napou\u0161t\u011bn\u00edm bovden Sez\u00f3nn\u00ed Sleva -","robots":{"index":"index","follow":"follow","max-snippet":"max-snippet:-1","max-image-preview":"max-image-preview:large","max-video-preview":"max-video-preview:-1"},"canonical":"https:\/\/www.koupeltech.com\/index.php\/produkt\/santech-vypwhn57-sifon-vanovy-s-napoustenim-bovden-sezonni-sleva-22311\/","og_locale":"cs_CZ","og_type":"article","og_title":"Santech VYPWHN57 sifon vanov\u00fd s napou\u0161t\u011bn\u00edm bovden Sez\u00f3nn\u00ed Sleva -","og_description":"Detailn\u00ed popis produktu Mechanick\u00e1 v\u00fdpus\u0165 s napou\u0161t\u011bn\u00edm je ur\u010dena pro p\u0159ipojen\u00ed k podom\u00edtkov\u00e9 baterii. P\u0159epad je p\u0159izp\u016fsoben k napou\u0161t\u011bn\u00ed vody do koupac\u00ed vany. Proveden\u00ed: b\u00edl\u00e1 D\u00e9lka: 575 mm K\u00f3d: VYPWHN57 Uzav\u00edr\u00e1n\u00ed odpadu pomoc\u00ed bovdenov\u00e9ho ovl\u00e1d\u00e1n\u00ed B\u00edl\u00e1 plastov\u00e1 ovl\u00e1dac\u00ed hlavice B\u00edl\u00e1 plastov\u00e1 z\u00e1tka o pr. 72 mm Nerezov\u00e1 m\u0159\u00ed\u017eka v\u00fdpusti Z\u00e1pachov\u00e1 uz\u00e1v\u011bra Mont\u00e1\u017en\u00ed set &nbsp; &nbsp; [&hellip;]","og_url":"https:\/\/www.koupeltech.com\/index.php\/produkt\/santech-vypwhn57-sifon-vanovy-s-napoustenim-bovden-sezonni-sleva-22311\/","og_image":[{"width":1000,"height":750,"url":"https:\/\/www.koupeltech.com\/wp-content\/uploads\/2026\/SK0020963-CZ20260425-093631-0-1777080994-337160-2_vypust-white-1684229098.webp","type":"image\/webp"}],"twitter_card":"summary_large_image","schema":{"@context":"https:\/\/schema.org","@graph":[{"@type":"WebPage","@id":"https:\/\/www.koupeltech.com\/index.php\/produkt\/santech-vypwhn57-sifon-vanovy-s-napoustenim-bovden-sezonni-sleva-22311\/","url":"https:\/\/www.koupeltech.com\/index.php\/produkt\/santech-vypwhn57-sifon-vanovy-s-napoustenim-bovden-sezonni-sleva-22311\/","name":"Santech VYPWHN57 sifon vanov\u00fd s napou\u0161t\u011bn\u00edm bovden Sez\u00f3nn\u00ed Sleva -","isPartOf":{"@id":"https:\/\/www.koupeltech.com\/#website"},"primaryImageOfPage":{"@id":"https:\/\/www.koupeltech.com\/index.php\/produkt\/santech-vypwhn57-sifon-vanovy-s-napoustenim-bovden-sezonni-sleva-22311\/#primaryimage"},"image":{"@id":"https:\/\/www.koupeltech.com\/index.php\/produkt\/santech-vypwhn57-sifon-vanovy-s-napoustenim-bovden-sezonni-sleva-22311\/#primaryimage"},"thumbnailUrl":"https:\/\/www.koupeltech.com\/wp-content\/uploads\/2026\/SK0020963-CZ20260425-093631-0-1777080994-337160-2_vypust-white-1684229098.webp","datePublished":"2026-04-27T13:59:13+00:00","breadcrumb":{"@id":"https:\/\/www.koupeltech.com\/index.php\/produkt\/santech-vypwhn57-sifon-vanovy-s-napoustenim-bovden-sezonni-sleva-22311\/#breadcrumb"},"inLanguage":"cs","potentialAction":[{"@type":"ReadAction","target":["https:\/\/www.koupeltech.com\/index.php\/produkt\/santech-vypwhn57-sifon-vanovy-s-napoustenim-bovden-sezonni-sleva-22311\/"]}]},{"@type":"ImageObject","inLanguage":"cs","@id":"https:\/\/www.koupeltech.com\/index.php\/produkt\/santech-vypwhn57-sifon-vanovy-s-napoustenim-bovden-sezonni-sleva-22311\/#primaryimage","url":"https:\/\/www.koupeltech.com\/wp-content\/uploads\/2026\/SK0020963-CZ20260425-093631-0-1777080994-337160-2_vypust-white-1684229098.webp","contentUrl":"https:\/\/www.koupeltech.com\/wp-content\/uploads\/2026\/SK0020963-CZ20260425-093631-0-1777080994-337160-2_vypust-white-1684229098.webp","width":1000,"height":750},{"@type":"BreadcrumbList","@id":"https:\/\/www.koupeltech.com\/index.php\/produkt\/santech-vypwhn57-sifon-vanovy-s-napoustenim-bovden-sezonni-sleva-22311\/#breadcrumb","itemListElement":[{"@type":"ListItem","position":1,"name":"Home","item":"https:\/\/www.koupeltech.com\/"},{"@type":"ListItem","position":2,"name":"Products","item":"https:\/\/www.koupeltech.com\/index.php\/products\/"},{"@type":"ListItem","position":3,"name":"Santech VYPWHN57 sifon vanov\u00fd s napou\u0161t\u011bn\u00edm bovden Sez\u00f3nn\u00ed Sleva"}]},{"@type":"WebSite","@id":"https:\/\/www.koupeltech.com\/#website","url":"https:\/\/www.koupeltech.com\/","name":"","description":"","potentialAction":[{"@type":"SearchAction","target":{"@type":"EntryPoint","urlTemplate":"https:\/\/www.koupeltech.com\/?s={search_term_string}"},"query-input":{"@type":"PropertyValueSpecification","valueRequired":true,"valueName":"search_term_string"}}],"inLanguage":"cs"}]}},"_links":{"self":[{"href":"https:\/\/www.koupeltech.com\/index.php\/wp-json\/wp\/v2\/product\/22311","targetHints":{"allow":["GET"]}}],"collection":[{"href":"https:\/\/www.koupeltech.com\/index.php\/wp-json\/wp\/v2\/product"}],"about":[{"href":"https:\/\/www.koupeltech.com\/index.php\/wp-json\/wp\/v2\/types\/product"}],"replies":[{"embeddable":true,"href":"https:\/\/www.koupeltech.com\/index.php\/wp-json\/wp\/v2\/comments?post=22311"}],"wp:featuredmedia":[{"embeddable":true,"href":"https:\/\/www.koupeltech.com\/index.php\/wp-json\/wp\/v2\/media\/22411"}],"wp:attachment":[{"href":"https:\/\/www.koupeltech.com\/index.php\/wp-json\/wp\/v2\/media?parent=22311"}],"wp:term":[{"taxonomy":"product_brand","embeddable":true,"href":"https:\/\/www.koupeltech.com\/index.php\/wp-json\/wp\/v2\/product_brand?post=22311"},{"taxonomy":"product_cat","embeddable":true,"href":"https:\/\/www.koupeltech.com\/index.php\/wp-json\/wp\/v2\/product_cat?post=22311"},{"taxonomy":"product_tag","embeddable":true,"href":"https:\/\/www.koupeltech.com\/index.php\/wp-json\/wp\/v2\/product_tag?post=22311"}],"curies":[{"name":"wp","href":"https:\/\/api.w.org\/{rel}","templated":true}]}}