{"id":22517,"date":"2026-04-27T13:59:15","date_gmt":"2026-04-27T13:59:15","guid":{"rendered":""},"modified":"2026-04-27T13:59:15","modified_gmt":"2026-04-27T13:59:15","slug":"novinka-santech-vypust-santech-70-cm-vypss70-22517","status":"publish","type":"product","link":"https:\/\/www.koupeltech.com\/index.php\/produkt\/novinka-santech-vypust-santech-70-cm-vypss70-22517\/","title":{"rendered":"Novinka Santech V\u00ddPUS\u0164 SANTECH 70 cm VYPSS70"},"content":{"rendered":"<div class=\"basic-description\">\n<h3>Detailn\u00ed popis produktu<\/h3>\n<p><meta charset=\"utf-8\" \/><\/p>\n<p><meta charset=\"utf-8\" \/><\/p>\n<h5>Modern\u00ed kulat\u00e1 mechanick\u00e1 v\u00fdpus\u0165 vhodn\u00e1 pro vany standardn\u00edch rozm\u011br\u016f s odtokov\u00fdm otvorem pr. 52 mm.<\/h5>\n<p><span><meta charset=\"utf-8\" \/><\/span><\/p>\n<ul>\n<li>Proveden\u00ed: chrom\n<\/li>\n<li>D\u00e9lka: 700 mm\n<\/li>\n<li>K\u00f3d zbo\u017e\u00ed: VYPSS70\n<\/li>\n<li>Instala\u010dn\u00ed \u0161\u00ed\u0159ka p\u0159epadu na boku vany 45 mm\n<\/li>\n<li>Uzav\u00edr\u00e1n\u00ed odpadu pomoc\u00ed bovdenov\u00e9ho ovl\u00e1d\u00e1n\u00ed\n<\/li>\n<li>Pochromovan\u00e1 kovov\u00e1 ovl\u00e1dac\u00ed hlavice\n<\/li>\n<li>Pochromovan\u00e1 kovov\u00e1 z\u00e1tka\n<\/li>\n<li>Nerezov\u00e1 m\u0159\u00ed\u017eka v\u00fdpusti\n<\/li>\n<li>Z\u00e1pachov\u00e1 uz\u00e1v\u011bra pr. 50 mm\n<\/li>\n<li>Mont\u00e1\u017en\u00ed set<\/li>\n<\/ul>\n<p><span><meta charset=\"utf-8\" \/><\/span><\/p>\n<\/p><\/div>\n","protected":false},"excerpt":{"rendered":"<p>Detailn\u00ed popis produktu Modern\u00ed kulat\u00e1 mechanick\u00e1 v\u00fdpus\u0165 vhodn\u00e1 pro vany standardn\u00edch rozm\u011br\u016f s odtokov\u00fdm otvorem pr. 52 mm. Proveden\u00ed: chrom D\u00e9lka: 700 mm K\u00f3d zbo\u017e\u00ed: VYPSS70 Instala\u010dn\u00ed \u0161\u00ed\u0159ka p\u0159epadu na boku vany 45 mm Uzav\u00edr\u00e1n\u00ed odpadu pomoc\u00ed bovdenov\u00e9ho ovl\u00e1d\u00e1n\u00ed Pochromovan\u00e1 kovov\u00e1 ovl\u00e1dac\u00ed hlavice Pochromovan\u00e1 kovov\u00e1 z\u00e1tka Nerezov\u00e1 m\u0159\u00ed\u017eka v\u00fdpusti Z\u00e1pachov\u00e1 uz\u00e1v\u011bra pr. 50 mm Mont\u00e1\u017en\u00ed [&hellip;]<\/p>\n","protected":false},"featured_media":22617,"comment_status":"open","ping_status":"open","template":"","meta":[],"product_brand":[],"product_cat":[88],"product_tag":[],"class_list":{"0":"post-22517","1":"product","2":"type-product","3":"status-publish","4":"has-post-thumbnail","6":"product_cat-vany","8":"first","9":"instock","10":"sale","11":"shipping-taxable","12":"purchasable","13":"product-type-simple"},"yoast_head":"<!-- This site is optimized with the Yoast SEO plugin v26.8 - https:\/\/yoast.com\/product\/yoast-seo-wordpress\/ -->\n<title>Novinka Santech V\u00ddPUS\u0164 SANTECH 70 cm VYPSS70 -<\/title>\n<meta name=\"robots\" content=\"index, follow, max-snippet:-1, max-image-preview:large, max-video-preview:-1\" \/>\n<link rel=\"canonical\" href=\"https:\/\/www.koupeltech.com\/index.php\/produkt\/novinka-santech-vypust-santech-70-cm-vypss70-22517\/\" \/>\n<meta property=\"og:locale\" content=\"cs_CZ\" \/>\n<meta property=\"og:type\" content=\"article\" \/>\n<meta property=\"og:title\" content=\"Novinka Santech V\u00ddPUS\u0164 SANTECH 70 cm VYPSS70 -\" \/>\n<meta property=\"og:description\" content=\"Detailn\u00ed popis produktu Modern\u00ed kulat\u00e1 mechanick\u00e1 v\u00fdpus\u0165 vhodn\u00e1 pro vany standardn\u00edch rozm\u011br\u016f s odtokov\u00fdm otvorem pr. 52 mm. Proveden\u00ed: chrom D\u00e9lka: 700 mm K\u00f3d zbo\u017e\u00ed: VYPSS70 Instala\u010dn\u00ed \u0161\u00ed\u0159ka p\u0159epadu na boku vany 45 mm Uzav\u00edr\u00e1n\u00ed odpadu pomoc\u00ed bovdenov\u00e9ho ovl\u00e1d\u00e1n\u00ed Pochromovan\u00e1 kovov\u00e1 ovl\u00e1dac\u00ed hlavice Pochromovan\u00e1 kovov\u00e1 z\u00e1tka Nerezov\u00e1 m\u0159\u00ed\u017eka v\u00fdpusti Z\u00e1pachov\u00e1 uz\u00e1v\u011bra pr. 50 mm Mont\u00e1\u017en\u00ed [&hellip;]\" \/>\n<meta property=\"og:url\" content=\"https:\/\/www.koupeltech.com\/index.php\/produkt\/novinka-santech-vypust-santech-70-cm-vypss70-22517\/\" \/>\n<meta property=\"og:image\" content=\"https:\/\/www.koupeltech.com\/wp-content\/uploads\/2026\/SK0021119-CZ20260425-093631-0-1777080994-338393-2_santech-vypust-santech-70-cm-vypss70.webp\" \/>\n\t<meta property=\"og:image:width\" content=\"1000\" \/>\n\t<meta property=\"og:image:height\" content=\"750\" \/>\n\t<meta property=\"og:image:type\" content=\"image\/webp\" \/>\n<meta name=\"twitter:card\" content=\"summary_large_image\" \/>\n<script type=\"application\/ld+json\" class=\"yoast-schema-graph\">{\"@context\":\"https:\/\/schema.org\",\"@graph\":[{\"@type\":\"WebPage\",\"@id\":\"https:\/\/www.koupeltech.com\/index.php\/produkt\/novinka-santech-vypust-santech-70-cm-vypss70-22517\/\",\"url\":\"https:\/\/www.koupeltech.com\/index.php\/produkt\/novinka-santech-vypust-santech-70-cm-vypss70-22517\/\",\"name\":\"Novinka Santech V\u00ddPUS\u0164 SANTECH 70 cm VYPSS70 -\",\"isPartOf\":{\"@id\":\"https:\/\/www.koupeltech.com\/#website\"},\"primaryImageOfPage\":{\"@id\":\"https:\/\/www.koupeltech.com\/index.php\/produkt\/novinka-santech-vypust-santech-70-cm-vypss70-22517\/#primaryimage\"},\"image\":{\"@id\":\"https:\/\/www.koupeltech.com\/index.php\/produkt\/novinka-santech-vypust-santech-70-cm-vypss70-22517\/#primaryimage\"},\"thumbnailUrl\":\"https:\/\/www.koupeltech.com\/wp-content\/uploads\/2026\/SK0021119-CZ20260425-093631-0-1777080994-338393-2_santech-vypust-santech-70-cm-vypss70.webp\",\"datePublished\":\"2026-04-27T13:59:15+00:00\",\"breadcrumb\":{\"@id\":\"https:\/\/www.koupeltech.com\/index.php\/produkt\/novinka-santech-vypust-santech-70-cm-vypss70-22517\/#breadcrumb\"},\"inLanguage\":\"cs\",\"potentialAction\":[{\"@type\":\"ReadAction\",\"target\":[\"https:\/\/www.koupeltech.com\/index.php\/produkt\/novinka-santech-vypust-santech-70-cm-vypss70-22517\/\"]}]},{\"@type\":\"ImageObject\",\"inLanguage\":\"cs\",\"@id\":\"https:\/\/www.koupeltech.com\/index.php\/produkt\/novinka-santech-vypust-santech-70-cm-vypss70-22517\/#primaryimage\",\"url\":\"https:\/\/www.koupeltech.com\/wp-content\/uploads\/2026\/SK0021119-CZ20260425-093631-0-1777080994-338393-2_santech-vypust-santech-70-cm-vypss70.webp\",\"contentUrl\":\"https:\/\/www.koupeltech.com\/wp-content\/uploads\/2026\/SK0021119-CZ20260425-093631-0-1777080994-338393-2_santech-vypust-santech-70-cm-vypss70.webp\",\"width\":1000,\"height\":750},{\"@type\":\"BreadcrumbList\",\"@id\":\"https:\/\/www.koupeltech.com\/index.php\/produkt\/novinka-santech-vypust-santech-70-cm-vypss70-22517\/#breadcrumb\",\"itemListElement\":[{\"@type\":\"ListItem\",\"position\":1,\"name\":\"Home\",\"item\":\"https:\/\/www.koupeltech.com\/\"},{\"@type\":\"ListItem\",\"position\":2,\"name\":\"Products\",\"item\":\"https:\/\/www.koupeltech.com\/index.php\/products\/\"},{\"@type\":\"ListItem\",\"position\":3,\"name\":\"Novinka Santech V\u00ddPUS\u0164 SANTECH 70 cm VYPSS70\"}]},{\"@type\":\"WebSite\",\"@id\":\"https:\/\/www.koupeltech.com\/#website\",\"url\":\"https:\/\/www.koupeltech.com\/\",\"name\":\"\",\"description\":\"\",\"potentialAction\":[{\"@type\":\"SearchAction\",\"target\":{\"@type\":\"EntryPoint\",\"urlTemplate\":\"https:\/\/www.koupeltech.com\/?s={search_term_string}\"},\"query-input\":{\"@type\":\"PropertyValueSpecification\",\"valueRequired\":true,\"valueName\":\"search_term_string\"}}],\"inLanguage\":\"cs\"}]}<\/script>\n<!-- \/ Yoast SEO plugin. -->","yoast_head_json":{"title":"Novinka Santech V\u00ddPUS\u0164 SANTECH 70 cm VYPSS70 -","robots":{"index":"index","follow":"follow","max-snippet":"max-snippet:-1","max-image-preview":"max-image-preview:large","max-video-preview":"max-video-preview:-1"},"canonical":"https:\/\/www.koupeltech.com\/index.php\/produkt\/novinka-santech-vypust-santech-70-cm-vypss70-22517\/","og_locale":"cs_CZ","og_type":"article","og_title":"Novinka Santech V\u00ddPUS\u0164 SANTECH 70 cm VYPSS70 -","og_description":"Detailn\u00ed popis produktu Modern\u00ed kulat\u00e1 mechanick\u00e1 v\u00fdpus\u0165 vhodn\u00e1 pro vany standardn\u00edch rozm\u011br\u016f s odtokov\u00fdm otvorem pr. 52 mm. Proveden\u00ed: chrom D\u00e9lka: 700 mm K\u00f3d zbo\u017e\u00ed: VYPSS70 Instala\u010dn\u00ed \u0161\u00ed\u0159ka p\u0159epadu na boku vany 45 mm Uzav\u00edr\u00e1n\u00ed odpadu pomoc\u00ed bovdenov\u00e9ho ovl\u00e1d\u00e1n\u00ed Pochromovan\u00e1 kovov\u00e1 ovl\u00e1dac\u00ed hlavice Pochromovan\u00e1 kovov\u00e1 z\u00e1tka Nerezov\u00e1 m\u0159\u00ed\u017eka v\u00fdpusti Z\u00e1pachov\u00e1 uz\u00e1v\u011bra pr. 50 mm Mont\u00e1\u017en\u00ed [&hellip;]","og_url":"https:\/\/www.koupeltech.com\/index.php\/produkt\/novinka-santech-vypust-santech-70-cm-vypss70-22517\/","og_image":[{"width":1000,"height":750,"url":"https:\/\/www.koupeltech.com\/wp-content\/uploads\/2026\/SK0021119-CZ20260425-093631-0-1777080994-338393-2_santech-vypust-santech-70-cm-vypss70.webp","type":"image\/webp"}],"twitter_card":"summary_large_image","schema":{"@context":"https:\/\/schema.org","@graph":[{"@type":"WebPage","@id":"https:\/\/www.koupeltech.com\/index.php\/produkt\/novinka-santech-vypust-santech-70-cm-vypss70-22517\/","url":"https:\/\/www.koupeltech.com\/index.php\/produkt\/novinka-santech-vypust-santech-70-cm-vypss70-22517\/","name":"Novinka Santech V\u00ddPUS\u0164 SANTECH 70 cm VYPSS70 -","isPartOf":{"@id":"https:\/\/www.koupeltech.com\/#website"},"primaryImageOfPage":{"@id":"https:\/\/www.koupeltech.com\/index.php\/produkt\/novinka-santech-vypust-santech-70-cm-vypss70-22517\/#primaryimage"},"image":{"@id":"https:\/\/www.koupeltech.com\/index.php\/produkt\/novinka-santech-vypust-santech-70-cm-vypss70-22517\/#primaryimage"},"thumbnailUrl":"https:\/\/www.koupeltech.com\/wp-content\/uploads\/2026\/SK0021119-CZ20260425-093631-0-1777080994-338393-2_santech-vypust-santech-70-cm-vypss70.webp","datePublished":"2026-04-27T13:59:15+00:00","breadcrumb":{"@id":"https:\/\/www.koupeltech.com\/index.php\/produkt\/novinka-santech-vypust-santech-70-cm-vypss70-22517\/#breadcrumb"},"inLanguage":"cs","potentialAction":[{"@type":"ReadAction","target":["https:\/\/www.koupeltech.com\/index.php\/produkt\/novinka-santech-vypust-santech-70-cm-vypss70-22517\/"]}]},{"@type":"ImageObject","inLanguage":"cs","@id":"https:\/\/www.koupeltech.com\/index.php\/produkt\/novinka-santech-vypust-santech-70-cm-vypss70-22517\/#primaryimage","url":"https:\/\/www.koupeltech.com\/wp-content\/uploads\/2026\/SK0021119-CZ20260425-093631-0-1777080994-338393-2_santech-vypust-santech-70-cm-vypss70.webp","contentUrl":"https:\/\/www.koupeltech.com\/wp-content\/uploads\/2026\/SK0021119-CZ20260425-093631-0-1777080994-338393-2_santech-vypust-santech-70-cm-vypss70.webp","width":1000,"height":750},{"@type":"BreadcrumbList","@id":"https:\/\/www.koupeltech.com\/index.php\/produkt\/novinka-santech-vypust-santech-70-cm-vypss70-22517\/#breadcrumb","itemListElement":[{"@type":"ListItem","position":1,"name":"Home","item":"https:\/\/www.koupeltech.com\/"},{"@type":"ListItem","position":2,"name":"Products","item":"https:\/\/www.koupeltech.com\/index.php\/products\/"},{"@type":"ListItem","position":3,"name":"Novinka Santech V\u00ddPUS\u0164 SANTECH 70 cm VYPSS70"}]},{"@type":"WebSite","@id":"https:\/\/www.koupeltech.com\/#website","url":"https:\/\/www.koupeltech.com\/","name":"","description":"","potentialAction":[{"@type":"SearchAction","target":{"@type":"EntryPoint","urlTemplate":"https:\/\/www.koupeltech.com\/?s={search_term_string}"},"query-input":{"@type":"PropertyValueSpecification","valueRequired":true,"valueName":"search_term_string"}}],"inLanguage":"cs"}]}},"_links":{"self":[{"href":"https:\/\/www.koupeltech.com\/index.php\/wp-json\/wp\/v2\/product\/22517","targetHints":{"allow":["GET"]}}],"collection":[{"href":"https:\/\/www.koupeltech.com\/index.php\/wp-json\/wp\/v2\/product"}],"about":[{"href":"https:\/\/www.koupeltech.com\/index.php\/wp-json\/wp\/v2\/types\/product"}],"replies":[{"embeddable":true,"href":"https:\/\/www.koupeltech.com\/index.php\/wp-json\/wp\/v2\/comments?post=22517"}],"wp:featuredmedia":[{"embeddable":true,"href":"https:\/\/www.koupeltech.com\/index.php\/wp-json\/wp\/v2\/media\/22617"}],"wp:attachment":[{"href":"https:\/\/www.koupeltech.com\/index.php\/wp-json\/wp\/v2\/media?parent=22517"}],"wp:term":[{"taxonomy":"product_brand","embeddable":true,"href":"https:\/\/www.koupeltech.com\/index.php\/wp-json\/wp\/v2\/product_brand?post=22517"},{"taxonomy":"product_cat","embeddable":true,"href":"https:\/\/www.koupeltech.com\/index.php\/wp-json\/wp\/v2\/product_cat?post=22517"},{"taxonomy":"product_tag","embeddable":true,"href":"https:\/\/www.koupeltech.com\/index.php\/wp-json\/wp\/v2\/product_tag?post=22517"}],"curies":[{"name":"wp","href":"https:\/\/api.w.org\/{rel}","templated":true}]}}