{"id":27966,"date":"2026-04-27T14:00:04","date_gmt":"2026-04-27T14:00:04","guid":{"rendered":""},"modified":"2026-04-27T14:00:04","modified_gmt":"2026-04-27T14:00:04","slug":"zlevneny-spraypaint-one-matt-lacquer-400ml-vysoce-kvalitni-univerzalni-bezbarvy-lak-27966","status":"publish","type":"product","link":"https:\/\/www.koupeltech.com\/index.php\/produkt\/zlevneny-spraypaint-one-matt-lacquer-400ml-vysoce-kvalitni-univerzalni-bezbarvy-lak-27966\/","title":{"rendered":"Zlevn\u011bn\u00fd Spraypaint ONE &#8211; Matt Lacquer 400ml vysoce kvalitn\u00ed univerz\u00e1ln\u00ed bezbarv\u00fd lak"},"content":{"rendered":"<table>\n<div class=\"tab-pane active product-description\" id=\"popis\" role=\"tabpanel\">\n<div class=\"short-description\" itemprop=\"description\">Vysoce kvalitn\u00ed univerz\u00e1ln\u00ed bezbarv\u00fd lak ve spreji finsk\u00e9 zna\u010dky Maston ve dvou proveden\u00edch vhledu.<\/div>\n<div class=\"description\">\n<p>Maston ONE! se m\u016f\u017ee pou\u017e\u00edvat t\u00e9m\u011b\u0159 na v\u0161echny povrchy jako je d\u0159evo, kov, k\u00e1men, n\u011bkter\u00e9 plasty, sklo, keramika, materi\u00e1ly ze su\u0161en\u00fdch rostlin, lepenka.<br \/>Vhodn\u00fd pro pou\u017eit\u00ed uvnit\u0159 a venku.<\/p>\n<p>Vysp\u011bl\u00e1 technologie ventilu a trysky umo\u017e\u0148uje n\u00e1st\u0159ik ze vzd\u00e1lenosti pouze 15cm, co\u017e omez\u00ed&nbsp;<br \/>st\u00e9k\u00e1n\u00ed, prost\u0159ik a mno\u017esvt\u00ed aerosolov\u00e9ho prachu ve vzduchu a naopak je zlep\u0161ena p\u0159esnost n\u00e1st\u0159iku.<br \/>Vydatnost spreje je a\u017e 3 m2 (dle savosti, drsnosti a odst\u00ednu podkladu)<\/p>\n<p>Such\u00fd v\u016f\u010di prachu po 5 minut\u00e1ch<br \/>Such\u00fd na dotyk po 15 minut\u00e1ch<br \/>Kone\u010dn\u00e1 tvrdost po 24 hodin\u00e1ch<br \/>Odoln\u00fd v\u016f\u010di teplot\u011b do 110\u00b0C&nbsp;<\/p>\n<p>Doba schnut\u00ed z\u00e1vis\u00ed na okoln\u00ed teplot\u011b, vlhkosti vzduchu a tlou\u0161\u0165ce aplikovan\u00e9ho n\u00e1t\u011bru.<br \/>Doba schnut\u00ed ud\u00e1na p\u0159i 20\u00b0C a 50% relativn\u00ed vlhkosti vzduchu.<\/p>\n<\/div>\n<div class=\"parameters\">\n<tr>\n<td>P\u0159ednosti:<\/td>\n<td><\/td>\n<\/tr>\n<tr>\n<td>Vysok\u00e1 vydatnosti a p\u0159ilnavost<\/td>\n<td><\/td>\n<\/tr>\n<tr>\n<td>Omezen\u00ed mno\u017estv\u00ed prachu p\u0159i n\u00e1st\u0159iku<\/td>\n<td><\/td>\n<\/tr>\n<tr>\n<td>\u017d\u00e1dn\u00e9 st\u00e9k\u00e1n\u00ed a rychl\u00e1 aplikace<\/td>\n<td><\/td>\n<\/tr>\n<tr>\n<td>Hladk\u00fd povrch, rychl\u00e9 schnut\u00ed<\/td>\n<td><\/td>\n<\/tr>\n<tr>\n<td>Vysok\u00e1 akrylov\u00e1 kvalita, nastaviteln\u00e1 tryska<\/td>\n<td><\/td>\n<\/tr>\n<tr>\n<td>Na nep\u0159et\u00edran\u00e1 okna, pro vn\u011bj\u0161\u00ed i vnit\u0159n\u00ed pou\u017eit\u00ed<\/td>\n<td><\/td>\n<\/tr>\n<tr>\n<td>Odoln\u00e9 v\u016f\u010di pov\u011btrnostn\u00edm vliv\u016fm, sv\u011btlo st\u00e1l\u00e9<\/td>\n<td><\/td>\n<\/tr>\n<tr>\n<td>Odoln\u00e9 proti UV z\u00e1\u0159en\u00ed, po\u0161kr\u00e1b\u00e1n\u00ed a n\u00e1razu<\/td>\n<td><\/td>\n<\/tr>\n<tr>\n<td>Vysok\u00e1 povrchov\u00e1 tvrdost a dobr\u00e1 pru\u017enost<\/td>\n<td><\/td>\n<\/tr>\n<tr>\n<td>M\u016f\u017ee b\u00fdt le\u0161t\u011bn\u00fd<\/td>\n<td><\/td>\n<\/tr><\/div>\n<\/table>\n","protected":false},"excerpt":{"rendered":"<p>Vysoce kvalitn\u00ed univerz\u00e1ln\u00ed bezbarv\u00fd lak ve spreji finsk\u00e9 zna\u010dky Maston ve dvou proveden\u00edch vhledu. Maston ONE! se m\u016f\u017ee pou\u017e\u00edvat t\u00e9m\u011b\u0159 na v\u0161echny povrchy jako je d\u0159evo, kov, k\u00e1men, n\u011bkter\u00e9 plasty, sklo, keramika, materi\u00e1ly ze su\u0161en\u00fdch rostlin, lepenka.Vhodn\u00fd pro pou\u017eit\u00ed uvnit\u0159 a venku. Vysp\u011bl\u00e1 technologie ventilu a trysky umo\u017e\u0148uje n\u00e1st\u0159ik ze vzd\u00e1lenosti pouze 15cm, co\u017e omez\u00ed&nbsp;st\u00e9k\u00e1n\u00ed, [&hellip;]<\/p>\n","protected":false},"featured_media":28066,"comment_status":"open","ping_status":"open","template":"","meta":[],"product_brand":[],"product_cat":[40,42,41],"product_tag":[],"class_list":{"0":"post-27966","1":"product","2":"type-product","3":"status-publish","4":"has-post-thumbnail","6":"product_cat-barvy","7":"product_cat-chemie","8":"product_cat-laky","10":"first","11":"instock","12":"sale","13":"shipping-taxable","14":"purchasable","15":"product-type-simple"},"yoast_head":"<!-- This site is optimized with the Yoast SEO plugin v26.8 - https:\/\/yoast.com\/product\/yoast-seo-wordpress\/ -->\n<title>Zlevn\u011bn\u00fd Spraypaint ONE - Matt Lacquer 400ml vysoce kvalitn\u00ed univerz\u00e1ln\u00ed bezbarv\u00fd lak -<\/title>\n<meta name=\"robots\" content=\"index, follow, max-snippet:-1, max-image-preview:large, max-video-preview:-1\" \/>\n<link rel=\"canonical\" href=\"https:\/\/www.koupeltech.com\/index.php\/produkt\/zlevneny-spraypaint-one-matt-lacquer-400ml-vysoce-kvalitni-univerzalni-bezbarvy-lak-27966\/\" \/>\n<meta property=\"og:locale\" content=\"cs_CZ\" \/>\n<meta property=\"og:type\" content=\"article\" \/>\n<meta property=\"og:title\" content=\"Zlevn\u011bn\u00fd Spraypaint ONE - Matt Lacquer 400ml vysoce kvalitn\u00ed univerz\u00e1ln\u00ed bezbarv\u00fd lak -\" \/>\n<meta property=\"og:description\" content=\"Vysoce kvalitn\u00ed univerz\u00e1ln\u00ed bezbarv\u00fd lak ve spreji finsk\u00e9 zna\u010dky Maston ve dvou proveden\u00edch vhledu. Maston ONE! se m\u016f\u017ee pou\u017e\u00edvat t\u00e9m\u011b\u0159 na v\u0161echny povrchy jako je d\u0159evo, kov, k\u00e1men, n\u011bkter\u00e9 plasty, sklo, keramika, materi\u00e1ly ze su\u0161en\u00fdch rostlin, lepenka.Vhodn\u00fd pro pou\u017eit\u00ed uvnit\u0159 a venku. Vysp\u011bl\u00e1 technologie ventilu a trysky umo\u017e\u0148uje n\u00e1st\u0159ik ze vzd\u00e1lenosti pouze 15cm, co\u017e omez\u00ed&nbsp;st\u00e9k\u00e1n\u00ed, [&hellip;]\" \/>\n<meta property=\"og:url\" content=\"https:\/\/www.koupeltech.com\/index.php\/produkt\/zlevneny-spraypaint-one-matt-lacquer-400ml-vysoce-kvalitni-univerzalni-bezbarvy-lak-27966\/\" \/>\n<meta property=\"og:image\" content=\"https:\/\/www.koupeltech.com\/wp-content\/uploads\/2026\/SK0023704-CZ20260425-092328-0-1777080210-dv_8_6005557_01_4c_ch_20160420061142.webp\" \/>\n\t<meta property=\"og:image:width\" content=\"500\" \/>\n\t<meta property=\"og:image:height\" content=\"400\" \/>\n\t<meta property=\"og:image:type\" content=\"image\/webp\" \/>\n<meta name=\"twitter:card\" content=\"summary_large_image\" \/>\n<meta name=\"twitter:label1\" content=\"Odhadovan\u00e1 doba \u010dten\u00ed\" \/>\n\t<meta name=\"twitter:data1\" content=\"1 minuta\" \/>\n<script type=\"application\/ld+json\" class=\"yoast-schema-graph\">{\"@context\":\"https:\/\/schema.org\",\"@graph\":[{\"@type\":\"WebPage\",\"@id\":\"https:\/\/www.koupeltech.com\/index.php\/produkt\/zlevneny-spraypaint-one-matt-lacquer-400ml-vysoce-kvalitni-univerzalni-bezbarvy-lak-27966\/\",\"url\":\"https:\/\/www.koupeltech.com\/index.php\/produkt\/zlevneny-spraypaint-one-matt-lacquer-400ml-vysoce-kvalitni-univerzalni-bezbarvy-lak-27966\/\",\"name\":\"Zlevn\u011bn\u00fd Spraypaint ONE - Matt Lacquer 400ml vysoce kvalitn\u00ed univerz\u00e1ln\u00ed bezbarv\u00fd lak -\",\"isPartOf\":{\"@id\":\"https:\/\/www.koupeltech.com\/#website\"},\"primaryImageOfPage\":{\"@id\":\"https:\/\/www.koupeltech.com\/index.php\/produkt\/zlevneny-spraypaint-one-matt-lacquer-400ml-vysoce-kvalitni-univerzalni-bezbarvy-lak-27966\/#primaryimage\"},\"image\":{\"@id\":\"https:\/\/www.koupeltech.com\/index.php\/produkt\/zlevneny-spraypaint-one-matt-lacquer-400ml-vysoce-kvalitni-univerzalni-bezbarvy-lak-27966\/#primaryimage\"},\"thumbnailUrl\":\"https:\/\/www.koupeltech.com\/wp-content\/uploads\/2026\/SK0023704-CZ20260425-092328-0-1777080210-dv_8_6005557_01_4c_ch_20160420061142.webp\",\"datePublished\":\"2026-04-27T14:00:04+00:00\",\"breadcrumb\":{\"@id\":\"https:\/\/www.koupeltech.com\/index.php\/produkt\/zlevneny-spraypaint-one-matt-lacquer-400ml-vysoce-kvalitni-univerzalni-bezbarvy-lak-27966\/#breadcrumb\"},\"inLanguage\":\"cs\",\"potentialAction\":[{\"@type\":\"ReadAction\",\"target\":[\"https:\/\/www.koupeltech.com\/index.php\/produkt\/zlevneny-spraypaint-one-matt-lacquer-400ml-vysoce-kvalitni-univerzalni-bezbarvy-lak-27966\/\"]}]},{\"@type\":\"ImageObject\",\"inLanguage\":\"cs\",\"@id\":\"https:\/\/www.koupeltech.com\/index.php\/produkt\/zlevneny-spraypaint-one-matt-lacquer-400ml-vysoce-kvalitni-univerzalni-bezbarvy-lak-27966\/#primaryimage\",\"url\":\"https:\/\/www.koupeltech.com\/wp-content\/uploads\/2026\/SK0023704-CZ20260425-092328-0-1777080210-dv_8_6005557_01_4c_ch_20160420061142.webp\",\"contentUrl\":\"https:\/\/www.koupeltech.com\/wp-content\/uploads\/2026\/SK0023704-CZ20260425-092328-0-1777080210-dv_8_6005557_01_4c_ch_20160420061142.webp\",\"width\":500,\"height\":400},{\"@type\":\"BreadcrumbList\",\"@id\":\"https:\/\/www.koupeltech.com\/index.php\/produkt\/zlevneny-spraypaint-one-matt-lacquer-400ml-vysoce-kvalitni-univerzalni-bezbarvy-lak-27966\/#breadcrumb\",\"itemListElement\":[{\"@type\":\"ListItem\",\"position\":1,\"name\":\"Home\",\"item\":\"https:\/\/www.koupeltech.com\/\"},{\"@type\":\"ListItem\",\"position\":2,\"name\":\"Products\",\"item\":\"https:\/\/www.koupeltech.com\/index.php\/products\/\"},{\"@type\":\"ListItem\",\"position\":3,\"name\":\"Zlevn\u011bn\u00fd Spraypaint ONE &#8211; Matt Lacquer 400ml vysoce kvalitn\u00ed univerz\u00e1ln\u00ed bezbarv\u00fd lak\"}]},{\"@type\":\"WebSite\",\"@id\":\"https:\/\/www.koupeltech.com\/#website\",\"url\":\"https:\/\/www.koupeltech.com\/\",\"name\":\"\",\"description\":\"\",\"potentialAction\":[{\"@type\":\"SearchAction\",\"target\":{\"@type\":\"EntryPoint\",\"urlTemplate\":\"https:\/\/www.koupeltech.com\/?s={search_term_string}\"},\"query-input\":{\"@type\":\"PropertyValueSpecification\",\"valueRequired\":true,\"valueName\":\"search_term_string\"}}],\"inLanguage\":\"cs\"}]}<\/script>\n<!-- \/ Yoast SEO plugin. -->","yoast_head_json":{"title":"Zlevn\u011bn\u00fd Spraypaint ONE - Matt Lacquer 400ml vysoce kvalitn\u00ed univerz\u00e1ln\u00ed bezbarv\u00fd lak -","robots":{"index":"index","follow":"follow","max-snippet":"max-snippet:-1","max-image-preview":"max-image-preview:large","max-video-preview":"max-video-preview:-1"},"canonical":"https:\/\/www.koupeltech.com\/index.php\/produkt\/zlevneny-spraypaint-one-matt-lacquer-400ml-vysoce-kvalitni-univerzalni-bezbarvy-lak-27966\/","og_locale":"cs_CZ","og_type":"article","og_title":"Zlevn\u011bn\u00fd Spraypaint ONE - Matt Lacquer 400ml vysoce kvalitn\u00ed univerz\u00e1ln\u00ed bezbarv\u00fd lak -","og_description":"Vysoce kvalitn\u00ed univerz\u00e1ln\u00ed bezbarv\u00fd lak ve spreji finsk\u00e9 zna\u010dky Maston ve dvou proveden\u00edch vhledu. Maston ONE! se m\u016f\u017ee pou\u017e\u00edvat t\u00e9m\u011b\u0159 na v\u0161echny povrchy jako je d\u0159evo, kov, k\u00e1men, n\u011bkter\u00e9 plasty, sklo, keramika, materi\u00e1ly ze su\u0161en\u00fdch rostlin, lepenka.Vhodn\u00fd pro pou\u017eit\u00ed uvnit\u0159 a venku. Vysp\u011bl\u00e1 technologie ventilu a trysky umo\u017e\u0148uje n\u00e1st\u0159ik ze vzd\u00e1lenosti pouze 15cm, co\u017e omez\u00ed&nbsp;st\u00e9k\u00e1n\u00ed, [&hellip;]","og_url":"https:\/\/www.koupeltech.com\/index.php\/produkt\/zlevneny-spraypaint-one-matt-lacquer-400ml-vysoce-kvalitni-univerzalni-bezbarvy-lak-27966\/","og_image":[{"width":500,"height":400,"url":"https:\/\/www.koupeltech.com\/wp-content\/uploads\/2026\/SK0023704-CZ20260425-092328-0-1777080210-dv_8_6005557_01_4c_ch_20160420061142.webp","type":"image\/webp"}],"twitter_card":"summary_large_image","twitter_misc":{"Odhadovan\u00e1 doba \u010dten\u00ed":"1 minuta"},"schema":{"@context":"https:\/\/schema.org","@graph":[{"@type":"WebPage","@id":"https:\/\/www.koupeltech.com\/index.php\/produkt\/zlevneny-spraypaint-one-matt-lacquer-400ml-vysoce-kvalitni-univerzalni-bezbarvy-lak-27966\/","url":"https:\/\/www.koupeltech.com\/index.php\/produkt\/zlevneny-spraypaint-one-matt-lacquer-400ml-vysoce-kvalitni-univerzalni-bezbarvy-lak-27966\/","name":"Zlevn\u011bn\u00fd Spraypaint ONE - Matt Lacquer 400ml vysoce kvalitn\u00ed univerz\u00e1ln\u00ed bezbarv\u00fd lak -","isPartOf":{"@id":"https:\/\/www.koupeltech.com\/#website"},"primaryImageOfPage":{"@id":"https:\/\/www.koupeltech.com\/index.php\/produkt\/zlevneny-spraypaint-one-matt-lacquer-400ml-vysoce-kvalitni-univerzalni-bezbarvy-lak-27966\/#primaryimage"},"image":{"@id":"https:\/\/www.koupeltech.com\/index.php\/produkt\/zlevneny-spraypaint-one-matt-lacquer-400ml-vysoce-kvalitni-univerzalni-bezbarvy-lak-27966\/#primaryimage"},"thumbnailUrl":"https:\/\/www.koupeltech.com\/wp-content\/uploads\/2026\/SK0023704-CZ20260425-092328-0-1777080210-dv_8_6005557_01_4c_ch_20160420061142.webp","datePublished":"2026-04-27T14:00:04+00:00","breadcrumb":{"@id":"https:\/\/www.koupeltech.com\/index.php\/produkt\/zlevneny-spraypaint-one-matt-lacquer-400ml-vysoce-kvalitni-univerzalni-bezbarvy-lak-27966\/#breadcrumb"},"inLanguage":"cs","potentialAction":[{"@type":"ReadAction","target":["https:\/\/www.koupeltech.com\/index.php\/produkt\/zlevneny-spraypaint-one-matt-lacquer-400ml-vysoce-kvalitni-univerzalni-bezbarvy-lak-27966\/"]}]},{"@type":"ImageObject","inLanguage":"cs","@id":"https:\/\/www.koupeltech.com\/index.php\/produkt\/zlevneny-spraypaint-one-matt-lacquer-400ml-vysoce-kvalitni-univerzalni-bezbarvy-lak-27966\/#primaryimage","url":"https:\/\/www.koupeltech.com\/wp-content\/uploads\/2026\/SK0023704-CZ20260425-092328-0-1777080210-dv_8_6005557_01_4c_ch_20160420061142.webp","contentUrl":"https:\/\/www.koupeltech.com\/wp-content\/uploads\/2026\/SK0023704-CZ20260425-092328-0-1777080210-dv_8_6005557_01_4c_ch_20160420061142.webp","width":500,"height":400},{"@type":"BreadcrumbList","@id":"https:\/\/www.koupeltech.com\/index.php\/produkt\/zlevneny-spraypaint-one-matt-lacquer-400ml-vysoce-kvalitni-univerzalni-bezbarvy-lak-27966\/#breadcrumb","itemListElement":[{"@type":"ListItem","position":1,"name":"Home","item":"https:\/\/www.koupeltech.com\/"},{"@type":"ListItem","position":2,"name":"Products","item":"https:\/\/www.koupeltech.com\/index.php\/products\/"},{"@type":"ListItem","position":3,"name":"Zlevn\u011bn\u00fd Spraypaint ONE &#8211; Matt Lacquer 400ml vysoce kvalitn\u00ed univerz\u00e1ln\u00ed bezbarv\u00fd lak"}]},{"@type":"WebSite","@id":"https:\/\/www.koupeltech.com\/#website","url":"https:\/\/www.koupeltech.com\/","name":"","description":"","potentialAction":[{"@type":"SearchAction","target":{"@type":"EntryPoint","urlTemplate":"https:\/\/www.koupeltech.com\/?s={search_term_string}"},"query-input":{"@type":"PropertyValueSpecification","valueRequired":true,"valueName":"search_term_string"}}],"inLanguage":"cs"}]}},"_links":{"self":[{"href":"https:\/\/www.koupeltech.com\/index.php\/wp-json\/wp\/v2\/product\/27966","targetHints":{"allow":["GET"]}}],"collection":[{"href":"https:\/\/www.koupeltech.com\/index.php\/wp-json\/wp\/v2\/product"}],"about":[{"href":"https:\/\/www.koupeltech.com\/index.php\/wp-json\/wp\/v2\/types\/product"}],"replies":[{"embeddable":true,"href":"https:\/\/www.koupeltech.com\/index.php\/wp-json\/wp\/v2\/comments?post=27966"}],"wp:featuredmedia":[{"embeddable":true,"href":"https:\/\/www.koupeltech.com\/index.php\/wp-json\/wp\/v2\/media\/28066"}],"wp:attachment":[{"href":"https:\/\/www.koupeltech.com\/index.php\/wp-json\/wp\/v2\/media?parent=27966"}],"wp:term":[{"taxonomy":"product_brand","embeddable":true,"href":"https:\/\/www.koupeltech.com\/index.php\/wp-json\/wp\/v2\/product_brand?post=27966"},{"taxonomy":"product_cat","embeddable":true,"href":"https:\/\/www.koupeltech.com\/index.php\/wp-json\/wp\/v2\/product_cat?post=27966"},{"taxonomy":"product_tag","embeddable":true,"href":"https:\/\/www.koupeltech.com\/index.php\/wp-json\/wp\/v2\/product_tag?post=27966"}],"curies":[{"name":"wp","href":"https:\/\/api.w.org\/{rel}","templated":true}]}}