{"id":28514,"date":"2026-04-27T14:00:10","date_gmt":"2026-04-27T14:00:10","guid":{"rendered":""},"modified":"2026-04-27T14:00:10","modified_gmt":"2026-04-27T14:00:10","slug":"akce-metabo-rm-36-18-ltx-bl-46-2x5-2ah-asc-145-duo-aku-sekacka-na-travu-28514","status":"publish","type":"product","link":"https:\/\/www.koupeltech.com\/index.php\/produkt\/akce-metabo-rm-36-18-ltx-bl-46-2x5-2ah-asc-145-duo-aku-sekacka-na-travu-28514\/","title":{"rendered":"Akce METABO RM\u00a036-18\u00a0LTX\u00a0BL\u00a046 2&#215;5,2Ah,ASC 145 Duo Aku seka\u010dka na tr\u00e1vu"},"content":{"rendered":"<table>\n<div class=\"tab-pane active product-description\" id=\"popis\" role=\"tabpanel\">\n<div class=\"short-description\" itemprop=\"description\"><\/div>\n<div class=\"description\"><span class='bullet-line'>Tich\u00e1 akumul\u00e1torov\u00e1 seka\u010dka na tr\u00e1vu pro efektivn\u00ed sek\u00e1n\u00ed, sb\u00edr\u00e1n\u00ed a mul\u010dov\u00e1n\u00ed ploch do 800 m\u00b2<br \/><\/span><span class='bullet-line'>Pose\u010den\u00e1 tr\u00e1va je alternativn\u011b vyhazov\u00e1na dozadu, sb\u00edr\u00e1na do pru\u017en\u00e9ho sb\u011brn\u00e9ho ko\u0161e nebo je ihned mul\u010dov\u00e1na<br \/><\/span><span class='bullet-line'>Siln\u00fd bezuhl\u00edkov\u00fd motor pro vysok\u00fd \u0159ezn\u00fd v\u00fdkon a dlouh\u00e1 doba b\u011bhu na jedno nabit\u00ed akumul\u00e1toru<br \/><\/span><span class='bullet-line'>Automatick\u00e9 p\u0159izp\u016fsoben\u00ed v\u00fdkonu motoru podle v\u00fd\u0161ky tr\u00e1vy pro maxim\u00e1ln\u00ed doby b\u011bhu na jedno nabit\u00ed akumul\u00e1toru<br \/><\/span><span class='bullet-line'>Centr\u00e1ln\u00ed, jednodu\u0161e ovladateln\u00e9 nastaven\u00ed v\u00fd\u0161ky \u0159ezu v 7 stupn\u00edch<br \/><\/span><span class='bullet-line'>Jednoduch\u00e9 \u0159\u00edzen\u00ed a dr\u017een\u00ed stopy d\u00edky lehk\u00fdm pojezdov\u00fdm kol\u016fm a v\u00fd\u0161kov\u011b p\u0159estaviteln\u00e9 posuvn\u00e9 rukojeti s pogumovan\u00fdm m\u00edstem pro uchopen\u00ed<br \/><\/span><span class='bullet-line'>Robustn\u00ed s dlouhou \u017eivotnost\u00ed d\u00edky kovov\u00e9mu krytu a vysoce hodnotn\u00e9mu srpov\u00e9mu no\u017ei<br \/><\/span><span class='bullet-line'>Dvojit\u00e1 ochrana p\u0159ed nezam\u00fd\u0161len\u00fdm spu\u0161t\u011bn\u00edm d\u00edky bezpe\u010dnostn\u00edmu kl\u00ed\u010di a bezpe\u010dnostn\u00edmu vyp\u00edna\u010di<br \/><\/span><span class='bullet-line'>Jednoduch\u00e1 p\u0159eprava a skladov\u00e1n\u00ed s \u00fasporou m\u00edsta d\u00edky \u00fachop\u016fm pro p\u0159en\u00e1\u0161en\u00ed a dvojn\u00e1sobn\u011b sklopn\u00e9 rukojeti<br \/><\/span><span class='bullet-line'>Dob\u0159e viditeln\u00e1 indikace kapacity ke kontrole stavu nabit\u00ed akumul\u00e1toru<br \/><\/span><span class='bullet-line'>Ekologick\u00fd a tich\u00fd d\u00edky akumul\u00e1torov\u00e9mu provozu, d\u00edky tomu mo\u017eno pou\u017e\u00edt tak\u00e9 v citliv\u00fdch z\u00f3n\u00e1ch na hluk<br \/><\/span><span class='bullet-line'>100% kompatibilita s t\u0159\u00eddou 18 V: v\u00fdkonn\u00fd provoz 36 V se dv\u011bma akumul\u00e1torov\u00fdmi \u010dl\u00e1nky 18 V Metabo<br \/><\/span><span class='bullet-line'>Lze kombinovat se v\u0161emi 18voltov\u00fdmi akumul\u00e1torov\u00fdmi \u010dl\u00e1nky a nab\u00edje\u010dkami zna\u010dek CAS<br \/><\/span><br \/>\u25ba Rozsah dod\u00e1vky<span class='bullet-line'>Sb\u011brn\u00fd ko\u0161<br \/><\/span><span class='bullet-line'>Srpov\u00fd n\u016f\u017e<br \/><\/span><span class='bullet-line'>Mul\u010dovac\u00ed kl\u00edn<br \/><\/span><span class='bullet-line'>Bezpe\u010dnostn\u00ed kl\u00ed\u010d<br \/><\/span><span class='bullet-line'>2 akumul\u00e1torov\u00e9 \u010dl\u00e1nky Li-Power (18 V\/5,2 Ah)<br \/><\/span><span class='bullet-line'>Rychlonab\u00edje\u010dka ASC 145 Duo \u201eAIR COOLED\u201c<\/span><\/div>\n<div class=\"parameters\">\n<tr>\n<td>Druh akumul\u00e1torov\u00fdch \u010dl\u00e1nk\u016f<\/td>\n<td>Li-Ion<\/td>\n<\/tr>\n<tr>\n<td>Nap\u011bt\u00ed akumul\u00e1toru<\/td>\n<td>18 V<\/td>\n<\/tr>\n<tr>\n<td>Kapacita akumul\u00e1torov\u00fdch \u010dl\u00e1nk\u016f<\/td>\n<td>2 x 5.2 Ah<\/td>\n<\/tr>\n<tr>\n<td>Doba b\u011bhu na jedno nabit\u00ed akumul\u00e1torov\u00e9ho \u010dl\u00e1nku<\/td>\n<td>59 min<\/td>\n<\/tr>\n<tr>\n<td>\u0160\u00ed\u0159ka \u0159ezu<\/td>\n<td>46 cm<\/td>\n<\/tr>\n<tr>\n<td>V\u00fd\u0161ka \u0159ezu<\/td>\n<td>25 &#8211; 80 mm<\/td>\n<\/tr>\n<tr>\n<td>Stupn\u011b v\u00fd\u0161ky \u0159ezu<\/td>\n<td>7<\/td>\n<\/tr>\n<tr>\n<td>Objem sb\u011brn\u00e9ho ko\u0161e<\/td>\n<td>55 l<\/td>\n<\/tr>\n<tr>\n<td>Po\u010det ot\u00e1\u010dek p\u0159i volnob\u011bhu<\/td>\n<td>2800 \/min<\/td>\n<\/tr>\n<tr>\n<td>Max. ot\u00e1\u010dky<\/td>\n<td>3400 \/min<\/td>\n<\/tr>\n<tr>\n<td>Hmotnost bez akumul\u00e1torov\u00e9ho \u010dl\u00e1nku<\/td>\n<td>24.5 kg<\/td>\n<\/tr>\n<tr>\n<td>Hmotnost v\u010d. akumul\u00e1torov\u00e9ho \u010dl\u00e1nku<\/td>\n<td>25.9 kg<\/td>\n<\/tr>\n<tr>\n<td>\u25ba<\/td>\n<td>Vibrace<\/td>\n<\/tr>\n<tr>\n<td>Volnob\u011bh<\/td>\n<td>2.5 m\/s\u00b2<\/td>\n<\/tr>\n<tr>\n<td>Nejistota m\u011b\u0159en\u00ed K<\/td>\n<td>1.5 m\/s\u00b2<\/td>\n<\/tr>\n<tr>\n<td>\u25ba<\/td>\n<td>Hlukov\u00e9 emise<\/td>\n<\/tr>\n<tr>\n<td>Hladina akustick\u00e9ho tlaku<\/td>\n<td>67 dB(A)<\/td>\n<\/tr>\n<tr>\n<td>Hladina akustick\u00e9ho v\u00fdkonu (LwA)<\/td>\n<td>88 dB(A)<\/td>\n<\/tr>\n<tr>\n<td>Nejistota m\u011b\u0159en\u00ed K<\/td>\n<td>0.8 dB(A)<\/td>\n<\/tr><\/div>\n<\/table>\n","protected":false},"excerpt":{"rendered":"<p>Tich\u00e1 akumul\u00e1torov\u00e1 seka\u010dka na tr\u00e1vu pro efektivn\u00ed sek\u00e1n\u00ed, sb\u00edr\u00e1n\u00ed a mul\u010dov\u00e1n\u00ed ploch do 800 m\u00b2Pose\u010den\u00e1 tr\u00e1va je alternativn\u011b vyhazov\u00e1na dozadu, sb\u00edr\u00e1na do pru\u017en\u00e9ho sb\u011brn\u00e9ho ko\u0161e nebo je ihned mul\u010dov\u00e1naSiln\u00fd bezuhl\u00edkov\u00fd motor pro vysok\u00fd \u0159ezn\u00fd v\u00fdkon a dlouh\u00e1 doba b\u011bhu na jedno nabit\u00ed akumul\u00e1toruAutomatick\u00e9 p\u0159izp\u016fsoben\u00ed v\u00fdkonu motoru podle v\u00fd\u0161ky tr\u00e1vy pro maxim\u00e1ln\u00ed doby b\u011bhu na jedno [&hellip;]<\/p>\n","protected":false},"featured_media":28614,"comment_status":"open","ping_status":"open","template":"","meta":[],"product_brand":[],"product_cat":[44],"product_tag":[],"class_list":{"0":"post-28514","1":"product","2":"type-product","3":"status-publish","4":"has-post-thumbnail","6":"product_cat-zahrada","8":"first","9":"instock","10":"sale","11":"shipping-taxable","12":"purchasable","13":"product-type-simple"},"yoast_head":"<!-- This site is optimized with the Yoast SEO plugin v26.8 - https:\/\/yoast.com\/product\/yoast-seo-wordpress\/ -->\n<title>Akce METABO RM\u00a036-18\u00a0LTX\u00a0BL\u00a046 2x5,2Ah,ASC 145 Duo Aku seka\u010dka na tr\u00e1vu -<\/title>\n<meta name=\"robots\" content=\"index, follow, max-snippet:-1, max-image-preview:large, max-video-preview:-1\" \/>\n<link rel=\"canonical\" href=\"https:\/\/www.koupeltech.com\/index.php\/produkt\/akce-metabo-rm-36-18-ltx-bl-46-2x5-2ah-asc-145-duo-aku-sekacka-na-travu-28514\/\" \/>\n<meta property=\"og:locale\" content=\"cs_CZ\" \/>\n<meta property=\"og:type\" content=\"article\" \/>\n<meta property=\"og:title\" content=\"Akce METABO RM\u00a036-18\u00a0LTX\u00a0BL\u00a046 2x5,2Ah,ASC 145 Duo Aku seka\u010dka na tr\u00e1vu -\" \/>\n<meta property=\"og:description\" content=\"Tich\u00e1 akumul\u00e1torov\u00e1 seka\u010dka na tr\u00e1vu pro efektivn\u00ed sek\u00e1n\u00ed, sb\u00edr\u00e1n\u00ed a mul\u010dov\u00e1n\u00ed ploch do 800 m\u00b2Pose\u010den\u00e1 tr\u00e1va je alternativn\u011b vyhazov\u00e1na dozadu, sb\u00edr\u00e1na do pru\u017en\u00e9ho sb\u011brn\u00e9ho ko\u0161e nebo je ihned mul\u010dov\u00e1naSiln\u00fd bezuhl\u00edkov\u00fd motor pro vysok\u00fd \u0159ezn\u00fd v\u00fdkon a dlouh\u00e1 doba b\u011bhu na jedno nabit\u00ed akumul\u00e1toruAutomatick\u00e9 p\u0159izp\u016fsoben\u00ed v\u00fdkonu motoru podle v\u00fd\u0161ky tr\u00e1vy pro maxim\u00e1ln\u00ed doby b\u011bhu na jedno [&hellip;]\" \/>\n<meta property=\"og:url\" content=\"https:\/\/www.koupeltech.com\/index.php\/produkt\/akce-metabo-rm-36-18-ltx-bl-46-2x5-2ah-asc-145-duo-aku-sekacka-na-travu-28514\/\" \/>\n<meta property=\"og:image\" content=\"https:\/\/www.koupeltech.com\/wp-content\/uploads\/2026\/SK0023964-CZ20260425-092328-0-1777080210-601606650_1.webp\" \/>\n\t<meta property=\"og:image:width\" content=\"641\" \/>\n\t<meta property=\"og:image:height\" content=\"471\" \/>\n\t<meta property=\"og:image:type\" content=\"image\/webp\" \/>\n<meta name=\"twitter:card\" content=\"summary_large_image\" \/>\n<meta name=\"twitter:label1\" content=\"Odhadovan\u00e1 doba \u010dten\u00ed\" \/>\n\t<meta name=\"twitter:data1\" content=\"2 minuty\" \/>\n<script type=\"application\/ld+json\" class=\"yoast-schema-graph\">{\"@context\":\"https:\/\/schema.org\",\"@graph\":[{\"@type\":\"WebPage\",\"@id\":\"https:\/\/www.koupeltech.com\/index.php\/produkt\/akce-metabo-rm-36-18-ltx-bl-46-2x5-2ah-asc-145-duo-aku-sekacka-na-travu-28514\/\",\"url\":\"https:\/\/www.koupeltech.com\/index.php\/produkt\/akce-metabo-rm-36-18-ltx-bl-46-2x5-2ah-asc-145-duo-aku-sekacka-na-travu-28514\/\",\"name\":\"Akce METABO RM\u00a036-18\u00a0LTX\u00a0BL\u00a046 2x5,2Ah,ASC 145 Duo Aku seka\u010dka na tr\u00e1vu -\",\"isPartOf\":{\"@id\":\"https:\/\/www.koupeltech.com\/#website\"},\"primaryImageOfPage\":{\"@id\":\"https:\/\/www.koupeltech.com\/index.php\/produkt\/akce-metabo-rm-36-18-ltx-bl-46-2x5-2ah-asc-145-duo-aku-sekacka-na-travu-28514\/#primaryimage\"},\"image\":{\"@id\":\"https:\/\/www.koupeltech.com\/index.php\/produkt\/akce-metabo-rm-36-18-ltx-bl-46-2x5-2ah-asc-145-duo-aku-sekacka-na-travu-28514\/#primaryimage\"},\"thumbnailUrl\":\"https:\/\/www.koupeltech.com\/wp-content\/uploads\/2026\/SK0023964-CZ20260425-092328-0-1777080210-601606650_1.webp\",\"datePublished\":\"2026-04-27T14:00:10+00:00\",\"breadcrumb\":{\"@id\":\"https:\/\/www.koupeltech.com\/index.php\/produkt\/akce-metabo-rm-36-18-ltx-bl-46-2x5-2ah-asc-145-duo-aku-sekacka-na-travu-28514\/#breadcrumb\"},\"inLanguage\":\"cs\",\"potentialAction\":[{\"@type\":\"ReadAction\",\"target\":[\"https:\/\/www.koupeltech.com\/index.php\/produkt\/akce-metabo-rm-36-18-ltx-bl-46-2x5-2ah-asc-145-duo-aku-sekacka-na-travu-28514\/\"]}]},{\"@type\":\"ImageObject\",\"inLanguage\":\"cs\",\"@id\":\"https:\/\/www.koupeltech.com\/index.php\/produkt\/akce-metabo-rm-36-18-ltx-bl-46-2x5-2ah-asc-145-duo-aku-sekacka-na-travu-28514\/#primaryimage\",\"url\":\"https:\/\/www.koupeltech.com\/wp-content\/uploads\/2026\/SK0023964-CZ20260425-092328-0-1777080210-601606650_1.webp\",\"contentUrl\":\"https:\/\/www.koupeltech.com\/wp-content\/uploads\/2026\/SK0023964-CZ20260425-092328-0-1777080210-601606650_1.webp\",\"width\":641,\"height\":471},{\"@type\":\"BreadcrumbList\",\"@id\":\"https:\/\/www.koupeltech.com\/index.php\/produkt\/akce-metabo-rm-36-18-ltx-bl-46-2x5-2ah-asc-145-duo-aku-sekacka-na-travu-28514\/#breadcrumb\",\"itemListElement\":[{\"@type\":\"ListItem\",\"position\":1,\"name\":\"Home\",\"item\":\"https:\/\/www.koupeltech.com\/\"},{\"@type\":\"ListItem\",\"position\":2,\"name\":\"Products\",\"item\":\"https:\/\/www.koupeltech.com\/index.php\/products\/\"},{\"@type\":\"ListItem\",\"position\":3,\"name\":\"Akce METABO RM\u00a036-18\u00a0LTX\u00a0BL\u00a046 2&#215;5,2Ah,ASC 145 Duo Aku seka\u010dka na tr\u00e1vu\"}]},{\"@type\":\"WebSite\",\"@id\":\"https:\/\/www.koupeltech.com\/#website\",\"url\":\"https:\/\/www.koupeltech.com\/\",\"name\":\"\",\"description\":\"\",\"potentialAction\":[{\"@type\":\"SearchAction\",\"target\":{\"@type\":\"EntryPoint\",\"urlTemplate\":\"https:\/\/www.koupeltech.com\/?s={search_term_string}\"},\"query-input\":{\"@type\":\"PropertyValueSpecification\",\"valueRequired\":true,\"valueName\":\"search_term_string\"}}],\"inLanguage\":\"cs\"}]}<\/script>\n<!-- \/ Yoast SEO plugin. -->","yoast_head_json":{"title":"Akce METABO RM\u00a036-18\u00a0LTX\u00a0BL\u00a046 2x5,2Ah,ASC 145 Duo Aku seka\u010dka na tr\u00e1vu -","robots":{"index":"index","follow":"follow","max-snippet":"max-snippet:-1","max-image-preview":"max-image-preview:large","max-video-preview":"max-video-preview:-1"},"canonical":"https:\/\/www.koupeltech.com\/index.php\/produkt\/akce-metabo-rm-36-18-ltx-bl-46-2x5-2ah-asc-145-duo-aku-sekacka-na-travu-28514\/","og_locale":"cs_CZ","og_type":"article","og_title":"Akce METABO RM\u00a036-18\u00a0LTX\u00a0BL\u00a046 2x5,2Ah,ASC 145 Duo Aku seka\u010dka na tr\u00e1vu -","og_description":"Tich\u00e1 akumul\u00e1torov\u00e1 seka\u010dka na tr\u00e1vu pro efektivn\u00ed sek\u00e1n\u00ed, sb\u00edr\u00e1n\u00ed a mul\u010dov\u00e1n\u00ed ploch do 800 m\u00b2Pose\u010den\u00e1 tr\u00e1va je alternativn\u011b vyhazov\u00e1na dozadu, sb\u00edr\u00e1na do pru\u017en\u00e9ho sb\u011brn\u00e9ho ko\u0161e nebo je ihned mul\u010dov\u00e1naSiln\u00fd bezuhl\u00edkov\u00fd motor pro vysok\u00fd \u0159ezn\u00fd v\u00fdkon a dlouh\u00e1 doba b\u011bhu na jedno nabit\u00ed akumul\u00e1toruAutomatick\u00e9 p\u0159izp\u016fsoben\u00ed v\u00fdkonu motoru podle v\u00fd\u0161ky tr\u00e1vy pro maxim\u00e1ln\u00ed doby b\u011bhu na jedno [&hellip;]","og_url":"https:\/\/www.koupeltech.com\/index.php\/produkt\/akce-metabo-rm-36-18-ltx-bl-46-2x5-2ah-asc-145-duo-aku-sekacka-na-travu-28514\/","og_image":[{"width":641,"height":471,"url":"https:\/\/www.koupeltech.com\/wp-content\/uploads\/2026\/SK0023964-CZ20260425-092328-0-1777080210-601606650_1.webp","type":"image\/webp"}],"twitter_card":"summary_large_image","twitter_misc":{"Odhadovan\u00e1 doba \u010dten\u00ed":"2 minuty"},"schema":{"@context":"https:\/\/schema.org","@graph":[{"@type":"WebPage","@id":"https:\/\/www.koupeltech.com\/index.php\/produkt\/akce-metabo-rm-36-18-ltx-bl-46-2x5-2ah-asc-145-duo-aku-sekacka-na-travu-28514\/","url":"https:\/\/www.koupeltech.com\/index.php\/produkt\/akce-metabo-rm-36-18-ltx-bl-46-2x5-2ah-asc-145-duo-aku-sekacka-na-travu-28514\/","name":"Akce METABO RM\u00a036-18\u00a0LTX\u00a0BL\u00a046 2x5,2Ah,ASC 145 Duo Aku seka\u010dka na tr\u00e1vu -","isPartOf":{"@id":"https:\/\/www.koupeltech.com\/#website"},"primaryImageOfPage":{"@id":"https:\/\/www.koupeltech.com\/index.php\/produkt\/akce-metabo-rm-36-18-ltx-bl-46-2x5-2ah-asc-145-duo-aku-sekacka-na-travu-28514\/#primaryimage"},"image":{"@id":"https:\/\/www.koupeltech.com\/index.php\/produkt\/akce-metabo-rm-36-18-ltx-bl-46-2x5-2ah-asc-145-duo-aku-sekacka-na-travu-28514\/#primaryimage"},"thumbnailUrl":"https:\/\/www.koupeltech.com\/wp-content\/uploads\/2026\/SK0023964-CZ20260425-092328-0-1777080210-601606650_1.webp","datePublished":"2026-04-27T14:00:10+00:00","breadcrumb":{"@id":"https:\/\/www.koupeltech.com\/index.php\/produkt\/akce-metabo-rm-36-18-ltx-bl-46-2x5-2ah-asc-145-duo-aku-sekacka-na-travu-28514\/#breadcrumb"},"inLanguage":"cs","potentialAction":[{"@type":"ReadAction","target":["https:\/\/www.koupeltech.com\/index.php\/produkt\/akce-metabo-rm-36-18-ltx-bl-46-2x5-2ah-asc-145-duo-aku-sekacka-na-travu-28514\/"]}]},{"@type":"ImageObject","inLanguage":"cs","@id":"https:\/\/www.koupeltech.com\/index.php\/produkt\/akce-metabo-rm-36-18-ltx-bl-46-2x5-2ah-asc-145-duo-aku-sekacka-na-travu-28514\/#primaryimage","url":"https:\/\/www.koupeltech.com\/wp-content\/uploads\/2026\/SK0023964-CZ20260425-092328-0-1777080210-601606650_1.webp","contentUrl":"https:\/\/www.koupeltech.com\/wp-content\/uploads\/2026\/SK0023964-CZ20260425-092328-0-1777080210-601606650_1.webp","width":641,"height":471},{"@type":"BreadcrumbList","@id":"https:\/\/www.koupeltech.com\/index.php\/produkt\/akce-metabo-rm-36-18-ltx-bl-46-2x5-2ah-asc-145-duo-aku-sekacka-na-travu-28514\/#breadcrumb","itemListElement":[{"@type":"ListItem","position":1,"name":"Home","item":"https:\/\/www.koupeltech.com\/"},{"@type":"ListItem","position":2,"name":"Products","item":"https:\/\/www.koupeltech.com\/index.php\/products\/"},{"@type":"ListItem","position":3,"name":"Akce METABO RM\u00a036-18\u00a0LTX\u00a0BL\u00a046 2&#215;5,2Ah,ASC 145 Duo Aku seka\u010dka na tr\u00e1vu"}]},{"@type":"WebSite","@id":"https:\/\/www.koupeltech.com\/#website","url":"https:\/\/www.koupeltech.com\/","name":"","description":"","potentialAction":[{"@type":"SearchAction","target":{"@type":"EntryPoint","urlTemplate":"https:\/\/www.koupeltech.com\/?s={search_term_string}"},"query-input":{"@type":"PropertyValueSpecification","valueRequired":true,"valueName":"search_term_string"}}],"inLanguage":"cs"}]}},"_links":{"self":[{"href":"https:\/\/www.koupeltech.com\/index.php\/wp-json\/wp\/v2\/product\/28514","targetHints":{"allow":["GET"]}}],"collection":[{"href":"https:\/\/www.koupeltech.com\/index.php\/wp-json\/wp\/v2\/product"}],"about":[{"href":"https:\/\/www.koupeltech.com\/index.php\/wp-json\/wp\/v2\/types\/product"}],"replies":[{"embeddable":true,"href":"https:\/\/www.koupeltech.com\/index.php\/wp-json\/wp\/v2\/comments?post=28514"}],"wp:featuredmedia":[{"embeddable":true,"href":"https:\/\/www.koupeltech.com\/index.php\/wp-json\/wp\/v2\/media\/28614"}],"wp:attachment":[{"href":"https:\/\/www.koupeltech.com\/index.php\/wp-json\/wp\/v2\/media?parent=28514"}],"wp:term":[{"taxonomy":"product_brand","embeddable":true,"href":"https:\/\/www.koupeltech.com\/index.php\/wp-json\/wp\/v2\/product_brand?post=28514"},{"taxonomy":"product_cat","embeddable":true,"href":"https:\/\/www.koupeltech.com\/index.php\/wp-json\/wp\/v2\/product_cat?post=28514"},{"taxonomy":"product_tag","embeddable":true,"href":"https:\/\/www.koupeltech.com\/index.php\/wp-json\/wp\/v2\/product_tag?post=28514"}],"curies":[{"name":"wp","href":"https:\/\/api.w.org\/{rel}","templated":true}]}}