{"id":28703,"date":"2026-04-27T14:00:12","date_gmt":"2026-04-27T14:00:12","guid":{"rendered":""},"modified":"2026-04-27T14:00:12","modified_gmt":"2026-04-27T14:00:12","slug":"zlevneny-metabo-gb-18-ltx-bl-q-i-aku-zavitnik-bez-aku-28703","status":"publish","type":"product","link":"https:\/\/www.koupeltech.com\/index.php\/produkt\/zlevneny-metabo-gb-18-ltx-bl-q-i-aku-zavitnik-bez-aku-28703\/","title":{"rendered":"Zlevn\u011bn\u00fd METABO GB\u00a018\u00a0LTX\u00a0BL\u00a0Q\u00a0I Aku z\u00e1vitn\u00edk, bez aku"},"content":{"rendered":"<table>\n<div class=\"tab-pane active product-description\" id=\"popis\" role=\"tabpanel\">\n<div class=\"short-description\" itemprop=\"description\"><\/div>\n<div class=\"description\"><span class='bullet-line'>Plnohodnotn\u00fd akumul\u00e1torov\u00fd vrtac\u00ed \u0161roubov\u00e1k s jedine\u010dnou, patentovanou funkc\u00ed \u0159ez\u00e1n\u00ed z\u00e1vit\u016f<\/span><span class='bullet-line'>Rychl\u00e9 a nep\u0159eru\u0161ovan\u00e9 vrt\u00e1n\u00ed a \u010di\u0161t\u011bn\u00ed z\u00e1vit\u016f d\u00edky automatick\u00e9mu p\u0159ep\u00edn\u00e1n\u00ed sm\u011bru ot\u00e1\u010den\u00ed<\/span><span class='bullet-line'>Rychlov\u00fdm\u011bnn\u00e9 skl\u00ed\u010didlo pro z\u00e1vitn\u00edk k uchycen\u00ed z\u00e1vitn\u00edk\u016f se \u010dty\u0159hranem a v\u00e1lcov\u00fdmi vrt\u00e1ky<\/span><span class='bullet-line'>Dlouh\u00e1 \u017eivotnost a vysok\u00e1 trvanlivost z\u00e1vitn\u00edk\u016f d\u00edky inteligentn\u00ed kontrole utahovac\u00edch moment\u016f<\/span><span class='bullet-line'>Syst\u00e9m Metabo Quick: Rychl\u00e1 v\u00fdm\u011bna up\u00edn\u00e1n\u00ed n\u00e1stroj\u016f a n\u00e1stroj\u016f pro flexibiln\u00ed pr\u00e1ci<\/span><span class='bullet-line'>Jedine\u010dn\u00fd motor Metabo Brushless pro rychlou pr\u00e1ci a maxim\u00e1ln\u00ed efektivitu p\u0159i vrt\u00e1n\u00ed a \u0161roubov\u00e1n\u00ed<\/span><span class='bullet-line'>Mo\u017enost impulzn\u00edho re\u017eimu k vy\u0161roubov\u00e1n\u00ed pevn\u011b uta\u017een\u00fdch \u0161roub\u016f a k navrt\u00e1v\u00e1n\u00ed hladk\u00fdch povrch\u016f<\/span><span class='bullet-line'>P\u0159esn\u00e9 zastaven\u00ed: Elektronick\u00e1 momentov\u00e1 spojka s v\u011bt\u0161\u00ed p\u0159esnost\u00ed pro p\u0159esn\u00e9 a jemn\u00e9 pr\u00e1ce<\/span><span class='bullet-line'>Ochrana proti p\u0159et\u00ed\u017een\u00ed: Chr\u00e1n\u00ed motor p\u0159ed p\u0159eh\u0159\u00e1t\u00edm<\/span><span class='bullet-line'>Elektronick\u00e9 bezpe\u010dnostn\u00ed vypnut\u00ed: bez zp\u011btn\u00e9ho r\u00e1zu p\u0159i zablokov\u00e1n\u00ed vrt\u00e1ku \u2013 pro vysokou \u00farove\u0148 ochrany u\u017eivatele<\/span><span class='bullet-line'>S praktickou sponou na opasek a z\u00e1sobn\u00edkem bit\u016f, s mo\u017enost\u00ed zaji\u0161t\u011bn\u00ed vpravo nebo vlevo<\/span><span class='bullet-line'>Lze kombinovat se v\u0161emi 18voltov\u00fdmi akumul\u00e1torov\u00fdmi \u010dl\u00e1nky a nab\u00edje\u010dkami zna\u010dek CAS<\/span><br \/>\u25ba Rozsah dod\u00e1vky<span class='bullet-line'>Rychlov\u00fdm\u011bnn\u00e9 skl\u00ed\u010didlo pro z\u00e1vitn\u00edk M4-M6<\/span><span class='bullet-line'>Rychlov\u00fdm\u011bnn\u00e9 skl\u00ed\u010didlo pro z\u00e1vitn\u00edk M8-M12<\/span><span class='bullet-line'>P\u0159\u00eddavn\u00e1 rukoje\u0165<\/span><span class='bullet-line'>Spona na opasek a z\u00e1sobn\u00edk bit\u016f<\/span><\/div>\n<div class=\"parameters\">\n<tr>\n<td>Nap\u011bt\u00ed akumul\u00e1toru<\/td>\n<td>18 V<\/td>\n<\/tr>\n<tr>\n<td>Max. to\u010div\u00fd moment m\u011bkk\u00fd<\/td>\n<td>65 Nm<\/td>\n<\/tr>\n<tr>\n<td>Impulsov\u00fd moment<\/td>\n<td>65 Nm<\/td>\n<\/tr>\n<tr>\n<td>Max. to\u010div\u00fd moment tvrd\u00fd<\/td>\n<td>130 Nm<\/td>\n<\/tr>\n<tr>\n<td>Nastaviteln\u00fd to\u010div\u00fd moment<\/td>\n<td>1 &#8211; 20 Nm<\/td>\n<\/tr>\n<tr>\n<td>Max. pr\u016fm\u011br z\u00e1vitu<\/td>\n<td>M 12 (1\/2&#8243; UNC\/UNF)<\/td>\n<\/tr>\n<tr>\n<td>\u00d8 vrt\u00e1ku do oceli<\/td>\n<td>13 mm<\/td>\n<\/tr>\n<tr>\n<td>\u00d8 vrt\u00e1n\u00ed m\u011bkk\u00e9ho d\u0159eva<\/td>\n<td>68 mm<\/td>\n<\/tr>\n<tr>\n<td>Po\u010dty ot\u00e1\u010dek p\u0159i volnob\u011bhu<\/td>\n<td>0 &#8211; 550 \/ 0 &#8211; 2000 \/min<\/td>\n<\/tr>\n<tr>\n<td>Hmotnost bez akumul\u00e1torov\u00e9ho \u010dl\u00e1nku<\/td>\n<td>1.8 kg<\/td>\n<\/tr>\n<tr>\n<td>Hmotnost v\u010d. akumul\u00e1torov\u00e9ho \u010dl\u00e1nku<\/td>\n<td>2.2 kg<\/td>\n<\/tr>\n<tr>\n<td>Vrt\u00e1n\u00ed kovu<\/td>\n<td>2.2 m\/s\u00b2<\/td>\n<\/tr>\n<tr>\n<td>Nejistota m\u011b\u0159en\u00ed K<\/td>\n<td>1.5 m\/s\u00b2<\/td>\n<\/tr>\n<tr>\n<td>Hladina akustick\u00e9ho tlaku<\/td>\n<td>76 dB(A)<\/td>\n<\/tr>\n<tr>\n<td>Hladina akustick\u00e9ho v\u00fdkonu (LwA)<\/td>\n<td>87 dB(A)<\/td>\n<\/tr>\n<tr>\n<td>Nejistota m\u011b\u0159en\u00ed K<\/td>\n<td>3 dB(A)<\/td>\n<\/tr><\/div>\n<\/table>\n","protected":false},"excerpt":{"rendered":"<p>Plnohodnotn\u00fd akumul\u00e1torov\u00fd vrtac\u00ed \u0161roubov\u00e1k s jedine\u010dnou, patentovanou funkc\u00ed \u0159ez\u00e1n\u00ed z\u00e1vit\u016fRychl\u00e9 a nep\u0159eru\u0161ovan\u00e9 vrt\u00e1n\u00ed a \u010di\u0161t\u011bn\u00ed z\u00e1vit\u016f d\u00edky automatick\u00e9mu p\u0159ep\u00edn\u00e1n\u00ed sm\u011bru ot\u00e1\u010den\u00edRychlov\u00fdm\u011bnn\u00e9 skl\u00ed\u010didlo pro z\u00e1vitn\u00edk k uchycen\u00ed z\u00e1vitn\u00edk\u016f se \u010dty\u0159hranem a v\u00e1lcov\u00fdmi vrt\u00e1kyDlouh\u00e1 \u017eivotnost a vysok\u00e1 trvanlivost z\u00e1vitn\u00edk\u016f d\u00edky inteligentn\u00ed kontrole utahovac\u00edch moment\u016fSyst\u00e9m Metabo Quick: Rychl\u00e1 v\u00fdm\u011bna up\u00edn\u00e1n\u00ed n\u00e1stroj\u016f a n\u00e1stroj\u016f pro flexibiln\u00ed pr\u00e1ciJedine\u010dn\u00fd motor Metabo [&hellip;]<\/p>\n","protected":false},"featured_media":28803,"comment_status":"open","ping_status":"open","template":"","meta":[],"product_brand":[],"product_cat":[43],"product_tag":[],"class_list":{"0":"post-28703","1":"product","2":"type-product","3":"status-publish","4":"has-post-thumbnail","6":"product_cat-naradi","8":"first","9":"instock","10":"sale","11":"shipping-taxable","12":"purchasable","13":"product-type-simple"},"yoast_head":"<!-- This site is optimized with the Yoast SEO plugin v26.8 - https:\/\/yoast.com\/product\/yoast-seo-wordpress\/ -->\n<title>Zlevn\u011bn\u00fd METABO GB\u00a018\u00a0LTX\u00a0BL\u00a0Q\u00a0I Aku z\u00e1vitn\u00edk, bez aku -<\/title>\n<meta name=\"robots\" content=\"index, follow, max-snippet:-1, max-image-preview:large, max-video-preview:-1\" \/>\n<link rel=\"canonical\" href=\"https:\/\/www.koupeltech.com\/index.php\/produkt\/zlevneny-metabo-gb-18-ltx-bl-q-i-aku-zavitnik-bez-aku-28703\/\" \/>\n<meta property=\"og:locale\" content=\"cs_CZ\" \/>\n<meta property=\"og:type\" content=\"article\" \/>\n<meta property=\"og:title\" content=\"Zlevn\u011bn\u00fd METABO GB\u00a018\u00a0LTX\u00a0BL\u00a0Q\u00a0I Aku z\u00e1vitn\u00edk, bez aku -\" \/>\n<meta property=\"og:description\" content=\"Plnohodnotn\u00fd akumul\u00e1torov\u00fd vrtac\u00ed \u0161roubov\u00e1k s jedine\u010dnou, patentovanou funkc\u00ed \u0159ez\u00e1n\u00ed z\u00e1vit\u016fRychl\u00e9 a nep\u0159eru\u0161ovan\u00e9 vrt\u00e1n\u00ed a \u010di\u0161t\u011bn\u00ed z\u00e1vit\u016f d\u00edky automatick\u00e9mu p\u0159ep\u00edn\u00e1n\u00ed sm\u011bru ot\u00e1\u010den\u00edRychlov\u00fdm\u011bnn\u00e9 skl\u00ed\u010didlo pro z\u00e1vitn\u00edk k uchycen\u00ed z\u00e1vitn\u00edk\u016f se \u010dty\u0159hranem a v\u00e1lcov\u00fdmi vrt\u00e1kyDlouh\u00e1 \u017eivotnost a vysok\u00e1 trvanlivost z\u00e1vitn\u00edk\u016f d\u00edky inteligentn\u00ed kontrole utahovac\u00edch moment\u016fSyst\u00e9m Metabo Quick: Rychl\u00e1 v\u00fdm\u011bna up\u00edn\u00e1n\u00ed n\u00e1stroj\u016f a n\u00e1stroj\u016f pro flexibiln\u00ed pr\u00e1ciJedine\u010dn\u00fd motor Metabo [&hellip;]\" \/>\n<meta property=\"og:url\" content=\"https:\/\/www.koupeltech.com\/index.php\/produkt\/zlevneny-metabo-gb-18-ltx-bl-q-i-aku-zavitnik-bez-aku-28703\/\" \/>\n<meta property=\"og:image\" content=\"https:\/\/www.koupeltech.com\/wp-content\/uploads\/2026\/SK0024060-CZ20260425-092328-0-1777080210-1245202-1_105241.webp\" \/>\n\t<meta property=\"og:image:width\" content=\"1000\" \/>\n\t<meta property=\"og:image:height\" content=\"666\" \/>\n\t<meta property=\"og:image:type\" content=\"image\/webp\" \/>\n<meta name=\"twitter:card\" content=\"summary_large_image\" \/>\n<meta name=\"twitter:label1\" content=\"Odhadovan\u00e1 doba \u010dten\u00ed\" \/>\n\t<meta name=\"twitter:data1\" content=\"2 minuty\" \/>\n<script type=\"application\/ld+json\" class=\"yoast-schema-graph\">{\"@context\":\"https:\/\/schema.org\",\"@graph\":[{\"@type\":\"WebPage\",\"@id\":\"https:\/\/www.koupeltech.com\/index.php\/produkt\/zlevneny-metabo-gb-18-ltx-bl-q-i-aku-zavitnik-bez-aku-28703\/\",\"url\":\"https:\/\/www.koupeltech.com\/index.php\/produkt\/zlevneny-metabo-gb-18-ltx-bl-q-i-aku-zavitnik-bez-aku-28703\/\",\"name\":\"Zlevn\u011bn\u00fd METABO GB\u00a018\u00a0LTX\u00a0BL\u00a0Q\u00a0I Aku z\u00e1vitn\u00edk, bez aku -\",\"isPartOf\":{\"@id\":\"https:\/\/www.koupeltech.com\/#website\"},\"primaryImageOfPage\":{\"@id\":\"https:\/\/www.koupeltech.com\/index.php\/produkt\/zlevneny-metabo-gb-18-ltx-bl-q-i-aku-zavitnik-bez-aku-28703\/#primaryimage\"},\"image\":{\"@id\":\"https:\/\/www.koupeltech.com\/index.php\/produkt\/zlevneny-metabo-gb-18-ltx-bl-q-i-aku-zavitnik-bez-aku-28703\/#primaryimage\"},\"thumbnailUrl\":\"https:\/\/www.koupeltech.com\/wp-content\/uploads\/2026\/SK0024060-CZ20260425-092328-0-1777080210-1245202-1_105241.webp\",\"datePublished\":\"2026-04-27T14:00:12+00:00\",\"breadcrumb\":{\"@id\":\"https:\/\/www.koupeltech.com\/index.php\/produkt\/zlevneny-metabo-gb-18-ltx-bl-q-i-aku-zavitnik-bez-aku-28703\/#breadcrumb\"},\"inLanguage\":\"cs\",\"potentialAction\":[{\"@type\":\"ReadAction\",\"target\":[\"https:\/\/www.koupeltech.com\/index.php\/produkt\/zlevneny-metabo-gb-18-ltx-bl-q-i-aku-zavitnik-bez-aku-28703\/\"]}]},{\"@type\":\"ImageObject\",\"inLanguage\":\"cs\",\"@id\":\"https:\/\/www.koupeltech.com\/index.php\/produkt\/zlevneny-metabo-gb-18-ltx-bl-q-i-aku-zavitnik-bez-aku-28703\/#primaryimage\",\"url\":\"https:\/\/www.koupeltech.com\/wp-content\/uploads\/2026\/SK0024060-CZ20260425-092328-0-1777080210-1245202-1_105241.webp\",\"contentUrl\":\"https:\/\/www.koupeltech.com\/wp-content\/uploads\/2026\/SK0024060-CZ20260425-092328-0-1777080210-1245202-1_105241.webp\",\"width\":1000,\"height\":666},{\"@type\":\"BreadcrumbList\",\"@id\":\"https:\/\/www.koupeltech.com\/index.php\/produkt\/zlevneny-metabo-gb-18-ltx-bl-q-i-aku-zavitnik-bez-aku-28703\/#breadcrumb\",\"itemListElement\":[{\"@type\":\"ListItem\",\"position\":1,\"name\":\"Home\",\"item\":\"https:\/\/www.koupeltech.com\/\"},{\"@type\":\"ListItem\",\"position\":2,\"name\":\"Products\",\"item\":\"https:\/\/www.koupeltech.com\/index.php\/products\/\"},{\"@type\":\"ListItem\",\"position\":3,\"name\":\"Zlevn\u011bn\u00fd METABO GB\u00a018\u00a0LTX\u00a0BL\u00a0Q\u00a0I Aku z\u00e1vitn\u00edk, bez aku\"}]},{\"@type\":\"WebSite\",\"@id\":\"https:\/\/www.koupeltech.com\/#website\",\"url\":\"https:\/\/www.koupeltech.com\/\",\"name\":\"\",\"description\":\"\",\"potentialAction\":[{\"@type\":\"SearchAction\",\"target\":{\"@type\":\"EntryPoint\",\"urlTemplate\":\"https:\/\/www.koupeltech.com\/?s={search_term_string}\"},\"query-input\":{\"@type\":\"PropertyValueSpecification\",\"valueRequired\":true,\"valueName\":\"search_term_string\"}}],\"inLanguage\":\"cs\"}]}<\/script>\n<!-- \/ Yoast SEO plugin. -->","yoast_head_json":{"title":"Zlevn\u011bn\u00fd METABO GB\u00a018\u00a0LTX\u00a0BL\u00a0Q\u00a0I Aku z\u00e1vitn\u00edk, bez aku -","robots":{"index":"index","follow":"follow","max-snippet":"max-snippet:-1","max-image-preview":"max-image-preview:large","max-video-preview":"max-video-preview:-1"},"canonical":"https:\/\/www.koupeltech.com\/index.php\/produkt\/zlevneny-metabo-gb-18-ltx-bl-q-i-aku-zavitnik-bez-aku-28703\/","og_locale":"cs_CZ","og_type":"article","og_title":"Zlevn\u011bn\u00fd METABO GB\u00a018\u00a0LTX\u00a0BL\u00a0Q\u00a0I Aku z\u00e1vitn\u00edk, bez aku -","og_description":"Plnohodnotn\u00fd akumul\u00e1torov\u00fd vrtac\u00ed \u0161roubov\u00e1k s jedine\u010dnou, patentovanou funkc\u00ed \u0159ez\u00e1n\u00ed z\u00e1vit\u016fRychl\u00e9 a nep\u0159eru\u0161ovan\u00e9 vrt\u00e1n\u00ed a \u010di\u0161t\u011bn\u00ed z\u00e1vit\u016f d\u00edky automatick\u00e9mu p\u0159ep\u00edn\u00e1n\u00ed sm\u011bru ot\u00e1\u010den\u00edRychlov\u00fdm\u011bnn\u00e9 skl\u00ed\u010didlo pro z\u00e1vitn\u00edk k uchycen\u00ed z\u00e1vitn\u00edk\u016f se \u010dty\u0159hranem a v\u00e1lcov\u00fdmi vrt\u00e1kyDlouh\u00e1 \u017eivotnost a vysok\u00e1 trvanlivost z\u00e1vitn\u00edk\u016f d\u00edky inteligentn\u00ed kontrole utahovac\u00edch moment\u016fSyst\u00e9m Metabo Quick: Rychl\u00e1 v\u00fdm\u011bna up\u00edn\u00e1n\u00ed n\u00e1stroj\u016f a n\u00e1stroj\u016f pro flexibiln\u00ed pr\u00e1ciJedine\u010dn\u00fd motor Metabo [&hellip;]","og_url":"https:\/\/www.koupeltech.com\/index.php\/produkt\/zlevneny-metabo-gb-18-ltx-bl-q-i-aku-zavitnik-bez-aku-28703\/","og_image":[{"width":1000,"height":666,"url":"https:\/\/www.koupeltech.com\/wp-content\/uploads\/2026\/SK0024060-CZ20260425-092328-0-1777080210-1245202-1_105241.webp","type":"image\/webp"}],"twitter_card":"summary_large_image","twitter_misc":{"Odhadovan\u00e1 doba \u010dten\u00ed":"2 minuty"},"schema":{"@context":"https:\/\/schema.org","@graph":[{"@type":"WebPage","@id":"https:\/\/www.koupeltech.com\/index.php\/produkt\/zlevneny-metabo-gb-18-ltx-bl-q-i-aku-zavitnik-bez-aku-28703\/","url":"https:\/\/www.koupeltech.com\/index.php\/produkt\/zlevneny-metabo-gb-18-ltx-bl-q-i-aku-zavitnik-bez-aku-28703\/","name":"Zlevn\u011bn\u00fd METABO GB\u00a018\u00a0LTX\u00a0BL\u00a0Q\u00a0I Aku z\u00e1vitn\u00edk, bez aku -","isPartOf":{"@id":"https:\/\/www.koupeltech.com\/#website"},"primaryImageOfPage":{"@id":"https:\/\/www.koupeltech.com\/index.php\/produkt\/zlevneny-metabo-gb-18-ltx-bl-q-i-aku-zavitnik-bez-aku-28703\/#primaryimage"},"image":{"@id":"https:\/\/www.koupeltech.com\/index.php\/produkt\/zlevneny-metabo-gb-18-ltx-bl-q-i-aku-zavitnik-bez-aku-28703\/#primaryimage"},"thumbnailUrl":"https:\/\/www.koupeltech.com\/wp-content\/uploads\/2026\/SK0024060-CZ20260425-092328-0-1777080210-1245202-1_105241.webp","datePublished":"2026-04-27T14:00:12+00:00","breadcrumb":{"@id":"https:\/\/www.koupeltech.com\/index.php\/produkt\/zlevneny-metabo-gb-18-ltx-bl-q-i-aku-zavitnik-bez-aku-28703\/#breadcrumb"},"inLanguage":"cs","potentialAction":[{"@type":"ReadAction","target":["https:\/\/www.koupeltech.com\/index.php\/produkt\/zlevneny-metabo-gb-18-ltx-bl-q-i-aku-zavitnik-bez-aku-28703\/"]}]},{"@type":"ImageObject","inLanguage":"cs","@id":"https:\/\/www.koupeltech.com\/index.php\/produkt\/zlevneny-metabo-gb-18-ltx-bl-q-i-aku-zavitnik-bez-aku-28703\/#primaryimage","url":"https:\/\/www.koupeltech.com\/wp-content\/uploads\/2026\/SK0024060-CZ20260425-092328-0-1777080210-1245202-1_105241.webp","contentUrl":"https:\/\/www.koupeltech.com\/wp-content\/uploads\/2026\/SK0024060-CZ20260425-092328-0-1777080210-1245202-1_105241.webp","width":1000,"height":666},{"@type":"BreadcrumbList","@id":"https:\/\/www.koupeltech.com\/index.php\/produkt\/zlevneny-metabo-gb-18-ltx-bl-q-i-aku-zavitnik-bez-aku-28703\/#breadcrumb","itemListElement":[{"@type":"ListItem","position":1,"name":"Home","item":"https:\/\/www.koupeltech.com\/"},{"@type":"ListItem","position":2,"name":"Products","item":"https:\/\/www.koupeltech.com\/index.php\/products\/"},{"@type":"ListItem","position":3,"name":"Zlevn\u011bn\u00fd METABO GB\u00a018\u00a0LTX\u00a0BL\u00a0Q\u00a0I Aku z\u00e1vitn\u00edk, bez aku"}]},{"@type":"WebSite","@id":"https:\/\/www.koupeltech.com\/#website","url":"https:\/\/www.koupeltech.com\/","name":"","description":"","potentialAction":[{"@type":"SearchAction","target":{"@type":"EntryPoint","urlTemplate":"https:\/\/www.koupeltech.com\/?s={search_term_string}"},"query-input":{"@type":"PropertyValueSpecification","valueRequired":true,"valueName":"search_term_string"}}],"inLanguage":"cs"}]}},"_links":{"self":[{"href":"https:\/\/www.koupeltech.com\/index.php\/wp-json\/wp\/v2\/product\/28703","targetHints":{"allow":["GET"]}}],"collection":[{"href":"https:\/\/www.koupeltech.com\/index.php\/wp-json\/wp\/v2\/product"}],"about":[{"href":"https:\/\/www.koupeltech.com\/index.php\/wp-json\/wp\/v2\/types\/product"}],"replies":[{"embeddable":true,"href":"https:\/\/www.koupeltech.com\/index.php\/wp-json\/wp\/v2\/comments?post=28703"}],"wp:featuredmedia":[{"embeddable":true,"href":"https:\/\/www.koupeltech.com\/index.php\/wp-json\/wp\/v2\/media\/28803"}],"wp:attachment":[{"href":"https:\/\/www.koupeltech.com\/index.php\/wp-json\/wp\/v2\/media?parent=28703"}],"wp:term":[{"taxonomy":"product_brand","embeddable":true,"href":"https:\/\/www.koupeltech.com\/index.php\/wp-json\/wp\/v2\/product_brand?post=28703"},{"taxonomy":"product_cat","embeddable":true,"href":"https:\/\/www.koupeltech.com\/index.php\/wp-json\/wp\/v2\/product_cat?post=28703"},{"taxonomy":"product_tag","embeddable":true,"href":"https:\/\/www.koupeltech.com\/index.php\/wp-json\/wp\/v2\/product_tag?post=28703"}],"curies":[{"name":"wp","href":"https:\/\/api.w.org\/{rel}","templated":true}]}}