{"id":28977,"date":"2026-04-27T14:00:13","date_gmt":"2026-04-27T14:00:13","guid":{"rendered":""},"modified":"2026-04-27T14:00:13","modified_gmt":"2026-04-27T14:00:13","slug":"dewalt-dce531n-18v-xr-vibrator-do-betonu-nejprodavanejsi-28977","status":"publish","type":"product","link":"https:\/\/www.koupeltech.com\/index.php\/produkt\/dewalt-dce531n-18v-xr-vibrator-do-betonu-nejprodavanejsi-28977\/","title":{"rendered":"DeWalt DCE531N 18V XR vibr\u00e1tor do betonu Nejprod\u00e1van\u011bj\u0161\u00ed"},"content":{"rendered":"<table>\n<div class=\"tab-pane active product-description\" id=\"popis\" role=\"tabpanel\">\n<div class=\"short-description\" itemprop=\"description\"><\/div>\n<div class=\"description\">\n<p>Ponorn\u00fd vibr\u00e1tor na beton, bez akumul\u00e1toru a nab\u00edje\u010dky<span class=\"bullet-line\">Odstra\u0148uje vzduch z \u010derstv\u00e9ho betonu a vylep\u0161uje jeho konzistenci.<\/span><br \/><span class=\"bullet-line\">Lehk\u00fd a kompaktn\u00ed, snadn\u00e1 manipulace jednou osobou.<\/span><br \/><span class=\"bullet-line\">Snadn\u00e9 uvoln\u011bn\u00ed hadice bez pou\u017eit\u00ed jin\u00e9ho n\u00e1\u0159ad\u00ed pro jednodu\u0161\u0161\u00ed transport.<\/span><br \/><span class=\"bullet-line\">Ut\u011bsn\u011bn\u00fd motor a pohon pro del\u0161\u00ed \u017eivotnost.<\/span><\/p>\n<p>\u25ba Sou\u010d\u00e1st\u00ed dod\u00e1vky je:<span class=\"bullet-line\">Dod\u00e1v\u00e1no v kartonov\u00e9 krabici<\/span><br \/><span class=\"bullet-line\">Baterie a nab\u00edje\u010dka jsou dod\u00e1v\u00e1ny samostatn\u011b<\/span><\/p>\n<\/div>\n<div class=\"parameters\">\n<tr>\n<td>Nap\u011bt\u00ed akumul\u00e1toru<\/td>\n<td>18 V<\/td>\n<\/tr>\n<tr>\n<td>Typ akumul\u00e1toru<\/td>\n<td>XR Li-Ion<\/td>\n<\/tr>\n<tr>\n<td>Hmotnost<\/td>\n<td>3 kg<\/td>\n<\/tr>\n<tr>\n<td>Ot\u00e1\u010dky napr\u00e1zdno<\/td>\n<td>0-500 \/ 1750 ot\/min<\/td>\n<\/tr>\n<tr>\n<td>V\u00fdkon<\/td>\n<td>360 W<\/td>\n<\/tr><\/div>\n<\/table>\n","protected":false},"excerpt":{"rendered":"<p>Ponorn\u00fd vibr\u00e1tor na beton, bez akumul\u00e1toru a nab\u00edje\u010dkyOdstra\u0148uje vzduch z \u010derstv\u00e9ho betonu a vylep\u0161uje jeho konzistenci.Lehk\u00fd a kompaktn\u00ed, snadn\u00e1 manipulace jednou osobou.Snadn\u00e9 uvoln\u011bn\u00ed hadice bez pou\u017eit\u00ed jin\u00e9ho n\u00e1\u0159ad\u00ed pro jednodu\u0161\u0161\u00ed transport.Ut\u011bsn\u011bn\u00fd motor a pohon pro del\u0161\u00ed \u017eivotnost. \u25ba Sou\u010d\u00e1st\u00ed dod\u00e1vky je:Dod\u00e1v\u00e1no v kartonov\u00e9 krabiciBaterie a nab\u00edje\u010dka jsou dod\u00e1v\u00e1ny samostatn\u011b Nap\u011bt\u00ed akumul\u00e1toru 18 V Typ akumul\u00e1toru [&hellip;]<\/p>\n","protected":false},"featured_media":29077,"comment_status":"open","ping_status":"open","template":"","meta":[],"product_brand":[],"product_cat":[50],"product_tag":[],"class_list":{"0":"post-28977","1":"product","2":"type-product","3":"status-publish","4":"has-post-thumbnail","6":"product_cat-stavebni-technika","8":"first","9":"instock","10":"sale","11":"shipping-taxable","12":"purchasable","13":"product-type-simple"},"yoast_head":"<!-- This site is optimized with the Yoast SEO plugin v26.8 - https:\/\/yoast.com\/product\/yoast-seo-wordpress\/ -->\n<title>DeWalt DCE531N 18V XR vibr\u00e1tor do betonu Nejprod\u00e1van\u011bj\u0161\u00ed -<\/title>\n<meta name=\"robots\" content=\"index, follow, max-snippet:-1, max-image-preview:large, max-video-preview:-1\" \/>\n<link rel=\"canonical\" href=\"https:\/\/www.koupeltech.com\/index.php\/produkt\/dewalt-dce531n-18v-xr-vibrator-do-betonu-nejprodavanejsi-28977\/\" \/>\n<meta property=\"og:locale\" content=\"cs_CZ\" \/>\n<meta property=\"og:type\" content=\"article\" \/>\n<meta property=\"og:title\" content=\"DeWalt DCE531N 18V XR vibr\u00e1tor do betonu Nejprod\u00e1van\u011bj\u0161\u00ed -\" \/>\n<meta property=\"og:description\" content=\"Ponorn\u00fd vibr\u00e1tor na beton, bez akumul\u00e1toru a nab\u00edje\u010dkyOdstra\u0148uje vzduch z \u010derstv\u00e9ho betonu a vylep\u0161uje jeho konzistenci.Lehk\u00fd a kompaktn\u00ed, snadn\u00e1 manipulace jednou osobou.Snadn\u00e9 uvoln\u011bn\u00ed hadice bez pou\u017eit\u00ed jin\u00e9ho n\u00e1\u0159ad\u00ed pro jednodu\u0161\u0161\u00ed transport.Ut\u011bsn\u011bn\u00fd motor a pohon pro del\u0161\u00ed \u017eivotnost. \u25ba Sou\u010d\u00e1st\u00ed dod\u00e1vky je:Dod\u00e1v\u00e1no v kartonov\u00e9 krabiciBaterie a nab\u00edje\u010dka jsou dod\u00e1v\u00e1ny samostatn\u011b Nap\u011bt\u00ed akumul\u00e1toru 18 V Typ akumul\u00e1toru [&hellip;]\" \/>\n<meta property=\"og:url\" content=\"https:\/\/www.koupeltech.com\/index.php\/produkt\/dewalt-dce531n-18v-xr-vibrator-do-betonu-nejprodavanejsi-28977\/\" \/>\n<meta property=\"og:image\" content=\"https:\/\/www.koupeltech.com\/wp-content\/uploads\/2026\/SK0024257-CZ20260425-092328-0-1777080210-1245451-1_133642.webp\" \/>\n\t<meta property=\"og:image:width\" content=\"800\" \/>\n\t<meta property=\"og:image:height\" content=\"249\" \/>\n\t<meta property=\"og:image:type\" content=\"image\/webp\" \/>\n<meta name=\"twitter:card\" content=\"summary_large_image\" \/>\n<script type=\"application\/ld+json\" class=\"yoast-schema-graph\">{\"@context\":\"https:\/\/schema.org\",\"@graph\":[{\"@type\":\"WebPage\",\"@id\":\"https:\/\/www.koupeltech.com\/index.php\/produkt\/dewalt-dce531n-18v-xr-vibrator-do-betonu-nejprodavanejsi-28977\/\",\"url\":\"https:\/\/www.koupeltech.com\/index.php\/produkt\/dewalt-dce531n-18v-xr-vibrator-do-betonu-nejprodavanejsi-28977\/\",\"name\":\"DeWalt DCE531N 18V XR vibr\u00e1tor do betonu Nejprod\u00e1van\u011bj\u0161\u00ed -\",\"isPartOf\":{\"@id\":\"https:\/\/www.koupeltech.com\/#website\"},\"primaryImageOfPage\":{\"@id\":\"https:\/\/www.koupeltech.com\/index.php\/produkt\/dewalt-dce531n-18v-xr-vibrator-do-betonu-nejprodavanejsi-28977\/#primaryimage\"},\"image\":{\"@id\":\"https:\/\/www.koupeltech.com\/index.php\/produkt\/dewalt-dce531n-18v-xr-vibrator-do-betonu-nejprodavanejsi-28977\/#primaryimage\"},\"thumbnailUrl\":\"https:\/\/www.koupeltech.com\/wp-content\/uploads\/2026\/SK0024257-CZ20260425-092328-0-1777080210-1245451-1_133642.webp\",\"datePublished\":\"2026-04-27T14:00:13+00:00\",\"breadcrumb\":{\"@id\":\"https:\/\/www.koupeltech.com\/index.php\/produkt\/dewalt-dce531n-18v-xr-vibrator-do-betonu-nejprodavanejsi-28977\/#breadcrumb\"},\"inLanguage\":\"cs\",\"potentialAction\":[{\"@type\":\"ReadAction\",\"target\":[\"https:\/\/www.koupeltech.com\/index.php\/produkt\/dewalt-dce531n-18v-xr-vibrator-do-betonu-nejprodavanejsi-28977\/\"]}]},{\"@type\":\"ImageObject\",\"inLanguage\":\"cs\",\"@id\":\"https:\/\/www.koupeltech.com\/index.php\/produkt\/dewalt-dce531n-18v-xr-vibrator-do-betonu-nejprodavanejsi-28977\/#primaryimage\",\"url\":\"https:\/\/www.koupeltech.com\/wp-content\/uploads\/2026\/SK0024257-CZ20260425-092328-0-1777080210-1245451-1_133642.webp\",\"contentUrl\":\"https:\/\/www.koupeltech.com\/wp-content\/uploads\/2026\/SK0024257-CZ20260425-092328-0-1777080210-1245451-1_133642.webp\",\"width\":800,\"height\":249},{\"@type\":\"BreadcrumbList\",\"@id\":\"https:\/\/www.koupeltech.com\/index.php\/produkt\/dewalt-dce531n-18v-xr-vibrator-do-betonu-nejprodavanejsi-28977\/#breadcrumb\",\"itemListElement\":[{\"@type\":\"ListItem\",\"position\":1,\"name\":\"Home\",\"item\":\"https:\/\/www.koupeltech.com\/\"},{\"@type\":\"ListItem\",\"position\":2,\"name\":\"Products\",\"item\":\"https:\/\/www.koupeltech.com\/index.php\/products\/\"},{\"@type\":\"ListItem\",\"position\":3,\"name\":\"DeWalt DCE531N 18V XR vibr\u00e1tor do betonu Nejprod\u00e1van\u011bj\u0161\u00ed\"}]},{\"@type\":\"WebSite\",\"@id\":\"https:\/\/www.koupeltech.com\/#website\",\"url\":\"https:\/\/www.koupeltech.com\/\",\"name\":\"\",\"description\":\"\",\"potentialAction\":[{\"@type\":\"SearchAction\",\"target\":{\"@type\":\"EntryPoint\",\"urlTemplate\":\"https:\/\/www.koupeltech.com\/?s={search_term_string}\"},\"query-input\":{\"@type\":\"PropertyValueSpecification\",\"valueRequired\":true,\"valueName\":\"search_term_string\"}}],\"inLanguage\":\"cs\"}]}<\/script>\n<!-- \/ Yoast SEO plugin. -->","yoast_head_json":{"title":"DeWalt DCE531N 18V XR vibr\u00e1tor do betonu Nejprod\u00e1van\u011bj\u0161\u00ed -","robots":{"index":"index","follow":"follow","max-snippet":"max-snippet:-1","max-image-preview":"max-image-preview:large","max-video-preview":"max-video-preview:-1"},"canonical":"https:\/\/www.koupeltech.com\/index.php\/produkt\/dewalt-dce531n-18v-xr-vibrator-do-betonu-nejprodavanejsi-28977\/","og_locale":"cs_CZ","og_type":"article","og_title":"DeWalt DCE531N 18V XR vibr\u00e1tor do betonu Nejprod\u00e1van\u011bj\u0161\u00ed -","og_description":"Ponorn\u00fd vibr\u00e1tor na beton, bez akumul\u00e1toru a nab\u00edje\u010dkyOdstra\u0148uje vzduch z \u010derstv\u00e9ho betonu a vylep\u0161uje jeho konzistenci.Lehk\u00fd a kompaktn\u00ed, snadn\u00e1 manipulace jednou osobou.Snadn\u00e9 uvoln\u011bn\u00ed hadice bez pou\u017eit\u00ed jin\u00e9ho n\u00e1\u0159ad\u00ed pro jednodu\u0161\u0161\u00ed transport.Ut\u011bsn\u011bn\u00fd motor a pohon pro del\u0161\u00ed \u017eivotnost. \u25ba Sou\u010d\u00e1st\u00ed dod\u00e1vky je:Dod\u00e1v\u00e1no v kartonov\u00e9 krabiciBaterie a nab\u00edje\u010dka jsou dod\u00e1v\u00e1ny samostatn\u011b Nap\u011bt\u00ed akumul\u00e1toru 18 V Typ akumul\u00e1toru [&hellip;]","og_url":"https:\/\/www.koupeltech.com\/index.php\/produkt\/dewalt-dce531n-18v-xr-vibrator-do-betonu-nejprodavanejsi-28977\/","og_image":[{"width":800,"height":249,"url":"https:\/\/www.koupeltech.com\/wp-content\/uploads\/2026\/SK0024257-CZ20260425-092328-0-1777080210-1245451-1_133642.webp","type":"image\/webp"}],"twitter_card":"summary_large_image","schema":{"@context":"https:\/\/schema.org","@graph":[{"@type":"WebPage","@id":"https:\/\/www.koupeltech.com\/index.php\/produkt\/dewalt-dce531n-18v-xr-vibrator-do-betonu-nejprodavanejsi-28977\/","url":"https:\/\/www.koupeltech.com\/index.php\/produkt\/dewalt-dce531n-18v-xr-vibrator-do-betonu-nejprodavanejsi-28977\/","name":"DeWalt DCE531N 18V XR vibr\u00e1tor do betonu Nejprod\u00e1van\u011bj\u0161\u00ed -","isPartOf":{"@id":"https:\/\/www.koupeltech.com\/#website"},"primaryImageOfPage":{"@id":"https:\/\/www.koupeltech.com\/index.php\/produkt\/dewalt-dce531n-18v-xr-vibrator-do-betonu-nejprodavanejsi-28977\/#primaryimage"},"image":{"@id":"https:\/\/www.koupeltech.com\/index.php\/produkt\/dewalt-dce531n-18v-xr-vibrator-do-betonu-nejprodavanejsi-28977\/#primaryimage"},"thumbnailUrl":"https:\/\/www.koupeltech.com\/wp-content\/uploads\/2026\/SK0024257-CZ20260425-092328-0-1777080210-1245451-1_133642.webp","datePublished":"2026-04-27T14:00:13+00:00","breadcrumb":{"@id":"https:\/\/www.koupeltech.com\/index.php\/produkt\/dewalt-dce531n-18v-xr-vibrator-do-betonu-nejprodavanejsi-28977\/#breadcrumb"},"inLanguage":"cs","potentialAction":[{"@type":"ReadAction","target":["https:\/\/www.koupeltech.com\/index.php\/produkt\/dewalt-dce531n-18v-xr-vibrator-do-betonu-nejprodavanejsi-28977\/"]}]},{"@type":"ImageObject","inLanguage":"cs","@id":"https:\/\/www.koupeltech.com\/index.php\/produkt\/dewalt-dce531n-18v-xr-vibrator-do-betonu-nejprodavanejsi-28977\/#primaryimage","url":"https:\/\/www.koupeltech.com\/wp-content\/uploads\/2026\/SK0024257-CZ20260425-092328-0-1777080210-1245451-1_133642.webp","contentUrl":"https:\/\/www.koupeltech.com\/wp-content\/uploads\/2026\/SK0024257-CZ20260425-092328-0-1777080210-1245451-1_133642.webp","width":800,"height":249},{"@type":"BreadcrumbList","@id":"https:\/\/www.koupeltech.com\/index.php\/produkt\/dewalt-dce531n-18v-xr-vibrator-do-betonu-nejprodavanejsi-28977\/#breadcrumb","itemListElement":[{"@type":"ListItem","position":1,"name":"Home","item":"https:\/\/www.koupeltech.com\/"},{"@type":"ListItem","position":2,"name":"Products","item":"https:\/\/www.koupeltech.com\/index.php\/products\/"},{"@type":"ListItem","position":3,"name":"DeWalt DCE531N 18V XR vibr\u00e1tor do betonu Nejprod\u00e1van\u011bj\u0161\u00ed"}]},{"@type":"WebSite","@id":"https:\/\/www.koupeltech.com\/#website","url":"https:\/\/www.koupeltech.com\/","name":"","description":"","potentialAction":[{"@type":"SearchAction","target":{"@type":"EntryPoint","urlTemplate":"https:\/\/www.koupeltech.com\/?s={search_term_string}"},"query-input":{"@type":"PropertyValueSpecification","valueRequired":true,"valueName":"search_term_string"}}],"inLanguage":"cs"}]}},"_links":{"self":[{"href":"https:\/\/www.koupeltech.com\/index.php\/wp-json\/wp\/v2\/product\/28977","targetHints":{"allow":["GET"]}}],"collection":[{"href":"https:\/\/www.koupeltech.com\/index.php\/wp-json\/wp\/v2\/product"}],"about":[{"href":"https:\/\/www.koupeltech.com\/index.php\/wp-json\/wp\/v2\/types\/product"}],"replies":[{"embeddable":true,"href":"https:\/\/www.koupeltech.com\/index.php\/wp-json\/wp\/v2\/comments?post=28977"}],"wp:featuredmedia":[{"embeddable":true,"href":"https:\/\/www.koupeltech.com\/index.php\/wp-json\/wp\/v2\/media\/29077"}],"wp:attachment":[{"href":"https:\/\/www.koupeltech.com\/index.php\/wp-json\/wp\/v2\/media?parent=28977"}],"wp:term":[{"taxonomy":"product_brand","embeddable":true,"href":"https:\/\/www.koupeltech.com\/index.php\/wp-json\/wp\/v2\/product_brand?post=28977"},{"taxonomy":"product_cat","embeddable":true,"href":"https:\/\/www.koupeltech.com\/index.php\/wp-json\/wp\/v2\/product_cat?post=28977"},{"taxonomy":"product_tag","embeddable":true,"href":"https:\/\/www.koupeltech.com\/index.php\/wp-json\/wp\/v2\/product_tag?post=28977"}],"curies":[{"name":"wp","href":"https:\/\/api.w.org\/{rel}","templated":true}]}}