{"id":29133,"date":"2026-04-27T14:00:15","date_gmt":"2026-04-27T14:00:15","guid":{"rendered":""},"modified":"2026-04-27T14:00:15","modified_gmt":"2026-04-27T14:00:15","slug":"akcni-cena-dewalt-dcs571nt-18v-kotoucova-pila-115-mm-bez-aku-kufr-29133","status":"publish","type":"product","link":"https:\/\/www.koupeltech.com\/index.php\/produkt\/akcni-cena-dewalt-dcs571nt-18v-kotoucova-pila-115-mm-bez-aku-kufr-29133\/","title":{"rendered":"Ak\u010dn\u00ed Cena DeWalt DCS571NT 18V kotou\u010dov\u00e1 pila 115 mm, bez aku, kufr"},"content":{"rendered":"<table>\n<div class=\"tab-pane active product-description\" id=\"popis\" role=\"tabpanel\">\n<div class=\"short-description\" itemprop=\"description\"><\/div>\n<div class=\"description\">\n<p>Bezuhl\u00edkov\u00e1 aku okru\u017en\u00ed pila 18 V, kotou\u010d 115 mm, kufr Tstak, bez akumul\u00e1toru a nab\u00edje\u010dky<span class=\"bullet-line\">Ide\u00e1ln\u00ed pro \u0159ez\u00e1n\u00ed kovov\u00fdch obrobk\u016f, v\u010detn\u011b z\u00e1vitov\u00fdch ty\u010d\u00ed \u0161irok\u00e9ho spektra d\u00e9lek, nerezov\u00fdch trubek a ocelov\u00fdch trubek<\/span><br \/><span class=\"bullet-line\">Vytv\u00e1\u0159\u00ed hladk\u00fd \u0159ez s povrchem bez ot\u0159ep\u016f.<\/span><br \/><span class=\"bullet-line\">P\u0159i \u0159ez\u00e1n\u00ed kovu doch\u00e1z\u00ed pouze k mal\u00e9mu nebo v\u016fbec \u017e\u00e1dn\u00e9mu jisk\u0159en\u00ed.<\/span><br \/><span class=\"bullet-line\">Spr\u00e1vn\u00e9 vyv\u00e1\u017een\u00ed a snadn\u00e1 ovladatelnost p\u0159i pr\u00e1ci v ka\u017ed\u00e9m sm\u011bru, v\u010detn\u011b pr\u00e1ce prov\u00e1d\u011bn\u00e9 nad hlavou.<\/span><\/p>\n<p>\u25ba Sou\u010d\u00e1st\u00ed dod\u00e1vky je:<span class=\"bullet-line\">kufr TSTAK<\/span><\/p>\n<\/div>\n<div class=\"parameters\">\n<tr>\n<td>Nap\u011bt\u00ed akumul\u00e1toru<\/td>\n<td>18 V<\/td>\n<\/tr>\n<tr>\n<td>Ot\u00e1\u010dky napr\u00e1zdno<\/td>\n<td>4.500 min-1<\/td>\n<\/tr>\n<tr>\n<td>Hmotnost<\/td>\n<td>7 kg<\/td>\n<\/tr>\n<tr>\n<td>Kapacita akumul\u00e1toru<\/td>\n<td>5 Ah<\/td>\n<\/tr>\n<tr>\n<td>Hloubka \u0159ezu p\u0159i 90\u00b0<\/td>\n<td>40 mm<\/td>\n<\/tr>\n<tr>\n<td>Pr\u016fm\u011br kotou\u010de<\/td>\n<td>115 mm<\/td>\n<\/tr>\n<tr>\n<td>Typ akumul\u00e1toru<\/td>\n<td>Li-Ion<\/td>\n<\/tr>\n<tr>\n<td>Kapacita \u0161ikm\u00fdch \u0159ez\u016f<\/td>\n<td>50\u00b0<\/td>\n<\/tr><\/div>\n<\/table>\n","protected":false},"excerpt":{"rendered":"<p>Bezuhl\u00edkov\u00e1 aku okru\u017en\u00ed pila 18 V, kotou\u010d 115 mm, kufr Tstak, bez akumul\u00e1toru a nab\u00edje\u010dkyIde\u00e1ln\u00ed pro \u0159ez\u00e1n\u00ed kovov\u00fdch obrobk\u016f, v\u010detn\u011b z\u00e1vitov\u00fdch ty\u010d\u00ed \u0161irok\u00e9ho spektra d\u00e9lek, nerezov\u00fdch trubek a ocelov\u00fdch trubekVytv\u00e1\u0159\u00ed hladk\u00fd \u0159ez s povrchem bez ot\u0159ep\u016f.P\u0159i \u0159ez\u00e1n\u00ed kovu doch\u00e1z\u00ed pouze k mal\u00e9mu nebo v\u016fbec \u017e\u00e1dn\u00e9mu jisk\u0159en\u00ed.Spr\u00e1vn\u00e9 vyv\u00e1\u017een\u00ed a snadn\u00e1 ovladatelnost p\u0159i pr\u00e1ci v ka\u017ed\u00e9m sm\u011bru, [&hellip;]<\/p>\n","protected":false},"featured_media":29233,"comment_status":"open","ping_status":"open","template":"","meta":[],"product_brand":[],"product_cat":[43],"product_tag":[],"class_list":{"0":"post-29133","1":"product","2":"type-product","3":"status-publish","4":"has-post-thumbnail","6":"product_cat-naradi","8":"first","9":"instock","10":"sale","11":"shipping-taxable","12":"purchasable","13":"product-type-simple"},"yoast_head":"<!-- This site is optimized with the Yoast SEO plugin v26.8 - https:\/\/yoast.com\/product\/yoast-seo-wordpress\/ -->\n<title>Ak\u010dn\u00ed Cena DeWalt DCS571NT 18V kotou\u010dov\u00e1 pila 115 mm, bez aku, kufr -<\/title>\n<meta name=\"robots\" content=\"index, follow, max-snippet:-1, max-image-preview:large, max-video-preview:-1\" \/>\n<link rel=\"canonical\" href=\"https:\/\/www.koupeltech.com\/index.php\/produkt\/akcni-cena-dewalt-dcs571nt-18v-kotoucova-pila-115-mm-bez-aku-kufr-29133\/\" \/>\n<meta property=\"og:locale\" content=\"cs_CZ\" \/>\n<meta property=\"og:type\" content=\"article\" \/>\n<meta property=\"og:title\" content=\"Ak\u010dn\u00ed Cena DeWalt DCS571NT 18V kotou\u010dov\u00e1 pila 115 mm, bez aku, kufr -\" \/>\n<meta property=\"og:description\" content=\"Bezuhl\u00edkov\u00e1 aku okru\u017en\u00ed pila 18 V, kotou\u010d 115 mm, kufr Tstak, bez akumul\u00e1toru a nab\u00edje\u010dkyIde\u00e1ln\u00ed pro \u0159ez\u00e1n\u00ed kovov\u00fdch obrobk\u016f, v\u010detn\u011b z\u00e1vitov\u00fdch ty\u010d\u00ed \u0161irok\u00e9ho spektra d\u00e9lek, nerezov\u00fdch trubek a ocelov\u00fdch trubekVytv\u00e1\u0159\u00ed hladk\u00fd \u0159ez s povrchem bez ot\u0159ep\u016f.P\u0159i \u0159ez\u00e1n\u00ed kovu doch\u00e1z\u00ed pouze k mal\u00e9mu nebo v\u016fbec \u017e\u00e1dn\u00e9mu jisk\u0159en\u00ed.Spr\u00e1vn\u00e9 vyv\u00e1\u017een\u00ed a snadn\u00e1 ovladatelnost p\u0159i pr\u00e1ci v ka\u017ed\u00e9m sm\u011bru, [&hellip;]\" \/>\n<meta property=\"og:url\" content=\"https:\/\/www.koupeltech.com\/index.php\/produkt\/akcni-cena-dewalt-dcs571nt-18v-kotoucova-pila-115-mm-bez-aku-kufr-29133\/\" \/>\n<meta property=\"og:image\" content=\"https:\/\/www.koupeltech.com\/wp-content\/uploads\/2026\/SK0024315-CZ20260425-092328-0-1777080210-dewdcs571nt2.webp\" \/>\n\t<meta property=\"og:image:width\" content=\"800\" \/>\n\t<meta property=\"og:image:height\" content=\"800\" \/>\n\t<meta property=\"og:image:type\" content=\"image\/webp\" \/>\n<meta name=\"twitter:card\" content=\"summary_large_image\" \/>\n<meta name=\"twitter:label1\" content=\"Odhadovan\u00e1 doba \u010dten\u00ed\" \/>\n\t<meta name=\"twitter:data1\" content=\"1 minuta\" \/>\n<script type=\"application\/ld+json\" class=\"yoast-schema-graph\">{\"@context\":\"https:\/\/schema.org\",\"@graph\":[{\"@type\":\"WebPage\",\"@id\":\"https:\/\/www.koupeltech.com\/index.php\/produkt\/akcni-cena-dewalt-dcs571nt-18v-kotoucova-pila-115-mm-bez-aku-kufr-29133\/\",\"url\":\"https:\/\/www.koupeltech.com\/index.php\/produkt\/akcni-cena-dewalt-dcs571nt-18v-kotoucova-pila-115-mm-bez-aku-kufr-29133\/\",\"name\":\"Ak\u010dn\u00ed Cena DeWalt DCS571NT 18V kotou\u010dov\u00e1 pila 115 mm, bez aku, kufr -\",\"isPartOf\":{\"@id\":\"https:\/\/www.koupeltech.com\/#website\"},\"primaryImageOfPage\":{\"@id\":\"https:\/\/www.koupeltech.com\/index.php\/produkt\/akcni-cena-dewalt-dcs571nt-18v-kotoucova-pila-115-mm-bez-aku-kufr-29133\/#primaryimage\"},\"image\":{\"@id\":\"https:\/\/www.koupeltech.com\/index.php\/produkt\/akcni-cena-dewalt-dcs571nt-18v-kotoucova-pila-115-mm-bez-aku-kufr-29133\/#primaryimage\"},\"thumbnailUrl\":\"https:\/\/www.koupeltech.com\/wp-content\/uploads\/2026\/SK0024315-CZ20260425-092328-0-1777080210-dewdcs571nt2.webp\",\"datePublished\":\"2026-04-27T14:00:15+00:00\",\"breadcrumb\":{\"@id\":\"https:\/\/www.koupeltech.com\/index.php\/produkt\/akcni-cena-dewalt-dcs571nt-18v-kotoucova-pila-115-mm-bez-aku-kufr-29133\/#breadcrumb\"},\"inLanguage\":\"cs\",\"potentialAction\":[{\"@type\":\"ReadAction\",\"target\":[\"https:\/\/www.koupeltech.com\/index.php\/produkt\/akcni-cena-dewalt-dcs571nt-18v-kotoucova-pila-115-mm-bez-aku-kufr-29133\/\"]}]},{\"@type\":\"ImageObject\",\"inLanguage\":\"cs\",\"@id\":\"https:\/\/www.koupeltech.com\/index.php\/produkt\/akcni-cena-dewalt-dcs571nt-18v-kotoucova-pila-115-mm-bez-aku-kufr-29133\/#primaryimage\",\"url\":\"https:\/\/www.koupeltech.com\/wp-content\/uploads\/2026\/SK0024315-CZ20260425-092328-0-1777080210-dewdcs571nt2.webp\",\"contentUrl\":\"https:\/\/www.koupeltech.com\/wp-content\/uploads\/2026\/SK0024315-CZ20260425-092328-0-1777080210-dewdcs571nt2.webp\",\"width\":800,\"height\":800},{\"@type\":\"BreadcrumbList\",\"@id\":\"https:\/\/www.koupeltech.com\/index.php\/produkt\/akcni-cena-dewalt-dcs571nt-18v-kotoucova-pila-115-mm-bez-aku-kufr-29133\/#breadcrumb\",\"itemListElement\":[{\"@type\":\"ListItem\",\"position\":1,\"name\":\"Home\",\"item\":\"https:\/\/www.koupeltech.com\/\"},{\"@type\":\"ListItem\",\"position\":2,\"name\":\"Products\",\"item\":\"https:\/\/www.koupeltech.com\/index.php\/products\/\"},{\"@type\":\"ListItem\",\"position\":3,\"name\":\"Ak\u010dn\u00ed Cena DeWalt DCS571NT 18V kotou\u010dov\u00e1 pila 115 mm, bez aku, kufr\"}]},{\"@type\":\"WebSite\",\"@id\":\"https:\/\/www.koupeltech.com\/#website\",\"url\":\"https:\/\/www.koupeltech.com\/\",\"name\":\"\",\"description\":\"\",\"potentialAction\":[{\"@type\":\"SearchAction\",\"target\":{\"@type\":\"EntryPoint\",\"urlTemplate\":\"https:\/\/www.koupeltech.com\/?s={search_term_string}\"},\"query-input\":{\"@type\":\"PropertyValueSpecification\",\"valueRequired\":true,\"valueName\":\"search_term_string\"}}],\"inLanguage\":\"cs\"}]}<\/script>\n<!-- \/ Yoast SEO plugin. -->","yoast_head_json":{"title":"Ak\u010dn\u00ed Cena DeWalt DCS571NT 18V kotou\u010dov\u00e1 pila 115 mm, bez aku, kufr -","robots":{"index":"index","follow":"follow","max-snippet":"max-snippet:-1","max-image-preview":"max-image-preview:large","max-video-preview":"max-video-preview:-1"},"canonical":"https:\/\/www.koupeltech.com\/index.php\/produkt\/akcni-cena-dewalt-dcs571nt-18v-kotoucova-pila-115-mm-bez-aku-kufr-29133\/","og_locale":"cs_CZ","og_type":"article","og_title":"Ak\u010dn\u00ed Cena DeWalt DCS571NT 18V kotou\u010dov\u00e1 pila 115 mm, bez aku, kufr -","og_description":"Bezuhl\u00edkov\u00e1 aku okru\u017en\u00ed pila 18 V, kotou\u010d 115 mm, kufr Tstak, bez akumul\u00e1toru a nab\u00edje\u010dkyIde\u00e1ln\u00ed pro \u0159ez\u00e1n\u00ed kovov\u00fdch obrobk\u016f, v\u010detn\u011b z\u00e1vitov\u00fdch ty\u010d\u00ed \u0161irok\u00e9ho spektra d\u00e9lek, nerezov\u00fdch trubek a ocelov\u00fdch trubekVytv\u00e1\u0159\u00ed hladk\u00fd \u0159ez s povrchem bez ot\u0159ep\u016f.P\u0159i \u0159ez\u00e1n\u00ed kovu doch\u00e1z\u00ed pouze k mal\u00e9mu nebo v\u016fbec \u017e\u00e1dn\u00e9mu jisk\u0159en\u00ed.Spr\u00e1vn\u00e9 vyv\u00e1\u017een\u00ed a snadn\u00e1 ovladatelnost p\u0159i pr\u00e1ci v ka\u017ed\u00e9m sm\u011bru, [&hellip;]","og_url":"https:\/\/www.koupeltech.com\/index.php\/produkt\/akcni-cena-dewalt-dcs571nt-18v-kotoucova-pila-115-mm-bez-aku-kufr-29133\/","og_image":[{"width":800,"height":800,"url":"https:\/\/www.koupeltech.com\/wp-content\/uploads\/2026\/SK0024315-CZ20260425-092328-0-1777080210-dewdcs571nt2.webp","type":"image\/webp"}],"twitter_card":"summary_large_image","twitter_misc":{"Odhadovan\u00e1 doba \u010dten\u00ed":"1 minuta"},"schema":{"@context":"https:\/\/schema.org","@graph":[{"@type":"WebPage","@id":"https:\/\/www.koupeltech.com\/index.php\/produkt\/akcni-cena-dewalt-dcs571nt-18v-kotoucova-pila-115-mm-bez-aku-kufr-29133\/","url":"https:\/\/www.koupeltech.com\/index.php\/produkt\/akcni-cena-dewalt-dcs571nt-18v-kotoucova-pila-115-mm-bez-aku-kufr-29133\/","name":"Ak\u010dn\u00ed Cena DeWalt DCS571NT 18V kotou\u010dov\u00e1 pila 115 mm, bez aku, kufr -","isPartOf":{"@id":"https:\/\/www.koupeltech.com\/#website"},"primaryImageOfPage":{"@id":"https:\/\/www.koupeltech.com\/index.php\/produkt\/akcni-cena-dewalt-dcs571nt-18v-kotoucova-pila-115-mm-bez-aku-kufr-29133\/#primaryimage"},"image":{"@id":"https:\/\/www.koupeltech.com\/index.php\/produkt\/akcni-cena-dewalt-dcs571nt-18v-kotoucova-pila-115-mm-bez-aku-kufr-29133\/#primaryimage"},"thumbnailUrl":"https:\/\/www.koupeltech.com\/wp-content\/uploads\/2026\/SK0024315-CZ20260425-092328-0-1777080210-dewdcs571nt2.webp","datePublished":"2026-04-27T14:00:15+00:00","breadcrumb":{"@id":"https:\/\/www.koupeltech.com\/index.php\/produkt\/akcni-cena-dewalt-dcs571nt-18v-kotoucova-pila-115-mm-bez-aku-kufr-29133\/#breadcrumb"},"inLanguage":"cs","potentialAction":[{"@type":"ReadAction","target":["https:\/\/www.koupeltech.com\/index.php\/produkt\/akcni-cena-dewalt-dcs571nt-18v-kotoucova-pila-115-mm-bez-aku-kufr-29133\/"]}]},{"@type":"ImageObject","inLanguage":"cs","@id":"https:\/\/www.koupeltech.com\/index.php\/produkt\/akcni-cena-dewalt-dcs571nt-18v-kotoucova-pila-115-mm-bez-aku-kufr-29133\/#primaryimage","url":"https:\/\/www.koupeltech.com\/wp-content\/uploads\/2026\/SK0024315-CZ20260425-092328-0-1777080210-dewdcs571nt2.webp","contentUrl":"https:\/\/www.koupeltech.com\/wp-content\/uploads\/2026\/SK0024315-CZ20260425-092328-0-1777080210-dewdcs571nt2.webp","width":800,"height":800},{"@type":"BreadcrumbList","@id":"https:\/\/www.koupeltech.com\/index.php\/produkt\/akcni-cena-dewalt-dcs571nt-18v-kotoucova-pila-115-mm-bez-aku-kufr-29133\/#breadcrumb","itemListElement":[{"@type":"ListItem","position":1,"name":"Home","item":"https:\/\/www.koupeltech.com\/"},{"@type":"ListItem","position":2,"name":"Products","item":"https:\/\/www.koupeltech.com\/index.php\/products\/"},{"@type":"ListItem","position":3,"name":"Ak\u010dn\u00ed Cena DeWalt DCS571NT 18V kotou\u010dov\u00e1 pila 115 mm, bez aku, kufr"}]},{"@type":"WebSite","@id":"https:\/\/www.koupeltech.com\/#website","url":"https:\/\/www.koupeltech.com\/","name":"","description":"","potentialAction":[{"@type":"SearchAction","target":{"@type":"EntryPoint","urlTemplate":"https:\/\/www.koupeltech.com\/?s={search_term_string}"},"query-input":{"@type":"PropertyValueSpecification","valueRequired":true,"valueName":"search_term_string"}}],"inLanguage":"cs"}]}},"_links":{"self":[{"href":"https:\/\/www.koupeltech.com\/index.php\/wp-json\/wp\/v2\/product\/29133","targetHints":{"allow":["GET"]}}],"collection":[{"href":"https:\/\/www.koupeltech.com\/index.php\/wp-json\/wp\/v2\/product"}],"about":[{"href":"https:\/\/www.koupeltech.com\/index.php\/wp-json\/wp\/v2\/types\/product"}],"replies":[{"embeddable":true,"href":"https:\/\/www.koupeltech.com\/index.php\/wp-json\/wp\/v2\/comments?post=29133"}],"wp:featuredmedia":[{"embeddable":true,"href":"https:\/\/www.koupeltech.com\/index.php\/wp-json\/wp\/v2\/media\/29233"}],"wp:attachment":[{"href":"https:\/\/www.koupeltech.com\/index.php\/wp-json\/wp\/v2\/media?parent=29133"}],"wp:term":[{"taxonomy":"product_brand","embeddable":true,"href":"https:\/\/www.koupeltech.com\/index.php\/wp-json\/wp\/v2\/product_brand?post=29133"},{"taxonomy":"product_cat","embeddable":true,"href":"https:\/\/www.koupeltech.com\/index.php\/wp-json\/wp\/v2\/product_cat?post=29133"},{"taxonomy":"product_tag","embeddable":true,"href":"https:\/\/www.koupeltech.com\/index.php\/wp-json\/wp\/v2\/product_tag?post=29133"}],"curies":[{"name":"wp","href":"https:\/\/api.w.org\/{rel}","templated":true}]}}