{"id":29376,"date":"2026-04-27T14:00:16","date_gmt":"2026-04-27T14:00:16","guid":{"rendered":""},"modified":"2026-04-27T14:00:16","modified_gmt":"2026-04-27T14:00:16","slug":"akce-dewalt-dwst83347-1-tstak-pojizdny-box-s-prodlouzenou-rukojet-29376","status":"publish","type":"product","link":"https:\/\/www.koupeltech.com\/index.php\/produkt\/akce-dewalt-dwst83347-1-tstak-pojizdny-box-s-prodlouzenou-rukojet-29376\/","title":{"rendered":"Akce DeWalt DWST83347-1 TSTAK, poj\u00edzdn\u00fd box s prodlou\u017eenou rukojet"},"content":{"rendered":"<table>\n<div class=\"tab-pane active product-description\" id=\"popis\" role=\"tabpanel\">\n<div class=\"short-description\" itemprop=\"description\"><\/div>\n<div class=\"description\">\n<p>Poj\u00edzdn\u00fd kufr Tstak VIII<span class=\"bullet-line\">Z \u0159ady \u00falo\u017en\u00e9ho syst\u00e9mu TSTAK p\u0159edstavuje p\u0159\u00edmou n\u00e1hradu star\u0161\u00ed varianty s produktov\u00fdm ozna\u010den\u00edm DWST1-75799<\/span><br \/><span class=\"bullet-line\">Oproti p\u0159edch\u00e1zej\u00edc\u00ed generaci nab\u00edz\u00ed nov\u00e1 verze kufru vylep\u0161en\u00e9 p\u0159edev\u0161\u00edm bo\u010dn\u00ed a p\u0159edn\u00ed z\u00e1padky a vylep\u0161en\u00e9 ut\u011bsn\u011bn\u00ed proti vniknut\u00ed prachu a vody s t\u0159\u00eddou ochrany IP54.<\/span><br \/><span class=\"bullet-line\">T\u0159\u00edda IP54 poskytuje ochranu proti vnik\u00e1n\u00ed vody a prachu a chr\u00e1n\u00ed n\u00e1\u0159ad\u00ed ulo\u017een\u00e9 uvnit\u0159 kufru<\/span><br \/><span class=\"bullet-line\">P\u0159edn\u00ed \u010d\u00e1st v\u00edka je nav\u00edc uzp\u016fsoben\u00e1 pro snadn\u00e9 uzam\u010den\u00ed pomoc\u00ed visac\u00edho z\u00e1mku<\/span><\/p>\n<\/div>\n<div class=\"parameters\">\n<tr>\n<td>Nosnost<\/td>\n<td>50 kg<\/td>\n<\/tr>\n<tr>\n<td>T\u0159\u00edda ochrany<\/td>\n<td>IP54<\/td>\n<\/tr>\n<tr>\n<td>Kole\u010dka<\/td>\n<td>ano<\/td>\n<\/tr><\/div>\n<\/table>\n","protected":false},"excerpt":{"rendered":"<p>Poj\u00edzdn\u00fd kufr Tstak VIIIZ \u0159ady \u00falo\u017en\u00e9ho syst\u00e9mu TSTAK p\u0159edstavuje p\u0159\u00edmou n\u00e1hradu star\u0161\u00ed varianty s produktov\u00fdm ozna\u010den\u00edm DWST1-75799Oproti p\u0159edch\u00e1zej\u00edc\u00ed generaci nab\u00edz\u00ed nov\u00e1 verze kufru vylep\u0161en\u00e9 p\u0159edev\u0161\u00edm bo\u010dn\u00ed a p\u0159edn\u00ed z\u00e1padky a vylep\u0161en\u00e9 ut\u011bsn\u011bn\u00ed proti vniknut\u00ed prachu a vody s t\u0159\u00eddou ochrany IP54.T\u0159\u00edda IP54 poskytuje ochranu proti vnik\u00e1n\u00ed vody a prachu a chr\u00e1n\u00ed n\u00e1\u0159ad\u00ed ulo\u017een\u00e9 uvnit\u0159 kufruP\u0159edn\u00ed [&hellip;]<\/p>\n","protected":false},"featured_media":29476,"comment_status":"open","ping_status":"open","template":"","meta":[],"product_brand":[],"product_cat":[45],"product_tag":[],"class_list":{"0":"post-29376","1":"product","2":"type-product","3":"status-publish","4":"has-post-thumbnail","6":"product_cat-dilna","8":"first","9":"instock","10":"sale","11":"shipping-taxable","12":"purchasable","13":"product-type-simple"},"yoast_head":"<!-- This site is optimized with the Yoast SEO plugin v26.8 - https:\/\/yoast.com\/product\/yoast-seo-wordpress\/ -->\n<title>Akce DeWalt DWST83347-1 TSTAK, poj\u00edzdn\u00fd box s prodlou\u017eenou rukojet -<\/title>\n<meta name=\"robots\" content=\"index, follow, max-snippet:-1, max-image-preview:large, max-video-preview:-1\" \/>\n<link rel=\"canonical\" href=\"https:\/\/www.koupeltech.com\/index.php\/produkt\/akce-dewalt-dwst83347-1-tstak-pojizdny-box-s-prodlouzenou-rukojet-29376\/\" \/>\n<meta property=\"og:locale\" content=\"cs_CZ\" \/>\n<meta property=\"og:type\" content=\"article\" \/>\n<meta property=\"og:title\" content=\"Akce DeWalt DWST83347-1 TSTAK, poj\u00edzdn\u00fd box s prodlou\u017eenou rukojet -\" \/>\n<meta property=\"og:description\" content=\"Poj\u00edzdn\u00fd kufr Tstak VIIIZ \u0159ady \u00falo\u017en\u00e9ho syst\u00e9mu TSTAK p\u0159edstavuje p\u0159\u00edmou n\u00e1hradu star\u0161\u00ed varianty s produktov\u00fdm ozna\u010den\u00edm DWST1-75799Oproti p\u0159edch\u00e1zej\u00edc\u00ed generaci nab\u00edz\u00ed nov\u00e1 verze kufru vylep\u0161en\u00e9 p\u0159edev\u0161\u00edm bo\u010dn\u00ed a p\u0159edn\u00ed z\u00e1padky a vylep\u0161en\u00e9 ut\u011bsn\u011bn\u00ed proti vniknut\u00ed prachu a vody s t\u0159\u00eddou ochrany IP54.T\u0159\u00edda IP54 poskytuje ochranu proti vnik\u00e1n\u00ed vody a prachu a chr\u00e1n\u00ed n\u00e1\u0159ad\u00ed ulo\u017een\u00e9 uvnit\u0159 kufruP\u0159edn\u00ed [&hellip;]\" \/>\n<meta property=\"og:url\" content=\"https:\/\/www.koupeltech.com\/index.php\/produkt\/akce-dewalt-dwst83347-1-tstak-pojizdny-box-s-prodlouzenou-rukojet-29376\/\" \/>\n<meta property=\"og:image\" content=\"https:\/\/www.koupeltech.com\/wp-content\/uploads\/2026\/SK0024476-CZ20260425-092328-0-1777080210-1245719-1_135451.webp\" \/>\n\t<meta property=\"og:image:width\" content=\"800\" \/>\n\t<meta property=\"og:image:height\" content=\"800\" \/>\n\t<meta property=\"og:image:type\" content=\"image\/webp\" \/>\n<meta name=\"twitter:card\" content=\"summary_large_image\" \/>\n<meta name=\"twitter:label1\" content=\"Odhadovan\u00e1 doba \u010dten\u00ed\" \/>\n\t<meta name=\"twitter:data1\" content=\"1 minuta\" \/>\n<script type=\"application\/ld+json\" class=\"yoast-schema-graph\">{\"@context\":\"https:\/\/schema.org\",\"@graph\":[{\"@type\":\"WebPage\",\"@id\":\"https:\/\/www.koupeltech.com\/index.php\/produkt\/akce-dewalt-dwst83347-1-tstak-pojizdny-box-s-prodlouzenou-rukojet-29376\/\",\"url\":\"https:\/\/www.koupeltech.com\/index.php\/produkt\/akce-dewalt-dwst83347-1-tstak-pojizdny-box-s-prodlouzenou-rukojet-29376\/\",\"name\":\"Akce DeWalt DWST83347-1 TSTAK, poj\u00edzdn\u00fd box s prodlou\u017eenou rukojet -\",\"isPartOf\":{\"@id\":\"https:\/\/www.koupeltech.com\/#website\"},\"primaryImageOfPage\":{\"@id\":\"https:\/\/www.koupeltech.com\/index.php\/produkt\/akce-dewalt-dwst83347-1-tstak-pojizdny-box-s-prodlouzenou-rukojet-29376\/#primaryimage\"},\"image\":{\"@id\":\"https:\/\/www.koupeltech.com\/index.php\/produkt\/akce-dewalt-dwst83347-1-tstak-pojizdny-box-s-prodlouzenou-rukojet-29376\/#primaryimage\"},\"thumbnailUrl\":\"https:\/\/www.koupeltech.com\/wp-content\/uploads\/2026\/SK0024476-CZ20260425-092328-0-1777080210-1245719-1_135451.webp\",\"datePublished\":\"2026-04-27T14:00:16+00:00\",\"breadcrumb\":{\"@id\":\"https:\/\/www.koupeltech.com\/index.php\/produkt\/akce-dewalt-dwst83347-1-tstak-pojizdny-box-s-prodlouzenou-rukojet-29376\/#breadcrumb\"},\"inLanguage\":\"cs\",\"potentialAction\":[{\"@type\":\"ReadAction\",\"target\":[\"https:\/\/www.koupeltech.com\/index.php\/produkt\/akce-dewalt-dwst83347-1-tstak-pojizdny-box-s-prodlouzenou-rukojet-29376\/\"]}]},{\"@type\":\"ImageObject\",\"inLanguage\":\"cs\",\"@id\":\"https:\/\/www.koupeltech.com\/index.php\/produkt\/akce-dewalt-dwst83347-1-tstak-pojizdny-box-s-prodlouzenou-rukojet-29376\/#primaryimage\",\"url\":\"https:\/\/www.koupeltech.com\/wp-content\/uploads\/2026\/SK0024476-CZ20260425-092328-0-1777080210-1245719-1_135451.webp\",\"contentUrl\":\"https:\/\/www.koupeltech.com\/wp-content\/uploads\/2026\/SK0024476-CZ20260425-092328-0-1777080210-1245719-1_135451.webp\",\"width\":800,\"height\":800},{\"@type\":\"BreadcrumbList\",\"@id\":\"https:\/\/www.koupeltech.com\/index.php\/produkt\/akce-dewalt-dwst83347-1-tstak-pojizdny-box-s-prodlouzenou-rukojet-29376\/#breadcrumb\",\"itemListElement\":[{\"@type\":\"ListItem\",\"position\":1,\"name\":\"Home\",\"item\":\"https:\/\/www.koupeltech.com\/\"},{\"@type\":\"ListItem\",\"position\":2,\"name\":\"Products\",\"item\":\"https:\/\/www.koupeltech.com\/index.php\/products\/\"},{\"@type\":\"ListItem\",\"position\":3,\"name\":\"Akce DeWalt DWST83347-1 TSTAK, poj\u00edzdn\u00fd box s prodlou\u017eenou rukojet\"}]},{\"@type\":\"WebSite\",\"@id\":\"https:\/\/www.koupeltech.com\/#website\",\"url\":\"https:\/\/www.koupeltech.com\/\",\"name\":\"\",\"description\":\"\",\"potentialAction\":[{\"@type\":\"SearchAction\",\"target\":{\"@type\":\"EntryPoint\",\"urlTemplate\":\"https:\/\/www.koupeltech.com\/?s={search_term_string}\"},\"query-input\":{\"@type\":\"PropertyValueSpecification\",\"valueRequired\":true,\"valueName\":\"search_term_string\"}}],\"inLanguage\":\"cs\"}]}<\/script>\n<!-- \/ Yoast SEO plugin. -->","yoast_head_json":{"title":"Akce DeWalt DWST83347-1 TSTAK, poj\u00edzdn\u00fd box s prodlou\u017eenou rukojet -","robots":{"index":"index","follow":"follow","max-snippet":"max-snippet:-1","max-image-preview":"max-image-preview:large","max-video-preview":"max-video-preview:-1"},"canonical":"https:\/\/www.koupeltech.com\/index.php\/produkt\/akce-dewalt-dwst83347-1-tstak-pojizdny-box-s-prodlouzenou-rukojet-29376\/","og_locale":"cs_CZ","og_type":"article","og_title":"Akce DeWalt DWST83347-1 TSTAK, poj\u00edzdn\u00fd box s prodlou\u017eenou rukojet -","og_description":"Poj\u00edzdn\u00fd kufr Tstak VIIIZ \u0159ady \u00falo\u017en\u00e9ho syst\u00e9mu TSTAK p\u0159edstavuje p\u0159\u00edmou n\u00e1hradu star\u0161\u00ed varianty s produktov\u00fdm ozna\u010den\u00edm DWST1-75799Oproti p\u0159edch\u00e1zej\u00edc\u00ed generaci nab\u00edz\u00ed nov\u00e1 verze kufru vylep\u0161en\u00e9 p\u0159edev\u0161\u00edm bo\u010dn\u00ed a p\u0159edn\u00ed z\u00e1padky a vylep\u0161en\u00e9 ut\u011bsn\u011bn\u00ed proti vniknut\u00ed prachu a vody s t\u0159\u00eddou ochrany IP54.T\u0159\u00edda IP54 poskytuje ochranu proti vnik\u00e1n\u00ed vody a prachu a chr\u00e1n\u00ed n\u00e1\u0159ad\u00ed ulo\u017een\u00e9 uvnit\u0159 kufruP\u0159edn\u00ed [&hellip;]","og_url":"https:\/\/www.koupeltech.com\/index.php\/produkt\/akce-dewalt-dwst83347-1-tstak-pojizdny-box-s-prodlouzenou-rukojet-29376\/","og_image":[{"width":800,"height":800,"url":"https:\/\/www.koupeltech.com\/wp-content\/uploads\/2026\/SK0024476-CZ20260425-092328-0-1777080210-1245719-1_135451.webp","type":"image\/webp"}],"twitter_card":"summary_large_image","twitter_misc":{"Odhadovan\u00e1 doba \u010dten\u00ed":"1 minuta"},"schema":{"@context":"https:\/\/schema.org","@graph":[{"@type":"WebPage","@id":"https:\/\/www.koupeltech.com\/index.php\/produkt\/akce-dewalt-dwst83347-1-tstak-pojizdny-box-s-prodlouzenou-rukojet-29376\/","url":"https:\/\/www.koupeltech.com\/index.php\/produkt\/akce-dewalt-dwst83347-1-tstak-pojizdny-box-s-prodlouzenou-rukojet-29376\/","name":"Akce DeWalt DWST83347-1 TSTAK, poj\u00edzdn\u00fd box s prodlou\u017eenou rukojet -","isPartOf":{"@id":"https:\/\/www.koupeltech.com\/#website"},"primaryImageOfPage":{"@id":"https:\/\/www.koupeltech.com\/index.php\/produkt\/akce-dewalt-dwst83347-1-tstak-pojizdny-box-s-prodlouzenou-rukojet-29376\/#primaryimage"},"image":{"@id":"https:\/\/www.koupeltech.com\/index.php\/produkt\/akce-dewalt-dwst83347-1-tstak-pojizdny-box-s-prodlouzenou-rukojet-29376\/#primaryimage"},"thumbnailUrl":"https:\/\/www.koupeltech.com\/wp-content\/uploads\/2026\/SK0024476-CZ20260425-092328-0-1777080210-1245719-1_135451.webp","datePublished":"2026-04-27T14:00:16+00:00","breadcrumb":{"@id":"https:\/\/www.koupeltech.com\/index.php\/produkt\/akce-dewalt-dwst83347-1-tstak-pojizdny-box-s-prodlouzenou-rukojet-29376\/#breadcrumb"},"inLanguage":"cs","potentialAction":[{"@type":"ReadAction","target":["https:\/\/www.koupeltech.com\/index.php\/produkt\/akce-dewalt-dwst83347-1-tstak-pojizdny-box-s-prodlouzenou-rukojet-29376\/"]}]},{"@type":"ImageObject","inLanguage":"cs","@id":"https:\/\/www.koupeltech.com\/index.php\/produkt\/akce-dewalt-dwst83347-1-tstak-pojizdny-box-s-prodlouzenou-rukojet-29376\/#primaryimage","url":"https:\/\/www.koupeltech.com\/wp-content\/uploads\/2026\/SK0024476-CZ20260425-092328-0-1777080210-1245719-1_135451.webp","contentUrl":"https:\/\/www.koupeltech.com\/wp-content\/uploads\/2026\/SK0024476-CZ20260425-092328-0-1777080210-1245719-1_135451.webp","width":800,"height":800},{"@type":"BreadcrumbList","@id":"https:\/\/www.koupeltech.com\/index.php\/produkt\/akce-dewalt-dwst83347-1-tstak-pojizdny-box-s-prodlouzenou-rukojet-29376\/#breadcrumb","itemListElement":[{"@type":"ListItem","position":1,"name":"Home","item":"https:\/\/www.koupeltech.com\/"},{"@type":"ListItem","position":2,"name":"Products","item":"https:\/\/www.koupeltech.com\/index.php\/products\/"},{"@type":"ListItem","position":3,"name":"Akce DeWalt DWST83347-1 TSTAK, poj\u00edzdn\u00fd box s prodlou\u017eenou rukojet"}]},{"@type":"WebSite","@id":"https:\/\/www.koupeltech.com\/#website","url":"https:\/\/www.koupeltech.com\/","name":"","description":"","potentialAction":[{"@type":"SearchAction","target":{"@type":"EntryPoint","urlTemplate":"https:\/\/www.koupeltech.com\/?s={search_term_string}"},"query-input":{"@type":"PropertyValueSpecification","valueRequired":true,"valueName":"search_term_string"}}],"inLanguage":"cs"}]}},"_links":{"self":[{"href":"https:\/\/www.koupeltech.com\/index.php\/wp-json\/wp\/v2\/product\/29376","targetHints":{"allow":["GET"]}}],"collection":[{"href":"https:\/\/www.koupeltech.com\/index.php\/wp-json\/wp\/v2\/product"}],"about":[{"href":"https:\/\/www.koupeltech.com\/index.php\/wp-json\/wp\/v2\/types\/product"}],"replies":[{"embeddable":true,"href":"https:\/\/www.koupeltech.com\/index.php\/wp-json\/wp\/v2\/comments?post=29376"}],"wp:featuredmedia":[{"embeddable":true,"href":"https:\/\/www.koupeltech.com\/index.php\/wp-json\/wp\/v2\/media\/29476"}],"wp:attachment":[{"href":"https:\/\/www.koupeltech.com\/index.php\/wp-json\/wp\/v2\/media?parent=29376"}],"wp:term":[{"taxonomy":"product_brand","embeddable":true,"href":"https:\/\/www.koupeltech.com\/index.php\/wp-json\/wp\/v2\/product_brand?post=29376"},{"taxonomy":"product_cat","embeddable":true,"href":"https:\/\/www.koupeltech.com\/index.php\/wp-json\/wp\/v2\/product_cat?post=29376"},{"taxonomy":"product_tag","embeddable":true,"href":"https:\/\/www.koupeltech.com\/index.php\/wp-json\/wp\/v2\/product_tag?post=29376"}],"curies":[{"name":"wp","href":"https:\/\/api.w.org\/{rel}","templated":true}]}}