{"id":29505,"date":"2026-04-27T14:00:18","date_gmt":"2026-04-27T14:00:18","guid":{"rendered":""},"modified":"2026-04-27T14:00:18","modified_gmt":"2026-04-27T14:00:18","slug":"zlevneny-dewalt-de0734-nivelacni-tyc-se-stupnici-1-2-4-m-29505","status":"publish","type":"product","link":"https:\/\/www.koupeltech.com\/index.php\/produkt\/zlevneny-dewalt-de0734-nivelacni-tyc-se-stupnici-1-2-4-m-29505\/","title":{"rendered":"Zlevn\u011bn\u00fd DeWalt DE0734 Nivela\u010dn\u00ed ty\u010d se stupnic\u00ed 1,2-4 m"},"content":{"rendered":"<table>\n<div class=\"tab-pane active product-description\" id=\"popis\" role=\"tabpanel\">\n<div class=\"short-description\" itemprop=\"description\"><\/div>\n<div class=\"description\"><span class='bullet-line'>Hlin\u00edkov\u00e1 ty\u010d 1,2M &#8211; 4M<\/span><span class='bullet-line'>Lehk\u00e1, odoln\u00e1 konstrukce<\/span><span class='bullet-line'>4 teleskopick\u00e9 sekce<\/span><span class='bullet-line'>Odpru\u017een\u00e1 tla\u010d\u00edtka umo\u017e\u0148uj\u00ed bezpe\u010dn\u00e9 zamyk\u00e1n\u00ed a rychl\u00e9 odemyk\u00e1n\u00ed sekc\u00ed<\/span><span class='bullet-line'>Integrovan\u00e1 lahvi\u010dka pro p\u0159esnost nivelace<\/span><span class='bullet-line'>\u010cerven\u00e9 \u010d\u00edseln\u00e9 zna\u010den\u00ed pro snadn\u00e9 \u010dten\u00ed<\/span><span class='bullet-line'>Stupnice na zadn\u00ed stran\u011b pro rychl\u00e9 m\u011b\u0159en\u00ed celkov\u00e9 v\u00fd\u0161ky<\/span><span class='bullet-line'>Obsahuje m\u011bkkou ta\u0161ku pro skladov\u00e1n\u00ed<\/span><\/div>\n<\/table>\n","protected":false},"excerpt":{"rendered":"<p>Hlin\u00edkov\u00e1 ty\u010d 1,2M &#8211; 4MLehk\u00e1, odoln\u00e1 konstrukce4 teleskopick\u00e9 sekceOdpru\u017een\u00e1 tla\u010d\u00edtka umo\u017e\u0148uj\u00ed bezpe\u010dn\u00e9 zamyk\u00e1n\u00ed a rychl\u00e9 odemyk\u00e1n\u00ed sekc\u00edIntegrovan\u00e1 lahvi\u010dka pro p\u0159esnost nivelace\u010cerven\u00e9 \u010d\u00edseln\u00e9 zna\u010den\u00ed pro snadn\u00e9 \u010dten\u00edStupnice na zadn\u00ed stran\u011b pro rychl\u00e9 m\u011b\u0159en\u00ed celkov\u00e9 v\u00fd\u0161kyObsahuje m\u011bkkou ta\u0161ku pro skladov\u00e1n\u00ed<\/p>\n","protected":false},"featured_media":29605,"comment_status":"open","ping_status":"open","template":"","meta":[],"product_brand":[],"product_cat":[43],"product_tag":[],"class_list":{"0":"post-29505","1":"product","2":"type-product","3":"status-publish","4":"has-post-thumbnail","6":"product_cat-naradi","8":"first","9":"instock","10":"sale","11":"shipping-taxable","12":"purchasable","13":"product-type-simple"},"yoast_head":"<!-- This site is optimized with the Yoast SEO plugin v26.8 - https:\/\/yoast.com\/product\/yoast-seo-wordpress\/ -->\n<title>Zlevn\u011bn\u00fd DeWalt DE0734 Nivela\u010dn\u00ed ty\u010d se stupnic\u00ed 1,2-4 m -<\/title>\n<meta name=\"robots\" content=\"index, follow, max-snippet:-1, max-image-preview:large, max-video-preview:-1\" \/>\n<link rel=\"canonical\" href=\"https:\/\/www.koupeltech.com\/index.php\/produkt\/zlevneny-dewalt-de0734-nivelacni-tyc-se-stupnici-1-2-4-m-29505\/\" \/>\n<meta property=\"og:locale\" content=\"cs_CZ\" \/>\n<meta property=\"og:type\" content=\"article\" \/>\n<meta property=\"og:title\" content=\"Zlevn\u011bn\u00fd DeWalt DE0734 Nivela\u010dn\u00ed ty\u010d se stupnic\u00ed 1,2-4 m -\" \/>\n<meta property=\"og:description\" content=\"Hlin\u00edkov\u00e1 ty\u010d 1,2M &#8211; 4MLehk\u00e1, odoln\u00e1 konstrukce4 teleskopick\u00e9 sekceOdpru\u017een\u00e1 tla\u010d\u00edtka umo\u017e\u0148uj\u00ed bezpe\u010dn\u00e9 zamyk\u00e1n\u00ed a rychl\u00e9 odemyk\u00e1n\u00ed sekc\u00edIntegrovan\u00e1 lahvi\u010dka pro p\u0159esnost nivelace\u010cerven\u00e9 \u010d\u00edseln\u00e9 zna\u010den\u00ed pro snadn\u00e9 \u010dten\u00edStupnice na zadn\u00ed stran\u011b pro rychl\u00e9 m\u011b\u0159en\u00ed celkov\u00e9 v\u00fd\u0161kyObsahuje m\u011bkkou ta\u0161ku pro skladov\u00e1n\u00ed\" \/>\n<meta property=\"og:url\" content=\"https:\/\/www.koupeltech.com\/index.php\/produkt\/zlevneny-dewalt-de0734-nivelacni-tyc-se-stupnici-1-2-4-m-29505\/\" \/>\n<meta property=\"og:image\" content=\"https:\/\/www.koupeltech.com\/wp-content\/uploads\/2026\/SK0024505-CZ20260425-092328-0-1777080210-1245756-1_132052.webp\" \/>\n\t<meta property=\"og:image:width\" content=\"800\" \/>\n\t<meta property=\"og:image:height\" content=\"800\" \/>\n\t<meta property=\"og:image:type\" content=\"image\/webp\" \/>\n<meta name=\"twitter:card\" content=\"summary_large_image\" \/>\n<script type=\"application\/ld+json\" class=\"yoast-schema-graph\">{\"@context\":\"https:\/\/schema.org\",\"@graph\":[{\"@type\":\"WebPage\",\"@id\":\"https:\/\/www.koupeltech.com\/index.php\/produkt\/zlevneny-dewalt-de0734-nivelacni-tyc-se-stupnici-1-2-4-m-29505\/\",\"url\":\"https:\/\/www.koupeltech.com\/index.php\/produkt\/zlevneny-dewalt-de0734-nivelacni-tyc-se-stupnici-1-2-4-m-29505\/\",\"name\":\"Zlevn\u011bn\u00fd DeWalt DE0734 Nivela\u010dn\u00ed ty\u010d se stupnic\u00ed 1,2-4 m -\",\"isPartOf\":{\"@id\":\"https:\/\/www.koupeltech.com\/#website\"},\"primaryImageOfPage\":{\"@id\":\"https:\/\/www.koupeltech.com\/index.php\/produkt\/zlevneny-dewalt-de0734-nivelacni-tyc-se-stupnici-1-2-4-m-29505\/#primaryimage\"},\"image\":{\"@id\":\"https:\/\/www.koupeltech.com\/index.php\/produkt\/zlevneny-dewalt-de0734-nivelacni-tyc-se-stupnici-1-2-4-m-29505\/#primaryimage\"},\"thumbnailUrl\":\"https:\/\/www.koupeltech.com\/wp-content\/uploads\/2026\/SK0024505-CZ20260425-092328-0-1777080210-1245756-1_132052.webp\",\"datePublished\":\"2026-04-27T14:00:18+00:00\",\"breadcrumb\":{\"@id\":\"https:\/\/www.koupeltech.com\/index.php\/produkt\/zlevneny-dewalt-de0734-nivelacni-tyc-se-stupnici-1-2-4-m-29505\/#breadcrumb\"},\"inLanguage\":\"cs\",\"potentialAction\":[{\"@type\":\"ReadAction\",\"target\":[\"https:\/\/www.koupeltech.com\/index.php\/produkt\/zlevneny-dewalt-de0734-nivelacni-tyc-se-stupnici-1-2-4-m-29505\/\"]}]},{\"@type\":\"ImageObject\",\"inLanguage\":\"cs\",\"@id\":\"https:\/\/www.koupeltech.com\/index.php\/produkt\/zlevneny-dewalt-de0734-nivelacni-tyc-se-stupnici-1-2-4-m-29505\/#primaryimage\",\"url\":\"https:\/\/www.koupeltech.com\/wp-content\/uploads\/2026\/SK0024505-CZ20260425-092328-0-1777080210-1245756-1_132052.webp\",\"contentUrl\":\"https:\/\/www.koupeltech.com\/wp-content\/uploads\/2026\/SK0024505-CZ20260425-092328-0-1777080210-1245756-1_132052.webp\",\"width\":800,\"height\":800},{\"@type\":\"BreadcrumbList\",\"@id\":\"https:\/\/www.koupeltech.com\/index.php\/produkt\/zlevneny-dewalt-de0734-nivelacni-tyc-se-stupnici-1-2-4-m-29505\/#breadcrumb\",\"itemListElement\":[{\"@type\":\"ListItem\",\"position\":1,\"name\":\"Home\",\"item\":\"https:\/\/www.koupeltech.com\/\"},{\"@type\":\"ListItem\",\"position\":2,\"name\":\"Products\",\"item\":\"https:\/\/www.koupeltech.com\/index.php\/products\/\"},{\"@type\":\"ListItem\",\"position\":3,\"name\":\"Zlevn\u011bn\u00fd DeWalt DE0734 Nivela\u010dn\u00ed ty\u010d se stupnic\u00ed 1,2-4 m\"}]},{\"@type\":\"WebSite\",\"@id\":\"https:\/\/www.koupeltech.com\/#website\",\"url\":\"https:\/\/www.koupeltech.com\/\",\"name\":\"\",\"description\":\"\",\"potentialAction\":[{\"@type\":\"SearchAction\",\"target\":{\"@type\":\"EntryPoint\",\"urlTemplate\":\"https:\/\/www.koupeltech.com\/?s={search_term_string}\"},\"query-input\":{\"@type\":\"PropertyValueSpecification\",\"valueRequired\":true,\"valueName\":\"search_term_string\"}}],\"inLanguage\":\"cs\"}]}<\/script>\n<!-- \/ Yoast SEO plugin. -->","yoast_head_json":{"title":"Zlevn\u011bn\u00fd DeWalt DE0734 Nivela\u010dn\u00ed ty\u010d se stupnic\u00ed 1,2-4 m -","robots":{"index":"index","follow":"follow","max-snippet":"max-snippet:-1","max-image-preview":"max-image-preview:large","max-video-preview":"max-video-preview:-1"},"canonical":"https:\/\/www.koupeltech.com\/index.php\/produkt\/zlevneny-dewalt-de0734-nivelacni-tyc-se-stupnici-1-2-4-m-29505\/","og_locale":"cs_CZ","og_type":"article","og_title":"Zlevn\u011bn\u00fd DeWalt DE0734 Nivela\u010dn\u00ed ty\u010d se stupnic\u00ed 1,2-4 m -","og_description":"Hlin\u00edkov\u00e1 ty\u010d 1,2M &#8211; 4MLehk\u00e1, odoln\u00e1 konstrukce4 teleskopick\u00e9 sekceOdpru\u017een\u00e1 tla\u010d\u00edtka umo\u017e\u0148uj\u00ed bezpe\u010dn\u00e9 zamyk\u00e1n\u00ed a rychl\u00e9 odemyk\u00e1n\u00ed sekc\u00edIntegrovan\u00e1 lahvi\u010dka pro p\u0159esnost nivelace\u010cerven\u00e9 \u010d\u00edseln\u00e9 zna\u010den\u00ed pro snadn\u00e9 \u010dten\u00edStupnice na zadn\u00ed stran\u011b pro rychl\u00e9 m\u011b\u0159en\u00ed celkov\u00e9 v\u00fd\u0161kyObsahuje m\u011bkkou ta\u0161ku pro skladov\u00e1n\u00ed","og_url":"https:\/\/www.koupeltech.com\/index.php\/produkt\/zlevneny-dewalt-de0734-nivelacni-tyc-se-stupnici-1-2-4-m-29505\/","og_image":[{"width":800,"height":800,"url":"https:\/\/www.koupeltech.com\/wp-content\/uploads\/2026\/SK0024505-CZ20260425-092328-0-1777080210-1245756-1_132052.webp","type":"image\/webp"}],"twitter_card":"summary_large_image","schema":{"@context":"https:\/\/schema.org","@graph":[{"@type":"WebPage","@id":"https:\/\/www.koupeltech.com\/index.php\/produkt\/zlevneny-dewalt-de0734-nivelacni-tyc-se-stupnici-1-2-4-m-29505\/","url":"https:\/\/www.koupeltech.com\/index.php\/produkt\/zlevneny-dewalt-de0734-nivelacni-tyc-se-stupnici-1-2-4-m-29505\/","name":"Zlevn\u011bn\u00fd DeWalt DE0734 Nivela\u010dn\u00ed ty\u010d se stupnic\u00ed 1,2-4 m -","isPartOf":{"@id":"https:\/\/www.koupeltech.com\/#website"},"primaryImageOfPage":{"@id":"https:\/\/www.koupeltech.com\/index.php\/produkt\/zlevneny-dewalt-de0734-nivelacni-tyc-se-stupnici-1-2-4-m-29505\/#primaryimage"},"image":{"@id":"https:\/\/www.koupeltech.com\/index.php\/produkt\/zlevneny-dewalt-de0734-nivelacni-tyc-se-stupnici-1-2-4-m-29505\/#primaryimage"},"thumbnailUrl":"https:\/\/www.koupeltech.com\/wp-content\/uploads\/2026\/SK0024505-CZ20260425-092328-0-1777080210-1245756-1_132052.webp","datePublished":"2026-04-27T14:00:18+00:00","breadcrumb":{"@id":"https:\/\/www.koupeltech.com\/index.php\/produkt\/zlevneny-dewalt-de0734-nivelacni-tyc-se-stupnici-1-2-4-m-29505\/#breadcrumb"},"inLanguage":"cs","potentialAction":[{"@type":"ReadAction","target":["https:\/\/www.koupeltech.com\/index.php\/produkt\/zlevneny-dewalt-de0734-nivelacni-tyc-se-stupnici-1-2-4-m-29505\/"]}]},{"@type":"ImageObject","inLanguage":"cs","@id":"https:\/\/www.koupeltech.com\/index.php\/produkt\/zlevneny-dewalt-de0734-nivelacni-tyc-se-stupnici-1-2-4-m-29505\/#primaryimage","url":"https:\/\/www.koupeltech.com\/wp-content\/uploads\/2026\/SK0024505-CZ20260425-092328-0-1777080210-1245756-1_132052.webp","contentUrl":"https:\/\/www.koupeltech.com\/wp-content\/uploads\/2026\/SK0024505-CZ20260425-092328-0-1777080210-1245756-1_132052.webp","width":800,"height":800},{"@type":"BreadcrumbList","@id":"https:\/\/www.koupeltech.com\/index.php\/produkt\/zlevneny-dewalt-de0734-nivelacni-tyc-se-stupnici-1-2-4-m-29505\/#breadcrumb","itemListElement":[{"@type":"ListItem","position":1,"name":"Home","item":"https:\/\/www.koupeltech.com\/"},{"@type":"ListItem","position":2,"name":"Products","item":"https:\/\/www.koupeltech.com\/index.php\/products\/"},{"@type":"ListItem","position":3,"name":"Zlevn\u011bn\u00fd DeWalt DE0734 Nivela\u010dn\u00ed ty\u010d se stupnic\u00ed 1,2-4 m"}]},{"@type":"WebSite","@id":"https:\/\/www.koupeltech.com\/#website","url":"https:\/\/www.koupeltech.com\/","name":"","description":"","potentialAction":[{"@type":"SearchAction","target":{"@type":"EntryPoint","urlTemplate":"https:\/\/www.koupeltech.com\/?s={search_term_string}"},"query-input":{"@type":"PropertyValueSpecification","valueRequired":true,"valueName":"search_term_string"}}],"inLanguage":"cs"}]}},"_links":{"self":[{"href":"https:\/\/www.koupeltech.com\/index.php\/wp-json\/wp\/v2\/product\/29505","targetHints":{"allow":["GET"]}}],"collection":[{"href":"https:\/\/www.koupeltech.com\/index.php\/wp-json\/wp\/v2\/product"}],"about":[{"href":"https:\/\/www.koupeltech.com\/index.php\/wp-json\/wp\/v2\/types\/product"}],"replies":[{"embeddable":true,"href":"https:\/\/www.koupeltech.com\/index.php\/wp-json\/wp\/v2\/comments?post=29505"}],"wp:featuredmedia":[{"embeddable":true,"href":"https:\/\/www.koupeltech.com\/index.php\/wp-json\/wp\/v2\/media\/29605"}],"wp:attachment":[{"href":"https:\/\/www.koupeltech.com\/index.php\/wp-json\/wp\/v2\/media?parent=29505"}],"wp:term":[{"taxonomy":"product_brand","embeddable":true,"href":"https:\/\/www.koupeltech.com\/index.php\/wp-json\/wp\/v2\/product_brand?post=29505"},{"taxonomy":"product_cat","embeddable":true,"href":"https:\/\/www.koupeltech.com\/index.php\/wp-json\/wp\/v2\/product_cat?post=29505"},{"taxonomy":"product_tag","embeddable":true,"href":"https:\/\/www.koupeltech.com\/index.php\/wp-json\/wp\/v2\/product_tag?post=29505"}],"curies":[{"name":"wp","href":"https:\/\/api.w.org\/{rel}","templated":true}]}}