{"id":30369,"date":"2026-04-27T14:00:28","date_gmt":"2026-04-27T14:00:28","guid":{"rendered":""},"modified":"2026-04-27T14:00:28","modified_gmt":"2026-04-27T14:00:28","slug":"gude-stolni-vrtacka-gtb-14-509-objednat-nyni-30369","status":"publish","type":"product","link":"https:\/\/www.koupeltech.com\/index.php\/produkt\/gude-stolni-vrtacka-gtb-14-509-objednat-nyni-30369\/","title":{"rendered":"G\u00dcDE Stoln\u00ed vrta\u010dka GTB 14\/509 Objednat Nyn\u00ed"},"content":{"rendered":"<table>\n<div class=\"tab-pane active product-description\" id=\"popis\" role=\"tabpanel\">\n<div class=\"short-description\" itemprop=\"description\"><\/div>\n<div class=\"description\">\n<p><span class=\"bullet-line\">Praktick\u00e1 stoln\u00ed vrta\u010dka, ur\u010den\u00e1 k vrt\u00e1n\u00ed kov\u016f, d\u0159eva nebo plast\u016f v podm\u00ednk\u00e1ch dom\u00e1c\u00edch d\u00edlen.<\/span><br \/><span class=\"bullet-line\">9 rychlostn\u00edch stup\u0148\u016f ot\u00e1\u010den\u00ed v\u0159etena (\u2192 500 &#8211; 2.500 ot.\/min.; zm\u011bna ot\u00e1\u010dek manu\u00e1ln\u011b pomoc\u00ed \u0159emenic), vrtac\u00ed hlavi\u010dka pro n\u00e1stroje<\/span><br \/>a vrt\u00e1ky \u00d8 1,5 &#8211; 16 mm (\u2192 h\u00e1zivost: &lt; 0,02 mm).<span class=\"bullet-line\">Motor 500 W\/P1 (\u2192 1.400 ot.\/min., typ provozu: S2\/15 min.), vyp\u00edna\u010d v ochrann\u00e9m pouzdru, 2 m p\u0159\u00edpojn\u00fd elektrick\u00fd kabel H05 VV-F.<\/span><br \/><span class=\"bullet-line\">Konstrukce: hlin\u00edkov\u00e9 \u0159emenice (3), v\u0159eteno s p\u0159esn\u00fdmi kuli\u010dkov\u00fdmi lo\u017eisky, nastaviteln\u00fd hloubkov\u00fd doraz, sklopn\u00fd pracovn\u00ed st\u016fl<\/span><br \/>(\u2192 rozsah: \u00b1 45\u00b0; rozm\u011bry d x \u0161: 170 x 170 mm; s dr\u00e1\u017ekami pro upevn\u011bn\u00ed sv\u011br\u00e1ku), kompaktn\u00ed z\u00e1kladn\u00ed deska<br \/>(\u2192 rozm\u011bry d x \u0161: 200 x 325 mm, v\u010detn\u011b v\u00fdvrt\u016f pro stacion\u00e1rn\u00ed ukotven\u00ed vrta\u010dky).<span class=\"bullet-line\">Celkov\u00e9 rozm\u011bry (d x \u0161 x v): 490 x 240 x 630 mm, hladina akustick\u00e9ho v\u00fdkonu LWA: 71 dB (A), t\u0159\u00edda ochrany: I, stupe\u0148 kryt\u00ed: IP 20.<\/span><br \/><span class=\"bullet-line\">Doporu\u010den\u00e9 p\u0159\u00edslu\u0161enstv\u00ed: strojn\u00ed sv\u011br\u00e1ky G\u00dcDE 75 mm (38318), 100 mm (38319); T-matice (38307).<\/span><\/p>\n<\/div>\n<div class=\"parameters\">\n<tr>\n<td>P\u0159\u00edpojka<\/td>\n<td>230 V~50 Hz<\/td>\n<\/tr>\n<tr>\n<td>Skl\u00ed\u010didlo<\/td>\n<td>1,5 &#8211; 16 mm<\/td>\n<\/tr>\n<tr>\n<td>Ku\u017eel v\u0159etena<\/td>\n<td>B16, pevn\u00fd<\/td>\n<\/tr>\n<tr>\n<td>Vylo\u017een\u00ed<\/td>\n<td>115 mm<\/td>\n<\/tr>\n<tr>\n<td>V\u00fdkon motoru<\/td>\n<td>500 W\/P1<\/td>\n<\/tr>\n<tr>\n<td>Zdvih pinoly<\/td>\n<td>50 mm<\/td>\n<\/tr>\n<tr>\n<td>Rozsah ot\u00e1\u010dek<\/td>\n<td>500 &#8211; 2.500 ot.\/min.<\/td>\n<\/tr>\n<tr>\n<td>Hmotnost (brutto)<\/td>\n<td>18,30 kg<\/td>\n<\/tr><\/div>\n<\/table>\n","protected":false},"excerpt":{"rendered":"<p>Praktick\u00e1 stoln\u00ed vrta\u010dka, ur\u010den\u00e1 k vrt\u00e1n\u00ed kov\u016f, d\u0159eva nebo plast\u016f v podm\u00ednk\u00e1ch dom\u00e1c\u00edch d\u00edlen.9 rychlostn\u00edch stup\u0148\u016f ot\u00e1\u010den\u00ed v\u0159etena (\u2192 500 &#8211; 2.500 ot.\/min.; zm\u011bna ot\u00e1\u010dek manu\u00e1ln\u011b pomoc\u00ed \u0159emenic), vrtac\u00ed hlavi\u010dka pro n\u00e1strojea vrt\u00e1ky \u00d8 1,5 &#8211; 16 mm (\u2192 h\u00e1zivost: &lt; 0,02 mm).Motor 500 W\/P1 (\u2192 1.400 ot.\/min., typ provozu: S2\/15 min.), vyp\u00edna\u010d v ochrann\u00e9m [&hellip;]<\/p>\n","protected":false},"featured_media":30469,"comment_status":"open","ping_status":"open","template":"","meta":[],"product_brand":[],"product_cat":[47],"product_tag":[],"class_list":{"0":"post-30369","1":"product","2":"type-product","3":"status-publish","4":"has-post-thumbnail","6":"product_cat-stroje","8":"first","9":"instock","10":"sale","11":"shipping-taxable","12":"purchasable","13":"product-type-simple"},"yoast_head":"<!-- This site is optimized with the Yoast SEO plugin v26.8 - https:\/\/yoast.com\/product\/yoast-seo-wordpress\/ -->\n<title>G\u00dcDE Stoln\u00ed vrta\u010dka GTB 14\/509 Objednat Nyn\u00ed -<\/title>\n<meta name=\"robots\" content=\"index, follow, max-snippet:-1, max-image-preview:large, max-video-preview:-1\" \/>\n<link rel=\"canonical\" href=\"https:\/\/www.koupeltech.com\/index.php\/produkt\/gude-stolni-vrtacka-gtb-14-509-objednat-nyni-30369\/\" \/>\n<meta property=\"og:locale\" content=\"cs_CZ\" \/>\n<meta property=\"og:type\" content=\"article\" \/>\n<meta property=\"og:title\" content=\"G\u00dcDE Stoln\u00ed vrta\u010dka GTB 14\/509 Objednat Nyn\u00ed -\" \/>\n<meta property=\"og:description\" content=\"Praktick\u00e1 stoln\u00ed vrta\u010dka, ur\u010den\u00e1 k vrt\u00e1n\u00ed kov\u016f, d\u0159eva nebo plast\u016f v podm\u00ednk\u00e1ch dom\u00e1c\u00edch d\u00edlen.9 rychlostn\u00edch stup\u0148\u016f ot\u00e1\u010den\u00ed v\u0159etena (\u2192 500 &#8211; 2.500 ot.\/min.; zm\u011bna ot\u00e1\u010dek manu\u00e1ln\u011b pomoc\u00ed \u0159emenic), vrtac\u00ed hlavi\u010dka pro n\u00e1strojea vrt\u00e1ky \u00d8 1,5 &#8211; 16 mm (\u2192 h\u00e1zivost: &lt; 0,02 mm).Motor 500 W\/P1 (\u2192 1.400 ot.\/min., typ provozu: S2\/15 min.), vyp\u00edna\u010d v ochrann\u00e9m [&hellip;]\" \/>\n<meta property=\"og:url\" content=\"https:\/\/www.koupeltech.com\/index.php\/produkt\/gude-stolni-vrtacka-gtb-14-509-objednat-nyni-30369\/\" \/>\n<meta property=\"og:image\" content=\"https:\/\/www.koupeltech.com\/wp-content\/uploads\/2026\/SK0024988-CZ20260425-092328-0-1777080210-1246403-1_115044.webp\" \/>\n\t<meta property=\"og:image:width\" content=\"470\" \/>\n\t<meta property=\"og:image:height\" content=\"800\" \/>\n\t<meta property=\"og:image:type\" content=\"image\/webp\" \/>\n<meta name=\"twitter:card\" content=\"summary_large_image\" \/>\n<meta name=\"twitter:label1\" content=\"Odhadovan\u00e1 doba \u010dten\u00ed\" \/>\n\t<meta name=\"twitter:data1\" content=\"1 minuta\" \/>\n<script type=\"application\/ld+json\" class=\"yoast-schema-graph\">{\"@context\":\"https:\/\/schema.org\",\"@graph\":[{\"@type\":\"WebPage\",\"@id\":\"https:\/\/www.koupeltech.com\/index.php\/produkt\/gude-stolni-vrtacka-gtb-14-509-objednat-nyni-30369\/\",\"url\":\"https:\/\/www.koupeltech.com\/index.php\/produkt\/gude-stolni-vrtacka-gtb-14-509-objednat-nyni-30369\/\",\"name\":\"G\u00dcDE Stoln\u00ed vrta\u010dka GTB 14\/509 Objednat Nyn\u00ed -\",\"isPartOf\":{\"@id\":\"https:\/\/www.koupeltech.com\/#website\"},\"primaryImageOfPage\":{\"@id\":\"https:\/\/www.koupeltech.com\/index.php\/produkt\/gude-stolni-vrtacka-gtb-14-509-objednat-nyni-30369\/#primaryimage\"},\"image\":{\"@id\":\"https:\/\/www.koupeltech.com\/index.php\/produkt\/gude-stolni-vrtacka-gtb-14-509-objednat-nyni-30369\/#primaryimage\"},\"thumbnailUrl\":\"https:\/\/www.koupeltech.com\/wp-content\/uploads\/2026\/SK0024988-CZ20260425-092328-0-1777080210-1246403-1_115044.webp\",\"datePublished\":\"2026-04-27T14:00:28+00:00\",\"breadcrumb\":{\"@id\":\"https:\/\/www.koupeltech.com\/index.php\/produkt\/gude-stolni-vrtacka-gtb-14-509-objednat-nyni-30369\/#breadcrumb\"},\"inLanguage\":\"cs\",\"potentialAction\":[{\"@type\":\"ReadAction\",\"target\":[\"https:\/\/www.koupeltech.com\/index.php\/produkt\/gude-stolni-vrtacka-gtb-14-509-objednat-nyni-30369\/\"]}]},{\"@type\":\"ImageObject\",\"inLanguage\":\"cs\",\"@id\":\"https:\/\/www.koupeltech.com\/index.php\/produkt\/gude-stolni-vrtacka-gtb-14-509-objednat-nyni-30369\/#primaryimage\",\"url\":\"https:\/\/www.koupeltech.com\/wp-content\/uploads\/2026\/SK0024988-CZ20260425-092328-0-1777080210-1246403-1_115044.webp\",\"contentUrl\":\"https:\/\/www.koupeltech.com\/wp-content\/uploads\/2026\/SK0024988-CZ20260425-092328-0-1777080210-1246403-1_115044.webp\",\"width\":470,\"height\":800},{\"@type\":\"BreadcrumbList\",\"@id\":\"https:\/\/www.koupeltech.com\/index.php\/produkt\/gude-stolni-vrtacka-gtb-14-509-objednat-nyni-30369\/#breadcrumb\",\"itemListElement\":[{\"@type\":\"ListItem\",\"position\":1,\"name\":\"Home\",\"item\":\"https:\/\/www.koupeltech.com\/\"},{\"@type\":\"ListItem\",\"position\":2,\"name\":\"Products\",\"item\":\"https:\/\/www.koupeltech.com\/index.php\/products\/\"},{\"@type\":\"ListItem\",\"position\":3,\"name\":\"G\u00dcDE Stoln\u00ed vrta\u010dka GTB 14\/509 Objednat Nyn\u00ed\"}]},{\"@type\":\"WebSite\",\"@id\":\"https:\/\/www.koupeltech.com\/#website\",\"url\":\"https:\/\/www.koupeltech.com\/\",\"name\":\"\",\"description\":\"\",\"potentialAction\":[{\"@type\":\"SearchAction\",\"target\":{\"@type\":\"EntryPoint\",\"urlTemplate\":\"https:\/\/www.koupeltech.com\/?s={search_term_string}\"},\"query-input\":{\"@type\":\"PropertyValueSpecification\",\"valueRequired\":true,\"valueName\":\"search_term_string\"}}],\"inLanguage\":\"cs\"}]}<\/script>\n<!-- \/ Yoast SEO plugin. -->","yoast_head_json":{"title":"G\u00dcDE Stoln\u00ed vrta\u010dka GTB 14\/509 Objednat Nyn\u00ed -","robots":{"index":"index","follow":"follow","max-snippet":"max-snippet:-1","max-image-preview":"max-image-preview:large","max-video-preview":"max-video-preview:-1"},"canonical":"https:\/\/www.koupeltech.com\/index.php\/produkt\/gude-stolni-vrtacka-gtb-14-509-objednat-nyni-30369\/","og_locale":"cs_CZ","og_type":"article","og_title":"G\u00dcDE Stoln\u00ed vrta\u010dka GTB 14\/509 Objednat Nyn\u00ed -","og_description":"Praktick\u00e1 stoln\u00ed vrta\u010dka, ur\u010den\u00e1 k vrt\u00e1n\u00ed kov\u016f, d\u0159eva nebo plast\u016f v podm\u00ednk\u00e1ch dom\u00e1c\u00edch d\u00edlen.9 rychlostn\u00edch stup\u0148\u016f ot\u00e1\u010den\u00ed v\u0159etena (\u2192 500 &#8211; 2.500 ot.\/min.; zm\u011bna ot\u00e1\u010dek manu\u00e1ln\u011b pomoc\u00ed \u0159emenic), vrtac\u00ed hlavi\u010dka pro n\u00e1strojea vrt\u00e1ky \u00d8 1,5 &#8211; 16 mm (\u2192 h\u00e1zivost: &lt; 0,02 mm).Motor 500 W\/P1 (\u2192 1.400 ot.\/min., typ provozu: S2\/15 min.), vyp\u00edna\u010d v ochrann\u00e9m [&hellip;]","og_url":"https:\/\/www.koupeltech.com\/index.php\/produkt\/gude-stolni-vrtacka-gtb-14-509-objednat-nyni-30369\/","og_image":[{"width":470,"height":800,"url":"https:\/\/www.koupeltech.com\/wp-content\/uploads\/2026\/SK0024988-CZ20260425-092328-0-1777080210-1246403-1_115044.webp","type":"image\/webp"}],"twitter_card":"summary_large_image","twitter_misc":{"Odhadovan\u00e1 doba \u010dten\u00ed":"1 minuta"},"schema":{"@context":"https:\/\/schema.org","@graph":[{"@type":"WebPage","@id":"https:\/\/www.koupeltech.com\/index.php\/produkt\/gude-stolni-vrtacka-gtb-14-509-objednat-nyni-30369\/","url":"https:\/\/www.koupeltech.com\/index.php\/produkt\/gude-stolni-vrtacka-gtb-14-509-objednat-nyni-30369\/","name":"G\u00dcDE Stoln\u00ed vrta\u010dka GTB 14\/509 Objednat Nyn\u00ed -","isPartOf":{"@id":"https:\/\/www.koupeltech.com\/#website"},"primaryImageOfPage":{"@id":"https:\/\/www.koupeltech.com\/index.php\/produkt\/gude-stolni-vrtacka-gtb-14-509-objednat-nyni-30369\/#primaryimage"},"image":{"@id":"https:\/\/www.koupeltech.com\/index.php\/produkt\/gude-stolni-vrtacka-gtb-14-509-objednat-nyni-30369\/#primaryimage"},"thumbnailUrl":"https:\/\/www.koupeltech.com\/wp-content\/uploads\/2026\/SK0024988-CZ20260425-092328-0-1777080210-1246403-1_115044.webp","datePublished":"2026-04-27T14:00:28+00:00","breadcrumb":{"@id":"https:\/\/www.koupeltech.com\/index.php\/produkt\/gude-stolni-vrtacka-gtb-14-509-objednat-nyni-30369\/#breadcrumb"},"inLanguage":"cs","potentialAction":[{"@type":"ReadAction","target":["https:\/\/www.koupeltech.com\/index.php\/produkt\/gude-stolni-vrtacka-gtb-14-509-objednat-nyni-30369\/"]}]},{"@type":"ImageObject","inLanguage":"cs","@id":"https:\/\/www.koupeltech.com\/index.php\/produkt\/gude-stolni-vrtacka-gtb-14-509-objednat-nyni-30369\/#primaryimage","url":"https:\/\/www.koupeltech.com\/wp-content\/uploads\/2026\/SK0024988-CZ20260425-092328-0-1777080210-1246403-1_115044.webp","contentUrl":"https:\/\/www.koupeltech.com\/wp-content\/uploads\/2026\/SK0024988-CZ20260425-092328-0-1777080210-1246403-1_115044.webp","width":470,"height":800},{"@type":"BreadcrumbList","@id":"https:\/\/www.koupeltech.com\/index.php\/produkt\/gude-stolni-vrtacka-gtb-14-509-objednat-nyni-30369\/#breadcrumb","itemListElement":[{"@type":"ListItem","position":1,"name":"Home","item":"https:\/\/www.koupeltech.com\/"},{"@type":"ListItem","position":2,"name":"Products","item":"https:\/\/www.koupeltech.com\/index.php\/products\/"},{"@type":"ListItem","position":3,"name":"G\u00dcDE Stoln\u00ed vrta\u010dka GTB 14\/509 Objednat Nyn\u00ed"}]},{"@type":"WebSite","@id":"https:\/\/www.koupeltech.com\/#website","url":"https:\/\/www.koupeltech.com\/","name":"","description":"","potentialAction":[{"@type":"SearchAction","target":{"@type":"EntryPoint","urlTemplate":"https:\/\/www.koupeltech.com\/?s={search_term_string}"},"query-input":{"@type":"PropertyValueSpecification","valueRequired":true,"valueName":"search_term_string"}}],"inLanguage":"cs"}]}},"_links":{"self":[{"href":"https:\/\/www.koupeltech.com\/index.php\/wp-json\/wp\/v2\/product\/30369","targetHints":{"allow":["GET"]}}],"collection":[{"href":"https:\/\/www.koupeltech.com\/index.php\/wp-json\/wp\/v2\/product"}],"about":[{"href":"https:\/\/www.koupeltech.com\/index.php\/wp-json\/wp\/v2\/types\/product"}],"replies":[{"embeddable":true,"href":"https:\/\/www.koupeltech.com\/index.php\/wp-json\/wp\/v2\/comments?post=30369"}],"wp:featuredmedia":[{"embeddable":true,"href":"https:\/\/www.koupeltech.com\/index.php\/wp-json\/wp\/v2\/media\/30469"}],"wp:attachment":[{"href":"https:\/\/www.koupeltech.com\/index.php\/wp-json\/wp\/v2\/media?parent=30369"}],"wp:term":[{"taxonomy":"product_brand","embeddable":true,"href":"https:\/\/www.koupeltech.com\/index.php\/wp-json\/wp\/v2\/product_brand?post=30369"},{"taxonomy":"product_cat","embeddable":true,"href":"https:\/\/www.koupeltech.com\/index.php\/wp-json\/wp\/v2\/product_cat?post=30369"},{"taxonomy":"product_tag","embeddable":true,"href":"https:\/\/www.koupeltech.com\/index.php\/wp-json\/wp\/v2\/product_tag?post=30369"}],"curies":[{"name":"wp","href":"https:\/\/api.w.org\/{rel}","templated":true}]}}