{"id":31788,"date":"2026-04-27T14:00:42","date_gmt":"2026-04-27T14:00:42","guid":{"rendered":""},"modified":"2026-04-27T14:00:42","modified_gmt":"2026-04-27T14:00:42","slug":"znackovy-edge-set-rohovy-hranaty-ventil-z2-nerez-leva-koupelny-sanita-cz-31788","status":"publish","type":"product","link":"https:\/\/www.koupeltech.com\/index.php\/produkt\/znackovy-edge-set-rohovy-hranaty-ventil-z2-nerez-leva-koupelny-sanita-cz-31788\/","title":{"rendered":"Zna\u010dkov\u00fd EDGE-SET, rohov\u00fd hranat\u00fd ventil (Z2), Nerez, Lev\u00e1 &#8211; koupelny-sanita.cz"},"content":{"rendered":"<div class=\"basic-description\">\n<h3>Detailn\u00ed popis produktu<\/h3>\n<p><strong><strong><span>Ventil je ur\u010den pro p\u0159ipojen\u00ed radi\u00e1tor\u016f na rozvody TUV s\u00a0<\/span><strong>v\u00fdvodem ze zdi.\u00a0<\/strong><\/strong><\/strong><b>Nelze kombinovat s elektrickou topnou ty\u010d\u00ed.<\/b><\/p>\n<h3><strong>Kompletn\u00ed sada obsahuje:<\/strong><\/h3>\n<ul>\n<li>1\u00d7 ventil EDGE-SET (Z2)<\/li>\n<li>1\u00d7 regula\u010dn\u00ed \u0161rouben\u00ed\u00a0<\/li>\n<li>2\u00d7 sv\u011brnou spojku Cu 15 \u00d7 1 mm a PEX-AL-PEX 16 \u00d7 2 mm<\/li>\n<li>2\u00d7 krytku pr\u016fchodu st\u011bnou v barv\u011b armatury<\/li>\n<li>2\u00d7 dopojovac\u00ed trubku 1\/2\u201c, d\u00e9lka 50 mm v barv\u011b armatury<\/li>\n<\/ul>\n<h3>Dostupn\u00e9 barvy (prvn\u00ed p\u00edsmena uv\u00e9st m\u00edsto te\u010dek):<\/h3>\n<ul style=\"font-size:11px;font-weight:400;\">\n<li><strong>C<\/strong>\u00a0&#8211; chrom \u2013 skladem (02)<\/li>\n<li><strong>S<\/strong>\u00a0&#8211; sat\u00e9n &#8211; naskladn\u011bn\u00ed do 4 &#8211; 6 t\u00fddn\u016f od objedn\u00e1n\u00ed (03)<\/li>\n<li><strong>GS<\/strong>\u00a0&#8211; grafit (struktura) &#8211; naskladn\u011bn\u00ed do 2 t\u00fddn\u016f od objedn\u00e1n\u00ed (05)<\/li>\n<li><strong>W<\/strong>\u00a0\u2013 b\u00edl\u00e1 leskl\u00e1 (RAL 9003) \u2013 skladem (06)<\/li>\n<li><strong>MGL<\/strong>\u00a0&#8211; leskl\u00fd antracit\/grafit &#8211; naskladn\u011bn\u00ed do 2 t\u00fddn\u016f od objedn\u00e1n\u00ed (07)<\/li>\n<li><strong>SS<\/strong>\u00a0\u2013 efekt nerez (brou\u0161en\u00fd nikl) &#8211; naskladn\u011bn\u00ed do 4 &#8211; 6 t\u00fddn\u016f od objedn\u00e1n\u00ed (08)<\/li>\n<li><strong>AM<\/strong>\u00a0&#8211; staro\u017eitn\u00e1 mosaz &#8211; naskladn\u011bn\u00ed do 4 &#8211; 6 t\u00fddn\u016f od objedn\u00e1n\u00ed (11)<\/li>\n<li><strong>A<\/strong>\u00a0&#8211; antracit lesk \u2013 skladem (12)<\/li>\n<li><strong>BL<\/strong>\u00a0&#8211; leskl\u00e1 \u010dern\u00e1 &#8211; naskladn\u011bn\u00ed do 2 t\u00fddn\u016f od objedn\u00e1n\u00ed (13)<\/li>\n<li><strong>SB<\/strong>\u00a0&#8211; uhlov\u011b \u010dern\u00e1 (struktura) &#8211; naskladn\u011bn\u00ed do 2 t\u00fddn\u016f od objedn\u00e1n\u00ed (14)<\/li>\n<li><strong>MGS<\/strong>\u00a0&#8211; tmav\u00fd grafit (struktura) &#8211; naskladn\u011bn\u00ed do 2 t\u00fddn\u016f od objedn\u00e1n\u00ed (15)<\/li>\n<li><strong>SW<\/strong>\u00a0&#8211; b\u00edl\u00e1 (struktura) &#8211; naskladn\u011bn\u00ed do 2 t\u00fddn\u016f od objedn\u00e1n\u00ed (19)<\/li>\n<li><strong>ZG<\/strong>\u00a0&#8211; leskl\u00e9 zlato &#8211; naskladn\u011bn\u00ed do 4 &#8211; 6 t\u00fddn\u016f od objedn\u00e1n\u00ed (20)<\/li>\n<li><strong>MW<\/strong>\u00a0\u2013 b\u00edl\u00e1 matn\u00e1 &#8211; naskladn\u011bn\u00ed do 2 t\u00fddn\u016f od objedn\u00e1n\u00ed (21)<\/li>\n<li><strong>B<\/strong>\u00a0&#8211; \u010dern\u00e1 \u2013 skladem (24)<\/li>\n<li><strong>MB<\/strong>\u00a0&#8211; \u010dern\u00e1 struktur\u00e1ln\u00ed \u2013 skladem (26)<\/li>\n<li><strong>MM<\/strong>\u00a0&#8211; mosaz matn\u00e1 &#8211; naskladn\u011bn\u00ed do 4 &#8211; 6 t\u00fddn\u016f od objedn\u00e1n\u00ed (29)<\/li>\n<li><strong>MA<\/strong>\u00a0&#8211; antracit matn\u00e1\u2013 naskladn\u011bn\u00ed do 2 t\u00fddn\u016f od objedn\u00e1n\u00ed (7016)<\/li>\n<li><strong>MG<\/strong>\u00a0\u2013 zlat\u00e1 matn\u00e1 \u2013 naskladn\u011bn\u00ed do 2 t\u00fddn\u016f od objedn\u00e1n\u00ed (C84)<\/li>\n<\/ul>\n<h3><strong>P\u0159i objedn\u00e1n\u00ed ostatn\u00ed barvy** pros\u00edm do pozn\u00e1mky uve\u010fte prvn\u00ed p\u00edsmena a n\u00e1zev barvy.<\/strong><\/h3>\n<p><strong><\/strong><\/p>\n<h3><strong>Z\u00c1RUKA 2 ROKY<\/strong><\/h3>\n<\/p><\/div>\n<div class=\"extended-description\">\n<h3>Dopl\u0148kov\u00e9 parametry<\/h3>\n<table class=\"detail-parameters\">\n<tbody>\n<tr>\n<th>        <span class=\"row-header-label\">            Kategorie<span class=\"row-header-label-colon\">:<\/span>        <\/span>    <\/th>\n<td>            <\/td>\n<\/tr>\n<tr>\n<th>            <span class=\"row-header-label\">                Z\u00e1ruka<span class=\"row-header-label-colon\">:<\/span>            <\/span>        <\/th>\n<td>            2 roky        <\/td>\n<\/tr>\n<tr class=\"productEan\">\n<th>          <span class=\"row-header-label productEan__label\">              EAN<span class=\"row-header-label-colon\">:<\/span>          <\/span>      <\/th>\n<td>          <span class=\"productEan__value\">8595141936599<\/span>      <\/td>\n<\/tr>\n<tr>\n<th>                <span class=\"row-header-label\">                                            Barva<span class=\"row-header-label-colon\">:<\/span>                                    <\/span>            <\/th>\n<td>                                                            Nerez                                                <\/td>\n<\/tr>\n<tr>\n<th>                <span class=\"row-header-label\">                                            Katalog<span class=\"row-header-label-colon\">:<\/span>                                    <\/span>            <\/th>\n<td>                                                            HOPA Koupelny                                                <\/td>\n<\/tr>\n<tr>\n<th>                <span class=\"row-header-label\">                                            S\u00e9rie<span class=\"row-header-label-colon\">:<\/span>                                    <\/span>            <\/th>\n<td>                                                            EDGE-SET                                                <\/td>\n<\/tr>\n<tr>\n<th>                <span class=\"row-header-label\">                                            Skupina artiklu<span class=\"row-header-label-colon\">:<\/span>                                    <\/span>            <\/th>\n<td>                                                            S29V                                                <\/td>\n<\/tr>\n<tr>\n<th>                <span class=\"row-header-label\">                                            Varianta<span class=\"row-header-label-colon\">:<\/span>                                    <\/span>            <\/th>\n<td>                                                            Lev\u00e1                                                <\/td>\n<\/tr>\n<tr>\n<th>                <span class=\"row-header-label\">                                            Vybaven\u00ed<span class=\"row-header-label-colon\">:<\/span>                                    <\/span>            <\/th>\n<td>                                                            p\u0159ipojovac\u00ed ventil,kompletn\u00ed sada                                                <\/td>\n<\/tr>\n<tr>\n<th>                <span class=\"row-header-label\">                                            Z\u00e1ruka<span class=\"row-header-label-colon\">:<\/span>                                    <\/span>            <\/th>\n<td>                                                            2 roky                                                <\/td>\n<\/tr>\n<\/tbody>\n<\/table><\/div>\n<\/p><\/div>\n<\/p><\/div>\n","protected":false},"excerpt":{"rendered":"<p>Detailn\u00ed popis produktu Ventil je ur\u010den pro p\u0159ipojen\u00ed radi\u00e1tor\u016f na rozvody TUV s\u00a0v\u00fdvodem ze zdi.\u00a0Nelze kombinovat s elektrickou topnou ty\u010d\u00ed. Kompletn\u00ed sada obsahuje: 1\u00d7 ventil EDGE-SET (Z2) 1\u00d7 regula\u010dn\u00ed \u0161rouben\u00ed\u00a0 2\u00d7 sv\u011brnou spojku Cu 15 \u00d7 1 mm a PEX-AL-PEX 16 \u00d7 2 mm 2\u00d7 krytku pr\u016fchodu st\u011bnou v barv\u011b armatury 2\u00d7 dopojovac\u00ed trubku 1\/2\u201c, [&hellip;]<\/p>\n","protected":false},"featured_media":31888,"comment_status":"open","ping_status":"open","template":"","meta":[],"product_brand":[],"product_cat":[65],"product_tag":[],"class_list":{"0":"post-31788","1":"product","2":"type-product","3":"status-publish","4":"has-post-thumbnail","6":"product_cat-koupelnove-radiatory","8":"first","9":"instock","10":"sale","11":"shipping-taxable","12":"purchasable","13":"product-type-simple"},"yoast_head":"<!-- This site is optimized with the Yoast SEO plugin v26.8 - https:\/\/yoast.com\/product\/yoast-seo-wordpress\/ -->\n<title>Zna\u010dkov\u00fd EDGE-SET, rohov\u00fd hranat\u00fd ventil (Z2), Nerez, Lev\u00e1 - koupelny-sanita.cz -<\/title>\n<meta name=\"robots\" content=\"index, follow, max-snippet:-1, max-image-preview:large, max-video-preview:-1\" \/>\n<link rel=\"canonical\" href=\"https:\/\/www.koupeltech.com\/index.php\/produkt\/znackovy-edge-set-rohovy-hranaty-ventil-z2-nerez-leva-koupelny-sanita-cz-31788\/\" \/>\n<meta property=\"og:locale\" content=\"cs_CZ\" \/>\n<meta property=\"og:type\" content=\"article\" \/>\n<meta property=\"og:title\" content=\"Zna\u010dkov\u00fd EDGE-SET, rohov\u00fd hranat\u00fd ventil (Z2), Nerez, Lev\u00e1 - koupelny-sanita.cz -\" \/>\n<meta property=\"og:description\" content=\"Detailn\u00ed popis produktu Ventil je ur\u010den pro p\u0159ipojen\u00ed radi\u00e1tor\u016f na rozvody TUV s\u00a0v\u00fdvodem ze zdi.\u00a0Nelze kombinovat s elektrickou topnou ty\u010d\u00ed. Kompletn\u00ed sada obsahuje: 1\u00d7 ventil EDGE-SET (Z2) 1\u00d7 regula\u010dn\u00ed \u0161rouben\u00ed\u00a0 2\u00d7 sv\u011brnou spojku Cu 15 \u00d7 1 mm a PEX-AL-PEX 16 \u00d7 2 mm 2\u00d7 krytku pr\u016fchodu st\u011bnou v barv\u011b armatury 2\u00d7 dopojovac\u00ed trubku 1\/2\u201c, [&hellip;]\" \/>\n<meta property=\"og:url\" content=\"https:\/\/www.koupeltech.com\/index.php\/produkt\/znackovy-edge-set-rohovy-hranaty-ventil-z2-nerez-leva-koupelny-sanita-cz-31788\/\" \/>\n<meta property=\"og:image\" content=\"https:\/\/www.koupeltech.com\/wp-content\/uploads\/2026\/SK0025564-CZ20260425-092556-0-1777080363-1847320_edge-set-rohovy-hranaty-ventil-z6.webp\" \/>\n\t<meta property=\"og:image:width\" content=\"1000\" \/>\n\t<meta property=\"og:image:height\" content=\"750\" \/>\n\t<meta property=\"og:image:type\" content=\"image\/webp\" \/>\n<meta name=\"twitter:card\" content=\"summary_large_image\" \/>\n<meta name=\"twitter:label1\" content=\"Odhadovan\u00e1 doba \u010dten\u00ed\" \/>\n\t<meta name=\"twitter:data1\" content=\"2 minuty\" \/>\n<script type=\"application\/ld+json\" class=\"yoast-schema-graph\">{\"@context\":\"https:\/\/schema.org\",\"@graph\":[{\"@type\":\"WebPage\",\"@id\":\"https:\/\/www.koupeltech.com\/index.php\/produkt\/znackovy-edge-set-rohovy-hranaty-ventil-z2-nerez-leva-koupelny-sanita-cz-31788\/\",\"url\":\"https:\/\/www.koupeltech.com\/index.php\/produkt\/znackovy-edge-set-rohovy-hranaty-ventil-z2-nerez-leva-koupelny-sanita-cz-31788\/\",\"name\":\"Zna\u010dkov\u00fd EDGE-SET, rohov\u00fd hranat\u00fd ventil (Z2), Nerez, Lev\u00e1 - koupelny-sanita.cz -\",\"isPartOf\":{\"@id\":\"https:\/\/www.koupeltech.com\/#website\"},\"primaryImageOfPage\":{\"@id\":\"https:\/\/www.koupeltech.com\/index.php\/produkt\/znackovy-edge-set-rohovy-hranaty-ventil-z2-nerez-leva-koupelny-sanita-cz-31788\/#primaryimage\"},\"image\":{\"@id\":\"https:\/\/www.koupeltech.com\/index.php\/produkt\/znackovy-edge-set-rohovy-hranaty-ventil-z2-nerez-leva-koupelny-sanita-cz-31788\/#primaryimage\"},\"thumbnailUrl\":\"https:\/\/www.koupeltech.com\/wp-content\/uploads\/2026\/SK0025564-CZ20260425-092556-0-1777080363-1847320_edge-set-rohovy-hranaty-ventil-z6.webp\",\"datePublished\":\"2026-04-27T14:00:42+00:00\",\"breadcrumb\":{\"@id\":\"https:\/\/www.koupeltech.com\/index.php\/produkt\/znackovy-edge-set-rohovy-hranaty-ventil-z2-nerez-leva-koupelny-sanita-cz-31788\/#breadcrumb\"},\"inLanguage\":\"cs\",\"potentialAction\":[{\"@type\":\"ReadAction\",\"target\":[\"https:\/\/www.koupeltech.com\/index.php\/produkt\/znackovy-edge-set-rohovy-hranaty-ventil-z2-nerez-leva-koupelny-sanita-cz-31788\/\"]}]},{\"@type\":\"ImageObject\",\"inLanguage\":\"cs\",\"@id\":\"https:\/\/www.koupeltech.com\/index.php\/produkt\/znackovy-edge-set-rohovy-hranaty-ventil-z2-nerez-leva-koupelny-sanita-cz-31788\/#primaryimage\",\"url\":\"https:\/\/www.koupeltech.com\/wp-content\/uploads\/2026\/SK0025564-CZ20260425-092556-0-1777080363-1847320_edge-set-rohovy-hranaty-ventil-z6.webp\",\"contentUrl\":\"https:\/\/www.koupeltech.com\/wp-content\/uploads\/2026\/SK0025564-CZ20260425-092556-0-1777080363-1847320_edge-set-rohovy-hranaty-ventil-z6.webp\",\"width\":1000,\"height\":750},{\"@type\":\"BreadcrumbList\",\"@id\":\"https:\/\/www.koupeltech.com\/index.php\/produkt\/znackovy-edge-set-rohovy-hranaty-ventil-z2-nerez-leva-koupelny-sanita-cz-31788\/#breadcrumb\",\"itemListElement\":[{\"@type\":\"ListItem\",\"position\":1,\"name\":\"Home\",\"item\":\"https:\/\/www.koupeltech.com\/\"},{\"@type\":\"ListItem\",\"position\":2,\"name\":\"Products\",\"item\":\"https:\/\/www.koupeltech.com\/index.php\/products\/\"},{\"@type\":\"ListItem\",\"position\":3,\"name\":\"Zna\u010dkov\u00fd EDGE-SET, rohov\u00fd hranat\u00fd ventil (Z2), Nerez, Lev\u00e1 &#8211; koupelny-sanita.cz\"}]},{\"@type\":\"WebSite\",\"@id\":\"https:\/\/www.koupeltech.com\/#website\",\"url\":\"https:\/\/www.koupeltech.com\/\",\"name\":\"\",\"description\":\"\",\"potentialAction\":[{\"@type\":\"SearchAction\",\"target\":{\"@type\":\"EntryPoint\",\"urlTemplate\":\"https:\/\/www.koupeltech.com\/?s={search_term_string}\"},\"query-input\":{\"@type\":\"PropertyValueSpecification\",\"valueRequired\":true,\"valueName\":\"search_term_string\"}}],\"inLanguage\":\"cs\"}]}<\/script>\n<!-- \/ Yoast SEO plugin. -->","yoast_head_json":{"title":"Zna\u010dkov\u00fd EDGE-SET, rohov\u00fd hranat\u00fd ventil (Z2), Nerez, Lev\u00e1 - koupelny-sanita.cz -","robots":{"index":"index","follow":"follow","max-snippet":"max-snippet:-1","max-image-preview":"max-image-preview:large","max-video-preview":"max-video-preview:-1"},"canonical":"https:\/\/www.koupeltech.com\/index.php\/produkt\/znackovy-edge-set-rohovy-hranaty-ventil-z2-nerez-leva-koupelny-sanita-cz-31788\/","og_locale":"cs_CZ","og_type":"article","og_title":"Zna\u010dkov\u00fd EDGE-SET, rohov\u00fd hranat\u00fd ventil (Z2), Nerez, Lev\u00e1 - koupelny-sanita.cz -","og_description":"Detailn\u00ed popis produktu Ventil je ur\u010den pro p\u0159ipojen\u00ed radi\u00e1tor\u016f na rozvody TUV s\u00a0v\u00fdvodem ze zdi.\u00a0Nelze kombinovat s elektrickou topnou ty\u010d\u00ed. Kompletn\u00ed sada obsahuje: 1\u00d7 ventil EDGE-SET (Z2) 1\u00d7 regula\u010dn\u00ed \u0161rouben\u00ed\u00a0 2\u00d7 sv\u011brnou spojku Cu 15 \u00d7 1 mm a PEX-AL-PEX 16 \u00d7 2 mm 2\u00d7 krytku pr\u016fchodu st\u011bnou v barv\u011b armatury 2\u00d7 dopojovac\u00ed trubku 1\/2\u201c, [&hellip;]","og_url":"https:\/\/www.koupeltech.com\/index.php\/produkt\/znackovy-edge-set-rohovy-hranaty-ventil-z2-nerez-leva-koupelny-sanita-cz-31788\/","og_image":[{"width":1000,"height":750,"url":"https:\/\/www.koupeltech.com\/wp-content\/uploads\/2026\/SK0025564-CZ20260425-092556-0-1777080363-1847320_edge-set-rohovy-hranaty-ventil-z6.webp","type":"image\/webp"}],"twitter_card":"summary_large_image","twitter_misc":{"Odhadovan\u00e1 doba \u010dten\u00ed":"2 minuty"},"schema":{"@context":"https:\/\/schema.org","@graph":[{"@type":"WebPage","@id":"https:\/\/www.koupeltech.com\/index.php\/produkt\/znackovy-edge-set-rohovy-hranaty-ventil-z2-nerez-leva-koupelny-sanita-cz-31788\/","url":"https:\/\/www.koupeltech.com\/index.php\/produkt\/znackovy-edge-set-rohovy-hranaty-ventil-z2-nerez-leva-koupelny-sanita-cz-31788\/","name":"Zna\u010dkov\u00fd EDGE-SET, rohov\u00fd hranat\u00fd ventil (Z2), Nerez, Lev\u00e1 - koupelny-sanita.cz -","isPartOf":{"@id":"https:\/\/www.koupeltech.com\/#website"},"primaryImageOfPage":{"@id":"https:\/\/www.koupeltech.com\/index.php\/produkt\/znackovy-edge-set-rohovy-hranaty-ventil-z2-nerez-leva-koupelny-sanita-cz-31788\/#primaryimage"},"image":{"@id":"https:\/\/www.koupeltech.com\/index.php\/produkt\/znackovy-edge-set-rohovy-hranaty-ventil-z2-nerez-leva-koupelny-sanita-cz-31788\/#primaryimage"},"thumbnailUrl":"https:\/\/www.koupeltech.com\/wp-content\/uploads\/2026\/SK0025564-CZ20260425-092556-0-1777080363-1847320_edge-set-rohovy-hranaty-ventil-z6.webp","datePublished":"2026-04-27T14:00:42+00:00","breadcrumb":{"@id":"https:\/\/www.koupeltech.com\/index.php\/produkt\/znackovy-edge-set-rohovy-hranaty-ventil-z2-nerez-leva-koupelny-sanita-cz-31788\/#breadcrumb"},"inLanguage":"cs","potentialAction":[{"@type":"ReadAction","target":["https:\/\/www.koupeltech.com\/index.php\/produkt\/znackovy-edge-set-rohovy-hranaty-ventil-z2-nerez-leva-koupelny-sanita-cz-31788\/"]}]},{"@type":"ImageObject","inLanguage":"cs","@id":"https:\/\/www.koupeltech.com\/index.php\/produkt\/znackovy-edge-set-rohovy-hranaty-ventil-z2-nerez-leva-koupelny-sanita-cz-31788\/#primaryimage","url":"https:\/\/www.koupeltech.com\/wp-content\/uploads\/2026\/SK0025564-CZ20260425-092556-0-1777080363-1847320_edge-set-rohovy-hranaty-ventil-z6.webp","contentUrl":"https:\/\/www.koupeltech.com\/wp-content\/uploads\/2026\/SK0025564-CZ20260425-092556-0-1777080363-1847320_edge-set-rohovy-hranaty-ventil-z6.webp","width":1000,"height":750},{"@type":"BreadcrumbList","@id":"https:\/\/www.koupeltech.com\/index.php\/produkt\/znackovy-edge-set-rohovy-hranaty-ventil-z2-nerez-leva-koupelny-sanita-cz-31788\/#breadcrumb","itemListElement":[{"@type":"ListItem","position":1,"name":"Home","item":"https:\/\/www.koupeltech.com\/"},{"@type":"ListItem","position":2,"name":"Products","item":"https:\/\/www.koupeltech.com\/index.php\/products\/"},{"@type":"ListItem","position":3,"name":"Zna\u010dkov\u00fd EDGE-SET, rohov\u00fd hranat\u00fd ventil (Z2), Nerez, Lev\u00e1 &#8211; koupelny-sanita.cz"}]},{"@type":"WebSite","@id":"https:\/\/www.koupeltech.com\/#website","url":"https:\/\/www.koupeltech.com\/","name":"","description":"","potentialAction":[{"@type":"SearchAction","target":{"@type":"EntryPoint","urlTemplate":"https:\/\/www.koupeltech.com\/?s={search_term_string}"},"query-input":{"@type":"PropertyValueSpecification","valueRequired":true,"valueName":"search_term_string"}}],"inLanguage":"cs"}]}},"_links":{"self":[{"href":"https:\/\/www.koupeltech.com\/index.php\/wp-json\/wp\/v2\/product\/31788","targetHints":{"allow":["GET"]}}],"collection":[{"href":"https:\/\/www.koupeltech.com\/index.php\/wp-json\/wp\/v2\/product"}],"about":[{"href":"https:\/\/www.koupeltech.com\/index.php\/wp-json\/wp\/v2\/types\/product"}],"replies":[{"embeddable":true,"href":"https:\/\/www.koupeltech.com\/index.php\/wp-json\/wp\/v2\/comments?post=31788"}],"wp:featuredmedia":[{"embeddable":true,"href":"https:\/\/www.koupeltech.com\/index.php\/wp-json\/wp\/v2\/media\/31888"}],"wp:attachment":[{"href":"https:\/\/www.koupeltech.com\/index.php\/wp-json\/wp\/v2\/media?parent=31788"}],"wp:term":[{"taxonomy":"product_brand","embeddable":true,"href":"https:\/\/www.koupeltech.com\/index.php\/wp-json\/wp\/v2\/product_brand?post=31788"},{"taxonomy":"product_cat","embeddable":true,"href":"https:\/\/www.koupeltech.com\/index.php\/wp-json\/wp\/v2\/product_cat?post=31788"},{"taxonomy":"product_tag","embeddable":true,"href":"https:\/\/www.koupeltech.com\/index.php\/wp-json\/wp\/v2\/product_tag?post=31788"}],"curies":[{"name":"wp","href":"https:\/\/api.w.org\/{rel}","templated":true}]}}