{"id":33556,"date":"2026-04-27T14:00:57","date_gmt":"2026-04-27T14:00:57","guid":{"rendered":""},"modified":"2026-04-27T14:00:57","modified_gmt":"2026-04-27T14:00:57","slug":"vaillant-lokalni-rekuperacni-jednotka-recovair-var-60-2-doprava-zdarma-33556","status":"publish","type":"product","link":"https:\/\/www.koupeltech.com\/index.php\/produkt\/vaillant-lokalni-rekuperacni-jednotka-recovair-var-60-2-doprava-zdarma-33556\/","title":{"rendered":"Vaillant lok\u00e1ln\u00ed rekupera\u010dn\u00ed jednotka recoVAIR VAR 60\/2 Doprava Zdarma"},"content":{"rendered":"<div class=\"ProductDetail-content NoFixImageContainer\" id=\"productDescription\">\n<div class=\"Heading\">\n<h2 class=\"Heading-title\">Popis produktu <span class=''>Vaillant lok\u00e1ln\u00ed rekupera\u010dn\u00ed jednotka recoVAIR VAR 60\/2<\/span><\/h2>\n<\/p><\/div>\n<div class=\"ProductDetailContent\">\n<p><strong>Decentr\u00e1ln\u00ed v\u011btrac\u00ed syst\u00e9m<\/strong> <strong>recoVAIR VAR 60<\/strong> p\u0159edstavuje ekonomick\u00e9 a efektivn\u00ed \u0159e\u0161en\u00ed pro zaji\u0161t\u011bn\u00ed \u010derstv\u00e9ho vzduchu v obytn\u00fdch prostorech. Rekuper\u010dn\u00ed jednotka se instaluje p\u0159\u00edmo do m\u00edstnost\u00ed (lo\u017enice, ob\u00fdvac\u00ed \u010di d\u011btsk\u00fd pokoj, koupelna apod.), kde je v\u011btr\u00e1n\u00ed pot\u0159eba, a zaji\u0161\u0165uje neust\u00e1l\u00fd p\u0159\u00edsun \u010derstv\u00e9ho vzduchu \u2013 <strong>bez nutnosti otev\u00edr\u00e1n\u00ed oken a bez tepeln\u00fdch ztr\u00e1t<\/strong>.&nbsp;D\u00edky <strong>energeticky \u00fasporn\u00e9 rekuperaci tepla<\/strong> syst\u00e9m vyu\u017e\u00edv\u00e1 teplo z odv\u00e1d\u011bn\u00e9ho vzduchu a v\u00fdrazn\u011b tak sni\u017euje n\u00e1klady na vyt\u00e1p\u011bn\u00ed. <strong>Integrovan\u00e9 \u010didlo vlhkosti<\/strong> automaticky spust\u00ed v\u011btr\u00e1n\u00ed p\u0159i zv\u00fd\u0161en\u00e9 vlhkosti a vypne jej po dosa\u017een\u00ed optim\u00e1ln\u00ed \u00farovn\u011b. T\u00edm chr\u00e1n\u00ed nejen komfort obyvatel, ale i stavebn\u00ed konstrukce p\u0159ed vlhkost\u00ed a pl\u00edsn\u011bmi. Rekuperace&nbsp;<strong>recoVAIR VAR 60<\/strong> je k dispozici ve variant\u011b s <strong>kabelov\u00fdm nebo bezdr\u00e1tov\u00fdm ovl\u00e1d\u00e1n\u00edm<\/strong>, co\u017e umo\u017e\u0148uje flexibiln\u00ed integraci do jak\u00e9hokoli typu interi\u00e9ru.<\/p>\n<ul>\n<li><strong>Cenov\u011b v\u00fdhodn\u00e9 \u0159e\u0161en\u00ed<\/strong> pro v\u011btr\u00e1n\u00ed bytov\u00fdch jednotek nebo jednotliv\u00fdch m\u00edstnost\u00ed<\/li>\n<li><strong>\u00daspora energie a n\u00e1klad\u016f na vyt\u00e1p\u011bn\u00ed<\/strong> d\u00edky \u00fa\u010dinn\u00e9 rekuperaci tepla<\/li>\n<li><strong>Automatick\u00e1 regulace vlhkosti<\/strong> pro zdrav\u00e9 a p\u0159\u00edjemn\u00e9 vnit\u0159n\u00ed klima<\/li>\n<li><strong>Snadn\u00e1 instalace<\/strong> i v ji\u017e existuj\u00edc\u00edch budov\u00e1ch<\/li>\n<li><strong>Mimo\u0159\u00e1dn\u011b tich\u00fd provoz<\/strong> pro maxim\u00e1ln\u00ed komfort<\/li>\n<\/ul>\n<h3>Technick\u00e9 parametry<\/h3>\n<table class=\"specs-bnp\">\n<thead>\n<tr>\n<th>Parametr<\/th>\n<th>Hodnota<\/th>\n<\/tr>\n<\/thead>\n<tbody>\n<tr>\n<th scope=\"row\">Hodnota pr\u016ftoku (m\u00b3\/h)<\/th>\n<td>20\/40\/60&nbsp;m\u00b3\/h<\/td>\n<\/tr>\n<tr>\n<th scope=\"row\">Hladina akustick\u00e9ho v\u00fdkonu<\/th>\n<td>34,4\/45,3\/52,4 dB<\/td>\n<\/tr>\n<tr>\n<th scope=\"row\">M\u00edra \u00fatlumu zvuku<\/th>\n<td>42 dB<\/td>\n<\/tr>\n<tr>\n<th scope=\"row\">T\u0159\u00edda filtru (vp\u0159edu)<\/th>\n<td>Iso Coarse 30 %<\/td>\n<\/tr>\n<tr>\n<th scope=\"row\">T\u0159\u00edda filtru (vzadu)<\/th>\n<td>Iso Coarse 45 %<\/td>\n<\/tr>\n<tr>\n<th scope=\"row\">P\u0159\u00edpustn\u00fd provozn\u00ed rozsah<\/th>\n<td>\u221230\/50 \u00b0C<\/td>\n<\/tr>\n<tr>\n<th scope=\"row\">Hmotnost<\/th>\n<td>3,5 kg<\/td>\n<\/tr>\n<tr>\n<th scope=\"row\">Pr\u016fm\u011br trubky<\/th>\n<td>160 mm<\/td>\n<\/tr>\n<tr>\n<th scope=\"row\">Pr\u016fm\u011br otvoru<\/th>\n<td>162 mm<\/td>\n<\/tr>\n<\/tbody>\n<\/table><\/div>\n<div class=\"ProductDetailContent\">                                                                    <\/div>\n<\/p><\/div>\n<\/p><\/div>\n<\/p><\/div>\n","protected":false},"excerpt":{"rendered":"<p>Popis produktu Vaillant lok\u00e1ln\u00ed rekupera\u010dn\u00ed jednotka recoVAIR VAR 60\/2 Decentr\u00e1ln\u00ed v\u011btrac\u00ed syst\u00e9m recoVAIR VAR 60 p\u0159edstavuje ekonomick\u00e9 a efektivn\u00ed \u0159e\u0161en\u00ed pro zaji\u0161t\u011bn\u00ed \u010derstv\u00e9ho vzduchu v obytn\u00fdch prostorech. Rekuper\u010dn\u00ed jednotka se instaluje p\u0159\u00edmo do m\u00edstnost\u00ed (lo\u017enice, ob\u00fdvac\u00ed \u010di d\u011btsk\u00fd pokoj, koupelna apod.), kde je v\u011btr\u00e1n\u00ed pot\u0159eba, a zaji\u0161\u0165uje neust\u00e1l\u00fd p\u0159\u00edsun \u010derstv\u00e9ho vzduchu \u2013 bez nutnosti otev\u00edr\u00e1n\u00ed [&hellip;]<\/p>\n","protected":false},"featured_media":33656,"comment_status":"open","ping_status":"open","template":"","meta":[],"product_brand":[],"product_cat":[80],"product_tag":[],"class_list":{"0":"post-33556","1":"product","2":"type-product","3":"status-publish","4":"has-post-thumbnail","6":"product_cat-rekuperace-vzduchu-a-vody-vetrani","8":"first","9":"instock","10":"sale","11":"shipping-taxable","12":"purchasable","13":"product-type-simple"},"yoast_head":"<!-- This site is optimized with the Yoast SEO plugin v26.8 - https:\/\/yoast.com\/product\/yoast-seo-wordpress\/ -->\n<title>Vaillant lok\u00e1ln\u00ed rekupera\u010dn\u00ed jednotka recoVAIR VAR 60\/2 Doprava Zdarma -<\/title>\n<meta name=\"robots\" content=\"index, follow, max-snippet:-1, max-image-preview:large, max-video-preview:-1\" \/>\n<link rel=\"canonical\" href=\"https:\/\/www.koupeltech.com\/index.php\/produkt\/vaillant-lokalni-rekuperacni-jednotka-recovair-var-60-2-doprava-zdarma-33556\/\" \/>\n<meta property=\"og:locale\" content=\"cs_CZ\" \/>\n<meta property=\"og:type\" content=\"article\" \/>\n<meta property=\"og:title\" content=\"Vaillant lok\u00e1ln\u00ed rekupera\u010dn\u00ed jednotka recoVAIR VAR 60\/2 Doprava Zdarma -\" \/>\n<meta property=\"og:description\" content=\"Popis produktu Vaillant lok\u00e1ln\u00ed rekupera\u010dn\u00ed jednotka recoVAIR VAR 60\/2 Decentr\u00e1ln\u00ed v\u011btrac\u00ed syst\u00e9m recoVAIR VAR 60 p\u0159edstavuje ekonomick\u00e9 a efektivn\u00ed \u0159e\u0161en\u00ed pro zaji\u0161t\u011bn\u00ed \u010derstv\u00e9ho vzduchu v obytn\u00fdch prostorech. Rekuper\u010dn\u00ed jednotka se instaluje p\u0159\u00edmo do m\u00edstnost\u00ed (lo\u017enice, ob\u00fdvac\u00ed \u010di d\u011btsk\u00fd pokoj, koupelna apod.), kde je v\u011btr\u00e1n\u00ed pot\u0159eba, a zaji\u0161\u0165uje neust\u00e1l\u00fd p\u0159\u00edsun \u010derstv\u00e9ho vzduchu \u2013 bez nutnosti otev\u00edr\u00e1n\u00ed [&hellip;]\" \/>\n<meta property=\"og:url\" content=\"https:\/\/www.koupeltech.com\/index.php\/produkt\/vaillant-lokalni-rekuperacni-jednotka-recovair-var-60-2-doprava-zdarma-33556\/\" \/>\n<meta property=\"og:image\" content=\"https:\/\/www.koupeltech.com\/wp-content\/uploads\/2026\/SK0024650-CZ20260425-092632-0-1777080397-vaillant-lokalni-rekuperacni-jednotka-recovair-var-60-2-107.webp\" \/>\n\t<meta property=\"og:image:width\" content=\"600\" \/>\n\t<meta property=\"og:image:height\" content=\"405\" \/>\n\t<meta property=\"og:image:type\" content=\"image\/webp\" \/>\n<meta name=\"twitter:card\" content=\"summary_large_image\" \/>\n<meta name=\"twitter:label1\" content=\"Odhadovan\u00e1 doba \u010dten\u00ed\" \/>\n\t<meta name=\"twitter:data1\" content=\"1 minuta\" \/>\n<script type=\"application\/ld+json\" class=\"yoast-schema-graph\">{\"@context\":\"https:\/\/schema.org\",\"@graph\":[{\"@type\":\"WebPage\",\"@id\":\"https:\/\/www.koupeltech.com\/index.php\/produkt\/vaillant-lokalni-rekuperacni-jednotka-recovair-var-60-2-doprava-zdarma-33556\/\",\"url\":\"https:\/\/www.koupeltech.com\/index.php\/produkt\/vaillant-lokalni-rekuperacni-jednotka-recovair-var-60-2-doprava-zdarma-33556\/\",\"name\":\"Vaillant lok\u00e1ln\u00ed rekupera\u010dn\u00ed jednotka recoVAIR VAR 60\/2 Doprava Zdarma -\",\"isPartOf\":{\"@id\":\"https:\/\/www.koupeltech.com\/#website\"},\"primaryImageOfPage\":{\"@id\":\"https:\/\/www.koupeltech.com\/index.php\/produkt\/vaillant-lokalni-rekuperacni-jednotka-recovair-var-60-2-doprava-zdarma-33556\/#primaryimage\"},\"image\":{\"@id\":\"https:\/\/www.koupeltech.com\/index.php\/produkt\/vaillant-lokalni-rekuperacni-jednotka-recovair-var-60-2-doprava-zdarma-33556\/#primaryimage\"},\"thumbnailUrl\":\"https:\/\/www.koupeltech.com\/wp-content\/uploads\/2026\/SK0024650-CZ20260425-092632-0-1777080397-vaillant-lokalni-rekuperacni-jednotka-recovair-var-60-2-107.webp\",\"datePublished\":\"2026-04-27T14:00:57+00:00\",\"breadcrumb\":{\"@id\":\"https:\/\/www.koupeltech.com\/index.php\/produkt\/vaillant-lokalni-rekuperacni-jednotka-recovair-var-60-2-doprava-zdarma-33556\/#breadcrumb\"},\"inLanguage\":\"cs\",\"potentialAction\":[{\"@type\":\"ReadAction\",\"target\":[\"https:\/\/www.koupeltech.com\/index.php\/produkt\/vaillant-lokalni-rekuperacni-jednotka-recovair-var-60-2-doprava-zdarma-33556\/\"]}]},{\"@type\":\"ImageObject\",\"inLanguage\":\"cs\",\"@id\":\"https:\/\/www.koupeltech.com\/index.php\/produkt\/vaillant-lokalni-rekuperacni-jednotka-recovair-var-60-2-doprava-zdarma-33556\/#primaryimage\",\"url\":\"https:\/\/www.koupeltech.com\/wp-content\/uploads\/2026\/SK0024650-CZ20260425-092632-0-1777080397-vaillant-lokalni-rekuperacni-jednotka-recovair-var-60-2-107.webp\",\"contentUrl\":\"https:\/\/www.koupeltech.com\/wp-content\/uploads\/2026\/SK0024650-CZ20260425-092632-0-1777080397-vaillant-lokalni-rekuperacni-jednotka-recovair-var-60-2-107.webp\",\"width\":600,\"height\":405},{\"@type\":\"BreadcrumbList\",\"@id\":\"https:\/\/www.koupeltech.com\/index.php\/produkt\/vaillant-lokalni-rekuperacni-jednotka-recovair-var-60-2-doprava-zdarma-33556\/#breadcrumb\",\"itemListElement\":[{\"@type\":\"ListItem\",\"position\":1,\"name\":\"Home\",\"item\":\"https:\/\/www.koupeltech.com\/\"},{\"@type\":\"ListItem\",\"position\":2,\"name\":\"Products\",\"item\":\"https:\/\/www.koupeltech.com\/index.php\/products\/\"},{\"@type\":\"ListItem\",\"position\":3,\"name\":\"Vaillant lok\u00e1ln\u00ed rekupera\u010dn\u00ed jednotka recoVAIR VAR 60\/2 Doprava Zdarma\"}]},{\"@type\":\"WebSite\",\"@id\":\"https:\/\/www.koupeltech.com\/#website\",\"url\":\"https:\/\/www.koupeltech.com\/\",\"name\":\"\",\"description\":\"\",\"potentialAction\":[{\"@type\":\"SearchAction\",\"target\":{\"@type\":\"EntryPoint\",\"urlTemplate\":\"https:\/\/www.koupeltech.com\/?s={search_term_string}\"},\"query-input\":{\"@type\":\"PropertyValueSpecification\",\"valueRequired\":true,\"valueName\":\"search_term_string\"}}],\"inLanguage\":\"cs\"}]}<\/script>\n<!-- \/ Yoast SEO plugin. -->","yoast_head_json":{"title":"Vaillant lok\u00e1ln\u00ed rekupera\u010dn\u00ed jednotka recoVAIR VAR 60\/2 Doprava Zdarma -","robots":{"index":"index","follow":"follow","max-snippet":"max-snippet:-1","max-image-preview":"max-image-preview:large","max-video-preview":"max-video-preview:-1"},"canonical":"https:\/\/www.koupeltech.com\/index.php\/produkt\/vaillant-lokalni-rekuperacni-jednotka-recovair-var-60-2-doprava-zdarma-33556\/","og_locale":"cs_CZ","og_type":"article","og_title":"Vaillant lok\u00e1ln\u00ed rekupera\u010dn\u00ed jednotka recoVAIR VAR 60\/2 Doprava Zdarma -","og_description":"Popis produktu Vaillant lok\u00e1ln\u00ed rekupera\u010dn\u00ed jednotka recoVAIR VAR 60\/2 Decentr\u00e1ln\u00ed v\u011btrac\u00ed syst\u00e9m recoVAIR VAR 60 p\u0159edstavuje ekonomick\u00e9 a efektivn\u00ed \u0159e\u0161en\u00ed pro zaji\u0161t\u011bn\u00ed \u010derstv\u00e9ho vzduchu v obytn\u00fdch prostorech. Rekuper\u010dn\u00ed jednotka se instaluje p\u0159\u00edmo do m\u00edstnost\u00ed (lo\u017enice, ob\u00fdvac\u00ed \u010di d\u011btsk\u00fd pokoj, koupelna apod.), kde je v\u011btr\u00e1n\u00ed pot\u0159eba, a zaji\u0161\u0165uje neust\u00e1l\u00fd p\u0159\u00edsun \u010derstv\u00e9ho vzduchu \u2013 bez nutnosti otev\u00edr\u00e1n\u00ed [&hellip;]","og_url":"https:\/\/www.koupeltech.com\/index.php\/produkt\/vaillant-lokalni-rekuperacni-jednotka-recovair-var-60-2-doprava-zdarma-33556\/","og_image":[{"width":600,"height":405,"url":"https:\/\/www.koupeltech.com\/wp-content\/uploads\/2026\/SK0024650-CZ20260425-092632-0-1777080397-vaillant-lokalni-rekuperacni-jednotka-recovair-var-60-2-107.webp","type":"image\/webp"}],"twitter_card":"summary_large_image","twitter_misc":{"Odhadovan\u00e1 doba \u010dten\u00ed":"1 minuta"},"schema":{"@context":"https:\/\/schema.org","@graph":[{"@type":"WebPage","@id":"https:\/\/www.koupeltech.com\/index.php\/produkt\/vaillant-lokalni-rekuperacni-jednotka-recovair-var-60-2-doprava-zdarma-33556\/","url":"https:\/\/www.koupeltech.com\/index.php\/produkt\/vaillant-lokalni-rekuperacni-jednotka-recovair-var-60-2-doprava-zdarma-33556\/","name":"Vaillant lok\u00e1ln\u00ed rekupera\u010dn\u00ed jednotka recoVAIR VAR 60\/2 Doprava Zdarma -","isPartOf":{"@id":"https:\/\/www.koupeltech.com\/#website"},"primaryImageOfPage":{"@id":"https:\/\/www.koupeltech.com\/index.php\/produkt\/vaillant-lokalni-rekuperacni-jednotka-recovair-var-60-2-doprava-zdarma-33556\/#primaryimage"},"image":{"@id":"https:\/\/www.koupeltech.com\/index.php\/produkt\/vaillant-lokalni-rekuperacni-jednotka-recovair-var-60-2-doprava-zdarma-33556\/#primaryimage"},"thumbnailUrl":"https:\/\/www.koupeltech.com\/wp-content\/uploads\/2026\/SK0024650-CZ20260425-092632-0-1777080397-vaillant-lokalni-rekuperacni-jednotka-recovair-var-60-2-107.webp","datePublished":"2026-04-27T14:00:57+00:00","breadcrumb":{"@id":"https:\/\/www.koupeltech.com\/index.php\/produkt\/vaillant-lokalni-rekuperacni-jednotka-recovair-var-60-2-doprava-zdarma-33556\/#breadcrumb"},"inLanguage":"cs","potentialAction":[{"@type":"ReadAction","target":["https:\/\/www.koupeltech.com\/index.php\/produkt\/vaillant-lokalni-rekuperacni-jednotka-recovair-var-60-2-doprava-zdarma-33556\/"]}]},{"@type":"ImageObject","inLanguage":"cs","@id":"https:\/\/www.koupeltech.com\/index.php\/produkt\/vaillant-lokalni-rekuperacni-jednotka-recovair-var-60-2-doprava-zdarma-33556\/#primaryimage","url":"https:\/\/www.koupeltech.com\/wp-content\/uploads\/2026\/SK0024650-CZ20260425-092632-0-1777080397-vaillant-lokalni-rekuperacni-jednotka-recovair-var-60-2-107.webp","contentUrl":"https:\/\/www.koupeltech.com\/wp-content\/uploads\/2026\/SK0024650-CZ20260425-092632-0-1777080397-vaillant-lokalni-rekuperacni-jednotka-recovair-var-60-2-107.webp","width":600,"height":405},{"@type":"BreadcrumbList","@id":"https:\/\/www.koupeltech.com\/index.php\/produkt\/vaillant-lokalni-rekuperacni-jednotka-recovair-var-60-2-doprava-zdarma-33556\/#breadcrumb","itemListElement":[{"@type":"ListItem","position":1,"name":"Home","item":"https:\/\/www.koupeltech.com\/"},{"@type":"ListItem","position":2,"name":"Products","item":"https:\/\/www.koupeltech.com\/index.php\/products\/"},{"@type":"ListItem","position":3,"name":"Vaillant lok\u00e1ln\u00ed rekupera\u010dn\u00ed jednotka recoVAIR VAR 60\/2 Doprava Zdarma"}]},{"@type":"WebSite","@id":"https:\/\/www.koupeltech.com\/#website","url":"https:\/\/www.koupeltech.com\/","name":"","description":"","potentialAction":[{"@type":"SearchAction","target":{"@type":"EntryPoint","urlTemplate":"https:\/\/www.koupeltech.com\/?s={search_term_string}"},"query-input":{"@type":"PropertyValueSpecification","valueRequired":true,"valueName":"search_term_string"}}],"inLanguage":"cs"}]}},"_links":{"self":[{"href":"https:\/\/www.koupeltech.com\/index.php\/wp-json\/wp\/v2\/product\/33556","targetHints":{"allow":["GET"]}}],"collection":[{"href":"https:\/\/www.koupeltech.com\/index.php\/wp-json\/wp\/v2\/product"}],"about":[{"href":"https:\/\/www.koupeltech.com\/index.php\/wp-json\/wp\/v2\/types\/product"}],"replies":[{"embeddable":true,"href":"https:\/\/www.koupeltech.com\/index.php\/wp-json\/wp\/v2\/comments?post=33556"}],"wp:featuredmedia":[{"embeddable":true,"href":"https:\/\/www.koupeltech.com\/index.php\/wp-json\/wp\/v2\/media\/33656"}],"wp:attachment":[{"href":"https:\/\/www.koupeltech.com\/index.php\/wp-json\/wp\/v2\/media?parent=33556"}],"wp:term":[{"taxonomy":"product_brand","embeddable":true,"href":"https:\/\/www.koupeltech.com\/index.php\/wp-json\/wp\/v2\/product_brand?post=33556"},{"taxonomy":"product_cat","embeddable":true,"href":"https:\/\/www.koupeltech.com\/index.php\/wp-json\/wp\/v2\/product_cat?post=33556"},{"taxonomy":"product_tag","embeddable":true,"href":"https:\/\/www.koupeltech.com\/index.php\/wp-json\/wp\/v2\/product_tag?post=33556"}],"curies":[{"name":"wp","href":"https:\/\/api.w.org\/{rel}","templated":true}]}}