{"id":35185,"date":"2026-04-27T14:01:10","date_gmt":"2026-04-27T14:01:10","guid":{"rendered":""},"modified":"2026-04-27T14:01:10","modified_gmt":"2026-04-27T14:01:10","slug":"znackovy-romotop-kryci-ramek-d2m-pro-krbovou-vlozku-dynamic-b-2g-35185","status":"publish","type":"product","link":"https:\/\/www.koupeltech.com\/index.php\/produkt\/znackovy-romotop-kryci-ramek-d2m-pro-krbovou-vlozku-dynamic-b-2g-35185\/","title":{"rendered":"Zna\u010dkov\u00fd Romotop Kryc\u00ed r\u00e1mek D2M pro krbovou vlo\u017eku DYNAMIC (B)2G"},"content":{"rendered":"<div class=\"ProductDetail-content NoFixImageContainer\" id=\"productDescription\">\n<div class=\"Heading\">\n<h2 class=\"Heading-title\">Popis produktu <span class=''>Romotop Kryc\u00ed r\u00e1mek D2M pro krbovou vlo\u017eku DYNAMIC (B)2G<\/span><\/h2>\n<\/p><\/div>\n<div class=\"ProductDetailContent\">\n<p>Elegantn\u00ed dopln\u011bk pro krbovou vlo\u017eku <strong>DYNAMIC (B)2G<\/strong>, kter\u00fd zaji\u0161\u0165uje dokonal\u00e9 ukon\u010den\u00ed instalace a \u010dist\u00fd vzhled krbu.<\/p>\n<p><strong>Vhodn\u00e9 pro:<\/strong><\/p>\n<ul>\n<li>DYNAMIC<strong> <\/strong>2G 66.50.01N<\/li>\n<li>DYNAMIC<strong> <\/strong>2G 66.50.13N<\/li>\n<li>DYNAMIC B2G 66.50.13N<\/li>\n<li>DYNAMIC B2G 66.50.01N<\/li>\n<\/ul><\/div>\n<div class=\"ProductDetailContent\">                                                                    <\/div>\n<\/p><\/div>\n<\/p><\/div>\n<\/p><\/div>\n","protected":false},"excerpt":{"rendered":"<p>Popis produktu Romotop Kryc\u00ed r\u00e1mek D2M pro krbovou vlo\u017eku DYNAMIC (B)2G Elegantn\u00ed dopln\u011bk pro krbovou vlo\u017eku DYNAMIC (B)2G, kter\u00fd zaji\u0161\u0165uje dokonal\u00e9 ukon\u010den\u00ed instalace a \u010dist\u00fd vzhled krbu. Vhodn\u00e9 pro: DYNAMIC 2G 66.50.01N DYNAMIC 2G 66.50.13N DYNAMIC B2G 66.50.13N DYNAMIC B2G 66.50.01N<\/p>\n","protected":false},"featured_media":35285,"comment_status":"open","ping_status":"open","template":"","meta":[],"product_brand":[],"product_cat":[79],"product_tag":[],"class_list":{"0":"post-35185","1":"product","2":"type-product","3":"status-publish","4":"has-post-thumbnail","6":"product_cat-topeni","8":"first","9":"instock","10":"sale","11":"shipping-taxable","12":"purchasable","13":"product-type-simple"},"yoast_head":"<!-- This site is optimized with the Yoast SEO plugin v26.8 - https:\/\/yoast.com\/product\/yoast-seo-wordpress\/ -->\n<title>Zna\u010dkov\u00fd Romotop Kryc\u00ed r\u00e1mek D2M pro krbovou vlo\u017eku DYNAMIC (B)2G -<\/title>\n<meta name=\"robots\" content=\"index, follow, max-snippet:-1, max-image-preview:large, max-video-preview:-1\" \/>\n<link rel=\"canonical\" href=\"https:\/\/www.koupeltech.com\/index.php\/produkt\/znackovy-romotop-kryci-ramek-d2m-pro-krbovou-vlozku-dynamic-b-2g-35185\/\" \/>\n<meta property=\"og:locale\" content=\"cs_CZ\" \/>\n<meta property=\"og:type\" content=\"article\" \/>\n<meta property=\"og:title\" content=\"Zna\u010dkov\u00fd Romotop Kryc\u00ed r\u00e1mek D2M pro krbovou vlo\u017eku DYNAMIC (B)2G -\" \/>\n<meta property=\"og:description\" content=\"Popis produktu Romotop Kryc\u00ed r\u00e1mek D2M pro krbovou vlo\u017eku DYNAMIC (B)2G Elegantn\u00ed dopln\u011bk pro krbovou vlo\u017eku DYNAMIC (B)2G, kter\u00fd zaji\u0161\u0165uje dokonal\u00e9 ukon\u010den\u00ed instalace a \u010dist\u00fd vzhled krbu. Vhodn\u00e9 pro: DYNAMIC 2G 66.50.01N DYNAMIC 2G 66.50.13N DYNAMIC B2G 66.50.13N DYNAMIC B2G 66.50.01N\" \/>\n<meta property=\"og:url\" content=\"https:\/\/www.koupeltech.com\/index.php\/produkt\/znackovy-romotop-kryci-ramek-d2m-pro-krbovou-vlozku-dynamic-b-2g-35185\/\" \/>\n<meta property=\"og:image\" content=\"https:\/\/www.koupeltech.com\/wp-content\/uploads\/2026\/SK0025556-CZ20260425-092632-0-1777080397-romotop-kryci-ramek-d2m-pro-krbovou-vlozku-dynamic-b-2g-131.webp\" \/>\n\t<meta property=\"og:image:width\" content=\"600\" \/>\n\t<meta property=\"og:image:height\" content=\"600\" \/>\n\t<meta property=\"og:image:type\" content=\"image\/webp\" \/>\n<meta name=\"twitter:card\" content=\"summary_large_image\" \/>\n<script type=\"application\/ld+json\" class=\"yoast-schema-graph\">{\"@context\":\"https:\/\/schema.org\",\"@graph\":[{\"@type\":\"WebPage\",\"@id\":\"https:\/\/www.koupeltech.com\/index.php\/produkt\/znackovy-romotop-kryci-ramek-d2m-pro-krbovou-vlozku-dynamic-b-2g-35185\/\",\"url\":\"https:\/\/www.koupeltech.com\/index.php\/produkt\/znackovy-romotop-kryci-ramek-d2m-pro-krbovou-vlozku-dynamic-b-2g-35185\/\",\"name\":\"Zna\u010dkov\u00fd Romotop Kryc\u00ed r\u00e1mek D2M pro krbovou vlo\u017eku DYNAMIC (B)2G -\",\"isPartOf\":{\"@id\":\"https:\/\/www.koupeltech.com\/#website\"},\"primaryImageOfPage\":{\"@id\":\"https:\/\/www.koupeltech.com\/index.php\/produkt\/znackovy-romotop-kryci-ramek-d2m-pro-krbovou-vlozku-dynamic-b-2g-35185\/#primaryimage\"},\"image\":{\"@id\":\"https:\/\/www.koupeltech.com\/index.php\/produkt\/znackovy-romotop-kryci-ramek-d2m-pro-krbovou-vlozku-dynamic-b-2g-35185\/#primaryimage\"},\"thumbnailUrl\":\"https:\/\/www.koupeltech.com\/wp-content\/uploads\/2026\/SK0025556-CZ20260425-092632-0-1777080397-romotop-kryci-ramek-d2m-pro-krbovou-vlozku-dynamic-b-2g-131.webp\",\"datePublished\":\"2026-04-27T14:01:10+00:00\",\"breadcrumb\":{\"@id\":\"https:\/\/www.koupeltech.com\/index.php\/produkt\/znackovy-romotop-kryci-ramek-d2m-pro-krbovou-vlozku-dynamic-b-2g-35185\/#breadcrumb\"},\"inLanguage\":\"cs\",\"potentialAction\":[{\"@type\":\"ReadAction\",\"target\":[\"https:\/\/www.koupeltech.com\/index.php\/produkt\/znackovy-romotop-kryci-ramek-d2m-pro-krbovou-vlozku-dynamic-b-2g-35185\/\"]}]},{\"@type\":\"ImageObject\",\"inLanguage\":\"cs\",\"@id\":\"https:\/\/www.koupeltech.com\/index.php\/produkt\/znackovy-romotop-kryci-ramek-d2m-pro-krbovou-vlozku-dynamic-b-2g-35185\/#primaryimage\",\"url\":\"https:\/\/www.koupeltech.com\/wp-content\/uploads\/2026\/SK0025556-CZ20260425-092632-0-1777080397-romotop-kryci-ramek-d2m-pro-krbovou-vlozku-dynamic-b-2g-131.webp\",\"contentUrl\":\"https:\/\/www.koupeltech.com\/wp-content\/uploads\/2026\/SK0025556-CZ20260425-092632-0-1777080397-romotop-kryci-ramek-d2m-pro-krbovou-vlozku-dynamic-b-2g-131.webp\",\"width\":600,\"height\":600},{\"@type\":\"BreadcrumbList\",\"@id\":\"https:\/\/www.koupeltech.com\/index.php\/produkt\/znackovy-romotop-kryci-ramek-d2m-pro-krbovou-vlozku-dynamic-b-2g-35185\/#breadcrumb\",\"itemListElement\":[{\"@type\":\"ListItem\",\"position\":1,\"name\":\"Home\",\"item\":\"https:\/\/www.koupeltech.com\/\"},{\"@type\":\"ListItem\",\"position\":2,\"name\":\"Products\",\"item\":\"https:\/\/www.koupeltech.com\/index.php\/products\/\"},{\"@type\":\"ListItem\",\"position\":3,\"name\":\"Zna\u010dkov\u00fd Romotop Kryc\u00ed r\u00e1mek D2M pro krbovou vlo\u017eku DYNAMIC (B)2G\"}]},{\"@type\":\"WebSite\",\"@id\":\"https:\/\/www.koupeltech.com\/#website\",\"url\":\"https:\/\/www.koupeltech.com\/\",\"name\":\"\",\"description\":\"\",\"potentialAction\":[{\"@type\":\"SearchAction\",\"target\":{\"@type\":\"EntryPoint\",\"urlTemplate\":\"https:\/\/www.koupeltech.com\/?s={search_term_string}\"},\"query-input\":{\"@type\":\"PropertyValueSpecification\",\"valueRequired\":true,\"valueName\":\"search_term_string\"}}],\"inLanguage\":\"cs\"}]}<\/script>\n<!-- \/ Yoast SEO plugin. -->","yoast_head_json":{"title":"Zna\u010dkov\u00fd Romotop Kryc\u00ed r\u00e1mek D2M pro krbovou vlo\u017eku DYNAMIC (B)2G -","robots":{"index":"index","follow":"follow","max-snippet":"max-snippet:-1","max-image-preview":"max-image-preview:large","max-video-preview":"max-video-preview:-1"},"canonical":"https:\/\/www.koupeltech.com\/index.php\/produkt\/znackovy-romotop-kryci-ramek-d2m-pro-krbovou-vlozku-dynamic-b-2g-35185\/","og_locale":"cs_CZ","og_type":"article","og_title":"Zna\u010dkov\u00fd Romotop Kryc\u00ed r\u00e1mek D2M pro krbovou vlo\u017eku DYNAMIC (B)2G -","og_description":"Popis produktu Romotop Kryc\u00ed r\u00e1mek D2M pro krbovou vlo\u017eku DYNAMIC (B)2G Elegantn\u00ed dopln\u011bk pro krbovou vlo\u017eku DYNAMIC (B)2G, kter\u00fd zaji\u0161\u0165uje dokonal\u00e9 ukon\u010den\u00ed instalace a \u010dist\u00fd vzhled krbu. Vhodn\u00e9 pro: DYNAMIC 2G 66.50.01N DYNAMIC 2G 66.50.13N DYNAMIC B2G 66.50.13N DYNAMIC B2G 66.50.01N","og_url":"https:\/\/www.koupeltech.com\/index.php\/produkt\/znackovy-romotop-kryci-ramek-d2m-pro-krbovou-vlozku-dynamic-b-2g-35185\/","og_image":[{"width":600,"height":600,"url":"https:\/\/www.koupeltech.com\/wp-content\/uploads\/2026\/SK0025556-CZ20260425-092632-0-1777080397-romotop-kryci-ramek-d2m-pro-krbovou-vlozku-dynamic-b-2g-131.webp","type":"image\/webp"}],"twitter_card":"summary_large_image","schema":{"@context":"https:\/\/schema.org","@graph":[{"@type":"WebPage","@id":"https:\/\/www.koupeltech.com\/index.php\/produkt\/znackovy-romotop-kryci-ramek-d2m-pro-krbovou-vlozku-dynamic-b-2g-35185\/","url":"https:\/\/www.koupeltech.com\/index.php\/produkt\/znackovy-romotop-kryci-ramek-d2m-pro-krbovou-vlozku-dynamic-b-2g-35185\/","name":"Zna\u010dkov\u00fd Romotop Kryc\u00ed r\u00e1mek D2M pro krbovou vlo\u017eku DYNAMIC (B)2G -","isPartOf":{"@id":"https:\/\/www.koupeltech.com\/#website"},"primaryImageOfPage":{"@id":"https:\/\/www.koupeltech.com\/index.php\/produkt\/znackovy-romotop-kryci-ramek-d2m-pro-krbovou-vlozku-dynamic-b-2g-35185\/#primaryimage"},"image":{"@id":"https:\/\/www.koupeltech.com\/index.php\/produkt\/znackovy-romotop-kryci-ramek-d2m-pro-krbovou-vlozku-dynamic-b-2g-35185\/#primaryimage"},"thumbnailUrl":"https:\/\/www.koupeltech.com\/wp-content\/uploads\/2026\/SK0025556-CZ20260425-092632-0-1777080397-romotop-kryci-ramek-d2m-pro-krbovou-vlozku-dynamic-b-2g-131.webp","datePublished":"2026-04-27T14:01:10+00:00","breadcrumb":{"@id":"https:\/\/www.koupeltech.com\/index.php\/produkt\/znackovy-romotop-kryci-ramek-d2m-pro-krbovou-vlozku-dynamic-b-2g-35185\/#breadcrumb"},"inLanguage":"cs","potentialAction":[{"@type":"ReadAction","target":["https:\/\/www.koupeltech.com\/index.php\/produkt\/znackovy-romotop-kryci-ramek-d2m-pro-krbovou-vlozku-dynamic-b-2g-35185\/"]}]},{"@type":"ImageObject","inLanguage":"cs","@id":"https:\/\/www.koupeltech.com\/index.php\/produkt\/znackovy-romotop-kryci-ramek-d2m-pro-krbovou-vlozku-dynamic-b-2g-35185\/#primaryimage","url":"https:\/\/www.koupeltech.com\/wp-content\/uploads\/2026\/SK0025556-CZ20260425-092632-0-1777080397-romotop-kryci-ramek-d2m-pro-krbovou-vlozku-dynamic-b-2g-131.webp","contentUrl":"https:\/\/www.koupeltech.com\/wp-content\/uploads\/2026\/SK0025556-CZ20260425-092632-0-1777080397-romotop-kryci-ramek-d2m-pro-krbovou-vlozku-dynamic-b-2g-131.webp","width":600,"height":600},{"@type":"BreadcrumbList","@id":"https:\/\/www.koupeltech.com\/index.php\/produkt\/znackovy-romotop-kryci-ramek-d2m-pro-krbovou-vlozku-dynamic-b-2g-35185\/#breadcrumb","itemListElement":[{"@type":"ListItem","position":1,"name":"Home","item":"https:\/\/www.koupeltech.com\/"},{"@type":"ListItem","position":2,"name":"Products","item":"https:\/\/www.koupeltech.com\/index.php\/products\/"},{"@type":"ListItem","position":3,"name":"Zna\u010dkov\u00fd Romotop Kryc\u00ed r\u00e1mek D2M pro krbovou vlo\u017eku DYNAMIC (B)2G"}]},{"@type":"WebSite","@id":"https:\/\/www.koupeltech.com\/#website","url":"https:\/\/www.koupeltech.com\/","name":"","description":"","potentialAction":[{"@type":"SearchAction","target":{"@type":"EntryPoint","urlTemplate":"https:\/\/www.koupeltech.com\/?s={search_term_string}"},"query-input":{"@type":"PropertyValueSpecification","valueRequired":true,"valueName":"search_term_string"}}],"inLanguage":"cs"}]}},"_links":{"self":[{"href":"https:\/\/www.koupeltech.com\/index.php\/wp-json\/wp\/v2\/product\/35185","targetHints":{"allow":["GET"]}}],"collection":[{"href":"https:\/\/www.koupeltech.com\/index.php\/wp-json\/wp\/v2\/product"}],"about":[{"href":"https:\/\/www.koupeltech.com\/index.php\/wp-json\/wp\/v2\/types\/product"}],"replies":[{"embeddable":true,"href":"https:\/\/www.koupeltech.com\/index.php\/wp-json\/wp\/v2\/comments?post=35185"}],"wp:featuredmedia":[{"embeddable":true,"href":"https:\/\/www.koupeltech.com\/index.php\/wp-json\/wp\/v2\/media\/35285"}],"wp:attachment":[{"href":"https:\/\/www.koupeltech.com\/index.php\/wp-json\/wp\/v2\/media?parent=35185"}],"wp:term":[{"taxonomy":"product_brand","embeddable":true,"href":"https:\/\/www.koupeltech.com\/index.php\/wp-json\/wp\/v2\/product_brand?post=35185"},{"taxonomy":"product_cat","embeddable":true,"href":"https:\/\/www.koupeltech.com\/index.php\/wp-json\/wp\/v2\/product_cat?post=35185"},{"taxonomy":"product_tag","embeddable":true,"href":"https:\/\/www.koupeltech.com\/index.php\/wp-json\/wp\/v2\/product_tag?post=35185"}],"curies":[{"name":"wp","href":"https:\/\/api.w.org\/{rel}","templated":true}]}}