{"id":40326,"date":"2026-04-27T14:01:52","date_gmt":"2026-04-27T14:01:52","guid":{"rendered":""},"modified":"2026-04-27T14:01:52","modified_gmt":"2026-04-27T14:01:52","slug":"znackovy-bgs-dsg-hadice-pro-plneni-prevodoveho-oleje-pro-vag-40326","status":"publish","type":"product","link":"https:\/\/www.koupeltech.com\/index.php\/produkt\/znackovy-bgs-dsg-hadice-pro-plneni-prevodoveho-oleje-pro-vag-40326\/","title":{"rendered":"Zna\u010dkov\u00fd BGS DSG hadice pro pln\u011bn\u00ed p\u0159evodov\u00e9ho oleje pro VAG"},"content":{"rendered":"<div id=\"e4440307\" class=\"pages\">\n<div>\n<div id=\"PDDescription\" class=\"UserContentView userContent v1a v1 bs-view dcon dc164 PDDescription\" ><dc-con><dc-con><bs-empty><\/bs-empty><\/dc-con><dc-con>        <\/p>\n<div class=\"customDescription\">                    <\/div>\n<p><\/dc-con><dc-con><\/p>\n<ul>\n<li>je pot\u0159eba p\u0159i v\u00fdm\u011bn\u011b p\u0159evodov\u00e9ho oleje DSG<\/li>\n<li>s adapt\u00e9rem na 1 litr p\u0159evodov\u00e9ho oleje<\/li>\n<li>vestav\u011bn\u00fd ventil zabra\u0148uje rozlit\u00ed oleje<\/li>\n<li>vhodn\u00e9 pro n\u00e1doby VAG, Motul, Liqui Moly, Meyle atd.<\/li>\n<li>pro pou\u017eit\u00ed jako OEM VAS 6262<\/li>\n<li>vn\u011bj\u0161\u00ed z\u00e1vit (strana p\u0159evodovky): M24 x 1,5<\/li>\n<p>< li>vn\u011bj\u0161\u00ed z\u00e1vit (strana n\u00e1doby): M37,5 x 3<\/li>\n<\/ul>\n<p><\/dc-con><\/dc-con><\/div>\n<div id=\"PDDescription2\" class=\"UserContentView userContent v1a v1 bs-view dcon dc165 PDDescription2\" >V\u00dd\u0160KA BALEN\u00cd<\/div>\n<\/p><\/div>\n<div id=\"PDTable3\" class=\"ProductDetailTableView v3a v3 bs-view dcon dc185 PDTable3\" >\n<table>\n<thead><\/thead>\n<tbody>\n<tr class=\"attribute attr_bsshop_maker\">\n<td class=\"caption\">V\u00fdrobce<\/td>\n<td class=\"value\">BGS Technic<\/td>\n<\/tr>\n<\/tbody>\n<\/table>\n<\/div>\n<div id=\"PdProductGpsr\" class=\"ProductGpsrView v1a v1 bs-view dcon dc217 PdProductGpsr\" >\n<div class=\"subject\"><dc-root class=\"dcon dc219\"><span class=\"title\">Zodpov\u011bdn&#253; subjekt:<\/span><dc-con><dc-con><span class=\"company\">BGS technik KG<\/span><span class=\"name\">BGS Technic<\/span><\/dc-con><dc-con><span class=\"street\">Bandwirkerstr. 3<\/span><span class=\"city\">Wermelskirchen<\/span><span class=\"zip\">429 29<\/span><span class=\"country\">N\u011bmecko<\/span><\/dc-con><span class=\"email\">mail@bgs-technic.de<\/span><span class=\"phone\">+49 2196-720480<\/span><bs-empty><\/bs-empty><a href=\"https:\/\/www.bgstechnic.com\/\" class=\"link\" target=\"_blank\">https:\/\/www.bgstechnic.com\/<\/a><\/dc-con><bs-empty><\/bs-empty><\/dc-root><\/div>\n<p><bs-empty><\/bs-empty><\/div>\n<\/div>\n<div id=\"e4440308\" class=\"tabs\">\n","protected":false},"excerpt":{"rendered":"<p>je pot\u0159eba p\u0159i v\u00fdm\u011bn\u011b p\u0159evodov\u00e9ho oleje DSG s adapt\u00e9rem na 1 litr p\u0159evodov\u00e9ho oleje vestav\u011bn\u00fd ventil zabra\u0148uje rozlit\u00ed oleje vhodn\u00e9 pro n\u00e1doby VAG, Motul, Liqui Moly, Meyle atd. pro pou\u017eit\u00ed jako OEM VAS 6262 vn\u011bj\u0161\u00ed z\u00e1vit (strana p\u0159evodovky): M24 x 1,5 < li>vn\u011bj\u0161\u00ed z\u00e1vit (strana n\u00e1doby): M37,5 x 3 V\u00dd\u0160KA BALEN\u00cd V\u00fdrobce BGS Technic Zodpov\u011bdn&#253; [&hellip;]<\/p>\n","protected":false},"featured_media":40426,"comment_status":"open","ping_status":"open","template":"","meta":[],"product_brand":[],"product_cat":[85],"product_tag":[],"class_list":{"0":"post-40326","1":"product","2":"type-product","3":"status-publish","4":"has-post-thumbnail","6":"product_cat-rucn-237-n-225-rad-237-a-d-237-lna","8":"first","9":"instock","10":"sale","11":"shipping-taxable","12":"purchasable","13":"product-type-simple"},"yoast_head":"<!-- This site is optimized with the Yoast SEO plugin v26.8 - https:\/\/yoast.com\/product\/yoast-seo-wordpress\/ -->\n<title>Zna\u010dkov\u00fd BGS DSG hadice pro pln\u011bn\u00ed p\u0159evodov\u00e9ho oleje pro VAG -<\/title>\n<meta name=\"robots\" content=\"index, follow, max-snippet:-1, max-image-preview:large, max-video-preview:-1\" \/>\n<link rel=\"canonical\" href=\"https:\/\/www.koupeltech.com\/index.php\/produkt\/znackovy-bgs-dsg-hadice-pro-plneni-prevodoveho-oleje-pro-vag-40326\/\" \/>\n<meta property=\"og:locale\" content=\"cs_CZ\" \/>\n<meta property=\"og:type\" content=\"article\" \/>\n<meta property=\"og:title\" content=\"Zna\u010dkov\u00fd BGS DSG hadice pro pln\u011bn\u00ed p\u0159evodov\u00e9ho oleje pro VAG -\" \/>\n<meta property=\"og:description\" content=\"je pot\u0159eba p\u0159i v\u00fdm\u011bn\u011b p\u0159evodov\u00e9ho oleje DSG s adapt\u00e9rem na 1 litr p\u0159evodov\u00e9ho oleje vestav\u011bn\u00fd ventil zabra\u0148uje rozlit\u00ed oleje vhodn\u00e9 pro n\u00e1doby VAG, Motul, Liqui Moly, Meyle atd. pro pou\u017eit\u00ed jako OEM VAS 6262 vn\u011bj\u0161\u00ed z\u00e1vit (strana p\u0159evodovky): M24 x 1,5 &lt; li&gt;vn\u011bj\u0161\u00ed z\u00e1vit (strana n\u00e1doby): M37,5 x 3 V\u00dd\u0160KA BALEN\u00cd V\u00fdrobce BGS Technic Zodpov\u011bdn&#253; [&hellip;]\" \/>\n<meta property=\"og:url\" content=\"https:\/\/www.koupeltech.com\/index.php\/produkt\/znackovy-bgs-dsg-hadice-pro-plneni-prevodoveho-oleje-pro-vag-40326\/\" \/>\n<meta property=\"og:image\" content=\"https:\/\/www.koupeltech.com\/wp-content\/uploads\/2026\/SK0020778-CZ20260425-093449-0-1777080896-bgs-dsg-hadice-pro-plneni-prevodoveho-oleje-pro-vag.webp\" \/>\n\t<meta property=\"og:image:width\" content=\"1000\" \/>\n\t<meta property=\"og:image:height\" content=\"525\" \/>\n\t<meta property=\"og:image:type\" content=\"image\/webp\" \/>\n<meta name=\"twitter:card\" content=\"summary_large_image\" \/>\n<script type=\"application\/ld+json\" class=\"yoast-schema-graph\">{\"@context\":\"https:\/\/schema.org\",\"@graph\":[{\"@type\":\"WebPage\",\"@id\":\"https:\/\/www.koupeltech.com\/index.php\/produkt\/znackovy-bgs-dsg-hadice-pro-plneni-prevodoveho-oleje-pro-vag-40326\/\",\"url\":\"https:\/\/www.koupeltech.com\/index.php\/produkt\/znackovy-bgs-dsg-hadice-pro-plneni-prevodoveho-oleje-pro-vag-40326\/\",\"name\":\"Zna\u010dkov\u00fd BGS DSG hadice pro pln\u011bn\u00ed p\u0159evodov\u00e9ho oleje pro VAG -\",\"isPartOf\":{\"@id\":\"https:\/\/www.koupeltech.com\/#website\"},\"primaryImageOfPage\":{\"@id\":\"https:\/\/www.koupeltech.com\/index.php\/produkt\/znackovy-bgs-dsg-hadice-pro-plneni-prevodoveho-oleje-pro-vag-40326\/#primaryimage\"},\"image\":{\"@id\":\"https:\/\/www.koupeltech.com\/index.php\/produkt\/znackovy-bgs-dsg-hadice-pro-plneni-prevodoveho-oleje-pro-vag-40326\/#primaryimage\"},\"thumbnailUrl\":\"https:\/\/www.koupeltech.com\/wp-content\/uploads\/2026\/SK0020778-CZ20260425-093449-0-1777080896-bgs-dsg-hadice-pro-plneni-prevodoveho-oleje-pro-vag.webp\",\"datePublished\":\"2026-04-27T14:01:52+00:00\",\"breadcrumb\":{\"@id\":\"https:\/\/www.koupeltech.com\/index.php\/produkt\/znackovy-bgs-dsg-hadice-pro-plneni-prevodoveho-oleje-pro-vag-40326\/#breadcrumb\"},\"inLanguage\":\"cs\",\"potentialAction\":[{\"@type\":\"ReadAction\",\"target\":[\"https:\/\/www.koupeltech.com\/index.php\/produkt\/znackovy-bgs-dsg-hadice-pro-plneni-prevodoveho-oleje-pro-vag-40326\/\"]}]},{\"@type\":\"ImageObject\",\"inLanguage\":\"cs\",\"@id\":\"https:\/\/www.koupeltech.com\/index.php\/produkt\/znackovy-bgs-dsg-hadice-pro-plneni-prevodoveho-oleje-pro-vag-40326\/#primaryimage\",\"url\":\"https:\/\/www.koupeltech.com\/wp-content\/uploads\/2026\/SK0020778-CZ20260425-093449-0-1777080896-bgs-dsg-hadice-pro-plneni-prevodoveho-oleje-pro-vag.webp\",\"contentUrl\":\"https:\/\/www.koupeltech.com\/wp-content\/uploads\/2026\/SK0020778-CZ20260425-093449-0-1777080896-bgs-dsg-hadice-pro-plneni-prevodoveho-oleje-pro-vag.webp\",\"width\":1000,\"height\":525},{\"@type\":\"BreadcrumbList\",\"@id\":\"https:\/\/www.koupeltech.com\/index.php\/produkt\/znackovy-bgs-dsg-hadice-pro-plneni-prevodoveho-oleje-pro-vag-40326\/#breadcrumb\",\"itemListElement\":[{\"@type\":\"ListItem\",\"position\":1,\"name\":\"Home\",\"item\":\"https:\/\/www.koupeltech.com\/\"},{\"@type\":\"ListItem\",\"position\":2,\"name\":\"Products\",\"item\":\"https:\/\/www.koupeltech.com\/index.php\/products\/\"},{\"@type\":\"ListItem\",\"position\":3,\"name\":\"Zna\u010dkov\u00fd BGS DSG hadice pro pln\u011bn\u00ed p\u0159evodov\u00e9ho oleje pro VAG\"}]},{\"@type\":\"WebSite\",\"@id\":\"https:\/\/www.koupeltech.com\/#website\",\"url\":\"https:\/\/www.koupeltech.com\/\",\"name\":\"\",\"description\":\"\",\"potentialAction\":[{\"@type\":\"SearchAction\",\"target\":{\"@type\":\"EntryPoint\",\"urlTemplate\":\"https:\/\/www.koupeltech.com\/?s={search_term_string}\"},\"query-input\":{\"@type\":\"PropertyValueSpecification\",\"valueRequired\":true,\"valueName\":\"search_term_string\"}}],\"inLanguage\":\"cs\"}]}<\/script>\n<!-- \/ Yoast SEO plugin. -->","yoast_head_json":{"title":"Zna\u010dkov\u00fd BGS DSG hadice pro pln\u011bn\u00ed p\u0159evodov\u00e9ho oleje pro VAG -","robots":{"index":"index","follow":"follow","max-snippet":"max-snippet:-1","max-image-preview":"max-image-preview:large","max-video-preview":"max-video-preview:-1"},"canonical":"https:\/\/www.koupeltech.com\/index.php\/produkt\/znackovy-bgs-dsg-hadice-pro-plneni-prevodoveho-oleje-pro-vag-40326\/","og_locale":"cs_CZ","og_type":"article","og_title":"Zna\u010dkov\u00fd BGS DSG hadice pro pln\u011bn\u00ed p\u0159evodov\u00e9ho oleje pro VAG -","og_description":"je pot\u0159eba p\u0159i v\u00fdm\u011bn\u011b p\u0159evodov\u00e9ho oleje DSG s adapt\u00e9rem na 1 litr p\u0159evodov\u00e9ho oleje vestav\u011bn\u00fd ventil zabra\u0148uje rozlit\u00ed oleje vhodn\u00e9 pro n\u00e1doby VAG, Motul, Liqui Moly, Meyle atd. pro pou\u017eit\u00ed jako OEM VAS 6262 vn\u011bj\u0161\u00ed z\u00e1vit (strana p\u0159evodovky): M24 x 1,5 < li>vn\u011bj\u0161\u00ed z\u00e1vit (strana n\u00e1doby): M37,5 x 3 V\u00dd\u0160KA BALEN\u00cd V\u00fdrobce BGS Technic Zodpov\u011bdn&#253; [&hellip;]","og_url":"https:\/\/www.koupeltech.com\/index.php\/produkt\/znackovy-bgs-dsg-hadice-pro-plneni-prevodoveho-oleje-pro-vag-40326\/","og_image":[{"width":1000,"height":525,"url":"https:\/\/www.koupeltech.com\/wp-content\/uploads\/2026\/SK0020778-CZ20260425-093449-0-1777080896-bgs-dsg-hadice-pro-plneni-prevodoveho-oleje-pro-vag.webp","type":"image\/webp"}],"twitter_card":"summary_large_image","schema":{"@context":"https:\/\/schema.org","@graph":[{"@type":"WebPage","@id":"https:\/\/www.koupeltech.com\/index.php\/produkt\/znackovy-bgs-dsg-hadice-pro-plneni-prevodoveho-oleje-pro-vag-40326\/","url":"https:\/\/www.koupeltech.com\/index.php\/produkt\/znackovy-bgs-dsg-hadice-pro-plneni-prevodoveho-oleje-pro-vag-40326\/","name":"Zna\u010dkov\u00fd BGS DSG hadice pro pln\u011bn\u00ed p\u0159evodov\u00e9ho oleje pro VAG -","isPartOf":{"@id":"https:\/\/www.koupeltech.com\/#website"},"primaryImageOfPage":{"@id":"https:\/\/www.koupeltech.com\/index.php\/produkt\/znackovy-bgs-dsg-hadice-pro-plneni-prevodoveho-oleje-pro-vag-40326\/#primaryimage"},"image":{"@id":"https:\/\/www.koupeltech.com\/index.php\/produkt\/znackovy-bgs-dsg-hadice-pro-plneni-prevodoveho-oleje-pro-vag-40326\/#primaryimage"},"thumbnailUrl":"https:\/\/www.koupeltech.com\/wp-content\/uploads\/2026\/SK0020778-CZ20260425-093449-0-1777080896-bgs-dsg-hadice-pro-plneni-prevodoveho-oleje-pro-vag.webp","datePublished":"2026-04-27T14:01:52+00:00","breadcrumb":{"@id":"https:\/\/www.koupeltech.com\/index.php\/produkt\/znackovy-bgs-dsg-hadice-pro-plneni-prevodoveho-oleje-pro-vag-40326\/#breadcrumb"},"inLanguage":"cs","potentialAction":[{"@type":"ReadAction","target":["https:\/\/www.koupeltech.com\/index.php\/produkt\/znackovy-bgs-dsg-hadice-pro-plneni-prevodoveho-oleje-pro-vag-40326\/"]}]},{"@type":"ImageObject","inLanguage":"cs","@id":"https:\/\/www.koupeltech.com\/index.php\/produkt\/znackovy-bgs-dsg-hadice-pro-plneni-prevodoveho-oleje-pro-vag-40326\/#primaryimage","url":"https:\/\/www.koupeltech.com\/wp-content\/uploads\/2026\/SK0020778-CZ20260425-093449-0-1777080896-bgs-dsg-hadice-pro-plneni-prevodoveho-oleje-pro-vag.webp","contentUrl":"https:\/\/www.koupeltech.com\/wp-content\/uploads\/2026\/SK0020778-CZ20260425-093449-0-1777080896-bgs-dsg-hadice-pro-plneni-prevodoveho-oleje-pro-vag.webp","width":1000,"height":525},{"@type":"BreadcrumbList","@id":"https:\/\/www.koupeltech.com\/index.php\/produkt\/znackovy-bgs-dsg-hadice-pro-plneni-prevodoveho-oleje-pro-vag-40326\/#breadcrumb","itemListElement":[{"@type":"ListItem","position":1,"name":"Home","item":"https:\/\/www.koupeltech.com\/"},{"@type":"ListItem","position":2,"name":"Products","item":"https:\/\/www.koupeltech.com\/index.php\/products\/"},{"@type":"ListItem","position":3,"name":"Zna\u010dkov\u00fd BGS DSG hadice pro pln\u011bn\u00ed p\u0159evodov\u00e9ho oleje pro VAG"}]},{"@type":"WebSite","@id":"https:\/\/www.koupeltech.com\/#website","url":"https:\/\/www.koupeltech.com\/","name":"","description":"","potentialAction":[{"@type":"SearchAction","target":{"@type":"EntryPoint","urlTemplate":"https:\/\/www.koupeltech.com\/?s={search_term_string}"},"query-input":{"@type":"PropertyValueSpecification","valueRequired":true,"valueName":"search_term_string"}}],"inLanguage":"cs"}]}},"_links":{"self":[{"href":"https:\/\/www.koupeltech.com\/index.php\/wp-json\/wp\/v2\/product\/40326","targetHints":{"allow":["GET"]}}],"collection":[{"href":"https:\/\/www.koupeltech.com\/index.php\/wp-json\/wp\/v2\/product"}],"about":[{"href":"https:\/\/www.koupeltech.com\/index.php\/wp-json\/wp\/v2\/types\/product"}],"replies":[{"embeddable":true,"href":"https:\/\/www.koupeltech.com\/index.php\/wp-json\/wp\/v2\/comments?post=40326"}],"wp:featuredmedia":[{"embeddable":true,"href":"https:\/\/www.koupeltech.com\/index.php\/wp-json\/wp\/v2\/media\/40426"}],"wp:attachment":[{"href":"https:\/\/www.koupeltech.com\/index.php\/wp-json\/wp\/v2\/media?parent=40326"}],"wp:term":[{"taxonomy":"product_brand","embeddable":true,"href":"https:\/\/www.koupeltech.com\/index.php\/wp-json\/wp\/v2\/product_brand?post=40326"},{"taxonomy":"product_cat","embeddable":true,"href":"https:\/\/www.koupeltech.com\/index.php\/wp-json\/wp\/v2\/product_cat?post=40326"},{"taxonomy":"product_tag","embeddable":true,"href":"https:\/\/www.koupeltech.com\/index.php\/wp-json\/wp\/v2\/product_tag?post=40326"}],"curies":[{"name":"wp","href":"https:\/\/api.w.org\/{rel}","templated":true}]}}