{"id":46099,"date":"2026-04-27T14:02:44","date_gmt":"2026-04-27T14:02:44","guid":{"rendered":""},"modified":"2026-04-27T14:02:44","modified_gmt":"2026-04-27T14:02:44","slug":"gude-tryska-na-hrubou-spinu-k-ghd-105-a-ghd-135-cenovy-hit-46099","status":"publish","type":"product","link":"https:\/\/www.koupeltech.com\/index.php\/produkt\/gude-tryska-na-hrubou-spinu-k-ghd-105-a-ghd-135-cenovy-hit-46099\/","title":{"rendered":"G\u00dcDE Tryska na hrubou \u0161p\u00ednu k GHD 105 a GHD 135 Cenov\u00fd Hit"},"content":{"rendered":"<table>\n<div class=\"tab-pane active product-description\" id=\"popis\" role=\"tabpanel\">\n<div class=\"short-description\" itemprop=\"description\"><\/div>\n<div class=\"description\">Vhodn\u00e9 pro :<span class='bullet-line'># 85900 vysokotlak\u00fd \u010disti\u010d GHD 150<\/span><span class='bullet-line'># 85901 vysokotlak\u00fd \u010disti\u010d GHD 135<\/span><span class='bullet-line'># 85904 HD pistole AG1175<\/span><\/div>\n<div class=\"parameters\">\n<tr>\n<td>vhodn\u00e9 pro polo\u017eku \u010d.<\/td>\n<td>85900 + 85901 + 85904<\/td>\n<\/tr>\n<tr>\n<td>D\u00e9lka<\/td>\n<td>32 mm<\/td>\n<\/tr>\n<tr>\n<td>\u0160irok\u00fd<\/td>\n<td>32 mm<\/td>\n<\/tr>\n<tr>\n<td>V\u00fd\u0161ka<\/td>\n<td>99 mm<\/td>\n<\/tr><\/div>\n<\/table>\n","protected":false},"excerpt":{"rendered":"<p>Vhodn\u00e9 pro :# 85900 vysokotlak\u00fd \u010disti\u010d GHD 150# 85901 vysokotlak\u00fd \u010disti\u010d GHD 135# 85904 HD pistole AG1175 vhodn\u00e9 pro polo\u017eku \u010d. 85900 + 85901 + 85904 D\u00e9lka 32 mm \u0160irok\u00fd 32 mm V\u00fd\u0161ka 99 mm<\/p>\n","protected":false},"featured_media":46199,"comment_status":"open","ping_status":"open","template":"","meta":[],"product_brand":[],"product_cat":[49],"product_tag":[],"class_list":{"0":"post-46099","1":"product","2":"type-product","3":"status-publish","4":"has-post-thumbnail","6":"product_cat-cistici-technika","8":"first","9":"instock","10":"sale","11":"shipping-taxable","12":"purchasable","13":"product-type-simple"},"yoast_head":"<!-- This site is optimized with the Yoast SEO plugin v26.8 - https:\/\/yoast.com\/product\/yoast-seo-wordpress\/ -->\n<title>G\u00dcDE Tryska na hrubou \u0161p\u00ednu k GHD 105 a GHD 135 Cenov\u00fd Hit -<\/title>\n<meta name=\"robots\" content=\"index, follow, max-snippet:-1, max-image-preview:large, max-video-preview:-1\" \/>\n<link rel=\"canonical\" href=\"https:\/\/www.koupeltech.com\/index.php\/produkt\/gude-tryska-na-hrubou-spinu-k-ghd-105-a-ghd-135-cenovy-hit-46099\/\" \/>\n<meta property=\"og:locale\" content=\"cs_CZ\" \/>\n<meta property=\"og:type\" content=\"article\" \/>\n<meta property=\"og:title\" content=\"G\u00dcDE Tryska na hrubou \u0161p\u00ednu k GHD 105 a GHD 135 Cenov\u00fd Hit -\" \/>\n<meta property=\"og:description\" content=\"Vhodn\u00e9 pro :# 85900 vysokotlak\u00fd \u010disti\u010d GHD 150# 85901 vysokotlak\u00fd \u010disti\u010d GHD 135# 85904 HD pistole AG1175 vhodn\u00e9 pro polo\u017eku \u010d. 85900 + 85901 + 85904 D\u00e9lka 32 mm \u0160irok\u00fd 32 mm V\u00fd\u0161ka 99 mm\" \/>\n<meta property=\"og:url\" content=\"https:\/\/www.koupeltech.com\/index.php\/produkt\/gude-tryska-na-hrubou-spinu-k-ghd-105-a-ghd-135-cenovy-hit-46099\/\" \/>\n<meta property=\"og:image\" content=\"https:\/\/www.koupeltech.com\/wp-content\/uploads\/2026\/SK0025125-CZ20260425-092328-0-1777080210-1246572-1_112145.webp\" \/>\n\t<meta property=\"og:image:width\" content=\"1000\" \/>\n\t<meta property=\"og:image:height\" content=\"604\" \/>\n\t<meta property=\"og:image:type\" content=\"image\/webp\" \/>\n<meta name=\"twitter:card\" content=\"summary_large_image\" \/>\n<script type=\"application\/ld+json\" class=\"yoast-schema-graph\">{\"@context\":\"https:\/\/schema.org\",\"@graph\":[{\"@type\":\"WebPage\",\"@id\":\"https:\/\/www.koupeltech.com\/index.php\/produkt\/gude-tryska-na-hrubou-spinu-k-ghd-105-a-ghd-135-cenovy-hit-46099\/\",\"url\":\"https:\/\/www.koupeltech.com\/index.php\/produkt\/gude-tryska-na-hrubou-spinu-k-ghd-105-a-ghd-135-cenovy-hit-46099\/\",\"name\":\"G\u00dcDE Tryska na hrubou \u0161p\u00ednu k GHD 105 a GHD 135 Cenov\u00fd Hit -\",\"isPartOf\":{\"@id\":\"https:\/\/www.koupeltech.com\/#website\"},\"primaryImageOfPage\":{\"@id\":\"https:\/\/www.koupeltech.com\/index.php\/produkt\/gude-tryska-na-hrubou-spinu-k-ghd-105-a-ghd-135-cenovy-hit-46099\/#primaryimage\"},\"image\":{\"@id\":\"https:\/\/www.koupeltech.com\/index.php\/produkt\/gude-tryska-na-hrubou-spinu-k-ghd-105-a-ghd-135-cenovy-hit-46099\/#primaryimage\"},\"thumbnailUrl\":\"https:\/\/www.koupeltech.com\/wp-content\/uploads\/2026\/SK0025125-CZ20260425-092328-0-1777080210-1246572-1_112145.webp\",\"datePublished\":\"2026-04-27T14:02:44+00:00\",\"breadcrumb\":{\"@id\":\"https:\/\/www.koupeltech.com\/index.php\/produkt\/gude-tryska-na-hrubou-spinu-k-ghd-105-a-ghd-135-cenovy-hit-46099\/#breadcrumb\"},\"inLanguage\":\"cs\",\"potentialAction\":[{\"@type\":\"ReadAction\",\"target\":[\"https:\/\/www.koupeltech.com\/index.php\/produkt\/gude-tryska-na-hrubou-spinu-k-ghd-105-a-ghd-135-cenovy-hit-46099\/\"]}]},{\"@type\":\"ImageObject\",\"inLanguage\":\"cs\",\"@id\":\"https:\/\/www.koupeltech.com\/index.php\/produkt\/gude-tryska-na-hrubou-spinu-k-ghd-105-a-ghd-135-cenovy-hit-46099\/#primaryimage\",\"url\":\"https:\/\/www.koupeltech.com\/wp-content\/uploads\/2026\/SK0025125-CZ20260425-092328-0-1777080210-1246572-1_112145.webp\",\"contentUrl\":\"https:\/\/www.koupeltech.com\/wp-content\/uploads\/2026\/SK0025125-CZ20260425-092328-0-1777080210-1246572-1_112145.webp\",\"width\":1000,\"height\":604},{\"@type\":\"BreadcrumbList\",\"@id\":\"https:\/\/www.koupeltech.com\/index.php\/produkt\/gude-tryska-na-hrubou-spinu-k-ghd-105-a-ghd-135-cenovy-hit-46099\/#breadcrumb\",\"itemListElement\":[{\"@type\":\"ListItem\",\"position\":1,\"name\":\"Home\",\"item\":\"https:\/\/www.koupeltech.com\/\"},{\"@type\":\"ListItem\",\"position\":2,\"name\":\"Products\",\"item\":\"https:\/\/www.koupeltech.com\/index.php\/products\/\"},{\"@type\":\"ListItem\",\"position\":3,\"name\":\"G\u00dcDE Tryska na hrubou \u0161p\u00ednu k GHD 105 a GHD 135 Cenov\u00fd Hit\"}]},{\"@type\":\"WebSite\",\"@id\":\"https:\/\/www.koupeltech.com\/#website\",\"url\":\"https:\/\/www.koupeltech.com\/\",\"name\":\"\",\"description\":\"\",\"potentialAction\":[{\"@type\":\"SearchAction\",\"target\":{\"@type\":\"EntryPoint\",\"urlTemplate\":\"https:\/\/www.koupeltech.com\/?s={search_term_string}\"},\"query-input\":{\"@type\":\"PropertyValueSpecification\",\"valueRequired\":true,\"valueName\":\"search_term_string\"}}],\"inLanguage\":\"cs\"}]}<\/script>\n<!-- \/ Yoast SEO plugin. -->","yoast_head_json":{"title":"G\u00dcDE Tryska na hrubou \u0161p\u00ednu k GHD 105 a GHD 135 Cenov\u00fd Hit -","robots":{"index":"index","follow":"follow","max-snippet":"max-snippet:-1","max-image-preview":"max-image-preview:large","max-video-preview":"max-video-preview:-1"},"canonical":"https:\/\/www.koupeltech.com\/index.php\/produkt\/gude-tryska-na-hrubou-spinu-k-ghd-105-a-ghd-135-cenovy-hit-46099\/","og_locale":"cs_CZ","og_type":"article","og_title":"G\u00dcDE Tryska na hrubou \u0161p\u00ednu k GHD 105 a GHD 135 Cenov\u00fd Hit -","og_description":"Vhodn\u00e9 pro :# 85900 vysokotlak\u00fd \u010disti\u010d GHD 150# 85901 vysokotlak\u00fd \u010disti\u010d GHD 135# 85904 HD pistole AG1175 vhodn\u00e9 pro polo\u017eku \u010d. 85900 + 85901 + 85904 D\u00e9lka 32 mm \u0160irok\u00fd 32 mm V\u00fd\u0161ka 99 mm","og_url":"https:\/\/www.koupeltech.com\/index.php\/produkt\/gude-tryska-na-hrubou-spinu-k-ghd-105-a-ghd-135-cenovy-hit-46099\/","og_image":[{"width":1000,"height":604,"url":"https:\/\/www.koupeltech.com\/wp-content\/uploads\/2026\/SK0025125-CZ20260425-092328-0-1777080210-1246572-1_112145.webp","type":"image\/webp"}],"twitter_card":"summary_large_image","schema":{"@context":"https:\/\/schema.org","@graph":[{"@type":"WebPage","@id":"https:\/\/www.koupeltech.com\/index.php\/produkt\/gude-tryska-na-hrubou-spinu-k-ghd-105-a-ghd-135-cenovy-hit-46099\/","url":"https:\/\/www.koupeltech.com\/index.php\/produkt\/gude-tryska-na-hrubou-spinu-k-ghd-105-a-ghd-135-cenovy-hit-46099\/","name":"G\u00dcDE Tryska na hrubou \u0161p\u00ednu k GHD 105 a GHD 135 Cenov\u00fd Hit -","isPartOf":{"@id":"https:\/\/www.koupeltech.com\/#website"},"primaryImageOfPage":{"@id":"https:\/\/www.koupeltech.com\/index.php\/produkt\/gude-tryska-na-hrubou-spinu-k-ghd-105-a-ghd-135-cenovy-hit-46099\/#primaryimage"},"image":{"@id":"https:\/\/www.koupeltech.com\/index.php\/produkt\/gude-tryska-na-hrubou-spinu-k-ghd-105-a-ghd-135-cenovy-hit-46099\/#primaryimage"},"thumbnailUrl":"https:\/\/www.koupeltech.com\/wp-content\/uploads\/2026\/SK0025125-CZ20260425-092328-0-1777080210-1246572-1_112145.webp","datePublished":"2026-04-27T14:02:44+00:00","breadcrumb":{"@id":"https:\/\/www.koupeltech.com\/index.php\/produkt\/gude-tryska-na-hrubou-spinu-k-ghd-105-a-ghd-135-cenovy-hit-46099\/#breadcrumb"},"inLanguage":"cs","potentialAction":[{"@type":"ReadAction","target":["https:\/\/www.koupeltech.com\/index.php\/produkt\/gude-tryska-na-hrubou-spinu-k-ghd-105-a-ghd-135-cenovy-hit-46099\/"]}]},{"@type":"ImageObject","inLanguage":"cs","@id":"https:\/\/www.koupeltech.com\/index.php\/produkt\/gude-tryska-na-hrubou-spinu-k-ghd-105-a-ghd-135-cenovy-hit-46099\/#primaryimage","url":"https:\/\/www.koupeltech.com\/wp-content\/uploads\/2026\/SK0025125-CZ20260425-092328-0-1777080210-1246572-1_112145.webp","contentUrl":"https:\/\/www.koupeltech.com\/wp-content\/uploads\/2026\/SK0025125-CZ20260425-092328-0-1777080210-1246572-1_112145.webp","width":1000,"height":604},{"@type":"BreadcrumbList","@id":"https:\/\/www.koupeltech.com\/index.php\/produkt\/gude-tryska-na-hrubou-spinu-k-ghd-105-a-ghd-135-cenovy-hit-46099\/#breadcrumb","itemListElement":[{"@type":"ListItem","position":1,"name":"Home","item":"https:\/\/www.koupeltech.com\/"},{"@type":"ListItem","position":2,"name":"Products","item":"https:\/\/www.koupeltech.com\/index.php\/products\/"},{"@type":"ListItem","position":3,"name":"G\u00dcDE Tryska na hrubou \u0161p\u00ednu k GHD 105 a GHD 135 Cenov\u00fd Hit"}]},{"@type":"WebSite","@id":"https:\/\/www.koupeltech.com\/#website","url":"https:\/\/www.koupeltech.com\/","name":"","description":"","potentialAction":[{"@type":"SearchAction","target":{"@type":"EntryPoint","urlTemplate":"https:\/\/www.koupeltech.com\/?s={search_term_string}"},"query-input":{"@type":"PropertyValueSpecification","valueRequired":true,"valueName":"search_term_string"}}],"inLanguage":"cs"}]}},"_links":{"self":[{"href":"https:\/\/www.koupeltech.com\/index.php\/wp-json\/wp\/v2\/product\/46099","targetHints":{"allow":["GET"]}}],"collection":[{"href":"https:\/\/www.koupeltech.com\/index.php\/wp-json\/wp\/v2\/product"}],"about":[{"href":"https:\/\/www.koupeltech.com\/index.php\/wp-json\/wp\/v2\/types\/product"}],"replies":[{"embeddable":true,"href":"https:\/\/www.koupeltech.com\/index.php\/wp-json\/wp\/v2\/comments?post=46099"}],"wp:featuredmedia":[{"embeddable":true,"href":"https:\/\/www.koupeltech.com\/index.php\/wp-json\/wp\/v2\/media\/46199"}],"wp:attachment":[{"href":"https:\/\/www.koupeltech.com\/index.php\/wp-json\/wp\/v2\/media?parent=46099"}],"wp:term":[{"taxonomy":"product_brand","embeddable":true,"href":"https:\/\/www.koupeltech.com\/index.php\/wp-json\/wp\/v2\/product_brand?post=46099"},{"taxonomy":"product_cat","embeddable":true,"href":"https:\/\/www.koupeltech.com\/index.php\/wp-json\/wp\/v2\/product_cat?post=46099"},{"taxonomy":"product_tag","embeddable":true,"href":"https:\/\/www.koupeltech.com\/index.php\/wp-json\/wp\/v2\/product_tag?post=46099"}],"curies":[{"name":"wp","href":"https:\/\/api.w.org\/{rel}","templated":true}]}}