{"id":49178,"date":"2026-04-27T14:03:12","date_gmt":"2026-04-27T14:03:12","guid":{"rendered":""},"modified":"2026-04-27T14:03:12","modified_gmt":"2026-04-27T14:03:12","slug":"top-prodej-cersanit-zrcadlova-skrinka-larga-40-modra-s932-011-49178","status":"publish","type":"product","link":"https:\/\/www.koupeltech.com\/index.php\/produkt\/top-prodej-cersanit-zrcadlova-skrinka-larga-40-modra-s932-011-49178\/","title":{"rendered":"Top Prodej CERSANIT &#8211; Zrcadlov\u00e1 sk\u0159\u00ed\u0148ka LARGA 40 modr\u00e1 S932-011"},"content":{"rendered":"<div class=\"basic-description\">\n<h3>Detailn\u00ed popis produktu<\/h3>\n<p class=\"\"><strong>Zrcadlov\u00e1 sk\u0159\u00ed\u0148ka LARGA 40 modr\u00e1<\/strong> (S932-011)<\/p>\n<ul>\n<li>\u0161\u00ed\u0159ka: 40 cm<\/li>\n<li>hloubka: 16,2 cm<\/li>\n<li>v\u00fd\u0161ka: 80 cm<\/li>\n<li>d\u0159evot\u0159\u00edskov\u00e1 deska<\/li>\n<li>univerz\u00e1ln\u00ed otv\u00edr\u00e1n\u00ed prav\u00e1\/ lev\u00e1<\/li>\n<\/ul>\n<p>Horn\u00ed zrcadlov\u00e1 sk\u0159\u00ed\u0148ka z laminovan\u00e9 d\u0159evot\u0159\u00edskov\u00e9 desky a se st\u0159\u00edbrnou \u00fachytkou. Uvnit\u0159 jsou 3 sklen\u011bn\u00e9 police a panty jsou s m\u011bkk\u00fdm dov\u00edr\u00e1n\u00edm.<\/p>\n<\/p>\n<\/p><\/div>\n<div class=\"extended-description\">\n<h3>Dopl\u0148kov\u00e9 parametry<\/h3>\n<table class=\"detail-parameters\">\n<tbody>\n<tr>\n<th>        <span class=\"row-header-label\">            Kategorie<span class=\"row-header-label-colon\">:<\/span>        <\/span>    <\/th>\n<td>            <\/td>\n<\/tr>\n<tr>\n<th>            <span class=\"row-header-label\">                Z\u00e1ruka<span class=\"row-header-label-colon\">:<\/span>            <\/span>        <\/th>\n<td>            24        <\/td>\n<\/tr>\n<tr>\n<th>            <span class=\"row-header-label\">                Hmotnost<span class=\"row-header-label-colon\">:<\/span>            <\/span>        <\/th>\n<td>            14.3 kg        <\/td>\n<\/tr>\n<tr class=\"productEan\">\n<th>          <span class=\"row-header-label productEan__label\">              EAN<span class=\"row-header-label-colon\">:<\/span>          <\/span>      <\/th>\n<td>          <span class=\"productEan__value\">5901771005803<\/span>      <\/td>\n<\/tr>\n<tr>\n<th>                <span class=\"row-header-label\">                                            Dostupnost<span class=\"row-header-label-colon\">:<\/span>                                    <\/span>            <\/th>\n<td>                                                            Skladem                                                <\/td>\n<\/tr>\n<\/tbody>\n<\/table><\/div>\n<\/p><\/div>\n<\/p><\/div>\n","protected":false},"excerpt":{"rendered":"<p>Detailn\u00ed popis produktu Zrcadlov\u00e1 sk\u0159\u00ed\u0148ka LARGA 40 modr\u00e1 (S932-011) \u0161\u00ed\u0159ka: 40 cm hloubka: 16,2 cm v\u00fd\u0161ka: 80 cm d\u0159evot\u0159\u00edskov\u00e1 deska univerz\u00e1ln\u00ed otv\u00edr\u00e1n\u00ed prav\u00e1\/ lev\u00e1 Horn\u00ed zrcadlov\u00e1 sk\u0159\u00ed\u0148ka z laminovan\u00e9 d\u0159evot\u0159\u00edskov\u00e9 desky a se st\u0159\u00edbrnou \u00fachytkou. Uvnit\u0159 jsou 3 sklen\u011bn\u00e9 police a panty jsou s m\u011bkk\u00fdm dov\u00edr\u00e1n\u00edm. Dopl\u0148kov\u00e9 parametry Kategorie: Z\u00e1ruka: 24 Hmotnost: 14.3 kg EAN: [&hellip;]<\/p>\n","protected":false},"featured_media":49278,"comment_status":"open","ping_status":"open","template":"","meta":[],"product_brand":[],"product_cat":[66],"product_tag":[],"class_list":{"0":"post-49178","1":"product","2":"type-product","3":"status-publish","4":"has-post-thumbnail","6":"product_cat-galerky","8":"first","9":"instock","10":"sale","11":"shipping-taxable","12":"purchasable","13":"product-type-simple"},"yoast_head":"<!-- This site is optimized with the Yoast SEO plugin v26.8 - https:\/\/yoast.com\/product\/yoast-seo-wordpress\/ -->\n<title>Top Prodej CERSANIT - Zrcadlov\u00e1 sk\u0159\u00ed\u0148ka LARGA 40 modr\u00e1 S932-011 -<\/title>\n<meta name=\"robots\" content=\"index, follow, max-snippet:-1, max-image-preview:large, max-video-preview:-1\" \/>\n<link rel=\"canonical\" href=\"https:\/\/www.koupeltech.com\/index.php\/produkt\/top-prodej-cersanit-zrcadlova-skrinka-larga-40-modra-s932-011-49178\/\" \/>\n<meta property=\"og:locale\" content=\"cs_CZ\" \/>\n<meta property=\"og:type\" content=\"article\" \/>\n<meta property=\"og:title\" content=\"Top Prodej CERSANIT - Zrcadlov\u00e1 sk\u0159\u00ed\u0148ka LARGA 40 modr\u00e1 S932-011 -\" \/>\n<meta property=\"og:description\" content=\"Detailn\u00ed popis produktu Zrcadlov\u00e1 sk\u0159\u00ed\u0148ka LARGA 40 modr\u00e1 (S932-011) \u0161\u00ed\u0159ka: 40 cm hloubka: 16,2 cm v\u00fd\u0161ka: 80 cm d\u0159evot\u0159\u00edskov\u00e1 deska univerz\u00e1ln\u00ed otv\u00edr\u00e1n\u00ed prav\u00e1\/ lev\u00e1 Horn\u00ed zrcadlov\u00e1 sk\u0159\u00ed\u0148ka z laminovan\u00e9 d\u0159evot\u0159\u00edskov\u00e9 desky a se st\u0159\u00edbrnou \u00fachytkou. Uvnit\u0159 jsou 3 sklen\u011bn\u00e9 police a panty jsou s m\u011bkk\u00fdm dov\u00edr\u00e1n\u00edm. Dopl\u0148kov\u00e9 parametry Kategorie: Z\u00e1ruka: 24 Hmotnost: 14.3 kg EAN: [&hellip;]\" \/>\n<meta property=\"og:url\" content=\"https:\/\/www.koupeltech.com\/index.php\/produkt\/top-prodej-cersanit-zrcadlova-skrinka-larga-40-modra-s932-011-49178\/\" \/>\n<meta property=\"og:image\" content=\"https:\/\/www.koupeltech.com\/wp-content\/uploads\/2026\/SK0026572-CZ20260425-092556-0-1777080363-1908091_cersanit-zrcadlova-skrinka-larga-40-modra-s932-011..webp\" \/>\n\t<meta property=\"og:image:width\" content=\"1000\" \/>\n\t<meta property=\"og:image:height\" content=\"750\" \/>\n\t<meta property=\"og:image:type\" content=\"image\/webp\" \/>\n<meta name=\"twitter:card\" content=\"summary_large_image\" \/>\n<script type=\"application\/ld+json\" class=\"yoast-schema-graph\">{\"@context\":\"https:\/\/schema.org\",\"@graph\":[{\"@type\":\"WebPage\",\"@id\":\"https:\/\/www.koupeltech.com\/index.php\/produkt\/top-prodej-cersanit-zrcadlova-skrinka-larga-40-modra-s932-011-49178\/\",\"url\":\"https:\/\/www.koupeltech.com\/index.php\/produkt\/top-prodej-cersanit-zrcadlova-skrinka-larga-40-modra-s932-011-49178\/\",\"name\":\"Top Prodej CERSANIT - Zrcadlov\u00e1 sk\u0159\u00ed\u0148ka LARGA 40 modr\u00e1 S932-011 -\",\"isPartOf\":{\"@id\":\"https:\/\/www.koupeltech.com\/#website\"},\"primaryImageOfPage\":{\"@id\":\"https:\/\/www.koupeltech.com\/index.php\/produkt\/top-prodej-cersanit-zrcadlova-skrinka-larga-40-modra-s932-011-49178\/#primaryimage\"},\"image\":{\"@id\":\"https:\/\/www.koupeltech.com\/index.php\/produkt\/top-prodej-cersanit-zrcadlova-skrinka-larga-40-modra-s932-011-49178\/#primaryimage\"},\"thumbnailUrl\":\"https:\/\/www.koupeltech.com\/wp-content\/uploads\/2026\/SK0026572-CZ20260425-092556-0-1777080363-1908091_cersanit-zrcadlova-skrinka-larga-40-modra-s932-011..webp\",\"datePublished\":\"2026-04-27T14:03:12+00:00\",\"breadcrumb\":{\"@id\":\"https:\/\/www.koupeltech.com\/index.php\/produkt\/top-prodej-cersanit-zrcadlova-skrinka-larga-40-modra-s932-011-49178\/#breadcrumb\"},\"inLanguage\":\"cs\",\"potentialAction\":[{\"@type\":\"ReadAction\",\"target\":[\"https:\/\/www.koupeltech.com\/index.php\/produkt\/top-prodej-cersanit-zrcadlova-skrinka-larga-40-modra-s932-011-49178\/\"]}]},{\"@type\":\"ImageObject\",\"inLanguage\":\"cs\",\"@id\":\"https:\/\/www.koupeltech.com\/index.php\/produkt\/top-prodej-cersanit-zrcadlova-skrinka-larga-40-modra-s932-011-49178\/#primaryimage\",\"url\":\"https:\/\/www.koupeltech.com\/wp-content\/uploads\/2026\/SK0026572-CZ20260425-092556-0-1777080363-1908091_cersanit-zrcadlova-skrinka-larga-40-modra-s932-011..webp\",\"contentUrl\":\"https:\/\/www.koupeltech.com\/wp-content\/uploads\/2026\/SK0026572-CZ20260425-092556-0-1777080363-1908091_cersanit-zrcadlova-skrinka-larga-40-modra-s932-011..webp\",\"width\":1000,\"height\":750},{\"@type\":\"BreadcrumbList\",\"@id\":\"https:\/\/www.koupeltech.com\/index.php\/produkt\/top-prodej-cersanit-zrcadlova-skrinka-larga-40-modra-s932-011-49178\/#breadcrumb\",\"itemListElement\":[{\"@type\":\"ListItem\",\"position\":1,\"name\":\"Home\",\"item\":\"https:\/\/www.koupeltech.com\/\"},{\"@type\":\"ListItem\",\"position\":2,\"name\":\"Products\",\"item\":\"https:\/\/www.koupeltech.com\/index.php\/products\/\"},{\"@type\":\"ListItem\",\"position\":3,\"name\":\"Top Prodej CERSANIT &#8211; Zrcadlov\u00e1 sk\u0159\u00ed\u0148ka LARGA 40 modr\u00e1 S932-011\"}]},{\"@type\":\"WebSite\",\"@id\":\"https:\/\/www.koupeltech.com\/#website\",\"url\":\"https:\/\/www.koupeltech.com\/\",\"name\":\"\",\"description\":\"\",\"potentialAction\":[{\"@type\":\"SearchAction\",\"target\":{\"@type\":\"EntryPoint\",\"urlTemplate\":\"https:\/\/www.koupeltech.com\/?s={search_term_string}\"},\"query-input\":{\"@type\":\"PropertyValueSpecification\",\"valueRequired\":true,\"valueName\":\"search_term_string\"}}],\"inLanguage\":\"cs\"}]}<\/script>\n<!-- \/ Yoast SEO plugin. -->","yoast_head_json":{"title":"Top Prodej CERSANIT - Zrcadlov\u00e1 sk\u0159\u00ed\u0148ka LARGA 40 modr\u00e1 S932-011 -","robots":{"index":"index","follow":"follow","max-snippet":"max-snippet:-1","max-image-preview":"max-image-preview:large","max-video-preview":"max-video-preview:-1"},"canonical":"https:\/\/www.koupeltech.com\/index.php\/produkt\/top-prodej-cersanit-zrcadlova-skrinka-larga-40-modra-s932-011-49178\/","og_locale":"cs_CZ","og_type":"article","og_title":"Top Prodej CERSANIT - Zrcadlov\u00e1 sk\u0159\u00ed\u0148ka LARGA 40 modr\u00e1 S932-011 -","og_description":"Detailn\u00ed popis produktu Zrcadlov\u00e1 sk\u0159\u00ed\u0148ka LARGA 40 modr\u00e1 (S932-011) \u0161\u00ed\u0159ka: 40 cm hloubka: 16,2 cm v\u00fd\u0161ka: 80 cm d\u0159evot\u0159\u00edskov\u00e1 deska univerz\u00e1ln\u00ed otv\u00edr\u00e1n\u00ed prav\u00e1\/ lev\u00e1 Horn\u00ed zrcadlov\u00e1 sk\u0159\u00ed\u0148ka z laminovan\u00e9 d\u0159evot\u0159\u00edskov\u00e9 desky a se st\u0159\u00edbrnou \u00fachytkou. Uvnit\u0159 jsou 3 sklen\u011bn\u00e9 police a panty jsou s m\u011bkk\u00fdm dov\u00edr\u00e1n\u00edm. Dopl\u0148kov\u00e9 parametry Kategorie: Z\u00e1ruka: 24 Hmotnost: 14.3 kg EAN: [&hellip;]","og_url":"https:\/\/www.koupeltech.com\/index.php\/produkt\/top-prodej-cersanit-zrcadlova-skrinka-larga-40-modra-s932-011-49178\/","og_image":[{"width":1000,"height":750,"url":"https:\/\/www.koupeltech.com\/wp-content\/uploads\/2026\/SK0026572-CZ20260425-092556-0-1777080363-1908091_cersanit-zrcadlova-skrinka-larga-40-modra-s932-011..webp","type":"image\/webp"}],"twitter_card":"summary_large_image","schema":{"@context":"https:\/\/schema.org","@graph":[{"@type":"WebPage","@id":"https:\/\/www.koupeltech.com\/index.php\/produkt\/top-prodej-cersanit-zrcadlova-skrinka-larga-40-modra-s932-011-49178\/","url":"https:\/\/www.koupeltech.com\/index.php\/produkt\/top-prodej-cersanit-zrcadlova-skrinka-larga-40-modra-s932-011-49178\/","name":"Top Prodej CERSANIT - Zrcadlov\u00e1 sk\u0159\u00ed\u0148ka LARGA 40 modr\u00e1 S932-011 -","isPartOf":{"@id":"https:\/\/www.koupeltech.com\/#website"},"primaryImageOfPage":{"@id":"https:\/\/www.koupeltech.com\/index.php\/produkt\/top-prodej-cersanit-zrcadlova-skrinka-larga-40-modra-s932-011-49178\/#primaryimage"},"image":{"@id":"https:\/\/www.koupeltech.com\/index.php\/produkt\/top-prodej-cersanit-zrcadlova-skrinka-larga-40-modra-s932-011-49178\/#primaryimage"},"thumbnailUrl":"https:\/\/www.koupeltech.com\/wp-content\/uploads\/2026\/SK0026572-CZ20260425-092556-0-1777080363-1908091_cersanit-zrcadlova-skrinka-larga-40-modra-s932-011..webp","datePublished":"2026-04-27T14:03:12+00:00","breadcrumb":{"@id":"https:\/\/www.koupeltech.com\/index.php\/produkt\/top-prodej-cersanit-zrcadlova-skrinka-larga-40-modra-s932-011-49178\/#breadcrumb"},"inLanguage":"cs","potentialAction":[{"@type":"ReadAction","target":["https:\/\/www.koupeltech.com\/index.php\/produkt\/top-prodej-cersanit-zrcadlova-skrinka-larga-40-modra-s932-011-49178\/"]}]},{"@type":"ImageObject","inLanguage":"cs","@id":"https:\/\/www.koupeltech.com\/index.php\/produkt\/top-prodej-cersanit-zrcadlova-skrinka-larga-40-modra-s932-011-49178\/#primaryimage","url":"https:\/\/www.koupeltech.com\/wp-content\/uploads\/2026\/SK0026572-CZ20260425-092556-0-1777080363-1908091_cersanit-zrcadlova-skrinka-larga-40-modra-s932-011..webp","contentUrl":"https:\/\/www.koupeltech.com\/wp-content\/uploads\/2026\/SK0026572-CZ20260425-092556-0-1777080363-1908091_cersanit-zrcadlova-skrinka-larga-40-modra-s932-011..webp","width":1000,"height":750},{"@type":"BreadcrumbList","@id":"https:\/\/www.koupeltech.com\/index.php\/produkt\/top-prodej-cersanit-zrcadlova-skrinka-larga-40-modra-s932-011-49178\/#breadcrumb","itemListElement":[{"@type":"ListItem","position":1,"name":"Home","item":"https:\/\/www.koupeltech.com\/"},{"@type":"ListItem","position":2,"name":"Products","item":"https:\/\/www.koupeltech.com\/index.php\/products\/"},{"@type":"ListItem","position":3,"name":"Top Prodej CERSANIT &#8211; Zrcadlov\u00e1 sk\u0159\u00ed\u0148ka LARGA 40 modr\u00e1 S932-011"}]},{"@type":"WebSite","@id":"https:\/\/www.koupeltech.com\/#website","url":"https:\/\/www.koupeltech.com\/","name":"","description":"","potentialAction":[{"@type":"SearchAction","target":{"@type":"EntryPoint","urlTemplate":"https:\/\/www.koupeltech.com\/?s={search_term_string}"},"query-input":{"@type":"PropertyValueSpecification","valueRequired":true,"valueName":"search_term_string"}}],"inLanguage":"cs"}]}},"_links":{"self":[{"href":"https:\/\/www.koupeltech.com\/index.php\/wp-json\/wp\/v2\/product\/49178","targetHints":{"allow":["GET"]}}],"collection":[{"href":"https:\/\/www.koupeltech.com\/index.php\/wp-json\/wp\/v2\/product"}],"about":[{"href":"https:\/\/www.koupeltech.com\/index.php\/wp-json\/wp\/v2\/types\/product"}],"replies":[{"embeddable":true,"href":"https:\/\/www.koupeltech.com\/index.php\/wp-json\/wp\/v2\/comments?post=49178"}],"wp:featuredmedia":[{"embeddable":true,"href":"https:\/\/www.koupeltech.com\/index.php\/wp-json\/wp\/v2\/media\/49278"}],"wp:attachment":[{"href":"https:\/\/www.koupeltech.com\/index.php\/wp-json\/wp\/v2\/media?parent=49178"}],"wp:term":[{"taxonomy":"product_brand","embeddable":true,"href":"https:\/\/www.koupeltech.com\/index.php\/wp-json\/wp\/v2\/product_brand?post=49178"},{"taxonomy":"product_cat","embeddable":true,"href":"https:\/\/www.koupeltech.com\/index.php\/wp-json\/wp\/v2\/product_cat?post=49178"},{"taxonomy":"product_tag","embeddable":true,"href":"https:\/\/www.koupeltech.com\/index.php\/wp-json\/wp\/v2\/product_tag?post=49178"}],"curies":[{"name":"wp","href":"https:\/\/api.w.org\/{rel}","templated":true}]}}