{"id":54093,"date":"2026-04-27T14:04:00","date_gmt":"2026-04-27T14:04:00","guid":{"rendered":""},"modified":"2026-04-27T14:04:00","modified_gmt":"2026-04-27T14:04:00","slug":"de-gusto-rendlik-stonite-16-cm-nejprodavanejsi-54093","status":"publish","type":"product","link":"https:\/\/www.koupeltech.com\/index.php\/produkt\/de-gusto-rendlik-stonite-16-cm-nejprodavanejsi-54093\/","title":{"rendered":"De Gusto Rendl\u00edk STONITE 16 cm Nejprod\u00e1van\u011bj\u0161\u00ed"},"content":{"rendered":"<div id=\"e4616537\" class=\"pages\">\n<div>\n<div id=\"PDDescription\" class=\"UserContentView userContent v1a v1 bs-view dcon dc164 PDDescription\" ><dc-con><dc-con><bs-empty><\/bs-empty><\/dc-con><dc-con>        <\/p>\n<div class=\"customDescription\">                    <\/div>\n<p><\/dc-con><dc-con><\/p>\n<h2>Rendl\u00edk STONITE 16 cm<\/h2>\n<p>R\u00e1di va\u0159\u00edte zdrav\u011b a dietn\u011b, ale z\u00e1rove\u0148 chutn\u011b? S<strong> rendl\u00edkem Stonite <\/strong>p\u0159iprav\u00edte zdrav\u00e9 a chutn\u00e9 pokrmy s minimem p\u0159idan\u00fdch tuk\u016f!<\/p>\n<p>T\u011blo rendl\u00edku je vyrobeno z anodizovan\u00e9ho hlin\u00edku, kter\u00fd zaji\u0161\u0165uje tvarovou st\u00e1lost a v\u00fdborn\u00fd rozvod tepla. Nep\u0159ilnav\u00fd povrch STONITE velmi dob\u0159e odol\u00e1v\u00e1 v\u016f\u010di vysok\u00fdm teplot\u00e1m, tepeln\u00fdm \u0161ok\u016fm, ale i mechanick\u00e9mu opot\u0159eben\u00ed. V p\u0159\u00edpad\u011b p\u0159eh\u0159\u00e1t\u00ed pr\u00e1zdn\u00e9 n\u00e1doby se neuvol\u0148uj\u00ed \u017e\u00e1dn\u00e9 \u0161kodliv\u00e9 l\u00e1tky. <strong>Rendl\u00edk STONITE<\/strong> je vhodn\u00fd pro v\u0161echny druhy oh\u0159evu v\u010detn\u011b indukce.<\/p>\n<h3>Rendl\u00edk STONITE &#8211; parametry:<\/h3>\n<ul>\n<li>ergonomick\u00e9 soft-touch dr\u017eadlo<\/li>\n<li>pro v\u0161echny typy spor\u00e1k\u016f v\u010detn\u011b indukce<\/li>\n<li>vysok\u00e1 tepeln\u00e1 odolnost<\/li>\n<li>non stick stonite nep\u0159ilnav\u00fd povrch<\/li>\n<li>vnit\u0159n\u00ed vrstva s antiadhezn\u00edm povlakem, kter\u00fd m\u00e1 charakter nele\u0161t\u011bn\u00e9ho p\u0159\u00edrodn\u00edho kamene<\/li>\n<li>lze m\u00fdt v my\u010dce n\u00e1dob\u00ed<\/li>\n<li><strong>pr\u016fm\u011br 16 cm<\/strong><\/li>\n<li><strong>objem 1 litr<\/strong><\/li>\n<li><span style=\"color: #0000ff;\">ZDARMA sklen\u011bn\u00e1 poklice<\/span><\/li>\n<\/ul>\n<p>Na <strong>rendl\u00edk STONITE<\/strong> poskytujeme z\u00e1ruku v d\u00e9lce 24 m\u011bs\u00edc\u016f.<\/p>\n<p><\/dc-con><\/dc-con><\/div>\n<\/p><\/div>\n<div id=\"PDTable3\" class=\"ProductDetailTableView v3a v3 bs-view dcon dc185 PDTable3\" >\n<table>\n<thead><\/thead>\n<tbody>\n<tr class=\"attribute attr_bsshop_maker\">\n<td class=\"caption\">V\u00fdrobce<\/td>\n<td class=\"value\">De Gusto<\/td>\n<\/tr>\n<\/tbody>\n<\/table>\n<\/div>\n<div id=\"ProductMedia\" class=\"ProductMediaView MediaViewBase v1a v1 bs-view dcon dc409 ProductMedia\" ><bs-empty><\/bs-empty><\/p>\n<div class=\"files\">\n<div class=\"title sub\">Soubory<\/div>\n<p><a href=\"\/media\/8294\/rendlik-stonite.pdf?&amp;key=ZGpmIyQwNUZfODI5NA==\" class=\"pdf\">rendlik_stonite.pdf<\/a><\/div>\n<p><bs-empty><\/bs-empty><\/div>\n<\/div>\n<div id=\"e4616538\" class=\"tabs\">\n","protected":false},"excerpt":{"rendered":"<p>Rendl\u00edk STONITE 16 cm R\u00e1di va\u0159\u00edte zdrav\u011b a dietn\u011b, ale z\u00e1rove\u0148 chutn\u011b? S rendl\u00edkem Stonite p\u0159iprav\u00edte zdrav\u00e9 a chutn\u00e9 pokrmy s minimem p\u0159idan\u00fdch tuk\u016f! T\u011blo rendl\u00edku je vyrobeno z anodizovan\u00e9ho hlin\u00edku, kter\u00fd zaji\u0161\u0165uje tvarovou st\u00e1lost a v\u00fdborn\u00fd rozvod tepla. Nep\u0159ilnav\u00fd povrch STONITE velmi dob\u0159e odol\u00e1v\u00e1 v\u016f\u010di vysok\u00fdm teplot\u00e1m, tepeln\u00fdm \u0161ok\u016fm, ale i mechanick\u00e9mu opot\u0159eben\u00ed. V [&hellip;]<\/p>\n","protected":false},"featured_media":54193,"comment_status":"open","ping_status":"open","template":"","meta":[],"product_brand":[],"product_cat":[95],"product_tag":[],"class_list":{"0":"post-54093","1":"product","2":"type-product","3":"status-publish","4":"has-post-thumbnail","6":"product_cat-pochutiny-dum-a-zahrada","8":"first","9":"instock","10":"sale","11":"shipping-taxable","12":"purchasable","13":"product-type-simple"},"yoast_head":"<!-- This site is optimized with the Yoast SEO plugin v26.8 - https:\/\/yoast.com\/product\/yoast-seo-wordpress\/ -->\n<title>De Gusto Rendl\u00edk STONITE 16 cm Nejprod\u00e1van\u011bj\u0161\u00ed -<\/title>\n<meta name=\"robots\" content=\"index, follow, max-snippet:-1, max-image-preview:large, max-video-preview:-1\" \/>\n<link rel=\"canonical\" href=\"https:\/\/www.koupeltech.com\/index.php\/produkt\/de-gusto-rendlik-stonite-16-cm-nejprodavanejsi-54093\/\" \/>\n<meta property=\"og:locale\" content=\"cs_CZ\" \/>\n<meta property=\"og:type\" content=\"article\" \/>\n<meta property=\"og:title\" content=\"De Gusto Rendl\u00edk STONITE 16 cm Nejprod\u00e1van\u011bj\u0161\u00ed -\" \/>\n<meta property=\"og:description\" content=\"Rendl\u00edk STONITE 16 cm R\u00e1di va\u0159\u00edte zdrav\u011b a dietn\u011b, ale z\u00e1rove\u0148 chutn\u011b? S rendl\u00edkem Stonite p\u0159iprav\u00edte zdrav\u00e9 a chutn\u00e9 pokrmy s minimem p\u0159idan\u00fdch tuk\u016f! T\u011blo rendl\u00edku je vyrobeno z anodizovan\u00e9ho hlin\u00edku, kter\u00fd zaji\u0161\u0165uje tvarovou st\u00e1lost a v\u00fdborn\u00fd rozvod tepla. Nep\u0159ilnav\u00fd povrch STONITE velmi dob\u0159e odol\u00e1v\u00e1 v\u016f\u010di vysok\u00fdm teplot\u00e1m, tepeln\u00fdm \u0161ok\u016fm, ale i mechanick\u00e9mu opot\u0159eben\u00ed. V [&hellip;]\" \/>\n<meta property=\"og:url\" content=\"https:\/\/www.koupeltech.com\/index.php\/produkt\/de-gusto-rendlik-stonite-16-cm-nejprodavanejsi-54093\/\" \/>\n<meta property=\"og:image\" content=\"https:\/\/www.koupeltech.com\/wp-content\/uploads\/2026\/SK0021035-CZ20260425-093449-0-1777080896-de-gusto-rendlik-stonite-16-cm.webp\" \/>\n\t<meta property=\"og:image:width\" content=\"1000\" \/>\n\t<meta property=\"og:image:height\" content=\"525\" \/>\n\t<meta property=\"og:image:type\" content=\"image\/webp\" \/>\n<meta name=\"twitter:card\" content=\"summary_large_image\" \/>\n<meta name=\"twitter:label1\" content=\"Odhadovan\u00e1 doba \u010dten\u00ed\" \/>\n\t<meta name=\"twitter:data1\" content=\"1 minuta\" \/>\n<script type=\"application\/ld+json\" class=\"yoast-schema-graph\">{\"@context\":\"https:\/\/schema.org\",\"@graph\":[{\"@type\":\"WebPage\",\"@id\":\"https:\/\/www.koupeltech.com\/index.php\/produkt\/de-gusto-rendlik-stonite-16-cm-nejprodavanejsi-54093\/\",\"url\":\"https:\/\/www.koupeltech.com\/index.php\/produkt\/de-gusto-rendlik-stonite-16-cm-nejprodavanejsi-54093\/\",\"name\":\"De Gusto Rendl\u00edk STONITE 16 cm Nejprod\u00e1van\u011bj\u0161\u00ed -\",\"isPartOf\":{\"@id\":\"https:\/\/www.koupeltech.com\/#website\"},\"primaryImageOfPage\":{\"@id\":\"https:\/\/www.koupeltech.com\/index.php\/produkt\/de-gusto-rendlik-stonite-16-cm-nejprodavanejsi-54093\/#primaryimage\"},\"image\":{\"@id\":\"https:\/\/www.koupeltech.com\/index.php\/produkt\/de-gusto-rendlik-stonite-16-cm-nejprodavanejsi-54093\/#primaryimage\"},\"thumbnailUrl\":\"https:\/\/www.koupeltech.com\/wp-content\/uploads\/2026\/SK0021035-CZ20260425-093449-0-1777080896-de-gusto-rendlik-stonite-16-cm.webp\",\"datePublished\":\"2026-04-27T14:04:00+00:00\",\"breadcrumb\":{\"@id\":\"https:\/\/www.koupeltech.com\/index.php\/produkt\/de-gusto-rendlik-stonite-16-cm-nejprodavanejsi-54093\/#breadcrumb\"},\"inLanguage\":\"cs\",\"potentialAction\":[{\"@type\":\"ReadAction\",\"target\":[\"https:\/\/www.koupeltech.com\/index.php\/produkt\/de-gusto-rendlik-stonite-16-cm-nejprodavanejsi-54093\/\"]}]},{\"@type\":\"ImageObject\",\"inLanguage\":\"cs\",\"@id\":\"https:\/\/www.koupeltech.com\/index.php\/produkt\/de-gusto-rendlik-stonite-16-cm-nejprodavanejsi-54093\/#primaryimage\",\"url\":\"https:\/\/www.koupeltech.com\/wp-content\/uploads\/2026\/SK0021035-CZ20260425-093449-0-1777080896-de-gusto-rendlik-stonite-16-cm.webp\",\"contentUrl\":\"https:\/\/www.koupeltech.com\/wp-content\/uploads\/2026\/SK0021035-CZ20260425-093449-0-1777080896-de-gusto-rendlik-stonite-16-cm.webp\",\"width\":1000,\"height\":525},{\"@type\":\"BreadcrumbList\",\"@id\":\"https:\/\/www.koupeltech.com\/index.php\/produkt\/de-gusto-rendlik-stonite-16-cm-nejprodavanejsi-54093\/#breadcrumb\",\"itemListElement\":[{\"@type\":\"ListItem\",\"position\":1,\"name\":\"Home\",\"item\":\"https:\/\/www.koupeltech.com\/\"},{\"@type\":\"ListItem\",\"position\":2,\"name\":\"Products\",\"item\":\"https:\/\/www.koupeltech.com\/index.php\/products\/\"},{\"@type\":\"ListItem\",\"position\":3,\"name\":\"De Gusto Rendl\u00edk STONITE 16 cm Nejprod\u00e1van\u011bj\u0161\u00ed\"}]},{\"@type\":\"WebSite\",\"@id\":\"https:\/\/www.koupeltech.com\/#website\",\"url\":\"https:\/\/www.koupeltech.com\/\",\"name\":\"\",\"description\":\"\",\"potentialAction\":[{\"@type\":\"SearchAction\",\"target\":{\"@type\":\"EntryPoint\",\"urlTemplate\":\"https:\/\/www.koupeltech.com\/?s={search_term_string}\"},\"query-input\":{\"@type\":\"PropertyValueSpecification\",\"valueRequired\":true,\"valueName\":\"search_term_string\"}}],\"inLanguage\":\"cs\"}]}<\/script>\n<!-- \/ Yoast SEO plugin. -->","yoast_head_json":{"title":"De Gusto Rendl\u00edk STONITE 16 cm Nejprod\u00e1van\u011bj\u0161\u00ed -","robots":{"index":"index","follow":"follow","max-snippet":"max-snippet:-1","max-image-preview":"max-image-preview:large","max-video-preview":"max-video-preview:-1"},"canonical":"https:\/\/www.koupeltech.com\/index.php\/produkt\/de-gusto-rendlik-stonite-16-cm-nejprodavanejsi-54093\/","og_locale":"cs_CZ","og_type":"article","og_title":"De Gusto Rendl\u00edk STONITE 16 cm Nejprod\u00e1van\u011bj\u0161\u00ed -","og_description":"Rendl\u00edk STONITE 16 cm R\u00e1di va\u0159\u00edte zdrav\u011b a dietn\u011b, ale z\u00e1rove\u0148 chutn\u011b? S rendl\u00edkem Stonite p\u0159iprav\u00edte zdrav\u00e9 a chutn\u00e9 pokrmy s minimem p\u0159idan\u00fdch tuk\u016f! T\u011blo rendl\u00edku je vyrobeno z anodizovan\u00e9ho hlin\u00edku, kter\u00fd zaji\u0161\u0165uje tvarovou st\u00e1lost a v\u00fdborn\u00fd rozvod tepla. Nep\u0159ilnav\u00fd povrch STONITE velmi dob\u0159e odol\u00e1v\u00e1 v\u016f\u010di vysok\u00fdm teplot\u00e1m, tepeln\u00fdm \u0161ok\u016fm, ale i mechanick\u00e9mu opot\u0159eben\u00ed. V [&hellip;]","og_url":"https:\/\/www.koupeltech.com\/index.php\/produkt\/de-gusto-rendlik-stonite-16-cm-nejprodavanejsi-54093\/","og_image":[{"width":1000,"height":525,"url":"https:\/\/www.koupeltech.com\/wp-content\/uploads\/2026\/SK0021035-CZ20260425-093449-0-1777080896-de-gusto-rendlik-stonite-16-cm.webp","type":"image\/webp"}],"twitter_card":"summary_large_image","twitter_misc":{"Odhadovan\u00e1 doba \u010dten\u00ed":"1 minuta"},"schema":{"@context":"https:\/\/schema.org","@graph":[{"@type":"WebPage","@id":"https:\/\/www.koupeltech.com\/index.php\/produkt\/de-gusto-rendlik-stonite-16-cm-nejprodavanejsi-54093\/","url":"https:\/\/www.koupeltech.com\/index.php\/produkt\/de-gusto-rendlik-stonite-16-cm-nejprodavanejsi-54093\/","name":"De Gusto Rendl\u00edk STONITE 16 cm Nejprod\u00e1van\u011bj\u0161\u00ed -","isPartOf":{"@id":"https:\/\/www.koupeltech.com\/#website"},"primaryImageOfPage":{"@id":"https:\/\/www.koupeltech.com\/index.php\/produkt\/de-gusto-rendlik-stonite-16-cm-nejprodavanejsi-54093\/#primaryimage"},"image":{"@id":"https:\/\/www.koupeltech.com\/index.php\/produkt\/de-gusto-rendlik-stonite-16-cm-nejprodavanejsi-54093\/#primaryimage"},"thumbnailUrl":"https:\/\/www.koupeltech.com\/wp-content\/uploads\/2026\/SK0021035-CZ20260425-093449-0-1777080896-de-gusto-rendlik-stonite-16-cm.webp","datePublished":"2026-04-27T14:04:00+00:00","breadcrumb":{"@id":"https:\/\/www.koupeltech.com\/index.php\/produkt\/de-gusto-rendlik-stonite-16-cm-nejprodavanejsi-54093\/#breadcrumb"},"inLanguage":"cs","potentialAction":[{"@type":"ReadAction","target":["https:\/\/www.koupeltech.com\/index.php\/produkt\/de-gusto-rendlik-stonite-16-cm-nejprodavanejsi-54093\/"]}]},{"@type":"ImageObject","inLanguage":"cs","@id":"https:\/\/www.koupeltech.com\/index.php\/produkt\/de-gusto-rendlik-stonite-16-cm-nejprodavanejsi-54093\/#primaryimage","url":"https:\/\/www.koupeltech.com\/wp-content\/uploads\/2026\/SK0021035-CZ20260425-093449-0-1777080896-de-gusto-rendlik-stonite-16-cm.webp","contentUrl":"https:\/\/www.koupeltech.com\/wp-content\/uploads\/2026\/SK0021035-CZ20260425-093449-0-1777080896-de-gusto-rendlik-stonite-16-cm.webp","width":1000,"height":525},{"@type":"BreadcrumbList","@id":"https:\/\/www.koupeltech.com\/index.php\/produkt\/de-gusto-rendlik-stonite-16-cm-nejprodavanejsi-54093\/#breadcrumb","itemListElement":[{"@type":"ListItem","position":1,"name":"Home","item":"https:\/\/www.koupeltech.com\/"},{"@type":"ListItem","position":2,"name":"Products","item":"https:\/\/www.koupeltech.com\/index.php\/products\/"},{"@type":"ListItem","position":3,"name":"De Gusto Rendl\u00edk STONITE 16 cm Nejprod\u00e1van\u011bj\u0161\u00ed"}]},{"@type":"WebSite","@id":"https:\/\/www.koupeltech.com\/#website","url":"https:\/\/www.koupeltech.com\/","name":"","description":"","potentialAction":[{"@type":"SearchAction","target":{"@type":"EntryPoint","urlTemplate":"https:\/\/www.koupeltech.com\/?s={search_term_string}"},"query-input":{"@type":"PropertyValueSpecification","valueRequired":true,"valueName":"search_term_string"}}],"inLanguage":"cs"}]}},"_links":{"self":[{"href":"https:\/\/www.koupeltech.com\/index.php\/wp-json\/wp\/v2\/product\/54093","targetHints":{"allow":["GET"]}}],"collection":[{"href":"https:\/\/www.koupeltech.com\/index.php\/wp-json\/wp\/v2\/product"}],"about":[{"href":"https:\/\/www.koupeltech.com\/index.php\/wp-json\/wp\/v2\/types\/product"}],"replies":[{"embeddable":true,"href":"https:\/\/www.koupeltech.com\/index.php\/wp-json\/wp\/v2\/comments?post=54093"}],"wp:featuredmedia":[{"embeddable":true,"href":"https:\/\/www.koupeltech.com\/index.php\/wp-json\/wp\/v2\/media\/54193"}],"wp:attachment":[{"href":"https:\/\/www.koupeltech.com\/index.php\/wp-json\/wp\/v2\/media?parent=54093"}],"wp:term":[{"taxonomy":"product_brand","embeddable":true,"href":"https:\/\/www.koupeltech.com\/index.php\/wp-json\/wp\/v2\/product_brand?post=54093"},{"taxonomy":"product_cat","embeddable":true,"href":"https:\/\/www.koupeltech.com\/index.php\/wp-json\/wp\/v2\/product_cat?post=54093"},{"taxonomy":"product_tag","embeddable":true,"href":"https:\/\/www.koupeltech.com\/index.php\/wp-json\/wp\/v2\/product_tag?post=54093"}],"curies":[{"name":"wp","href":"https:\/\/api.w.org\/{rel}","templated":true}]}}