{"id":54096,"date":"2026-04-27T14:04:00","date_gmt":"2026-04-27T14:04:00","guid":{"rendered":""},"modified":"2026-04-27T14:04:00","modified_gmt":"2026-04-27T14:04:00","slug":"de-gusto-nerezova-rychlovarna-konvice-yek-206-omezena-nabidka-54096","status":"publish","type":"product","link":"https:\/\/www.koupeltech.com\/index.php\/produkt\/de-gusto-nerezova-rychlovarna-konvice-yek-206-omezena-nabidka-54096\/","title":{"rendered":"De Gusto Nerezov\u00e1 rychlovarn\u00e1 konvice YEK-206 Omezen\u00e1 Nab\u00eddka"},"content":{"rendered":"<div id=\"e4617670\" class=\"pages\">\n<div>\n<div id=\"PDDescription\" class=\"UserContentView userContent v1a v1 bs-view dcon dc164 PDDescription\" ><dc-con><dc-con><bs-empty><\/bs-empty><\/dc-con><dc-con>        <\/p>\n<div class=\"customDescription\">                    <\/div>\n<p><\/dc-con><dc-con><\/p>\n<h2>Rychlovarn\u00e1 konvice nerezov\u00e1<\/h2>\n<p>Bezspir\u00e1lov\u00e1 <strong>rychlovarn\u00e1 konvice<\/strong> o objemu 1,7 l v matn\u00e9m nerezu v kombinaci s \u010dernou barvou a v modern\u00edm designu pot\u011b\u0161\u00ed p\u0159\u00edznivou cenou a komfortn\u00edm u\u017e\u00edv\u00e1n\u00edm. \u0160irok\u00e9 \u00fast\u00ed t\u011bla konvice V\u00e1m umo\u017en\u00ed snadn\u00e9 \u010di\u0161t\u011bn\u00ed.<\/p>\n<h3>Rychlovarn\u00e1 konvice nerezov\u00e1 &#8211; technick\u00e9 parametry:<\/h3>\n<ul>\n<li><strong>objem 1,7 l<\/strong><\/li>\n<li>automatick\u00e9 vyp\u00edn\u00e1n\u00ed<\/li>\n<li>tla\u010d\u00edtko otev\u00edr\u00e1n\u00ed v\u00edka<\/li>\n<li>ukazatel hladiny vody<\/li>\n<li>filtr<\/li>\n<li>z\u00e1kladna s\u00a0mo\u017enost\u00ed oto\u010den\u00ed o 360\u00b0<\/li>\n<li>LED podsv\u00edcen\u00ed<\/li>\n<li>uskladn\u011bn\u00ed kabelu v\u00a0z\u00e1kladn\u011b<\/li>\n<li>d\u00e9lka p\u0159\u00edvodn\u00edho kabelu 70 cm<\/li>\n<li><strong>p\u0159\u00edkon max 2200 W<\/strong><\/li>\n<li>nap\u00e1jec\u00ed nap\u011bt\u00ed 220-240V, 50-60Hz<\/li>\n<\/ul>\n<p>Na <strong>nerezovou<\/strong> <strong>rychlovarnou konvici<\/strong> poskytujeme z\u00e1ruku v d\u00e9lce 24 m\u011bs\u00edc\u016f.<\/p>\n<p><\/dc-con><\/dc-con><\/div>\n<\/p><\/div>\n<div id=\"PDTable3\" class=\"ProductDetailTableView v3a v3 bs-view dcon dc185 PDTable3\" >\n<table>\n<thead><\/thead>\n<tbody>\n<tr class=\"attribute attr_bsshop_maker\">\n<td class=\"caption\">V\u00fdrobce<\/td>\n<td class=\"value\">De Gusto<\/td>\n<\/tr>\n<tr class=\"attribute attr_kategorie\">\n<td class=\"caption\">Kategorie<\/td>\n<td class=\"value\">Rychlovarn\u00e9 konvice<\/td>\n<\/tr>\n<\/tbody>\n<\/table>\n<\/div>\n<div id=\"ProductMedia\" class=\"ProductMediaView MediaViewBase v1a v1 bs-view dcon dc409 ProductMedia\" ><bs-empty><\/bs-empty><\/p>\n<div class=\"files\">\n<div class=\"title sub\">Soubory<\/div>\n<p><a href=\"\/media\/9460\/konvice-rychlovarna-nerez-yek-206.pdf?&amp;key=ZGpmIyQwNUZfOTQ2MA==\" class=\"pdf\">konvice_rychlovarna_nerez_yek-206.pdf<\/a><\/div>\n<p><bs-empty><\/bs-empty><\/div>\n<\/div>\n<div id=\"e4617671\" class=\"tabs\">\n","protected":false},"excerpt":{"rendered":"<p>Rychlovarn\u00e1 konvice nerezov\u00e1 Bezspir\u00e1lov\u00e1 rychlovarn\u00e1 konvice o objemu 1,7 l v matn\u00e9m nerezu v kombinaci s \u010dernou barvou a v modern\u00edm designu pot\u011b\u0161\u00ed p\u0159\u00edznivou cenou a komfortn\u00edm u\u017e\u00edv\u00e1n\u00edm. \u0160irok\u00e9 \u00fast\u00ed t\u011bla konvice V\u00e1m umo\u017en\u00ed snadn\u00e9 \u010di\u0161t\u011bn\u00ed. Rychlovarn\u00e1 konvice nerezov\u00e1 &#8211; technick\u00e9 parametry: objem 1,7 l automatick\u00e9 vyp\u00edn\u00e1n\u00ed tla\u010d\u00edtko otev\u00edr\u00e1n\u00ed v\u00edka ukazatel hladiny vody filtr z\u00e1kladna [&hellip;]<\/p>\n","protected":false},"featured_media":54196,"comment_status":"open","ping_status":"open","template":"","meta":[],"product_brand":[],"product_cat":[95],"product_tag":[],"class_list":{"0":"post-54096","1":"product","2":"type-product","3":"status-publish","4":"has-post-thumbnail","6":"product_cat-pochutiny-dum-a-zahrada","8":"first","9":"instock","10":"sale","11":"shipping-taxable","12":"purchasable","13":"product-type-simple"},"yoast_head":"<!-- This site is optimized with the Yoast SEO plugin v26.8 - https:\/\/yoast.com\/product\/yoast-seo-wordpress\/ -->\n<title>De Gusto Nerezov\u00e1 rychlovarn\u00e1 konvice YEK-206 Omezen\u00e1 Nab\u00eddka -<\/title>\n<meta name=\"robots\" content=\"index, follow, max-snippet:-1, max-image-preview:large, max-video-preview:-1\" \/>\n<link rel=\"canonical\" href=\"https:\/\/www.koupeltech.com\/index.php\/produkt\/de-gusto-nerezova-rychlovarna-konvice-yek-206-omezena-nabidka-54096\/\" \/>\n<meta property=\"og:locale\" content=\"cs_CZ\" \/>\n<meta property=\"og:type\" content=\"article\" \/>\n<meta property=\"og:title\" content=\"De Gusto Nerezov\u00e1 rychlovarn\u00e1 konvice YEK-206 Omezen\u00e1 Nab\u00eddka -\" \/>\n<meta property=\"og:description\" content=\"Rychlovarn\u00e1 konvice nerezov\u00e1 Bezspir\u00e1lov\u00e1 rychlovarn\u00e1 konvice o objemu 1,7 l v matn\u00e9m nerezu v kombinaci s \u010dernou barvou a v modern\u00edm designu pot\u011b\u0161\u00ed p\u0159\u00edznivou cenou a komfortn\u00edm u\u017e\u00edv\u00e1n\u00edm. \u0160irok\u00e9 \u00fast\u00ed t\u011bla konvice V\u00e1m umo\u017en\u00ed snadn\u00e9 \u010di\u0161t\u011bn\u00ed. Rychlovarn\u00e1 konvice nerezov\u00e1 &#8211; technick\u00e9 parametry: objem 1,7 l automatick\u00e9 vyp\u00edn\u00e1n\u00ed tla\u010d\u00edtko otev\u00edr\u00e1n\u00ed v\u00edka ukazatel hladiny vody filtr z\u00e1kladna [&hellip;]\" \/>\n<meta property=\"og:url\" content=\"https:\/\/www.koupeltech.com\/index.php\/produkt\/de-gusto-nerezova-rychlovarna-konvice-yek-206-omezena-nabidka-54096\/\" \/>\n<meta property=\"og:image\" content=\"https:\/\/www.koupeltech.com\/wp-content\/uploads\/2026\/SK0021038-CZ20260425-093449-0-1777080896-de-gusto-nerezova-rychlovarna-konvice-yek-206.webp\" \/>\n\t<meta property=\"og:image:width\" content=\"1000\" \/>\n\t<meta property=\"og:image:height\" content=\"525\" \/>\n\t<meta property=\"og:image:type\" content=\"image\/webp\" \/>\n<meta name=\"twitter:card\" content=\"summary_large_image\" \/>\n<meta name=\"twitter:label1\" content=\"Odhadovan\u00e1 doba \u010dten\u00ed\" \/>\n\t<meta name=\"twitter:data1\" content=\"1 minuta\" \/>\n<script type=\"application\/ld+json\" class=\"yoast-schema-graph\">{\"@context\":\"https:\/\/schema.org\",\"@graph\":[{\"@type\":\"WebPage\",\"@id\":\"https:\/\/www.koupeltech.com\/index.php\/produkt\/de-gusto-nerezova-rychlovarna-konvice-yek-206-omezena-nabidka-54096\/\",\"url\":\"https:\/\/www.koupeltech.com\/index.php\/produkt\/de-gusto-nerezova-rychlovarna-konvice-yek-206-omezena-nabidka-54096\/\",\"name\":\"De Gusto Nerezov\u00e1 rychlovarn\u00e1 konvice YEK-206 Omezen\u00e1 Nab\u00eddka -\",\"isPartOf\":{\"@id\":\"https:\/\/www.koupeltech.com\/#website\"},\"primaryImageOfPage\":{\"@id\":\"https:\/\/www.koupeltech.com\/index.php\/produkt\/de-gusto-nerezova-rychlovarna-konvice-yek-206-omezena-nabidka-54096\/#primaryimage\"},\"image\":{\"@id\":\"https:\/\/www.koupeltech.com\/index.php\/produkt\/de-gusto-nerezova-rychlovarna-konvice-yek-206-omezena-nabidka-54096\/#primaryimage\"},\"thumbnailUrl\":\"https:\/\/www.koupeltech.com\/wp-content\/uploads\/2026\/SK0021038-CZ20260425-093449-0-1777080896-de-gusto-nerezova-rychlovarna-konvice-yek-206.webp\",\"datePublished\":\"2026-04-27T14:04:00+00:00\",\"breadcrumb\":{\"@id\":\"https:\/\/www.koupeltech.com\/index.php\/produkt\/de-gusto-nerezova-rychlovarna-konvice-yek-206-omezena-nabidka-54096\/#breadcrumb\"},\"inLanguage\":\"cs\",\"potentialAction\":[{\"@type\":\"ReadAction\",\"target\":[\"https:\/\/www.koupeltech.com\/index.php\/produkt\/de-gusto-nerezova-rychlovarna-konvice-yek-206-omezena-nabidka-54096\/\"]}]},{\"@type\":\"ImageObject\",\"inLanguage\":\"cs\",\"@id\":\"https:\/\/www.koupeltech.com\/index.php\/produkt\/de-gusto-nerezova-rychlovarna-konvice-yek-206-omezena-nabidka-54096\/#primaryimage\",\"url\":\"https:\/\/www.koupeltech.com\/wp-content\/uploads\/2026\/SK0021038-CZ20260425-093449-0-1777080896-de-gusto-nerezova-rychlovarna-konvice-yek-206.webp\",\"contentUrl\":\"https:\/\/www.koupeltech.com\/wp-content\/uploads\/2026\/SK0021038-CZ20260425-093449-0-1777080896-de-gusto-nerezova-rychlovarna-konvice-yek-206.webp\",\"width\":1000,\"height\":525},{\"@type\":\"BreadcrumbList\",\"@id\":\"https:\/\/www.koupeltech.com\/index.php\/produkt\/de-gusto-nerezova-rychlovarna-konvice-yek-206-omezena-nabidka-54096\/#breadcrumb\",\"itemListElement\":[{\"@type\":\"ListItem\",\"position\":1,\"name\":\"Home\",\"item\":\"https:\/\/www.koupeltech.com\/\"},{\"@type\":\"ListItem\",\"position\":2,\"name\":\"Products\",\"item\":\"https:\/\/www.koupeltech.com\/index.php\/products\/\"},{\"@type\":\"ListItem\",\"position\":3,\"name\":\"De Gusto Nerezov\u00e1 rychlovarn\u00e1 konvice YEK-206 Omezen\u00e1 Nab\u00eddka\"}]},{\"@type\":\"WebSite\",\"@id\":\"https:\/\/www.koupeltech.com\/#website\",\"url\":\"https:\/\/www.koupeltech.com\/\",\"name\":\"\",\"description\":\"\",\"potentialAction\":[{\"@type\":\"SearchAction\",\"target\":{\"@type\":\"EntryPoint\",\"urlTemplate\":\"https:\/\/www.koupeltech.com\/?s={search_term_string}\"},\"query-input\":{\"@type\":\"PropertyValueSpecification\",\"valueRequired\":true,\"valueName\":\"search_term_string\"}}],\"inLanguage\":\"cs\"}]}<\/script>\n<!-- \/ Yoast SEO plugin. -->","yoast_head_json":{"title":"De Gusto Nerezov\u00e1 rychlovarn\u00e1 konvice YEK-206 Omezen\u00e1 Nab\u00eddka -","robots":{"index":"index","follow":"follow","max-snippet":"max-snippet:-1","max-image-preview":"max-image-preview:large","max-video-preview":"max-video-preview:-1"},"canonical":"https:\/\/www.koupeltech.com\/index.php\/produkt\/de-gusto-nerezova-rychlovarna-konvice-yek-206-omezena-nabidka-54096\/","og_locale":"cs_CZ","og_type":"article","og_title":"De Gusto Nerezov\u00e1 rychlovarn\u00e1 konvice YEK-206 Omezen\u00e1 Nab\u00eddka -","og_description":"Rychlovarn\u00e1 konvice nerezov\u00e1 Bezspir\u00e1lov\u00e1 rychlovarn\u00e1 konvice o objemu 1,7 l v matn\u00e9m nerezu v kombinaci s \u010dernou barvou a v modern\u00edm designu pot\u011b\u0161\u00ed p\u0159\u00edznivou cenou a komfortn\u00edm u\u017e\u00edv\u00e1n\u00edm. \u0160irok\u00e9 \u00fast\u00ed t\u011bla konvice V\u00e1m umo\u017en\u00ed snadn\u00e9 \u010di\u0161t\u011bn\u00ed. Rychlovarn\u00e1 konvice nerezov\u00e1 &#8211; technick\u00e9 parametry: objem 1,7 l automatick\u00e9 vyp\u00edn\u00e1n\u00ed tla\u010d\u00edtko otev\u00edr\u00e1n\u00ed v\u00edka ukazatel hladiny vody filtr z\u00e1kladna [&hellip;]","og_url":"https:\/\/www.koupeltech.com\/index.php\/produkt\/de-gusto-nerezova-rychlovarna-konvice-yek-206-omezena-nabidka-54096\/","og_image":[{"width":1000,"height":525,"url":"https:\/\/www.koupeltech.com\/wp-content\/uploads\/2026\/SK0021038-CZ20260425-093449-0-1777080896-de-gusto-nerezova-rychlovarna-konvice-yek-206.webp","type":"image\/webp"}],"twitter_card":"summary_large_image","twitter_misc":{"Odhadovan\u00e1 doba \u010dten\u00ed":"1 minuta"},"schema":{"@context":"https:\/\/schema.org","@graph":[{"@type":"WebPage","@id":"https:\/\/www.koupeltech.com\/index.php\/produkt\/de-gusto-nerezova-rychlovarna-konvice-yek-206-omezena-nabidka-54096\/","url":"https:\/\/www.koupeltech.com\/index.php\/produkt\/de-gusto-nerezova-rychlovarna-konvice-yek-206-omezena-nabidka-54096\/","name":"De Gusto Nerezov\u00e1 rychlovarn\u00e1 konvice YEK-206 Omezen\u00e1 Nab\u00eddka -","isPartOf":{"@id":"https:\/\/www.koupeltech.com\/#website"},"primaryImageOfPage":{"@id":"https:\/\/www.koupeltech.com\/index.php\/produkt\/de-gusto-nerezova-rychlovarna-konvice-yek-206-omezena-nabidka-54096\/#primaryimage"},"image":{"@id":"https:\/\/www.koupeltech.com\/index.php\/produkt\/de-gusto-nerezova-rychlovarna-konvice-yek-206-omezena-nabidka-54096\/#primaryimage"},"thumbnailUrl":"https:\/\/www.koupeltech.com\/wp-content\/uploads\/2026\/SK0021038-CZ20260425-093449-0-1777080896-de-gusto-nerezova-rychlovarna-konvice-yek-206.webp","datePublished":"2026-04-27T14:04:00+00:00","breadcrumb":{"@id":"https:\/\/www.koupeltech.com\/index.php\/produkt\/de-gusto-nerezova-rychlovarna-konvice-yek-206-omezena-nabidka-54096\/#breadcrumb"},"inLanguage":"cs","potentialAction":[{"@type":"ReadAction","target":["https:\/\/www.koupeltech.com\/index.php\/produkt\/de-gusto-nerezova-rychlovarna-konvice-yek-206-omezena-nabidka-54096\/"]}]},{"@type":"ImageObject","inLanguage":"cs","@id":"https:\/\/www.koupeltech.com\/index.php\/produkt\/de-gusto-nerezova-rychlovarna-konvice-yek-206-omezena-nabidka-54096\/#primaryimage","url":"https:\/\/www.koupeltech.com\/wp-content\/uploads\/2026\/SK0021038-CZ20260425-093449-0-1777080896-de-gusto-nerezova-rychlovarna-konvice-yek-206.webp","contentUrl":"https:\/\/www.koupeltech.com\/wp-content\/uploads\/2026\/SK0021038-CZ20260425-093449-0-1777080896-de-gusto-nerezova-rychlovarna-konvice-yek-206.webp","width":1000,"height":525},{"@type":"BreadcrumbList","@id":"https:\/\/www.koupeltech.com\/index.php\/produkt\/de-gusto-nerezova-rychlovarna-konvice-yek-206-omezena-nabidka-54096\/#breadcrumb","itemListElement":[{"@type":"ListItem","position":1,"name":"Home","item":"https:\/\/www.koupeltech.com\/"},{"@type":"ListItem","position":2,"name":"Products","item":"https:\/\/www.koupeltech.com\/index.php\/products\/"},{"@type":"ListItem","position":3,"name":"De Gusto Nerezov\u00e1 rychlovarn\u00e1 konvice YEK-206 Omezen\u00e1 Nab\u00eddka"}]},{"@type":"WebSite","@id":"https:\/\/www.koupeltech.com\/#website","url":"https:\/\/www.koupeltech.com\/","name":"","description":"","potentialAction":[{"@type":"SearchAction","target":{"@type":"EntryPoint","urlTemplate":"https:\/\/www.koupeltech.com\/?s={search_term_string}"},"query-input":{"@type":"PropertyValueSpecification","valueRequired":true,"valueName":"search_term_string"}}],"inLanguage":"cs"}]}},"_links":{"self":[{"href":"https:\/\/www.koupeltech.com\/index.php\/wp-json\/wp\/v2\/product\/54096","targetHints":{"allow":["GET"]}}],"collection":[{"href":"https:\/\/www.koupeltech.com\/index.php\/wp-json\/wp\/v2\/product"}],"about":[{"href":"https:\/\/www.koupeltech.com\/index.php\/wp-json\/wp\/v2\/types\/product"}],"replies":[{"embeddable":true,"href":"https:\/\/www.koupeltech.com\/index.php\/wp-json\/wp\/v2\/comments?post=54096"}],"wp:featuredmedia":[{"embeddable":true,"href":"https:\/\/www.koupeltech.com\/index.php\/wp-json\/wp\/v2\/media\/54196"}],"wp:attachment":[{"href":"https:\/\/www.koupeltech.com\/index.php\/wp-json\/wp\/v2\/media?parent=54096"}],"wp:term":[{"taxonomy":"product_brand","embeddable":true,"href":"https:\/\/www.koupeltech.com\/index.php\/wp-json\/wp\/v2\/product_brand?post=54096"},{"taxonomy":"product_cat","embeddable":true,"href":"https:\/\/www.koupeltech.com\/index.php\/wp-json\/wp\/v2\/product_cat?post=54096"},{"taxonomy":"product_tag","embeddable":true,"href":"https:\/\/www.koupeltech.com\/index.php\/wp-json\/wp\/v2\/product_tag?post=54096"}],"curies":[{"name":"wp","href":"https:\/\/api.w.org\/{rel}","templated":true}]}}