{"id":54106,"date":"2026-04-27T14:04:00","date_gmt":"2026-04-27T14:04:00","guid":{"rendered":""},"modified":"2026-04-27T14:04:00","modified_gmt":"2026-04-27T14:04:00","slug":"hs-flamingo-cistic-krbovych-skel-caramba-500ml-vyprodej-54106","status":"publish","type":"product","link":"https:\/\/www.koupeltech.com\/index.php\/produkt\/hs-flamingo-cistic-krbovych-skel-caramba-500ml-vyprodej-54106\/","title":{"rendered":"HS Flamingo \u010cisti\u010d krbov\u00fdch skel CARAMBA 500ml V\u00fdprodej"},"content":{"rendered":"<div id=\"e4621678\" class=\"pages\">\n<div>\n<div id=\"PDDescription\" class=\"UserContentView userContent v1a v1 bs-view dcon dc164 PDDescription\" ><dc-con><dc-con><bs-empty><\/bs-empty><\/dc-con><dc-con>        <\/p>\n<div class=\"customDescription\">                    <\/div>\n<p><\/dc-con><dc-con>Aktivn\u00ed p\u011bna pro \u010di\u0161t\u011bn\u00ed skel krbov\u00fdch kamen. Odstra\u0148uje tvrd\u00e9 ne\u010distoty: saze,&nbsp;kou\u0159ov\u00fd dehet a prysky\u0159ici.D\u00edky&nbsp;sv\u00e9 aktivn\u00ed p\u011bn\u011b&nbsp;a vysok\u00e9mu tlaku p\u011bny lze ne\u010distoty ze skla rychle a efektivn\u011b odstranit.<br \/>Pou\u017eit\u00ed:<\/p>\n<p>P\u0159ed pou\u017eit\u00edm dob\u0159e prot\u0159epejte. <br \/>Povrch nast\u0159\u00edkejte ze vzd\u00e1lenosti 30 cm. <br \/>Asi po 2\u20135 minut\u00e1ch ot\u0159ete pap\u00edrovou ut\u011brkou nebo vlhk\u00fdm had\u0159\u00edkem.<br \/>Upozorn\u011bn\u00ed: B\u011bhem pou\u017e\u00edv\u00e1n\u00ed chra\u0148te poko\u017eku, nevdechujte. Uchov\u00e1vejte mimo dosah d\u011bt\u00ed. Nepou\u017e\u00edvejte na zinek, mosaz, hlin\u00edk a plasty.<br \/>H222: Extr\u00e9mn\u011b ho\u0159lav\u00fd aerosol.H229:&nbsp;N\u00e1doba je pod tlakem: p\u0159i zah\u0159\u00edv\u00e1n\u00ed se m\u016f\u017ee roztrhnout.H315: Dr\u00e1\u017ed\u00ed k\u016f\u017ei.H319: Zp\u016fsobuje v\u00e1\u017en\u00e9 podr\u00e1\u017ed\u011bn\u00ed o\u010d\u00ed.<\/dc-con><\/dc-con><\/div>\n<div id=\"PDDescription2\" class=\"UserContentView userContent v1a v1 bs-view dcon dc165 PDDescription2\" >\n<table class='techparam_table'>\n<tr>\n<td>Po\u010det v balen\u00ed<\/td>\n<td>500ml <\/td>\n<\/tr>\n<tr>\n<td>V\u00fdrobce<\/td>\n<td>Caramba <\/td>\n<\/tr>\n<tr>\n<td>Distributor pro \u010cR a SR<\/td>\n<td>HS Flamingo s.r.o. &#8211; www.hsflamingo.cz <\/td>\n<\/tr>\n<tr>\n<td>V\u00e1ha<\/td>\n<td>0,5 kg<\/td>\n<\/tr>\n<\/table>\n<\/div><\/div>\n<div id=\"PDTable3\" class=\"ProductDetailTableView v3a v3 bs-view dcon dc185 PDTable3\" >\n<table>\n<thead><\/thead>\n<tbody>\n<tr class=\"attribute attr_bsshop_maker\">\n<td class=\"caption\">V\u00fdrobce<\/td>\n<td class=\"value\">CARAMBA<\/td>\n<\/tr>\n<\/tbody>\n<\/table>\n<\/div>\n<\/div>\n<div id=\"e4621679\" class=\"tabs\">\n","protected":false},"excerpt":{"rendered":"<p>Aktivn\u00ed p\u011bna pro \u010di\u0161t\u011bn\u00ed skel krbov\u00fdch kamen. Odstra\u0148uje tvrd\u00e9 ne\u010distoty: saze,&nbsp;kou\u0159ov\u00fd dehet a prysky\u0159ici.D\u00edky&nbsp;sv\u00e9 aktivn\u00ed p\u011bn\u011b&nbsp;a vysok\u00e9mu tlaku p\u011bny lze ne\u010distoty ze skla rychle a efektivn\u011b odstranit.Pou\u017eit\u00ed: P\u0159ed pou\u017eit\u00edm dob\u0159e prot\u0159epejte. Povrch nast\u0159\u00edkejte ze vzd\u00e1lenosti 30 cm. Asi po 2\u20135 minut\u00e1ch ot\u0159ete pap\u00edrovou ut\u011brkou nebo vlhk\u00fdm had\u0159\u00edkem.Upozorn\u011bn\u00ed: B\u011bhem pou\u017e\u00edv\u00e1n\u00ed chra\u0148te poko\u017eku, nevdechujte. Uchov\u00e1vejte mimo dosah [&hellip;]<\/p>\n","protected":false},"featured_media":54206,"comment_status":"open","ping_status":"open","template":"","meta":[],"product_brand":[],"product_cat":[103],"product_tag":[],"class_list":{"0":"post-54106","1":"product","2":"type-product","3":"status-publish","4":"has-post-thumbnail","6":"product_cat-krby-a-kamna","8":"first","9":"instock","10":"sale","11":"shipping-taxable","12":"purchasable","13":"product-type-simple"},"yoast_head":"<!-- This site is optimized with the Yoast SEO plugin v26.8 - https:\/\/yoast.com\/product\/yoast-seo-wordpress\/ -->\n<title>HS Flamingo \u010cisti\u010d krbov\u00fdch skel CARAMBA 500ml V\u00fdprodej -<\/title>\n<meta name=\"robots\" content=\"index, follow, max-snippet:-1, max-image-preview:large, max-video-preview:-1\" \/>\n<link rel=\"canonical\" href=\"https:\/\/www.koupeltech.com\/index.php\/produkt\/hs-flamingo-cistic-krbovych-skel-caramba-500ml-vyprodej-54106\/\" \/>\n<meta property=\"og:locale\" content=\"cs_CZ\" \/>\n<meta property=\"og:type\" content=\"article\" \/>\n<meta property=\"og:title\" content=\"HS Flamingo \u010cisti\u010d krbov\u00fdch skel CARAMBA 500ml V\u00fdprodej -\" \/>\n<meta property=\"og:description\" content=\"Aktivn\u00ed p\u011bna pro \u010di\u0161t\u011bn\u00ed skel krbov\u00fdch kamen. Odstra\u0148uje tvrd\u00e9 ne\u010distoty: saze,&nbsp;kou\u0159ov\u00fd dehet a prysky\u0159ici.D\u00edky&nbsp;sv\u00e9 aktivn\u00ed p\u011bn\u011b&nbsp;a vysok\u00e9mu tlaku p\u011bny lze ne\u010distoty ze skla rychle a efektivn\u011b odstranit.Pou\u017eit\u00ed: P\u0159ed pou\u017eit\u00edm dob\u0159e prot\u0159epejte. Povrch nast\u0159\u00edkejte ze vzd\u00e1lenosti 30 cm. Asi po 2\u20135 minut\u00e1ch ot\u0159ete pap\u00edrovou ut\u011brkou nebo vlhk\u00fdm had\u0159\u00edkem.Upozorn\u011bn\u00ed: B\u011bhem pou\u017e\u00edv\u00e1n\u00ed chra\u0148te poko\u017eku, nevdechujte. Uchov\u00e1vejte mimo dosah [&hellip;]\" \/>\n<meta property=\"og:url\" content=\"https:\/\/www.koupeltech.com\/index.php\/produkt\/hs-flamingo-cistic-krbovych-skel-caramba-500ml-vyprodej-54106\/\" \/>\n<meta property=\"og:image\" content=\"https:\/\/www.koupeltech.com\/wp-content\/uploads\/2026\/SK0021048-CZ20260425-093449-0-1777080896-hs-flamingo-cistic-krbovych-skel-caramba-500ml.webp\" \/>\n\t<meta property=\"og:image:width\" content=\"1000\" \/>\n\t<meta property=\"og:image:height\" content=\"525\" \/>\n\t<meta property=\"og:image:type\" content=\"image\/webp\" \/>\n<meta name=\"twitter:card\" content=\"summary_large_image\" \/>\n<meta name=\"twitter:label1\" content=\"Odhadovan\u00e1 doba \u010dten\u00ed\" \/>\n\t<meta name=\"twitter:data1\" content=\"1 minuta\" \/>\n<script type=\"application\/ld+json\" class=\"yoast-schema-graph\">{\"@context\":\"https:\/\/schema.org\",\"@graph\":[{\"@type\":\"WebPage\",\"@id\":\"https:\/\/www.koupeltech.com\/index.php\/produkt\/hs-flamingo-cistic-krbovych-skel-caramba-500ml-vyprodej-54106\/\",\"url\":\"https:\/\/www.koupeltech.com\/index.php\/produkt\/hs-flamingo-cistic-krbovych-skel-caramba-500ml-vyprodej-54106\/\",\"name\":\"HS Flamingo \u010cisti\u010d krbov\u00fdch skel CARAMBA 500ml V\u00fdprodej -\",\"isPartOf\":{\"@id\":\"https:\/\/www.koupeltech.com\/#website\"},\"primaryImageOfPage\":{\"@id\":\"https:\/\/www.koupeltech.com\/index.php\/produkt\/hs-flamingo-cistic-krbovych-skel-caramba-500ml-vyprodej-54106\/#primaryimage\"},\"image\":{\"@id\":\"https:\/\/www.koupeltech.com\/index.php\/produkt\/hs-flamingo-cistic-krbovych-skel-caramba-500ml-vyprodej-54106\/#primaryimage\"},\"thumbnailUrl\":\"https:\/\/www.koupeltech.com\/wp-content\/uploads\/2026\/SK0021048-CZ20260425-093449-0-1777080896-hs-flamingo-cistic-krbovych-skel-caramba-500ml.webp\",\"datePublished\":\"2026-04-27T14:04:00+00:00\",\"breadcrumb\":{\"@id\":\"https:\/\/www.koupeltech.com\/index.php\/produkt\/hs-flamingo-cistic-krbovych-skel-caramba-500ml-vyprodej-54106\/#breadcrumb\"},\"inLanguage\":\"cs\",\"potentialAction\":[{\"@type\":\"ReadAction\",\"target\":[\"https:\/\/www.koupeltech.com\/index.php\/produkt\/hs-flamingo-cistic-krbovych-skel-caramba-500ml-vyprodej-54106\/\"]}]},{\"@type\":\"ImageObject\",\"inLanguage\":\"cs\",\"@id\":\"https:\/\/www.koupeltech.com\/index.php\/produkt\/hs-flamingo-cistic-krbovych-skel-caramba-500ml-vyprodej-54106\/#primaryimage\",\"url\":\"https:\/\/www.koupeltech.com\/wp-content\/uploads\/2026\/SK0021048-CZ20260425-093449-0-1777080896-hs-flamingo-cistic-krbovych-skel-caramba-500ml.webp\",\"contentUrl\":\"https:\/\/www.koupeltech.com\/wp-content\/uploads\/2026\/SK0021048-CZ20260425-093449-0-1777080896-hs-flamingo-cistic-krbovych-skel-caramba-500ml.webp\",\"width\":1000,\"height\":525},{\"@type\":\"BreadcrumbList\",\"@id\":\"https:\/\/www.koupeltech.com\/index.php\/produkt\/hs-flamingo-cistic-krbovych-skel-caramba-500ml-vyprodej-54106\/#breadcrumb\",\"itemListElement\":[{\"@type\":\"ListItem\",\"position\":1,\"name\":\"Home\",\"item\":\"https:\/\/www.koupeltech.com\/\"},{\"@type\":\"ListItem\",\"position\":2,\"name\":\"Products\",\"item\":\"https:\/\/www.koupeltech.com\/index.php\/products\/\"},{\"@type\":\"ListItem\",\"position\":3,\"name\":\"HS Flamingo \u010cisti\u010d krbov\u00fdch skel CARAMBA 500ml V\u00fdprodej\"}]},{\"@type\":\"WebSite\",\"@id\":\"https:\/\/www.koupeltech.com\/#website\",\"url\":\"https:\/\/www.koupeltech.com\/\",\"name\":\"\",\"description\":\"\",\"potentialAction\":[{\"@type\":\"SearchAction\",\"target\":{\"@type\":\"EntryPoint\",\"urlTemplate\":\"https:\/\/www.koupeltech.com\/?s={search_term_string}\"},\"query-input\":{\"@type\":\"PropertyValueSpecification\",\"valueRequired\":true,\"valueName\":\"search_term_string\"}}],\"inLanguage\":\"cs\"}]}<\/script>\n<!-- \/ Yoast SEO plugin. -->","yoast_head_json":{"title":"HS Flamingo \u010cisti\u010d krbov\u00fdch skel CARAMBA 500ml V\u00fdprodej -","robots":{"index":"index","follow":"follow","max-snippet":"max-snippet:-1","max-image-preview":"max-image-preview:large","max-video-preview":"max-video-preview:-1"},"canonical":"https:\/\/www.koupeltech.com\/index.php\/produkt\/hs-flamingo-cistic-krbovych-skel-caramba-500ml-vyprodej-54106\/","og_locale":"cs_CZ","og_type":"article","og_title":"HS Flamingo \u010cisti\u010d krbov\u00fdch skel CARAMBA 500ml V\u00fdprodej -","og_description":"Aktivn\u00ed p\u011bna pro \u010di\u0161t\u011bn\u00ed skel krbov\u00fdch kamen. Odstra\u0148uje tvrd\u00e9 ne\u010distoty: saze,&nbsp;kou\u0159ov\u00fd dehet a prysky\u0159ici.D\u00edky&nbsp;sv\u00e9 aktivn\u00ed p\u011bn\u011b&nbsp;a vysok\u00e9mu tlaku p\u011bny lze ne\u010distoty ze skla rychle a efektivn\u011b odstranit.Pou\u017eit\u00ed: P\u0159ed pou\u017eit\u00edm dob\u0159e prot\u0159epejte. Povrch nast\u0159\u00edkejte ze vzd\u00e1lenosti 30 cm. Asi po 2\u20135 minut\u00e1ch ot\u0159ete pap\u00edrovou ut\u011brkou nebo vlhk\u00fdm had\u0159\u00edkem.Upozorn\u011bn\u00ed: B\u011bhem pou\u017e\u00edv\u00e1n\u00ed chra\u0148te poko\u017eku, nevdechujte. Uchov\u00e1vejte mimo dosah [&hellip;]","og_url":"https:\/\/www.koupeltech.com\/index.php\/produkt\/hs-flamingo-cistic-krbovych-skel-caramba-500ml-vyprodej-54106\/","og_image":[{"width":1000,"height":525,"url":"https:\/\/www.koupeltech.com\/wp-content\/uploads\/2026\/SK0021048-CZ20260425-093449-0-1777080896-hs-flamingo-cistic-krbovych-skel-caramba-500ml.webp","type":"image\/webp"}],"twitter_card":"summary_large_image","twitter_misc":{"Odhadovan\u00e1 doba \u010dten\u00ed":"1 minuta"},"schema":{"@context":"https:\/\/schema.org","@graph":[{"@type":"WebPage","@id":"https:\/\/www.koupeltech.com\/index.php\/produkt\/hs-flamingo-cistic-krbovych-skel-caramba-500ml-vyprodej-54106\/","url":"https:\/\/www.koupeltech.com\/index.php\/produkt\/hs-flamingo-cistic-krbovych-skel-caramba-500ml-vyprodej-54106\/","name":"HS Flamingo \u010cisti\u010d krbov\u00fdch skel CARAMBA 500ml V\u00fdprodej -","isPartOf":{"@id":"https:\/\/www.koupeltech.com\/#website"},"primaryImageOfPage":{"@id":"https:\/\/www.koupeltech.com\/index.php\/produkt\/hs-flamingo-cistic-krbovych-skel-caramba-500ml-vyprodej-54106\/#primaryimage"},"image":{"@id":"https:\/\/www.koupeltech.com\/index.php\/produkt\/hs-flamingo-cistic-krbovych-skel-caramba-500ml-vyprodej-54106\/#primaryimage"},"thumbnailUrl":"https:\/\/www.koupeltech.com\/wp-content\/uploads\/2026\/SK0021048-CZ20260425-093449-0-1777080896-hs-flamingo-cistic-krbovych-skel-caramba-500ml.webp","datePublished":"2026-04-27T14:04:00+00:00","breadcrumb":{"@id":"https:\/\/www.koupeltech.com\/index.php\/produkt\/hs-flamingo-cistic-krbovych-skel-caramba-500ml-vyprodej-54106\/#breadcrumb"},"inLanguage":"cs","potentialAction":[{"@type":"ReadAction","target":["https:\/\/www.koupeltech.com\/index.php\/produkt\/hs-flamingo-cistic-krbovych-skel-caramba-500ml-vyprodej-54106\/"]}]},{"@type":"ImageObject","inLanguage":"cs","@id":"https:\/\/www.koupeltech.com\/index.php\/produkt\/hs-flamingo-cistic-krbovych-skel-caramba-500ml-vyprodej-54106\/#primaryimage","url":"https:\/\/www.koupeltech.com\/wp-content\/uploads\/2026\/SK0021048-CZ20260425-093449-0-1777080896-hs-flamingo-cistic-krbovych-skel-caramba-500ml.webp","contentUrl":"https:\/\/www.koupeltech.com\/wp-content\/uploads\/2026\/SK0021048-CZ20260425-093449-0-1777080896-hs-flamingo-cistic-krbovych-skel-caramba-500ml.webp","width":1000,"height":525},{"@type":"BreadcrumbList","@id":"https:\/\/www.koupeltech.com\/index.php\/produkt\/hs-flamingo-cistic-krbovych-skel-caramba-500ml-vyprodej-54106\/#breadcrumb","itemListElement":[{"@type":"ListItem","position":1,"name":"Home","item":"https:\/\/www.koupeltech.com\/"},{"@type":"ListItem","position":2,"name":"Products","item":"https:\/\/www.koupeltech.com\/index.php\/products\/"},{"@type":"ListItem","position":3,"name":"HS Flamingo \u010cisti\u010d krbov\u00fdch skel CARAMBA 500ml V\u00fdprodej"}]},{"@type":"WebSite","@id":"https:\/\/www.koupeltech.com\/#website","url":"https:\/\/www.koupeltech.com\/","name":"","description":"","potentialAction":[{"@type":"SearchAction","target":{"@type":"EntryPoint","urlTemplate":"https:\/\/www.koupeltech.com\/?s={search_term_string}"},"query-input":{"@type":"PropertyValueSpecification","valueRequired":true,"valueName":"search_term_string"}}],"inLanguage":"cs"}]}},"_links":{"self":[{"href":"https:\/\/www.koupeltech.com\/index.php\/wp-json\/wp\/v2\/product\/54106","targetHints":{"allow":["GET"]}}],"collection":[{"href":"https:\/\/www.koupeltech.com\/index.php\/wp-json\/wp\/v2\/product"}],"about":[{"href":"https:\/\/www.koupeltech.com\/index.php\/wp-json\/wp\/v2\/types\/product"}],"replies":[{"embeddable":true,"href":"https:\/\/www.koupeltech.com\/index.php\/wp-json\/wp\/v2\/comments?post=54106"}],"wp:featuredmedia":[{"embeddable":true,"href":"https:\/\/www.koupeltech.com\/index.php\/wp-json\/wp\/v2\/media\/54206"}],"wp:attachment":[{"href":"https:\/\/www.koupeltech.com\/index.php\/wp-json\/wp\/v2\/media?parent=54106"}],"wp:term":[{"taxonomy":"product_brand","embeddable":true,"href":"https:\/\/www.koupeltech.com\/index.php\/wp-json\/wp\/v2\/product_brand?post=54106"},{"taxonomy":"product_cat","embeddable":true,"href":"https:\/\/www.koupeltech.com\/index.php\/wp-json\/wp\/v2\/product_cat?post=54106"},{"taxonomy":"product_tag","embeddable":true,"href":"https:\/\/www.koupeltech.com\/index.php\/wp-json\/wp\/v2\/product_tag?post=54106"}],"curies":[{"name":"wp","href":"https:\/\/api.w.org\/{rel}","templated":true}]}}