{"id":54780,"date":"2026-04-27T14:04:05","date_gmt":"2026-04-27T14:04:05","guid":{"rendered":""},"modified":"2026-04-27T14:04:05","modified_gmt":"2026-04-27T14:04:05","slug":"zrcadlo-600x800x20-mm-nizka-cena-54780","status":"publish","type":"product","link":"https:\/\/www.koupeltech.com\/index.php\/produkt\/zrcadlo-600x800x20-mm-nizka-cena-54780\/","title":{"rendered":"Zrcadlo 600x800x20 mm N\u00edzk\u00e1 Cena"},"content":{"rendered":"<div id=\"e4873986\" class=\"pages\">\n<div>\n<div id=\"PDDescription\" class=\"UserContentView userContent v1a v1 bs-view dcon dc164 PDDescription\" ><dc-con><dc-con><bs-empty><\/bs-empty><\/dc-con><dc-con>        <\/p>\n<div class=\"customDescription\">                    <\/div>\n<p><\/dc-con><dc-con><\/p>\n<div>Elegantn\u00ed zrcadlo ozdob\u00ed prostor ka\u017ed\u00e9 koupelny. Tato s\u00e9rie zrcadel p\u016fsob\u00ed p\u0159\u00edjemn\u00fdm dojmem, je jednoduch\u00e1 a efektivn\u00ed. Zrcadlo je mo\u017eno oto\u010dit a tud\u00ed\u017e zav\u011bsit na v\u00fd\u0161ku.<br \/>&#8211; zrcadlo je na 2 cm tlust\u00e9 b\u00edl\u00e9 d\u0159ev\u011bn\u00e9 desce<br \/>&#8211; zrcadlo m\u00e1 otvory na zav\u011b\u0161en\u00ed vsazen\u00e9 do desky, na kter\u00e9 je zrcadlo<\/div>\n<table class='techparam_table'>\n<tr>\n<td>Typ<\/td>\n<td>Zrcadlo<\/td>\n<\/tr>\n<tr>\n<td>Tvar<\/td>\n<td>Obd\u00e9ln\u00edk<\/td>\n<\/tr>\n<tr>\n<td>Barva<\/td>\n<td>B\u00edl\u00e1<\/td>\n<\/tr>\n<tr>\n<td>\u0160\u00ed\u0159ka<\/td>\n<td>600 mm<\/td>\n<\/tr>\n<tr>\n<td>Hloubka<\/td>\n<td>20 mm<\/td>\n<\/tr>\n<tr>\n<td>D\u00e9lka\/V\u00fd\u0161ka<\/td>\n<td>800 mm<\/td>\n<\/tr>\n<\/table>\n<p><\/dc-con><\/dc-con><\/div>\n<\/p><\/div>\n<div id=\"PDTable3\" class=\"ProductDetailTableView v3a v3 bs-view dcon dc185 PDTable3\" >\n<table>\n<thead><\/thead>\n<tbody>\n<tr class=\"attribute attr_sirkatext\">\n<td class=\"caption\">\u0160\u00ed\u0159ka<\/td>\n<td class=\"value\">600 mm<\/td>\n<\/tr>\n<\/tbody>\n<\/table>\n<\/div>\n<div id=\"ProductMedia\" class=\"ProductMediaView MediaViewBase v1a v1 bs-view dcon dc409 ProductMedia\" ><bs-empty><\/bs-empty><\/p>\n<div class=\"files\">\n<div class=\"title sub\">Soubory<\/div>\n<p><a href=\"\/media\/8686\/115-003-zrcadla.pdf?&amp;key=ZGpmIyQwNUZfODY4Ng==\" class=\"pdf\">115_003_Zrcadla.pdf<\/a><a href=\"\/media\/31901\/bino-zrcadla-navod-jazyky.pdf?&amp;key=ZGpmIyQwNUZfMzE5MDE=\" class=\"pdf\">BINO_zrcadla_navod_jazyky.pdf<\/a><a href=\"\/media\/43409\/g67564839a84d3-bino-zrcadla-navod-jazyky-pdf-2024-10-21-07-29-51.pdf?&amp;key=ZGpmIyQwNUZfNDM0MDk=\" class=\"pdf\">g67564839a84d3-bino-zrcadla-navod-jazyky-pdf-2024-10-21-07-29-51.pdf<\/a><\/div>\n<p><bs-empty><\/bs-empty><\/div>\n<\/div>\n<div id=\"e4873987\" class=\"tabs\">\n","protected":false},"excerpt":{"rendered":"<p>Elegantn\u00ed zrcadlo ozdob\u00ed prostor ka\u017ed\u00e9 koupelny. Tato s\u00e9rie zrcadel p\u016fsob\u00ed p\u0159\u00edjemn\u00fdm dojmem, je jednoduch\u00e1 a efektivn\u00ed. Zrcadlo je mo\u017eno oto\u010dit a tud\u00ed\u017e zav\u011bsit na v\u00fd\u0161ku.&#8211; zrcadlo je na 2 cm tlust\u00e9 b\u00edl\u00e9 d\u0159ev\u011bn\u00e9 desce&#8211; zrcadlo m\u00e1 otvory na zav\u011b\u0161en\u00ed vsazen\u00e9 do desky, na kter\u00e9 je zrcadlo Typ Zrcadlo Tvar Obd\u00e9ln\u00edk Barva B\u00edl\u00e1 \u0160\u00ed\u0159ka 600 mm [&hellip;]<\/p>\n","protected":false},"featured_media":54880,"comment_status":"open","ping_status":"open","template":"","meta":[],"product_brand":[],"product_cat":[94],"product_tag":[],"class_list":{"0":"post-54780","1":"product","2":"type-product","3":"status-publish","4":"has-post-thumbnail","6":"product_cat-vybaven-237-koupelny","8":"first","9":"instock","10":"sale","11":"shipping-taxable","12":"purchasable","13":"product-type-simple"},"yoast_head":"<!-- This site is optimized with the Yoast SEO plugin v26.8 - https:\/\/yoast.com\/product\/yoast-seo-wordpress\/ -->\n<title>Zrcadlo 600x800x20 mm N\u00edzk\u00e1 Cena -<\/title>\n<meta name=\"robots\" content=\"index, follow, max-snippet:-1, max-image-preview:large, max-video-preview:-1\" \/>\n<link rel=\"canonical\" href=\"https:\/\/www.koupeltech.com\/index.php\/produkt\/zrcadlo-600x800x20-mm-nizka-cena-54780\/\" \/>\n<meta property=\"og:locale\" content=\"cs_CZ\" \/>\n<meta property=\"og:type\" content=\"article\" \/>\n<meta property=\"og:title\" content=\"Zrcadlo 600x800x20 mm N\u00edzk\u00e1 Cena -\" \/>\n<meta property=\"og:description\" content=\"Elegantn\u00ed zrcadlo ozdob\u00ed prostor ka\u017ed\u00e9 koupelny. Tato s\u00e9rie zrcadel p\u016fsob\u00ed p\u0159\u00edjemn\u00fdm dojmem, je jednoduch\u00e1 a efektivn\u00ed. Zrcadlo je mo\u017eno oto\u010dit a tud\u00ed\u017e zav\u011bsit na v\u00fd\u0161ku.&#8211; zrcadlo je na 2 cm tlust\u00e9 b\u00edl\u00e9 d\u0159ev\u011bn\u00e9 desce&#8211; zrcadlo m\u00e1 otvory na zav\u011b\u0161en\u00ed vsazen\u00e9 do desky, na kter\u00e9 je zrcadlo Typ Zrcadlo Tvar Obd\u00e9ln\u00edk Barva B\u00edl\u00e1 \u0160\u00ed\u0159ka 600 mm [&hellip;]\" \/>\n<meta property=\"og:url\" content=\"https:\/\/www.koupeltech.com\/index.php\/produkt\/zrcadlo-600x800x20-mm-nizka-cena-54780\/\" \/>\n<meta property=\"og:image\" content=\"https:\/\/www.koupeltech.com\/wp-content\/uploads\/2026\/SK0021424-CZ20260425-093449-0-1777080896-zrcadlo-600x800x20-mm.webp\" \/>\n\t<meta property=\"og:image:width\" content=\"1000\" \/>\n\t<meta property=\"og:image:height\" content=\"525\" \/>\n\t<meta property=\"og:image:type\" content=\"image\/webp\" \/>\n<meta name=\"twitter:card\" content=\"summary_large_image\" \/>\n<script type=\"application\/ld+json\" class=\"yoast-schema-graph\">{\"@context\":\"https:\/\/schema.org\",\"@graph\":[{\"@type\":\"WebPage\",\"@id\":\"https:\/\/www.koupeltech.com\/index.php\/produkt\/zrcadlo-600x800x20-mm-nizka-cena-54780\/\",\"url\":\"https:\/\/www.koupeltech.com\/index.php\/produkt\/zrcadlo-600x800x20-mm-nizka-cena-54780\/\",\"name\":\"Zrcadlo 600x800x20 mm N\u00edzk\u00e1 Cena -\",\"isPartOf\":{\"@id\":\"https:\/\/www.koupeltech.com\/#website\"},\"primaryImageOfPage\":{\"@id\":\"https:\/\/www.koupeltech.com\/index.php\/produkt\/zrcadlo-600x800x20-mm-nizka-cena-54780\/#primaryimage\"},\"image\":{\"@id\":\"https:\/\/www.koupeltech.com\/index.php\/produkt\/zrcadlo-600x800x20-mm-nizka-cena-54780\/#primaryimage\"},\"thumbnailUrl\":\"https:\/\/www.koupeltech.com\/wp-content\/uploads\/2026\/SK0021424-CZ20260425-093449-0-1777080896-zrcadlo-600x800x20-mm.webp\",\"datePublished\":\"2026-04-27T14:04:05+00:00\",\"breadcrumb\":{\"@id\":\"https:\/\/www.koupeltech.com\/index.php\/produkt\/zrcadlo-600x800x20-mm-nizka-cena-54780\/#breadcrumb\"},\"inLanguage\":\"cs\",\"potentialAction\":[{\"@type\":\"ReadAction\",\"target\":[\"https:\/\/www.koupeltech.com\/index.php\/produkt\/zrcadlo-600x800x20-mm-nizka-cena-54780\/\"]}]},{\"@type\":\"ImageObject\",\"inLanguage\":\"cs\",\"@id\":\"https:\/\/www.koupeltech.com\/index.php\/produkt\/zrcadlo-600x800x20-mm-nizka-cena-54780\/#primaryimage\",\"url\":\"https:\/\/www.koupeltech.com\/wp-content\/uploads\/2026\/SK0021424-CZ20260425-093449-0-1777080896-zrcadlo-600x800x20-mm.webp\",\"contentUrl\":\"https:\/\/www.koupeltech.com\/wp-content\/uploads\/2026\/SK0021424-CZ20260425-093449-0-1777080896-zrcadlo-600x800x20-mm.webp\",\"width\":1000,\"height\":525},{\"@type\":\"BreadcrumbList\",\"@id\":\"https:\/\/www.koupeltech.com\/index.php\/produkt\/zrcadlo-600x800x20-mm-nizka-cena-54780\/#breadcrumb\",\"itemListElement\":[{\"@type\":\"ListItem\",\"position\":1,\"name\":\"Home\",\"item\":\"https:\/\/www.koupeltech.com\/\"},{\"@type\":\"ListItem\",\"position\":2,\"name\":\"Products\",\"item\":\"https:\/\/www.koupeltech.com\/index.php\/products\/\"},{\"@type\":\"ListItem\",\"position\":3,\"name\":\"Zrcadlo 600x800x20 mm N\u00edzk\u00e1 Cena\"}]},{\"@type\":\"WebSite\",\"@id\":\"https:\/\/www.koupeltech.com\/#website\",\"url\":\"https:\/\/www.koupeltech.com\/\",\"name\":\"\",\"description\":\"\",\"potentialAction\":[{\"@type\":\"SearchAction\",\"target\":{\"@type\":\"EntryPoint\",\"urlTemplate\":\"https:\/\/www.koupeltech.com\/?s={search_term_string}\"},\"query-input\":{\"@type\":\"PropertyValueSpecification\",\"valueRequired\":true,\"valueName\":\"search_term_string\"}}],\"inLanguage\":\"cs\"}]}<\/script>\n<!-- \/ Yoast SEO plugin. -->","yoast_head_json":{"title":"Zrcadlo 600x800x20 mm N\u00edzk\u00e1 Cena -","robots":{"index":"index","follow":"follow","max-snippet":"max-snippet:-1","max-image-preview":"max-image-preview:large","max-video-preview":"max-video-preview:-1"},"canonical":"https:\/\/www.koupeltech.com\/index.php\/produkt\/zrcadlo-600x800x20-mm-nizka-cena-54780\/","og_locale":"cs_CZ","og_type":"article","og_title":"Zrcadlo 600x800x20 mm N\u00edzk\u00e1 Cena -","og_description":"Elegantn\u00ed zrcadlo ozdob\u00ed prostor ka\u017ed\u00e9 koupelny. Tato s\u00e9rie zrcadel p\u016fsob\u00ed p\u0159\u00edjemn\u00fdm dojmem, je jednoduch\u00e1 a efektivn\u00ed. Zrcadlo je mo\u017eno oto\u010dit a tud\u00ed\u017e zav\u011bsit na v\u00fd\u0161ku.&#8211; zrcadlo je na 2 cm tlust\u00e9 b\u00edl\u00e9 d\u0159ev\u011bn\u00e9 desce&#8211; zrcadlo m\u00e1 otvory na zav\u011b\u0161en\u00ed vsazen\u00e9 do desky, na kter\u00e9 je zrcadlo Typ Zrcadlo Tvar Obd\u00e9ln\u00edk Barva B\u00edl\u00e1 \u0160\u00ed\u0159ka 600 mm [&hellip;]","og_url":"https:\/\/www.koupeltech.com\/index.php\/produkt\/zrcadlo-600x800x20-mm-nizka-cena-54780\/","og_image":[{"width":1000,"height":525,"url":"https:\/\/www.koupeltech.com\/wp-content\/uploads\/2026\/SK0021424-CZ20260425-093449-0-1777080896-zrcadlo-600x800x20-mm.webp","type":"image\/webp"}],"twitter_card":"summary_large_image","schema":{"@context":"https:\/\/schema.org","@graph":[{"@type":"WebPage","@id":"https:\/\/www.koupeltech.com\/index.php\/produkt\/zrcadlo-600x800x20-mm-nizka-cena-54780\/","url":"https:\/\/www.koupeltech.com\/index.php\/produkt\/zrcadlo-600x800x20-mm-nizka-cena-54780\/","name":"Zrcadlo 600x800x20 mm N\u00edzk\u00e1 Cena -","isPartOf":{"@id":"https:\/\/www.koupeltech.com\/#website"},"primaryImageOfPage":{"@id":"https:\/\/www.koupeltech.com\/index.php\/produkt\/zrcadlo-600x800x20-mm-nizka-cena-54780\/#primaryimage"},"image":{"@id":"https:\/\/www.koupeltech.com\/index.php\/produkt\/zrcadlo-600x800x20-mm-nizka-cena-54780\/#primaryimage"},"thumbnailUrl":"https:\/\/www.koupeltech.com\/wp-content\/uploads\/2026\/SK0021424-CZ20260425-093449-0-1777080896-zrcadlo-600x800x20-mm.webp","datePublished":"2026-04-27T14:04:05+00:00","breadcrumb":{"@id":"https:\/\/www.koupeltech.com\/index.php\/produkt\/zrcadlo-600x800x20-mm-nizka-cena-54780\/#breadcrumb"},"inLanguage":"cs","potentialAction":[{"@type":"ReadAction","target":["https:\/\/www.koupeltech.com\/index.php\/produkt\/zrcadlo-600x800x20-mm-nizka-cena-54780\/"]}]},{"@type":"ImageObject","inLanguage":"cs","@id":"https:\/\/www.koupeltech.com\/index.php\/produkt\/zrcadlo-600x800x20-mm-nizka-cena-54780\/#primaryimage","url":"https:\/\/www.koupeltech.com\/wp-content\/uploads\/2026\/SK0021424-CZ20260425-093449-0-1777080896-zrcadlo-600x800x20-mm.webp","contentUrl":"https:\/\/www.koupeltech.com\/wp-content\/uploads\/2026\/SK0021424-CZ20260425-093449-0-1777080896-zrcadlo-600x800x20-mm.webp","width":1000,"height":525},{"@type":"BreadcrumbList","@id":"https:\/\/www.koupeltech.com\/index.php\/produkt\/zrcadlo-600x800x20-mm-nizka-cena-54780\/#breadcrumb","itemListElement":[{"@type":"ListItem","position":1,"name":"Home","item":"https:\/\/www.koupeltech.com\/"},{"@type":"ListItem","position":2,"name":"Products","item":"https:\/\/www.koupeltech.com\/index.php\/products\/"},{"@type":"ListItem","position":3,"name":"Zrcadlo 600x800x20 mm N\u00edzk\u00e1 Cena"}]},{"@type":"WebSite","@id":"https:\/\/www.koupeltech.com\/#website","url":"https:\/\/www.koupeltech.com\/","name":"","description":"","potentialAction":[{"@type":"SearchAction","target":{"@type":"EntryPoint","urlTemplate":"https:\/\/www.koupeltech.com\/?s={search_term_string}"},"query-input":{"@type":"PropertyValueSpecification","valueRequired":true,"valueName":"search_term_string"}}],"inLanguage":"cs"}]}},"_links":{"self":[{"href":"https:\/\/www.koupeltech.com\/index.php\/wp-json\/wp\/v2\/product\/54780","targetHints":{"allow":["GET"]}}],"collection":[{"href":"https:\/\/www.koupeltech.com\/index.php\/wp-json\/wp\/v2\/product"}],"about":[{"href":"https:\/\/www.koupeltech.com\/index.php\/wp-json\/wp\/v2\/types\/product"}],"replies":[{"embeddable":true,"href":"https:\/\/www.koupeltech.com\/index.php\/wp-json\/wp\/v2\/comments?post=54780"}],"wp:featuredmedia":[{"embeddable":true,"href":"https:\/\/www.koupeltech.com\/index.php\/wp-json\/wp\/v2\/media\/54880"}],"wp:attachment":[{"href":"https:\/\/www.koupeltech.com\/index.php\/wp-json\/wp\/v2\/media?parent=54780"}],"wp:term":[{"taxonomy":"product_brand","embeddable":true,"href":"https:\/\/www.koupeltech.com\/index.php\/wp-json\/wp\/v2\/product_brand?post=54780"},{"taxonomy":"product_cat","embeddable":true,"href":"https:\/\/www.koupeltech.com\/index.php\/wp-json\/wp\/v2\/product_cat?post=54780"},{"taxonomy":"product_tag","embeddable":true,"href":"https:\/\/www.koupeltech.com\/index.php\/wp-json\/wp\/v2\/product_tag?post=54780"}],"curies":[{"name":"wp","href":"https:\/\/api.w.org\/{rel}","templated":true}]}}