{"id":55126,"date":"2026-04-27T14:04:09","date_gmt":"2026-04-27T14:04:09","guid":{"rendered":""},"modified":"2026-04-27T14:04:09","modified_gmt":"2026-04-27T14:04:09","slug":"1-2-quot-prima-sada-pripojeni-radiatoru-bez-termostaticke-hlavice-rychle-dodani-55126","status":"publish","type":"product","link":"https:\/\/www.koupeltech.com\/index.php\/produkt\/1-2-quot-prima-sada-pripojeni-radiatoru-bez-termostaticke-hlavice-rychle-dodani-55126\/","title":{"rendered":"1\/2&quot; P\u0159\u00edm\u00e1 sada p\u0159ipojen\u00ed radi\u00e1toru bez termostatick\u00e9 hlavice Rychl\u00e9 Dod\u00e1n\u00ed"},"content":{"rendered":"<div id=\"e4469653\" class=\"pages\">\n<div>\n<div id=\"PDDescription\" class=\"UserContentView userContent v1a v1 bs-view dcon dc164 PDDescription\" ><dc-con><dc-con><bs-empty><\/bs-empty><\/dc-con><dc-con>        <\/p>\n<div class=\"customDescription\">                    <\/div>\n<p><\/dc-con><dc-con><\/p>\n<p><strong>1\/2&#8243; P\u0159\u00edm\u00e1 sada p\u0159ipojen\u00ed radi\u00e1toru bez termostatick\u00e9 hlavice<\/strong><\/p>\n<p>\u2022 maxim\u00e1ln\u00ed teplota vody 100\u00b0C<\/p>\n<p>\u2022 maxim\u00e1ln\u00ed tlak vody 10 bar<\/p>\n<p>\u2022 maxim\u00e1ln\u00ed teplota prost\u0159ed\u00ed 50\u00b0C<\/p>\n<p><\/dc-con><\/dc-con><\/div>\n<\/p><\/div>\n<div id=\"PDTable3\" class=\"ProductDetailTableView v3a v3 bs-view dcon dc185 PDTable3\" >\n<table>\n<thead><\/thead>\n<tbody>\n<tr class=\"attribute attr_typ\">\n<td class=\"caption\">Typ<\/td>\n<td class=\"value\">P\u0159\u00edslu\u0161enstv\u00ed<\/td>\n<\/tr>\n<tr class=\"attribute attr_bsshop_maker\">\n<td class=\"caption\">V\u00fdrobce<\/td>\n<td class=\"value\">PROFI<\/td>\n<\/tr>\n<\/tbody>\n<\/table>\n<\/div>\n<\/div>\n<div id=\"e4469654\" class=\"tabs\">\n","protected":false},"excerpt":{"rendered":"<p>1\/2&#8243; P\u0159\u00edm\u00e1 sada p\u0159ipojen\u00ed radi\u00e1toru bez termostatick\u00e9 hlavice \u2022 maxim\u00e1ln\u00ed teplota vody 100\u00b0C \u2022 maxim\u00e1ln\u00ed tlak vody 10 bar \u2022 maxim\u00e1ln\u00ed teplota prost\u0159ed\u00ed 50\u00b0C Typ P\u0159\u00edslu\u0161enstv\u00ed V\u00fdrobce PROFI<\/p>\n","protected":false},"featured_media":55226,"comment_status":"open","ping_status":"open","template":"","meta":[],"product_brand":[],"product_cat":[97],"product_tag":[],"class_list":{"0":"post-55126","1":"product","2":"type-product","3":"status-publish","4":"has-post-thumbnail","6":"product_cat-armatury","8":"first","9":"instock","10":"sale","11":"shipping-taxable","12":"purchasable","13":"product-type-simple"},"yoast_head":"<!-- This site is optimized with the Yoast SEO plugin v26.8 - https:\/\/yoast.com\/product\/yoast-seo-wordpress\/ -->\n<title>1\/2&quot; P\u0159\u00edm\u00e1 sada p\u0159ipojen\u00ed radi\u00e1toru bez termostatick\u00e9 hlavice Rychl\u00e9 Dod\u00e1n\u00ed -<\/title>\n<meta name=\"robots\" content=\"index, follow, max-snippet:-1, max-image-preview:large, max-video-preview:-1\" \/>\n<link rel=\"canonical\" href=\"https:\/\/www.koupeltech.com\/index.php\/produkt\/1-2-quot-prima-sada-pripojeni-radiatoru-bez-termostaticke-hlavice-rychle-dodani-55126\/\" \/>\n<meta property=\"og:locale\" content=\"cs_CZ\" \/>\n<meta property=\"og:type\" content=\"article\" \/>\n<meta property=\"og:title\" content=\"1\/2&quot; P\u0159\u00edm\u00e1 sada p\u0159ipojen\u00ed radi\u00e1toru bez termostatick\u00e9 hlavice Rychl\u00e9 Dod\u00e1n\u00ed -\" \/>\n<meta property=\"og:description\" content=\"1\/2&#8243; P\u0159\u00edm\u00e1 sada p\u0159ipojen\u00ed radi\u00e1toru bez termostatick\u00e9 hlavice \u2022 maxim\u00e1ln\u00ed teplota vody 100\u00b0C \u2022 maxim\u00e1ln\u00ed tlak vody 10 bar \u2022 maxim\u00e1ln\u00ed teplota prost\u0159ed\u00ed 50\u00b0C Typ P\u0159\u00edslu\u0161enstv\u00ed V\u00fdrobce PROFI\" \/>\n<meta property=\"og:url\" content=\"https:\/\/www.koupeltech.com\/index.php\/produkt\/1-2-quot-prima-sada-pripojeni-radiatoru-bez-termostaticke-hlavice-rychle-dodani-55126\/\" \/>\n<meta property=\"og:image\" content=\"https:\/\/www.koupeltech.com\/wp-content\/uploads\/2026\/SK0021584-CZ20260425-093449-0-1777080896-1-2-prima-sada-pripojeni-radiatoru-bez-termostaticke-hlavic.webp\" \/>\n\t<meta property=\"og:image:width\" content=\"1000\" \/>\n\t<meta property=\"og:image:height\" content=\"525\" \/>\n\t<meta property=\"og:image:type\" content=\"image\/webp\" \/>\n<meta name=\"twitter:card\" content=\"summary_large_image\" \/>\n<script type=\"application\/ld+json\" class=\"yoast-schema-graph\">{\"@context\":\"https:\/\/schema.org\",\"@graph\":[{\"@type\":\"WebPage\",\"@id\":\"https:\/\/www.koupeltech.com\/index.php\/produkt\/1-2-quot-prima-sada-pripojeni-radiatoru-bez-termostaticke-hlavice-rychle-dodani-55126\/\",\"url\":\"https:\/\/www.koupeltech.com\/index.php\/produkt\/1-2-quot-prima-sada-pripojeni-radiatoru-bez-termostaticke-hlavice-rychle-dodani-55126\/\",\"name\":\"1\/2&quot; P\u0159\u00edm\u00e1 sada p\u0159ipojen\u00ed radi\u00e1toru bez termostatick\u00e9 hlavice Rychl\u00e9 Dod\u00e1n\u00ed -\",\"isPartOf\":{\"@id\":\"https:\/\/www.koupeltech.com\/#website\"},\"primaryImageOfPage\":{\"@id\":\"https:\/\/www.koupeltech.com\/index.php\/produkt\/1-2-quot-prima-sada-pripojeni-radiatoru-bez-termostaticke-hlavice-rychle-dodani-55126\/#primaryimage\"},\"image\":{\"@id\":\"https:\/\/www.koupeltech.com\/index.php\/produkt\/1-2-quot-prima-sada-pripojeni-radiatoru-bez-termostaticke-hlavice-rychle-dodani-55126\/#primaryimage\"},\"thumbnailUrl\":\"https:\/\/www.koupeltech.com\/wp-content\/uploads\/2026\/SK0021584-CZ20260425-093449-0-1777080896-1-2-prima-sada-pripojeni-radiatoru-bez-termostaticke-hlavic.webp\",\"datePublished\":\"2026-04-27T14:04:09+00:00\",\"breadcrumb\":{\"@id\":\"https:\/\/www.koupeltech.com\/index.php\/produkt\/1-2-quot-prima-sada-pripojeni-radiatoru-bez-termostaticke-hlavice-rychle-dodani-55126\/#breadcrumb\"},\"inLanguage\":\"cs\",\"potentialAction\":[{\"@type\":\"ReadAction\",\"target\":[\"https:\/\/www.koupeltech.com\/index.php\/produkt\/1-2-quot-prima-sada-pripojeni-radiatoru-bez-termostaticke-hlavice-rychle-dodani-55126\/\"]}]},{\"@type\":\"ImageObject\",\"inLanguage\":\"cs\",\"@id\":\"https:\/\/www.koupeltech.com\/index.php\/produkt\/1-2-quot-prima-sada-pripojeni-radiatoru-bez-termostaticke-hlavice-rychle-dodani-55126\/#primaryimage\",\"url\":\"https:\/\/www.koupeltech.com\/wp-content\/uploads\/2026\/SK0021584-CZ20260425-093449-0-1777080896-1-2-prima-sada-pripojeni-radiatoru-bez-termostaticke-hlavic.webp\",\"contentUrl\":\"https:\/\/www.koupeltech.com\/wp-content\/uploads\/2026\/SK0021584-CZ20260425-093449-0-1777080896-1-2-prima-sada-pripojeni-radiatoru-bez-termostaticke-hlavic.webp\",\"width\":1000,\"height\":525},{\"@type\":\"BreadcrumbList\",\"@id\":\"https:\/\/www.koupeltech.com\/index.php\/produkt\/1-2-quot-prima-sada-pripojeni-radiatoru-bez-termostaticke-hlavice-rychle-dodani-55126\/#breadcrumb\",\"itemListElement\":[{\"@type\":\"ListItem\",\"position\":1,\"name\":\"Home\",\"item\":\"https:\/\/www.koupeltech.com\/\"},{\"@type\":\"ListItem\",\"position\":2,\"name\":\"Products\",\"item\":\"https:\/\/www.koupeltech.com\/index.php\/products\/\"},{\"@type\":\"ListItem\",\"position\":3,\"name\":\"1\/2&quot; P\u0159\u00edm\u00e1 sada p\u0159ipojen\u00ed radi\u00e1toru bez termostatick\u00e9 hlavice Rychl\u00e9 Dod\u00e1n\u00ed\"}]},{\"@type\":\"WebSite\",\"@id\":\"https:\/\/www.koupeltech.com\/#website\",\"url\":\"https:\/\/www.koupeltech.com\/\",\"name\":\"\",\"description\":\"\",\"potentialAction\":[{\"@type\":\"SearchAction\",\"target\":{\"@type\":\"EntryPoint\",\"urlTemplate\":\"https:\/\/www.koupeltech.com\/?s={search_term_string}\"},\"query-input\":{\"@type\":\"PropertyValueSpecification\",\"valueRequired\":true,\"valueName\":\"search_term_string\"}}],\"inLanguage\":\"cs\"}]}<\/script>\n<!-- \/ Yoast SEO plugin. -->","yoast_head_json":{"title":"1\/2&quot; P\u0159\u00edm\u00e1 sada p\u0159ipojen\u00ed radi\u00e1toru bez termostatick\u00e9 hlavice Rychl\u00e9 Dod\u00e1n\u00ed -","robots":{"index":"index","follow":"follow","max-snippet":"max-snippet:-1","max-image-preview":"max-image-preview:large","max-video-preview":"max-video-preview:-1"},"canonical":"https:\/\/www.koupeltech.com\/index.php\/produkt\/1-2-quot-prima-sada-pripojeni-radiatoru-bez-termostaticke-hlavice-rychle-dodani-55126\/","og_locale":"cs_CZ","og_type":"article","og_title":"1\/2&quot; P\u0159\u00edm\u00e1 sada p\u0159ipojen\u00ed radi\u00e1toru bez termostatick\u00e9 hlavice Rychl\u00e9 Dod\u00e1n\u00ed -","og_description":"1\/2&#8243; P\u0159\u00edm\u00e1 sada p\u0159ipojen\u00ed radi\u00e1toru bez termostatick\u00e9 hlavice \u2022 maxim\u00e1ln\u00ed teplota vody 100\u00b0C \u2022 maxim\u00e1ln\u00ed tlak vody 10 bar \u2022 maxim\u00e1ln\u00ed teplota prost\u0159ed\u00ed 50\u00b0C Typ P\u0159\u00edslu\u0161enstv\u00ed V\u00fdrobce PROFI","og_url":"https:\/\/www.koupeltech.com\/index.php\/produkt\/1-2-quot-prima-sada-pripojeni-radiatoru-bez-termostaticke-hlavice-rychle-dodani-55126\/","og_image":[{"width":1000,"height":525,"url":"https:\/\/www.koupeltech.com\/wp-content\/uploads\/2026\/SK0021584-CZ20260425-093449-0-1777080896-1-2-prima-sada-pripojeni-radiatoru-bez-termostaticke-hlavic.webp","type":"image\/webp"}],"twitter_card":"summary_large_image","schema":{"@context":"https:\/\/schema.org","@graph":[{"@type":"WebPage","@id":"https:\/\/www.koupeltech.com\/index.php\/produkt\/1-2-quot-prima-sada-pripojeni-radiatoru-bez-termostaticke-hlavice-rychle-dodani-55126\/","url":"https:\/\/www.koupeltech.com\/index.php\/produkt\/1-2-quot-prima-sada-pripojeni-radiatoru-bez-termostaticke-hlavice-rychle-dodani-55126\/","name":"1\/2&quot; P\u0159\u00edm\u00e1 sada p\u0159ipojen\u00ed radi\u00e1toru bez termostatick\u00e9 hlavice Rychl\u00e9 Dod\u00e1n\u00ed -","isPartOf":{"@id":"https:\/\/www.koupeltech.com\/#website"},"primaryImageOfPage":{"@id":"https:\/\/www.koupeltech.com\/index.php\/produkt\/1-2-quot-prima-sada-pripojeni-radiatoru-bez-termostaticke-hlavice-rychle-dodani-55126\/#primaryimage"},"image":{"@id":"https:\/\/www.koupeltech.com\/index.php\/produkt\/1-2-quot-prima-sada-pripojeni-radiatoru-bez-termostaticke-hlavice-rychle-dodani-55126\/#primaryimage"},"thumbnailUrl":"https:\/\/www.koupeltech.com\/wp-content\/uploads\/2026\/SK0021584-CZ20260425-093449-0-1777080896-1-2-prima-sada-pripojeni-radiatoru-bez-termostaticke-hlavic.webp","datePublished":"2026-04-27T14:04:09+00:00","breadcrumb":{"@id":"https:\/\/www.koupeltech.com\/index.php\/produkt\/1-2-quot-prima-sada-pripojeni-radiatoru-bez-termostaticke-hlavice-rychle-dodani-55126\/#breadcrumb"},"inLanguage":"cs","potentialAction":[{"@type":"ReadAction","target":["https:\/\/www.koupeltech.com\/index.php\/produkt\/1-2-quot-prima-sada-pripojeni-radiatoru-bez-termostaticke-hlavice-rychle-dodani-55126\/"]}]},{"@type":"ImageObject","inLanguage":"cs","@id":"https:\/\/www.koupeltech.com\/index.php\/produkt\/1-2-quot-prima-sada-pripojeni-radiatoru-bez-termostaticke-hlavice-rychle-dodani-55126\/#primaryimage","url":"https:\/\/www.koupeltech.com\/wp-content\/uploads\/2026\/SK0021584-CZ20260425-093449-0-1777080896-1-2-prima-sada-pripojeni-radiatoru-bez-termostaticke-hlavic.webp","contentUrl":"https:\/\/www.koupeltech.com\/wp-content\/uploads\/2026\/SK0021584-CZ20260425-093449-0-1777080896-1-2-prima-sada-pripojeni-radiatoru-bez-termostaticke-hlavic.webp","width":1000,"height":525},{"@type":"BreadcrumbList","@id":"https:\/\/www.koupeltech.com\/index.php\/produkt\/1-2-quot-prima-sada-pripojeni-radiatoru-bez-termostaticke-hlavice-rychle-dodani-55126\/#breadcrumb","itemListElement":[{"@type":"ListItem","position":1,"name":"Home","item":"https:\/\/www.koupeltech.com\/"},{"@type":"ListItem","position":2,"name":"Products","item":"https:\/\/www.koupeltech.com\/index.php\/products\/"},{"@type":"ListItem","position":3,"name":"1\/2&quot; P\u0159\u00edm\u00e1 sada p\u0159ipojen\u00ed radi\u00e1toru bez termostatick\u00e9 hlavice Rychl\u00e9 Dod\u00e1n\u00ed"}]},{"@type":"WebSite","@id":"https:\/\/www.koupeltech.com\/#website","url":"https:\/\/www.koupeltech.com\/","name":"","description":"","potentialAction":[{"@type":"SearchAction","target":{"@type":"EntryPoint","urlTemplate":"https:\/\/www.koupeltech.com\/?s={search_term_string}"},"query-input":{"@type":"PropertyValueSpecification","valueRequired":true,"valueName":"search_term_string"}}],"inLanguage":"cs"}]}},"_links":{"self":[{"href":"https:\/\/www.koupeltech.com\/index.php\/wp-json\/wp\/v2\/product\/55126","targetHints":{"allow":["GET"]}}],"collection":[{"href":"https:\/\/www.koupeltech.com\/index.php\/wp-json\/wp\/v2\/product"}],"about":[{"href":"https:\/\/www.koupeltech.com\/index.php\/wp-json\/wp\/v2\/types\/product"}],"replies":[{"embeddable":true,"href":"https:\/\/www.koupeltech.com\/index.php\/wp-json\/wp\/v2\/comments?post=55126"}],"wp:featuredmedia":[{"embeddable":true,"href":"https:\/\/www.koupeltech.com\/index.php\/wp-json\/wp\/v2\/media\/55226"}],"wp:attachment":[{"href":"https:\/\/www.koupeltech.com\/index.php\/wp-json\/wp\/v2\/media?parent=55126"}],"wp:term":[{"taxonomy":"product_brand","embeddable":true,"href":"https:\/\/www.koupeltech.com\/index.php\/wp-json\/wp\/v2\/product_brand?post=55126"},{"taxonomy":"product_cat","embeddable":true,"href":"https:\/\/www.koupeltech.com\/index.php\/wp-json\/wp\/v2\/product_cat?post=55126"},{"taxonomy":"product_tag","embeddable":true,"href":"https:\/\/www.koupeltech.com\/index.php\/wp-json\/wp\/v2\/product_tag?post=55126"}],"curies":[{"name":"wp","href":"https:\/\/api.w.org\/{rel}","templated":true}]}}