{"id":55151,"date":"2026-04-27T14:04:09","date_gmt":"2026-04-27T14:04:09","guid":{"rendered":""},"modified":"2026-04-27T14:04:09","modified_gmt":"2026-04-27T14:04:09","slug":"horka-nabidka-koupelnovy-radiator-pmh-retro-rtbl-600x1200-cerna-matna-55151","status":"publish","type":"product","link":"https:\/\/www.koupeltech.com\/index.php\/produkt\/horka-nabidka-koupelnovy-radiator-pmh-retro-rtbl-600x1200-cerna-matna-55151\/","title":{"rendered":"Hork\u00e1 Nab\u00eddka Koupelnov\u00fd radi\u00e1tor PMH RETRO RTBL 600&#215;1200, \u010cern\u00e1 matn\u00e1"},"content":{"rendered":"<div id=\"e4959252\" class=\"pages\">\n<div>\n<div id=\"PDDescription\" class=\"UserContentView userContent v1a v1 bs-view dcon dc164 PDDescription\" ><dc-con><dc-con><bs-empty><\/bs-empty><\/dc-con><dc-con>        <\/p>\n<div class=\"customDescription\">\n<p> <strong>Obr\u00e1zek radi\u00e1toru je pouze ilustra\u010dn\u00ed, radi\u00e1tor je dod\u00e1v\u00e1n bez p\u0159ipojen\u00ed, armatury a termostatick\u00e9 hlavice!!<\/strong><\/p>\n<\/p><\/div>\n<p><\/dc-con><dc-con><\/p>\n<p>Koupelnov\u00fd radi\u00e1tor P.M.H. ze s\u00e9rie RETRO v rozm\u011bru 600x1200mm, se stane h\u0159ejivou ozdobou va\u0161\u00ed koupelny.<br \/>Zaoblen\u00e1 hrana otopn\u00e9ho t\u011blesa, navozuje masivn\u00ed vzhled. Topn\u00fd \u017eeb\u0159\u00edk lze napojit na st\u0159edov\u00e9 \u010di krajov\u00e9 p\u0159ipojen\u00ed.<\/p>\n<div>\n<div>\u00b7\u00a0v\u00fdkon 75\/65\u00b0C &#8211; 302 W<\/div>\n<\/div>\n<div>\n<div>\u00b7\u00a0hmotnost &#8211; 13,3 kg<\/div>\n<\/div>\n<div>\n<div>\u00b7\u00a0objem &#8211; 3,2 l<\/div>\n<\/div>\n<div>\n<div>\u00b7\u00a0rozte\u010d &#8211; 518 mm \/ 50 mm<\/div>\n<\/div>\n<div>\n<div>\u00b7\u00a0dop. v\u00fdkon el. top. ty\u010de &#8211; 300 W<\/div>\n<div>\u00a0<\/div>\n<\/div>\n<p><strong><span style=\"color: #ff0000;\">Na v\u0161echny koupelnov\u00e9 radi\u00e1tory zna\u010dky P.M.H. po\u017eadujeme 50% z\u00e1lohu!!<\/span><\/strong><\/p>\n<p><\/dc-con><\/dc-con><\/div>\n<\/p><\/div>\n<div id=\"PDTable3\" class=\"ProductDetailTableView v3a v3 bs-view dcon dc185 PDTable3\" >\n<table>\n<thead><\/thead>\n<tbody>\n<tr class=\"attribute attr_sirka\">\n<td class=\"caption\">\u0160\u00ed\u0159ka v mm<\/td>\n<td class=\"value\">600<\/td>\n<\/tr>\n<tr class=\"attribute attr_Vyska\">\n<td class=\"caption\">V\u00fd\u0161ka v mm<\/td>\n<td class=\"value\">1200<\/td>\n<\/tr>\n<tr class=\"attribute attr_pripojeni\">\n<td class=\"caption\">P\u0159ipojen\u00ed<\/td>\n<td class=\"value\">Spodn\u00ed<\/td>\n<\/tr>\n<tr class=\"attribute attr_vyrobce\">\n<td class=\"caption\">V\u00fdrobce<\/td>\n<td class=\"value\">PMH<\/td>\n<\/tr>\n<tr class=\"attribute attr_bsshop_e1_VPrBsVykonRad\">\n<td class=\"caption\">V\u00fdkon<\/td>\n<td class=\"value\">300.00<\/td>\n<\/tr>\n<tr class=\"weight\">\n<td class=\"caption\"><span>Hmotnost<\/span><\/td>\n<td class=\"value\"><span>13,30 kg<\/span><\/td>\n<\/tr>\n<\/tbody>\n<\/table>\n<\/div>\n<div id=\"PdProductGpsr\" class=\"ProductGpsrView v1a v1 bs-view dcon dc217 PdProductGpsr\" >\n<div class=\"subject\"><dc-root class=\"dcon dc219\"><span class=\"title\">Zodpov\u011bdn&#253; subjekt:<\/span><dc-con><dc-con><span class=\"company\">P.M.H. Design s.r.o.<\/span><span class=\"name\">P.M.H. Design<\/span><\/dc-con><dc-con><span class=\"street\">P\u0159&#237;se\u010dn&#225; 556<\/span><span class=\"city\">\u010cesk&#253; Krumlov<\/span><span class=\"zip\">381 01<\/span><span class=\"country\">\u010cesko<\/span><\/dc-con><span class=\"email\">info@pmh-co.cz<\/span><span class=\"phone\">380 711 237<\/span><bs-empty><\/bs-empty><a href=\"https:\/\/www.pmh-co.eu\/\" class=\"link\" target=\"_blank\">https:\/\/www.pmh-co.eu\/<\/a><\/dc-con><bs-empty><\/bs-empty><\/dc-root><\/div>\n<p><bs-empty><\/bs-empty><\/div>\n<\/div>\n<div id=\"e4959253\" class=\"tabs\">\n","protected":false},"excerpt":{"rendered":"<p>Obr\u00e1zek radi\u00e1toru je pouze ilustra\u010dn\u00ed, radi\u00e1tor je dod\u00e1v\u00e1n bez p\u0159ipojen\u00ed, armatury a termostatick\u00e9 hlavice!! Koupelnov\u00fd radi\u00e1tor P.M.H. ze s\u00e9rie RETRO v rozm\u011bru 600x1200mm, se stane h\u0159ejivou ozdobou va\u0161\u00ed koupelny.Zaoblen\u00e1 hrana otopn\u00e9ho t\u011blesa, navozuje masivn\u00ed vzhled. Topn\u00fd \u017eeb\u0159\u00edk lze napojit na st\u0159edov\u00e9 \u010di krajov\u00e9 p\u0159ipojen\u00ed. \u00b7\u00a0v\u00fdkon 75\/65\u00b0C &#8211; 302 W \u00b7\u00a0hmotnost &#8211; 13,3 kg \u00b7\u00a0objem &#8211; [&hellip;]<\/p>\n","protected":false},"featured_media":55251,"comment_status":"open","ping_status":"open","template":"","meta":[],"product_brand":[],"product_cat":[107],"product_tag":[],"class_list":{"0":"post-55151","1":"product","2":"type-product","3":"status-publish","4":"has-post-thumbnail","6":"product_cat-radi-225-tory","8":"first","9":"instock","10":"sale","11":"shipping-taxable","12":"purchasable","13":"product-type-simple"},"yoast_head":"<!-- This site is optimized with the Yoast SEO plugin v26.8 - https:\/\/yoast.com\/product\/yoast-seo-wordpress\/ -->\n<title>Hork\u00e1 Nab\u00eddka Koupelnov\u00fd radi\u00e1tor PMH RETRO RTBL 600x1200, \u010cern\u00e1 matn\u00e1 -<\/title>\n<meta name=\"robots\" content=\"index, follow, max-snippet:-1, max-image-preview:large, max-video-preview:-1\" \/>\n<link rel=\"canonical\" href=\"https:\/\/www.koupeltech.com\/index.php\/produkt\/horka-nabidka-koupelnovy-radiator-pmh-retro-rtbl-600x1200-cerna-matna-55151\/\" \/>\n<meta property=\"og:locale\" content=\"cs_CZ\" \/>\n<meta property=\"og:type\" content=\"article\" \/>\n<meta property=\"og:title\" content=\"Hork\u00e1 Nab\u00eddka Koupelnov\u00fd radi\u00e1tor PMH RETRO RTBL 600x1200, \u010cern\u00e1 matn\u00e1 -\" \/>\n<meta property=\"og:description\" content=\"Obr\u00e1zek radi\u00e1toru je pouze ilustra\u010dn\u00ed, radi\u00e1tor je dod\u00e1v\u00e1n bez p\u0159ipojen\u00ed, armatury a termostatick\u00e9 hlavice!! Koupelnov\u00fd radi\u00e1tor P.M.H. ze s\u00e9rie RETRO v rozm\u011bru 600x1200mm, se stane h\u0159ejivou ozdobou va\u0161\u00ed koupelny.Zaoblen\u00e1 hrana otopn\u00e9ho t\u011blesa, navozuje masivn\u00ed vzhled. Topn\u00fd \u017eeb\u0159\u00edk lze napojit na st\u0159edov\u00e9 \u010di krajov\u00e9 p\u0159ipojen\u00ed. \u00b7\u00a0v\u00fdkon 75\/65\u00b0C &#8211; 302 W \u00b7\u00a0hmotnost &#8211; 13,3 kg \u00b7\u00a0objem &#8211; [&hellip;]\" \/>\n<meta property=\"og:url\" content=\"https:\/\/www.koupeltech.com\/index.php\/produkt\/horka-nabidka-koupelnovy-radiator-pmh-retro-rtbl-600x1200-cerna-matna-55151\/\" \/>\n<meta property=\"og:image\" content=\"https:\/\/www.koupeltech.com\/wp-content\/uploads\/2026\/SK0021610-CZ20260425-093449-0-1777080896-koupelnovy-radiator-pmh-retro-rtbl-600x1200-cerna-matna.webp\" \/>\n\t<meta property=\"og:image:width\" content=\"1000\" \/>\n\t<meta property=\"og:image:height\" content=\"525\" \/>\n\t<meta property=\"og:image:type\" content=\"image\/webp\" \/>\n<meta name=\"twitter:card\" content=\"summary_large_image\" \/>\n<meta name=\"twitter:label1\" content=\"Odhadovan\u00e1 doba \u010dten\u00ed\" \/>\n\t<meta name=\"twitter:data1\" content=\"1 minuta\" \/>\n<script type=\"application\/ld+json\" class=\"yoast-schema-graph\">{\"@context\":\"https:\/\/schema.org\",\"@graph\":[{\"@type\":\"WebPage\",\"@id\":\"https:\/\/www.koupeltech.com\/index.php\/produkt\/horka-nabidka-koupelnovy-radiator-pmh-retro-rtbl-600x1200-cerna-matna-55151\/\",\"url\":\"https:\/\/www.koupeltech.com\/index.php\/produkt\/horka-nabidka-koupelnovy-radiator-pmh-retro-rtbl-600x1200-cerna-matna-55151\/\",\"name\":\"Hork\u00e1 Nab\u00eddka Koupelnov\u00fd radi\u00e1tor PMH RETRO RTBL 600x1200, \u010cern\u00e1 matn\u00e1 -\",\"isPartOf\":{\"@id\":\"https:\/\/www.koupeltech.com\/#website\"},\"primaryImageOfPage\":{\"@id\":\"https:\/\/www.koupeltech.com\/index.php\/produkt\/horka-nabidka-koupelnovy-radiator-pmh-retro-rtbl-600x1200-cerna-matna-55151\/#primaryimage\"},\"image\":{\"@id\":\"https:\/\/www.koupeltech.com\/index.php\/produkt\/horka-nabidka-koupelnovy-radiator-pmh-retro-rtbl-600x1200-cerna-matna-55151\/#primaryimage\"},\"thumbnailUrl\":\"https:\/\/www.koupeltech.com\/wp-content\/uploads\/2026\/SK0021610-CZ20260425-093449-0-1777080896-koupelnovy-radiator-pmh-retro-rtbl-600x1200-cerna-matna.webp\",\"datePublished\":\"2026-04-27T14:04:09+00:00\",\"breadcrumb\":{\"@id\":\"https:\/\/www.koupeltech.com\/index.php\/produkt\/horka-nabidka-koupelnovy-radiator-pmh-retro-rtbl-600x1200-cerna-matna-55151\/#breadcrumb\"},\"inLanguage\":\"cs\",\"potentialAction\":[{\"@type\":\"ReadAction\",\"target\":[\"https:\/\/www.koupeltech.com\/index.php\/produkt\/horka-nabidka-koupelnovy-radiator-pmh-retro-rtbl-600x1200-cerna-matna-55151\/\"]}]},{\"@type\":\"ImageObject\",\"inLanguage\":\"cs\",\"@id\":\"https:\/\/www.koupeltech.com\/index.php\/produkt\/horka-nabidka-koupelnovy-radiator-pmh-retro-rtbl-600x1200-cerna-matna-55151\/#primaryimage\",\"url\":\"https:\/\/www.koupeltech.com\/wp-content\/uploads\/2026\/SK0021610-CZ20260425-093449-0-1777080896-koupelnovy-radiator-pmh-retro-rtbl-600x1200-cerna-matna.webp\",\"contentUrl\":\"https:\/\/www.koupeltech.com\/wp-content\/uploads\/2026\/SK0021610-CZ20260425-093449-0-1777080896-koupelnovy-radiator-pmh-retro-rtbl-600x1200-cerna-matna.webp\",\"width\":1000,\"height\":525},{\"@type\":\"BreadcrumbList\",\"@id\":\"https:\/\/www.koupeltech.com\/index.php\/produkt\/horka-nabidka-koupelnovy-radiator-pmh-retro-rtbl-600x1200-cerna-matna-55151\/#breadcrumb\",\"itemListElement\":[{\"@type\":\"ListItem\",\"position\":1,\"name\":\"Home\",\"item\":\"https:\/\/www.koupeltech.com\/\"},{\"@type\":\"ListItem\",\"position\":2,\"name\":\"Products\",\"item\":\"https:\/\/www.koupeltech.com\/index.php\/products\/\"},{\"@type\":\"ListItem\",\"position\":3,\"name\":\"Hork\u00e1 Nab\u00eddka Koupelnov\u00fd radi\u00e1tor PMH RETRO RTBL 600&#215;1200, \u010cern\u00e1 matn\u00e1\"}]},{\"@type\":\"WebSite\",\"@id\":\"https:\/\/www.koupeltech.com\/#website\",\"url\":\"https:\/\/www.koupeltech.com\/\",\"name\":\"\",\"description\":\"\",\"potentialAction\":[{\"@type\":\"SearchAction\",\"target\":{\"@type\":\"EntryPoint\",\"urlTemplate\":\"https:\/\/www.koupeltech.com\/?s={search_term_string}\"},\"query-input\":{\"@type\":\"PropertyValueSpecification\",\"valueRequired\":true,\"valueName\":\"search_term_string\"}}],\"inLanguage\":\"cs\"}]}<\/script>\n<!-- \/ Yoast SEO plugin. -->","yoast_head_json":{"title":"Hork\u00e1 Nab\u00eddka Koupelnov\u00fd radi\u00e1tor PMH RETRO RTBL 600x1200, \u010cern\u00e1 matn\u00e1 -","robots":{"index":"index","follow":"follow","max-snippet":"max-snippet:-1","max-image-preview":"max-image-preview:large","max-video-preview":"max-video-preview:-1"},"canonical":"https:\/\/www.koupeltech.com\/index.php\/produkt\/horka-nabidka-koupelnovy-radiator-pmh-retro-rtbl-600x1200-cerna-matna-55151\/","og_locale":"cs_CZ","og_type":"article","og_title":"Hork\u00e1 Nab\u00eddka Koupelnov\u00fd radi\u00e1tor PMH RETRO RTBL 600x1200, \u010cern\u00e1 matn\u00e1 -","og_description":"Obr\u00e1zek radi\u00e1toru je pouze ilustra\u010dn\u00ed, radi\u00e1tor je dod\u00e1v\u00e1n bez p\u0159ipojen\u00ed, armatury a termostatick\u00e9 hlavice!! Koupelnov\u00fd radi\u00e1tor P.M.H. ze s\u00e9rie RETRO v rozm\u011bru 600x1200mm, se stane h\u0159ejivou ozdobou va\u0161\u00ed koupelny.Zaoblen\u00e1 hrana otopn\u00e9ho t\u011blesa, navozuje masivn\u00ed vzhled. Topn\u00fd \u017eeb\u0159\u00edk lze napojit na st\u0159edov\u00e9 \u010di krajov\u00e9 p\u0159ipojen\u00ed. \u00b7\u00a0v\u00fdkon 75\/65\u00b0C &#8211; 302 W \u00b7\u00a0hmotnost &#8211; 13,3 kg \u00b7\u00a0objem &#8211; [&hellip;]","og_url":"https:\/\/www.koupeltech.com\/index.php\/produkt\/horka-nabidka-koupelnovy-radiator-pmh-retro-rtbl-600x1200-cerna-matna-55151\/","og_image":[{"width":1000,"height":525,"url":"https:\/\/www.koupeltech.com\/wp-content\/uploads\/2026\/SK0021610-CZ20260425-093449-0-1777080896-koupelnovy-radiator-pmh-retro-rtbl-600x1200-cerna-matna.webp","type":"image\/webp"}],"twitter_card":"summary_large_image","twitter_misc":{"Odhadovan\u00e1 doba \u010dten\u00ed":"1 minuta"},"schema":{"@context":"https:\/\/schema.org","@graph":[{"@type":"WebPage","@id":"https:\/\/www.koupeltech.com\/index.php\/produkt\/horka-nabidka-koupelnovy-radiator-pmh-retro-rtbl-600x1200-cerna-matna-55151\/","url":"https:\/\/www.koupeltech.com\/index.php\/produkt\/horka-nabidka-koupelnovy-radiator-pmh-retro-rtbl-600x1200-cerna-matna-55151\/","name":"Hork\u00e1 Nab\u00eddka Koupelnov\u00fd radi\u00e1tor PMH RETRO RTBL 600x1200, \u010cern\u00e1 matn\u00e1 -","isPartOf":{"@id":"https:\/\/www.koupeltech.com\/#website"},"primaryImageOfPage":{"@id":"https:\/\/www.koupeltech.com\/index.php\/produkt\/horka-nabidka-koupelnovy-radiator-pmh-retro-rtbl-600x1200-cerna-matna-55151\/#primaryimage"},"image":{"@id":"https:\/\/www.koupeltech.com\/index.php\/produkt\/horka-nabidka-koupelnovy-radiator-pmh-retro-rtbl-600x1200-cerna-matna-55151\/#primaryimage"},"thumbnailUrl":"https:\/\/www.koupeltech.com\/wp-content\/uploads\/2026\/SK0021610-CZ20260425-093449-0-1777080896-koupelnovy-radiator-pmh-retro-rtbl-600x1200-cerna-matna.webp","datePublished":"2026-04-27T14:04:09+00:00","breadcrumb":{"@id":"https:\/\/www.koupeltech.com\/index.php\/produkt\/horka-nabidka-koupelnovy-radiator-pmh-retro-rtbl-600x1200-cerna-matna-55151\/#breadcrumb"},"inLanguage":"cs","potentialAction":[{"@type":"ReadAction","target":["https:\/\/www.koupeltech.com\/index.php\/produkt\/horka-nabidka-koupelnovy-radiator-pmh-retro-rtbl-600x1200-cerna-matna-55151\/"]}]},{"@type":"ImageObject","inLanguage":"cs","@id":"https:\/\/www.koupeltech.com\/index.php\/produkt\/horka-nabidka-koupelnovy-radiator-pmh-retro-rtbl-600x1200-cerna-matna-55151\/#primaryimage","url":"https:\/\/www.koupeltech.com\/wp-content\/uploads\/2026\/SK0021610-CZ20260425-093449-0-1777080896-koupelnovy-radiator-pmh-retro-rtbl-600x1200-cerna-matna.webp","contentUrl":"https:\/\/www.koupeltech.com\/wp-content\/uploads\/2026\/SK0021610-CZ20260425-093449-0-1777080896-koupelnovy-radiator-pmh-retro-rtbl-600x1200-cerna-matna.webp","width":1000,"height":525},{"@type":"BreadcrumbList","@id":"https:\/\/www.koupeltech.com\/index.php\/produkt\/horka-nabidka-koupelnovy-radiator-pmh-retro-rtbl-600x1200-cerna-matna-55151\/#breadcrumb","itemListElement":[{"@type":"ListItem","position":1,"name":"Home","item":"https:\/\/www.koupeltech.com\/"},{"@type":"ListItem","position":2,"name":"Products","item":"https:\/\/www.koupeltech.com\/index.php\/products\/"},{"@type":"ListItem","position":3,"name":"Hork\u00e1 Nab\u00eddka Koupelnov\u00fd radi\u00e1tor PMH RETRO RTBL 600&#215;1200, \u010cern\u00e1 matn\u00e1"}]},{"@type":"WebSite","@id":"https:\/\/www.koupeltech.com\/#website","url":"https:\/\/www.koupeltech.com\/","name":"","description":"","potentialAction":[{"@type":"SearchAction","target":{"@type":"EntryPoint","urlTemplate":"https:\/\/www.koupeltech.com\/?s={search_term_string}"},"query-input":{"@type":"PropertyValueSpecification","valueRequired":true,"valueName":"search_term_string"}}],"inLanguage":"cs"}]}},"_links":{"self":[{"href":"https:\/\/www.koupeltech.com\/index.php\/wp-json\/wp\/v2\/product\/55151","targetHints":{"allow":["GET"]}}],"collection":[{"href":"https:\/\/www.koupeltech.com\/index.php\/wp-json\/wp\/v2\/product"}],"about":[{"href":"https:\/\/www.koupeltech.com\/index.php\/wp-json\/wp\/v2\/types\/product"}],"replies":[{"embeddable":true,"href":"https:\/\/www.koupeltech.com\/index.php\/wp-json\/wp\/v2\/comments?post=55151"}],"wp:featuredmedia":[{"embeddable":true,"href":"https:\/\/www.koupeltech.com\/index.php\/wp-json\/wp\/v2\/media\/55251"}],"wp:attachment":[{"href":"https:\/\/www.koupeltech.com\/index.php\/wp-json\/wp\/v2\/media?parent=55151"}],"wp:term":[{"taxonomy":"product_brand","embeddable":true,"href":"https:\/\/www.koupeltech.com\/index.php\/wp-json\/wp\/v2\/product_brand?post=55151"},{"taxonomy":"product_cat","embeddable":true,"href":"https:\/\/www.koupeltech.com\/index.php\/wp-json\/wp\/v2\/product_cat?post=55151"},{"taxonomy":"product_tag","embeddable":true,"href":"https:\/\/www.koupeltech.com\/index.php\/wp-json\/wp\/v2\/product_tag?post=55151"}],"curies":[{"name":"wp","href":"https:\/\/api.w.org\/{rel}","templated":true}]}}