{"id":55981,"date":"2026-04-27T14:04:19","date_gmt":"2026-04-27T14:04:19","guid":{"rendered":""},"modified":"2026-04-27T14:04:19","modified_gmt":"2026-04-27T14:04:19","slug":"zlevneny-koupelnovy-radiator-pmh-laveno-ln2we-600x790-bila-matna-55981","status":"publish","type":"product","link":"https:\/\/www.koupeltech.com\/index.php\/produkt\/zlevneny-koupelnovy-radiator-pmh-laveno-ln2we-600x790-bila-matna-55981\/","title":{"rendered":"Zlevn\u011bn\u00fd Koupelnov\u00fd radi\u00e1tor PMH LAVENO LN2WE 600&#215;790, B\u00edl\u00e1 matn\u00e1"},"content":{"rendered":"<div id=\"e5158128\" class=\"pages\">\n<div>\n<div id=\"PDDescription\" class=\"UserContentView userContent v1a v1 bs-view dcon dc164 PDDescription\" ><dc-con><dc-con><bs-empty><\/bs-empty><\/dc-con><dc-con>        <\/p>\n<div class=\"customDescription\">\n<p> <strong>Obr\u00e1zek radi\u00e1toru je pouze ilustra\u010dn\u00ed, radi\u00e1tor je dod\u00e1v\u00e1n bez p\u0159ipojen\u00ed, armatury a termostatick\u00e9 hlavice!!<\/strong><\/p>\n<\/p><\/div>\n<p><\/dc-con><dc-con><\/p>\n<p>Radi\u00e1tor Laveno vynik\u00e1 \u010dist\u00fdm designem. Ide\u00e1ln\u00ed pro kombinaci\u00a0 s\u00a0 podlahov\u00fdm\u00a0 nebo centr\u00e1ln\u00edm vyt\u00e1p\u011bn\u00edm koupelen i dal\u0161\u00edch prostor.<\/p>\n<p style=\"text-align: center;\"><img decoding=\"async\" dir=\"\" src=\"https:\/\/www.pmh-co.eu\/galerie\/tinymce\/CZ%201.jpg\" alt=\"\" width=\"80\" height=\"55\" \/>&nbsp;<\/p>\n<p style=\"text-align: center;\"><u><strong>Mo\u017enosti p\u0159ipojen\u00ed radi\u00e1toru Laveno<\/strong>&nbsp;<\/u><\/p>\n<div class=\"row\">\n<div class=\"col-md-23 thumbnail\" style=\"text-align: center;\"><img decoding=\"async\" src=\"http:\/\/www.pmh-co.eu\/galerie\/tinymce\/radiatory\/pripojeni_roztec_II.jpg\" alt=\"na rozte\u010d\" width=\"200\" height=\"150\" \/><\/div>\n<div class=\"col-md-23  thumbnail col-md-offset-2\" style=\"text-align: center;\"><img decoding=\"async\" src=\"http:\/\/www.pmh-co.eu\/galerie\/tinymce\/radiatory\/pripojeni_strana_II.jpg\" alt=\"na  jednu stranu\" width=\"200\" height=\"150\" \/><\/div>\n<\/div>\n<hr \/>\n<p><\/dc-con><\/dc-con><\/div>\n<\/p><\/div>\n<div id=\"PDTable3\" class=\"ProductDetailTableView v3a v3 bs-view dcon dc185 PDTable3\" >\n<table>\n<thead><\/thead>\n<tbody>\n<tr class=\"attribute attr_sirka\">\n<td class=\"caption\">\u0160\u00ed\u0159ka v mm<\/td>\n<td class=\"value\">600<\/td>\n<\/tr>\n<tr class=\"attribute attr_Vyska\">\n<td class=\"caption\">V\u00fd\u0161ka v mm<\/td>\n<td class=\"value\">790<\/td>\n<\/tr>\n<tr class=\"attribute attr_pripojeni\">\n<td class=\"caption\">P\u0159ipojen\u00ed<\/td>\n<td class=\"value\">Spodn\u00ed<\/td>\n<\/tr>\n<tr class=\"attribute attr_vyrobce\">\n<td class=\"caption\">V\u00fdrobce<\/td>\n<td class=\"value\">PMH<\/td>\n<\/tr>\n<tr class=\"attribute attr_teplota\">\n<td class=\"caption\">Teplota \u00b0C<\/td>\n<td class=\"value\">290<\/td>\n<\/tr>\n<tr class=\"attribute attr_Roztec attr_pripojeni attr_v attr_mm\">\n<td class=\"caption\">Rozte\u010d p\u0159ipojen\u00ed v mm<\/td>\n<td class=\"value\">568<\/td>\n<\/tr>\n<tr class=\"attribute attr_bsshop_e1_VPrBsVykonRad\">\n<td class=\"caption\">V\u00fdkon<\/td>\n<td class=\"value\">200.00<\/td>\n<\/tr>\n<tr class=\"weight\">\n<td class=\"caption\"><span>Hmotnost<\/span><\/td>\n<td class=\"value\"><span>8,20 kg<\/span><\/td>\n<\/tr>\n<\/tbody>\n<\/table>\n<\/div>\n<div id=\"PdProductGpsr\" class=\"ProductGpsrView v1a v1 bs-view dcon dc217 PdProductGpsr\" >\n<div class=\"subject\"><dc-root class=\"dcon dc219\"><span class=\"title\">Zodpov\u011bdn&#253; subjekt:<\/span><dc-con><dc-con><span class=\"company\">P.M.H. Design s.r.o.<\/span><span class=\"name\">P.M.H. Design<\/span><\/dc-con><dc-con><span class=\"street\">P\u0159&#237;se\u010dn&#225; 556<\/span><span class=\"city\">\u010cesk&#253; Krumlov<\/span><span class=\"zip\">381 01<\/span><span class=\"country\">\u010cesko<\/span><\/dc-con><span class=\"email\">info@pmh-co.cz<\/span><span class=\"phone\">380 711 237<\/span><bs-empty><\/bs-empty><a href=\"https:\/\/www.pmh-co.eu\/\" class=\"link\" target=\"_blank\">https:\/\/www.pmh-co.eu\/<\/a><\/dc-con><bs-empty><\/bs-empty><\/dc-root><\/div>\n<p><bs-empty><\/bs-empty><\/div>\n<\/div>\n<div id=\"e5158129\" class=\"tabs\">\n","protected":false},"excerpt":{"rendered":"<p>Obr\u00e1zek radi\u00e1toru je pouze ilustra\u010dn\u00ed, radi\u00e1tor je dod\u00e1v\u00e1n bez p\u0159ipojen\u00ed, armatury a termostatick\u00e9 hlavice!! Radi\u00e1tor Laveno vynik\u00e1 \u010dist\u00fdm designem. Ide\u00e1ln\u00ed pro kombinaci\u00a0 s\u00a0 podlahov\u00fdm\u00a0 nebo centr\u00e1ln\u00edm vyt\u00e1p\u011bn\u00edm koupelen i dal\u0161\u00edch prostor. &nbsp; Mo\u017enosti p\u0159ipojen\u00ed radi\u00e1toru Laveno&nbsp; \u0160\u00ed\u0159ka v mm 600 V\u00fd\u0161ka v mm 790 P\u0159ipojen\u00ed Spodn\u00ed V\u00fdrobce PMH Teplota \u00b0C 290 Rozte\u010d p\u0159ipojen\u00ed v mm [&hellip;]<\/p>\n","protected":false},"featured_media":56081,"comment_status":"open","ping_status":"open","template":"","meta":[],"product_brand":[],"product_cat":[107],"product_tag":[],"class_list":{"0":"post-55981","1":"product","2":"type-product","3":"status-publish","4":"has-post-thumbnail","6":"product_cat-radi-225-tory","8":"first","9":"instock","10":"sale","11":"shipping-taxable","12":"purchasable","13":"product-type-simple"},"yoast_head":"<!-- This site is optimized with the Yoast SEO plugin v26.8 - https:\/\/yoast.com\/product\/yoast-seo-wordpress\/ -->\n<title>Zlevn\u011bn\u00fd Koupelnov\u00fd radi\u00e1tor PMH LAVENO LN2WE 600x790, B\u00edl\u00e1 matn\u00e1 -<\/title>\n<meta name=\"robots\" content=\"index, follow, max-snippet:-1, max-image-preview:large, max-video-preview:-1\" \/>\n<link rel=\"canonical\" href=\"https:\/\/www.koupeltech.com\/index.php\/produkt\/zlevneny-koupelnovy-radiator-pmh-laveno-ln2we-600x790-bila-matna-55981\/\" \/>\n<meta property=\"og:locale\" content=\"cs_CZ\" \/>\n<meta property=\"og:type\" content=\"article\" \/>\n<meta property=\"og:title\" content=\"Zlevn\u011bn\u00fd Koupelnov\u00fd radi\u00e1tor PMH LAVENO LN2WE 600x790, B\u00edl\u00e1 matn\u00e1 -\" \/>\n<meta property=\"og:description\" content=\"Obr\u00e1zek radi\u00e1toru je pouze ilustra\u010dn\u00ed, radi\u00e1tor je dod\u00e1v\u00e1n bez p\u0159ipojen\u00ed, armatury a termostatick\u00e9 hlavice!! Radi\u00e1tor Laveno vynik\u00e1 \u010dist\u00fdm designem. Ide\u00e1ln\u00ed pro kombinaci\u00a0 s\u00a0 podlahov\u00fdm\u00a0 nebo centr\u00e1ln\u00edm vyt\u00e1p\u011bn\u00edm koupelen i dal\u0161\u00edch prostor. &nbsp; Mo\u017enosti p\u0159ipojen\u00ed radi\u00e1toru Laveno&nbsp; \u0160\u00ed\u0159ka v mm 600 V\u00fd\u0161ka v mm 790 P\u0159ipojen\u00ed Spodn\u00ed V\u00fdrobce PMH Teplota \u00b0C 290 Rozte\u010d p\u0159ipojen\u00ed v mm [&hellip;]\" \/>\n<meta property=\"og:url\" content=\"https:\/\/www.koupeltech.com\/index.php\/produkt\/zlevneny-koupelnovy-radiator-pmh-laveno-ln2we-600x790-bila-matna-55981\/\" \/>\n<meta property=\"og:image\" content=\"https:\/\/www.koupeltech.com\/wp-content\/uploads\/2026\/SK0022048-CZ20260425-093449-0-1777080896-koupelnovy-radiator-pmh-laveno-ln2we-600x790-bila-matna.webp\" \/>\n\t<meta property=\"og:image:width\" content=\"1000\" \/>\n\t<meta property=\"og:image:height\" content=\"525\" \/>\n\t<meta property=\"og:image:type\" content=\"image\/webp\" \/>\n<meta name=\"twitter:card\" content=\"summary_large_image\" \/>\n<meta name=\"twitter:label1\" content=\"Odhadovan\u00e1 doba \u010dten\u00ed\" \/>\n\t<meta name=\"twitter:data1\" content=\"1 minuta\" \/>\n<script type=\"application\/ld+json\" class=\"yoast-schema-graph\">{\"@context\":\"https:\/\/schema.org\",\"@graph\":[{\"@type\":\"WebPage\",\"@id\":\"https:\/\/www.koupeltech.com\/index.php\/produkt\/zlevneny-koupelnovy-radiator-pmh-laveno-ln2we-600x790-bila-matna-55981\/\",\"url\":\"https:\/\/www.koupeltech.com\/index.php\/produkt\/zlevneny-koupelnovy-radiator-pmh-laveno-ln2we-600x790-bila-matna-55981\/\",\"name\":\"Zlevn\u011bn\u00fd Koupelnov\u00fd radi\u00e1tor PMH LAVENO LN2WE 600x790, B\u00edl\u00e1 matn\u00e1 -\",\"isPartOf\":{\"@id\":\"https:\/\/www.koupeltech.com\/#website\"},\"primaryImageOfPage\":{\"@id\":\"https:\/\/www.koupeltech.com\/index.php\/produkt\/zlevneny-koupelnovy-radiator-pmh-laveno-ln2we-600x790-bila-matna-55981\/#primaryimage\"},\"image\":{\"@id\":\"https:\/\/www.koupeltech.com\/index.php\/produkt\/zlevneny-koupelnovy-radiator-pmh-laveno-ln2we-600x790-bila-matna-55981\/#primaryimage\"},\"thumbnailUrl\":\"https:\/\/www.koupeltech.com\/wp-content\/uploads\/2026\/SK0022048-CZ20260425-093449-0-1777080896-koupelnovy-radiator-pmh-laveno-ln2we-600x790-bila-matna.webp\",\"datePublished\":\"2026-04-27T14:04:19+00:00\",\"breadcrumb\":{\"@id\":\"https:\/\/www.koupeltech.com\/index.php\/produkt\/zlevneny-koupelnovy-radiator-pmh-laveno-ln2we-600x790-bila-matna-55981\/#breadcrumb\"},\"inLanguage\":\"cs\",\"potentialAction\":[{\"@type\":\"ReadAction\",\"target\":[\"https:\/\/www.koupeltech.com\/index.php\/produkt\/zlevneny-koupelnovy-radiator-pmh-laveno-ln2we-600x790-bila-matna-55981\/\"]}]},{\"@type\":\"ImageObject\",\"inLanguage\":\"cs\",\"@id\":\"https:\/\/www.koupeltech.com\/index.php\/produkt\/zlevneny-koupelnovy-radiator-pmh-laveno-ln2we-600x790-bila-matna-55981\/#primaryimage\",\"url\":\"https:\/\/www.koupeltech.com\/wp-content\/uploads\/2026\/SK0022048-CZ20260425-093449-0-1777080896-koupelnovy-radiator-pmh-laveno-ln2we-600x790-bila-matna.webp\",\"contentUrl\":\"https:\/\/www.koupeltech.com\/wp-content\/uploads\/2026\/SK0022048-CZ20260425-093449-0-1777080896-koupelnovy-radiator-pmh-laveno-ln2we-600x790-bila-matna.webp\",\"width\":1000,\"height\":525},{\"@type\":\"BreadcrumbList\",\"@id\":\"https:\/\/www.koupeltech.com\/index.php\/produkt\/zlevneny-koupelnovy-radiator-pmh-laveno-ln2we-600x790-bila-matna-55981\/#breadcrumb\",\"itemListElement\":[{\"@type\":\"ListItem\",\"position\":1,\"name\":\"Home\",\"item\":\"https:\/\/www.koupeltech.com\/\"},{\"@type\":\"ListItem\",\"position\":2,\"name\":\"Products\",\"item\":\"https:\/\/www.koupeltech.com\/index.php\/products\/\"},{\"@type\":\"ListItem\",\"position\":3,\"name\":\"Zlevn\u011bn\u00fd Koupelnov\u00fd radi\u00e1tor PMH LAVENO LN2WE 600&#215;790, B\u00edl\u00e1 matn\u00e1\"}]},{\"@type\":\"WebSite\",\"@id\":\"https:\/\/www.koupeltech.com\/#website\",\"url\":\"https:\/\/www.koupeltech.com\/\",\"name\":\"\",\"description\":\"\",\"potentialAction\":[{\"@type\":\"SearchAction\",\"target\":{\"@type\":\"EntryPoint\",\"urlTemplate\":\"https:\/\/www.koupeltech.com\/?s={search_term_string}\"},\"query-input\":{\"@type\":\"PropertyValueSpecification\",\"valueRequired\":true,\"valueName\":\"search_term_string\"}}],\"inLanguage\":\"cs\"}]}<\/script>\n<!-- \/ Yoast SEO plugin. -->","yoast_head_json":{"title":"Zlevn\u011bn\u00fd Koupelnov\u00fd radi\u00e1tor PMH LAVENO LN2WE 600x790, B\u00edl\u00e1 matn\u00e1 -","robots":{"index":"index","follow":"follow","max-snippet":"max-snippet:-1","max-image-preview":"max-image-preview:large","max-video-preview":"max-video-preview:-1"},"canonical":"https:\/\/www.koupeltech.com\/index.php\/produkt\/zlevneny-koupelnovy-radiator-pmh-laveno-ln2we-600x790-bila-matna-55981\/","og_locale":"cs_CZ","og_type":"article","og_title":"Zlevn\u011bn\u00fd Koupelnov\u00fd radi\u00e1tor PMH LAVENO LN2WE 600x790, B\u00edl\u00e1 matn\u00e1 -","og_description":"Obr\u00e1zek radi\u00e1toru je pouze ilustra\u010dn\u00ed, radi\u00e1tor je dod\u00e1v\u00e1n bez p\u0159ipojen\u00ed, armatury a termostatick\u00e9 hlavice!! Radi\u00e1tor Laveno vynik\u00e1 \u010dist\u00fdm designem. Ide\u00e1ln\u00ed pro kombinaci\u00a0 s\u00a0 podlahov\u00fdm\u00a0 nebo centr\u00e1ln\u00edm vyt\u00e1p\u011bn\u00edm koupelen i dal\u0161\u00edch prostor. &nbsp; Mo\u017enosti p\u0159ipojen\u00ed radi\u00e1toru Laveno&nbsp; \u0160\u00ed\u0159ka v mm 600 V\u00fd\u0161ka v mm 790 P\u0159ipojen\u00ed Spodn\u00ed V\u00fdrobce PMH Teplota \u00b0C 290 Rozte\u010d p\u0159ipojen\u00ed v mm [&hellip;]","og_url":"https:\/\/www.koupeltech.com\/index.php\/produkt\/zlevneny-koupelnovy-radiator-pmh-laveno-ln2we-600x790-bila-matna-55981\/","og_image":[{"width":1000,"height":525,"url":"https:\/\/www.koupeltech.com\/wp-content\/uploads\/2026\/SK0022048-CZ20260425-093449-0-1777080896-koupelnovy-radiator-pmh-laveno-ln2we-600x790-bila-matna.webp","type":"image\/webp"}],"twitter_card":"summary_large_image","twitter_misc":{"Odhadovan\u00e1 doba \u010dten\u00ed":"1 minuta"},"schema":{"@context":"https:\/\/schema.org","@graph":[{"@type":"WebPage","@id":"https:\/\/www.koupeltech.com\/index.php\/produkt\/zlevneny-koupelnovy-radiator-pmh-laveno-ln2we-600x790-bila-matna-55981\/","url":"https:\/\/www.koupeltech.com\/index.php\/produkt\/zlevneny-koupelnovy-radiator-pmh-laveno-ln2we-600x790-bila-matna-55981\/","name":"Zlevn\u011bn\u00fd Koupelnov\u00fd radi\u00e1tor PMH LAVENO LN2WE 600x790, B\u00edl\u00e1 matn\u00e1 -","isPartOf":{"@id":"https:\/\/www.koupeltech.com\/#website"},"primaryImageOfPage":{"@id":"https:\/\/www.koupeltech.com\/index.php\/produkt\/zlevneny-koupelnovy-radiator-pmh-laveno-ln2we-600x790-bila-matna-55981\/#primaryimage"},"image":{"@id":"https:\/\/www.koupeltech.com\/index.php\/produkt\/zlevneny-koupelnovy-radiator-pmh-laveno-ln2we-600x790-bila-matna-55981\/#primaryimage"},"thumbnailUrl":"https:\/\/www.koupeltech.com\/wp-content\/uploads\/2026\/SK0022048-CZ20260425-093449-0-1777080896-koupelnovy-radiator-pmh-laveno-ln2we-600x790-bila-matna.webp","datePublished":"2026-04-27T14:04:19+00:00","breadcrumb":{"@id":"https:\/\/www.koupeltech.com\/index.php\/produkt\/zlevneny-koupelnovy-radiator-pmh-laveno-ln2we-600x790-bila-matna-55981\/#breadcrumb"},"inLanguage":"cs","potentialAction":[{"@type":"ReadAction","target":["https:\/\/www.koupeltech.com\/index.php\/produkt\/zlevneny-koupelnovy-radiator-pmh-laveno-ln2we-600x790-bila-matna-55981\/"]}]},{"@type":"ImageObject","inLanguage":"cs","@id":"https:\/\/www.koupeltech.com\/index.php\/produkt\/zlevneny-koupelnovy-radiator-pmh-laveno-ln2we-600x790-bila-matna-55981\/#primaryimage","url":"https:\/\/www.koupeltech.com\/wp-content\/uploads\/2026\/SK0022048-CZ20260425-093449-0-1777080896-koupelnovy-radiator-pmh-laveno-ln2we-600x790-bila-matna.webp","contentUrl":"https:\/\/www.koupeltech.com\/wp-content\/uploads\/2026\/SK0022048-CZ20260425-093449-0-1777080896-koupelnovy-radiator-pmh-laveno-ln2we-600x790-bila-matna.webp","width":1000,"height":525},{"@type":"BreadcrumbList","@id":"https:\/\/www.koupeltech.com\/index.php\/produkt\/zlevneny-koupelnovy-radiator-pmh-laveno-ln2we-600x790-bila-matna-55981\/#breadcrumb","itemListElement":[{"@type":"ListItem","position":1,"name":"Home","item":"https:\/\/www.koupeltech.com\/"},{"@type":"ListItem","position":2,"name":"Products","item":"https:\/\/www.koupeltech.com\/index.php\/products\/"},{"@type":"ListItem","position":3,"name":"Zlevn\u011bn\u00fd Koupelnov\u00fd radi\u00e1tor PMH LAVENO LN2WE 600&#215;790, B\u00edl\u00e1 matn\u00e1"}]},{"@type":"WebSite","@id":"https:\/\/www.koupeltech.com\/#website","url":"https:\/\/www.koupeltech.com\/","name":"","description":"","potentialAction":[{"@type":"SearchAction","target":{"@type":"EntryPoint","urlTemplate":"https:\/\/www.koupeltech.com\/?s={search_term_string}"},"query-input":{"@type":"PropertyValueSpecification","valueRequired":true,"valueName":"search_term_string"}}],"inLanguage":"cs"}]}},"_links":{"self":[{"href":"https:\/\/www.koupeltech.com\/index.php\/wp-json\/wp\/v2\/product\/55981","targetHints":{"allow":["GET"]}}],"collection":[{"href":"https:\/\/www.koupeltech.com\/index.php\/wp-json\/wp\/v2\/product"}],"about":[{"href":"https:\/\/www.koupeltech.com\/index.php\/wp-json\/wp\/v2\/types\/product"}],"replies":[{"embeddable":true,"href":"https:\/\/www.koupeltech.com\/index.php\/wp-json\/wp\/v2\/comments?post=55981"}],"wp:featuredmedia":[{"embeddable":true,"href":"https:\/\/www.koupeltech.com\/index.php\/wp-json\/wp\/v2\/media\/56081"}],"wp:attachment":[{"href":"https:\/\/www.koupeltech.com\/index.php\/wp-json\/wp\/v2\/media?parent=55981"}],"wp:term":[{"taxonomy":"product_brand","embeddable":true,"href":"https:\/\/www.koupeltech.com\/index.php\/wp-json\/wp\/v2\/product_brand?post=55981"},{"taxonomy":"product_cat","embeddable":true,"href":"https:\/\/www.koupeltech.com\/index.php\/wp-json\/wp\/v2\/product_cat?post=55981"},{"taxonomy":"product_tag","embeddable":true,"href":"https:\/\/www.koupeltech.com\/index.php\/wp-json\/wp\/v2\/product_tag?post=55981"}],"curies":[{"name":"wp","href":"https:\/\/api.w.org\/{rel}","templated":true}]}}