{"id":56355,"date":"2026-04-27T14:04:22","date_gmt":"2026-04-27T14:04:22","guid":{"rendered":""},"modified":"2026-04-27T14:04:22","modified_gmt":"2026-04-27T14:04:22","slug":"znackovy-cata-odsavac-par-empire-kd-332050-56355","status":"publish","type":"product","link":"https:\/\/www.koupeltech.com\/index.php\/produkt\/znackovy-cata-odsavac-par-empire-kd-332050-56355\/","title":{"rendered":"Zna\u010dkov\u00fd CATA Odsava\u010d par EMPIRE KD 332050"},"content":{"rendered":"<div id=\"e5280413\" class=\"pages\">\n<div>\n<div id=\"PDDescription\" class=\"UserContentView userContent v1a v1 bs-view dcon dc164 PDDescription\" ><dc-con><dc-con><bs-empty><\/bs-empty><\/dc-con><dc-con>        <\/p>\n<div class=\"customDescription\">                    <\/div>\n<p><\/dc-con><dc-con>Maxim\u00e1ln\u00ed v\u00fdkon 297 m3\/h (15 Pa), 3 rychlosti &#8211; hlu\u010dnost Lw p\u0159i max. v\u00fdkonu je 61 dB(A) &#8211; ods\u00e1vac\u00ed jednotky maj\u00ed individu\u00e1ln\u011b vyva\u017eovanou turb\u00ednu &#8211; motory jsou opat\u0159en\u00e9 vratn\u00fdmi tepeln\u00fdmi pojistkami (p\u0159i p\u0159et\u00ed\u017een\u00ed motoru vypne, po jeho vychladnut\u00ed op\u011bt sepne) &#8211; kovov\u00e9 sendvi\u010dov\u00e9 tukov\u00e9 filtry, kter\u00e9 lze m\u00fdt v my\u010dce &#8211; v\u00fdstupn\u00ed pr\u016fm\u011br 150 mm &#8211; \u00fasporn\u00e9 LED osv\u011btlen\u00ed 2 \u00d7 2 W &#8211; zdarma redukce na 120 mm a zp\u011btn\u00e1 klapka &#8211; mo\u017enost pr\u00e1ce v odtahov\u00e9m i v recirkula\u010dn\u00edm re\u017eimu<\/dc-con><\/dc-con><\/div>\n<div id=\"PDDescription2\" class=\"UserContentView userContent v1a v1 bs-view dcon dc165 PDDescription2\" >\n<table class=\"params-table\">\n<tr>\n<td>\u0160\u00ed\u0159e<\/td>\n<td>50<\/td>\n<\/tr>\n<tr>\n<td>Barva<\/td>\n<td>\u010cern\u00e1 \/ sklo<\/td>\n<\/tr>\n<tr>\n<td>Motor<\/td>\n<td>140 W<\/td>\n<\/tr>\n<tr>\n<td>Hmotnost<\/td>\n<td>9.62 kg<\/td>\n<\/tr>\n<tr>\n<td>Ovl\u00e1d\u00e1n\u00ed<\/td>\n<td>Mechanick\u00e9 tla\u010d\u00edtkov\u00e9<\/td>\n<\/tr>\n<tr>\n<td>Barva kat.<\/td>\n<td>B\u00edl\u00e1, \u010dern\u00e1, hn\u011bd\u00e1, &#8230;<\/td>\n<\/tr>\n<tr>\n<td>Kategorie<\/td>\n<td>Kom\u00ednov\u00e9 ke zdi<\/td>\n<\/tr>\n<tr>\n<td>Osv\u011btlen\u00ed<\/td>\n<td>2 \u00d7 LED 2 W<\/td>\n<\/tr>\n<tr>\n<td>Up\u0159esn\u011bn\u00ed<\/td>\n<td>\u010cern\u00e9 sklo<\/td>\n<\/tr>\n<tr>\n<td>Recirkulace<\/td>\n<td>Ano<\/td>\n<\/tr>\n<tr>\n<td>Sm\u011br odtahu<\/td>\n<td>Nahoru<\/td>\n<\/tr>\n<tr>\n<td>LED osv\u011btlen\u00ed<\/td>\n<td>Ano<\/td>\n<\/tr>\n<tr>\n<td>Pr\u016fm\u011br odtahu<\/td>\n<td>150, zdarma redukce 150 \/ 120<\/td>\n<\/tr>\n<tr>\n<td>Tukov\u00e9 filtry<\/td>\n<td>Kovov\u00e9 sendvi\u010dov\u00e9<\/td>\n<\/tr>\n<tr>\n<td>Max. sac\u00ed v\u00fdkon<\/td>\n<td>297<\/td>\n<\/tr>\n<tr>\n<td>Po\u010det rychlost\u00ed<\/td>\n<td>3<\/td>\n<\/tr>\n<tr>\n<td>Energetick\u00e1 t\u0159\u00edda<\/td>\n<td>D<\/td>\n<\/tr>\n<tr>\n<td>V\u00fd\u0161kov\u00e1 variabilita<\/td>\n<td>Ano<\/td>\n<\/tr>\n<tr>\n<td>Hlu\u010dnost Lw (hl. ak. v\u00fdkonu) \u2013 max.<\/td>\n<td>61<\/td>\n<\/tr>\n<tr>\n<td>Hlu\u010dnost Lw (hl. ak. v\u00fdkonu) \u2013 min.<\/td>\n<td>51<\/td>\n<\/tr>\n<tr>\n<td>Min. v\u00fd\u0161ka nad plynovou deskou<\/td>\n<td>750<\/td>\n<\/tr>\n<tr>\n<td>Tlak pro m\u011b\u0159en\u00ed v\u00fdkonu dle EN<\/td>\n<td>15<\/td>\n<\/tr>\n<tr>\n<td>Tukov\u00e9 filtry lze m\u00fdt v my\u010dce<\/td>\n<td>Ano<\/td>\n<\/tr>\n<tr>\n<td>Min.v\u00fd\u0161ka nad elektrickou deskou<\/td>\n<td>500<\/td>\n<\/tr>\n<\/table>\n<\/div><\/div>\n<div id=\"PDTable3\" class=\"ProductDetailTableView v3a v3 bs-view dcon dc185 PDTable3\" >\n<table>\n<thead><\/thead>\n<tbody>\n<tr class=\"attribute attr_kategorie\">\n<td class=\"caption\">Kategorie<\/td>\n<td class=\"value\">Odsava\u010de par<\/td>\n<\/tr>\n<tr class=\"attribute attr_sirkatext\">\n<td class=\"caption\">\u0160\u00ed\u0159ka<\/td>\n<td class=\"value\">50cm<\/td>\n<\/tr>\n<tr class=\"attribute attr_bsshop_maker\">\n<td class=\"caption\">V\u00fdrobce<\/td>\n<td class=\"value\">Empire<\/td>\n<\/tr>\n<tr class=\"attribute attr_ovladani\">\n<td class=\"caption\">Ovl\u00e1d\u00e1n\u00ed<\/td>\n<td class=\"value\">Mechanick\u00e9 tla\u010d\u00edtkov\u00e9<\/td>\n<\/tr>\n<tr class=\"attribute attr_sirka\">\n<td class=\"caption\">\u0160\u00ed\u0159ka v mm<\/td>\n<td class=\"value\">50<\/td>\n<\/tr>\n<\/tbody>\n<\/table>\n<\/div>\n<\/div>\n<div id=\"e5280414\" class=\"tabs\">\n","protected":false},"excerpt":{"rendered":"<p>Maxim\u00e1ln\u00ed v\u00fdkon 297 m3\/h (15 Pa), 3 rychlosti &#8211; hlu\u010dnost Lw p\u0159i max. v\u00fdkonu je 61 dB(A) &#8211; ods\u00e1vac\u00ed jednotky maj\u00ed individu\u00e1ln\u011b vyva\u017eovanou turb\u00ednu &#8211; motory jsou opat\u0159en\u00e9 vratn\u00fdmi tepeln\u00fdmi pojistkami (p\u0159i p\u0159et\u00ed\u017een\u00ed motoru vypne, po jeho vychladnut\u00ed op\u011bt sepne) &#8211; kovov\u00e9 sendvi\u010dov\u00e9 tukov\u00e9 filtry, kter\u00e9 lze m\u00fdt v my\u010dce &#8211; v\u00fdstupn\u00ed pr\u016fm\u011br 150 mm [&hellip;]<\/p>\n","protected":false},"featured_media":56455,"comment_status":"open","ping_status":"open","template":"","meta":[],"product_brand":[],"product_cat":[95],"product_tag":[],"class_list":{"0":"post-56355","1":"product","2":"type-product","3":"status-publish","4":"has-post-thumbnail","6":"product_cat-pochutiny-dum-a-zahrada","8":"first","9":"instock","10":"sale","11":"shipping-taxable","12":"purchasable","13":"product-type-simple"},"yoast_head":"<!-- This site is optimized with the Yoast SEO plugin v26.8 - https:\/\/yoast.com\/product\/yoast-seo-wordpress\/ -->\n<title>Zna\u010dkov\u00fd CATA Odsava\u010d par EMPIRE KD 332050 -<\/title>\n<meta name=\"robots\" content=\"index, follow, max-snippet:-1, max-image-preview:large, max-video-preview:-1\" \/>\n<link rel=\"canonical\" href=\"https:\/\/www.koupeltech.com\/index.php\/produkt\/znackovy-cata-odsavac-par-empire-kd-332050-56355\/\" \/>\n<meta property=\"og:locale\" content=\"cs_CZ\" \/>\n<meta property=\"og:type\" content=\"article\" \/>\n<meta property=\"og:title\" content=\"Zna\u010dkov\u00fd CATA Odsava\u010d par EMPIRE KD 332050 -\" \/>\n<meta property=\"og:description\" content=\"Maxim\u00e1ln\u00ed v\u00fdkon 297 m3\/h (15 Pa), 3 rychlosti &#8211; hlu\u010dnost Lw p\u0159i max. v\u00fdkonu je 61 dB(A) &#8211; ods\u00e1vac\u00ed jednotky maj\u00ed individu\u00e1ln\u011b vyva\u017eovanou turb\u00ednu &#8211; motory jsou opat\u0159en\u00e9 vratn\u00fdmi tepeln\u00fdmi pojistkami (p\u0159i p\u0159et\u00ed\u017een\u00ed motoru vypne, po jeho vychladnut\u00ed op\u011bt sepne) &#8211; kovov\u00e9 sendvi\u010dov\u00e9 tukov\u00e9 filtry, kter\u00e9 lze m\u00fdt v my\u010dce &#8211; v\u00fdstupn\u00ed pr\u016fm\u011br 150 mm [&hellip;]\" \/>\n<meta property=\"og:url\" content=\"https:\/\/www.koupeltech.com\/index.php\/produkt\/znackovy-cata-odsavac-par-empire-kd-332050-56355\/\" \/>\n<meta property=\"og:image\" content=\"https:\/\/www.koupeltech.com\/wp-content\/uploads\/2026\/SK0022231-CZ20260425-093449-0-1777080896-cata-odsavac-par-empire-kd-332050.webp\" \/>\n\t<meta property=\"og:image:width\" content=\"1000\" \/>\n\t<meta property=\"og:image:height\" content=\"525\" \/>\n\t<meta property=\"og:image:type\" content=\"image\/webp\" \/>\n<meta name=\"twitter:card\" content=\"summary_large_image\" \/>\n<meta name=\"twitter:label1\" content=\"Odhadovan\u00e1 doba \u010dten\u00ed\" \/>\n\t<meta name=\"twitter:data1\" content=\"1 minuta\" \/>\n<script type=\"application\/ld+json\" class=\"yoast-schema-graph\">{\"@context\":\"https:\/\/schema.org\",\"@graph\":[{\"@type\":\"WebPage\",\"@id\":\"https:\/\/www.koupeltech.com\/index.php\/produkt\/znackovy-cata-odsavac-par-empire-kd-332050-56355\/\",\"url\":\"https:\/\/www.koupeltech.com\/index.php\/produkt\/znackovy-cata-odsavac-par-empire-kd-332050-56355\/\",\"name\":\"Zna\u010dkov\u00fd CATA Odsava\u010d par EMPIRE KD 332050 -\",\"isPartOf\":{\"@id\":\"https:\/\/www.koupeltech.com\/#website\"},\"primaryImageOfPage\":{\"@id\":\"https:\/\/www.koupeltech.com\/index.php\/produkt\/znackovy-cata-odsavac-par-empire-kd-332050-56355\/#primaryimage\"},\"image\":{\"@id\":\"https:\/\/www.koupeltech.com\/index.php\/produkt\/znackovy-cata-odsavac-par-empire-kd-332050-56355\/#primaryimage\"},\"thumbnailUrl\":\"https:\/\/www.koupeltech.com\/wp-content\/uploads\/2026\/SK0022231-CZ20260425-093449-0-1777080896-cata-odsavac-par-empire-kd-332050.webp\",\"datePublished\":\"2026-04-27T14:04:22+00:00\",\"breadcrumb\":{\"@id\":\"https:\/\/www.koupeltech.com\/index.php\/produkt\/znackovy-cata-odsavac-par-empire-kd-332050-56355\/#breadcrumb\"},\"inLanguage\":\"cs\",\"potentialAction\":[{\"@type\":\"ReadAction\",\"target\":[\"https:\/\/www.koupeltech.com\/index.php\/produkt\/znackovy-cata-odsavac-par-empire-kd-332050-56355\/\"]}]},{\"@type\":\"ImageObject\",\"inLanguage\":\"cs\",\"@id\":\"https:\/\/www.koupeltech.com\/index.php\/produkt\/znackovy-cata-odsavac-par-empire-kd-332050-56355\/#primaryimage\",\"url\":\"https:\/\/www.koupeltech.com\/wp-content\/uploads\/2026\/SK0022231-CZ20260425-093449-0-1777080896-cata-odsavac-par-empire-kd-332050.webp\",\"contentUrl\":\"https:\/\/www.koupeltech.com\/wp-content\/uploads\/2026\/SK0022231-CZ20260425-093449-0-1777080896-cata-odsavac-par-empire-kd-332050.webp\",\"width\":1000,\"height\":525},{\"@type\":\"BreadcrumbList\",\"@id\":\"https:\/\/www.koupeltech.com\/index.php\/produkt\/znackovy-cata-odsavac-par-empire-kd-332050-56355\/#breadcrumb\",\"itemListElement\":[{\"@type\":\"ListItem\",\"position\":1,\"name\":\"Home\",\"item\":\"https:\/\/www.koupeltech.com\/\"},{\"@type\":\"ListItem\",\"position\":2,\"name\":\"Products\",\"item\":\"https:\/\/www.koupeltech.com\/index.php\/products\/\"},{\"@type\":\"ListItem\",\"position\":3,\"name\":\"Zna\u010dkov\u00fd CATA Odsava\u010d par EMPIRE KD 332050\"}]},{\"@type\":\"WebSite\",\"@id\":\"https:\/\/www.koupeltech.com\/#website\",\"url\":\"https:\/\/www.koupeltech.com\/\",\"name\":\"\",\"description\":\"\",\"potentialAction\":[{\"@type\":\"SearchAction\",\"target\":{\"@type\":\"EntryPoint\",\"urlTemplate\":\"https:\/\/www.koupeltech.com\/?s={search_term_string}\"},\"query-input\":{\"@type\":\"PropertyValueSpecification\",\"valueRequired\":true,\"valueName\":\"search_term_string\"}}],\"inLanguage\":\"cs\"}]}<\/script>\n<!-- \/ Yoast SEO plugin. -->","yoast_head_json":{"title":"Zna\u010dkov\u00fd CATA Odsava\u010d par EMPIRE KD 332050 -","robots":{"index":"index","follow":"follow","max-snippet":"max-snippet:-1","max-image-preview":"max-image-preview:large","max-video-preview":"max-video-preview:-1"},"canonical":"https:\/\/www.koupeltech.com\/index.php\/produkt\/znackovy-cata-odsavac-par-empire-kd-332050-56355\/","og_locale":"cs_CZ","og_type":"article","og_title":"Zna\u010dkov\u00fd CATA Odsava\u010d par EMPIRE KD 332050 -","og_description":"Maxim\u00e1ln\u00ed v\u00fdkon 297 m3\/h (15 Pa), 3 rychlosti &#8211; hlu\u010dnost Lw p\u0159i max. v\u00fdkonu je 61 dB(A) &#8211; ods\u00e1vac\u00ed jednotky maj\u00ed individu\u00e1ln\u011b vyva\u017eovanou turb\u00ednu &#8211; motory jsou opat\u0159en\u00e9 vratn\u00fdmi tepeln\u00fdmi pojistkami (p\u0159i p\u0159et\u00ed\u017een\u00ed motoru vypne, po jeho vychladnut\u00ed op\u011bt sepne) &#8211; kovov\u00e9 sendvi\u010dov\u00e9 tukov\u00e9 filtry, kter\u00e9 lze m\u00fdt v my\u010dce &#8211; v\u00fdstupn\u00ed pr\u016fm\u011br 150 mm [&hellip;]","og_url":"https:\/\/www.koupeltech.com\/index.php\/produkt\/znackovy-cata-odsavac-par-empire-kd-332050-56355\/","og_image":[{"width":1000,"height":525,"url":"https:\/\/www.koupeltech.com\/wp-content\/uploads\/2026\/SK0022231-CZ20260425-093449-0-1777080896-cata-odsavac-par-empire-kd-332050.webp","type":"image\/webp"}],"twitter_card":"summary_large_image","twitter_misc":{"Odhadovan\u00e1 doba \u010dten\u00ed":"1 minuta"},"schema":{"@context":"https:\/\/schema.org","@graph":[{"@type":"WebPage","@id":"https:\/\/www.koupeltech.com\/index.php\/produkt\/znackovy-cata-odsavac-par-empire-kd-332050-56355\/","url":"https:\/\/www.koupeltech.com\/index.php\/produkt\/znackovy-cata-odsavac-par-empire-kd-332050-56355\/","name":"Zna\u010dkov\u00fd CATA Odsava\u010d par EMPIRE KD 332050 -","isPartOf":{"@id":"https:\/\/www.koupeltech.com\/#website"},"primaryImageOfPage":{"@id":"https:\/\/www.koupeltech.com\/index.php\/produkt\/znackovy-cata-odsavac-par-empire-kd-332050-56355\/#primaryimage"},"image":{"@id":"https:\/\/www.koupeltech.com\/index.php\/produkt\/znackovy-cata-odsavac-par-empire-kd-332050-56355\/#primaryimage"},"thumbnailUrl":"https:\/\/www.koupeltech.com\/wp-content\/uploads\/2026\/SK0022231-CZ20260425-093449-0-1777080896-cata-odsavac-par-empire-kd-332050.webp","datePublished":"2026-04-27T14:04:22+00:00","breadcrumb":{"@id":"https:\/\/www.koupeltech.com\/index.php\/produkt\/znackovy-cata-odsavac-par-empire-kd-332050-56355\/#breadcrumb"},"inLanguage":"cs","potentialAction":[{"@type":"ReadAction","target":["https:\/\/www.koupeltech.com\/index.php\/produkt\/znackovy-cata-odsavac-par-empire-kd-332050-56355\/"]}]},{"@type":"ImageObject","inLanguage":"cs","@id":"https:\/\/www.koupeltech.com\/index.php\/produkt\/znackovy-cata-odsavac-par-empire-kd-332050-56355\/#primaryimage","url":"https:\/\/www.koupeltech.com\/wp-content\/uploads\/2026\/SK0022231-CZ20260425-093449-0-1777080896-cata-odsavac-par-empire-kd-332050.webp","contentUrl":"https:\/\/www.koupeltech.com\/wp-content\/uploads\/2026\/SK0022231-CZ20260425-093449-0-1777080896-cata-odsavac-par-empire-kd-332050.webp","width":1000,"height":525},{"@type":"BreadcrumbList","@id":"https:\/\/www.koupeltech.com\/index.php\/produkt\/znackovy-cata-odsavac-par-empire-kd-332050-56355\/#breadcrumb","itemListElement":[{"@type":"ListItem","position":1,"name":"Home","item":"https:\/\/www.koupeltech.com\/"},{"@type":"ListItem","position":2,"name":"Products","item":"https:\/\/www.koupeltech.com\/index.php\/products\/"},{"@type":"ListItem","position":3,"name":"Zna\u010dkov\u00fd CATA Odsava\u010d par EMPIRE KD 332050"}]},{"@type":"WebSite","@id":"https:\/\/www.koupeltech.com\/#website","url":"https:\/\/www.koupeltech.com\/","name":"","description":"","potentialAction":[{"@type":"SearchAction","target":{"@type":"EntryPoint","urlTemplate":"https:\/\/www.koupeltech.com\/?s={search_term_string}"},"query-input":{"@type":"PropertyValueSpecification","valueRequired":true,"valueName":"search_term_string"}}],"inLanguage":"cs"}]}},"_links":{"self":[{"href":"https:\/\/www.koupeltech.com\/index.php\/wp-json\/wp\/v2\/product\/56355","targetHints":{"allow":["GET"]}}],"collection":[{"href":"https:\/\/www.koupeltech.com\/index.php\/wp-json\/wp\/v2\/product"}],"about":[{"href":"https:\/\/www.koupeltech.com\/index.php\/wp-json\/wp\/v2\/types\/product"}],"replies":[{"embeddable":true,"href":"https:\/\/www.koupeltech.com\/index.php\/wp-json\/wp\/v2\/comments?post=56355"}],"wp:featuredmedia":[{"embeddable":true,"href":"https:\/\/www.koupeltech.com\/index.php\/wp-json\/wp\/v2\/media\/56455"}],"wp:attachment":[{"href":"https:\/\/www.koupeltech.com\/index.php\/wp-json\/wp\/v2\/media?parent=56355"}],"wp:term":[{"taxonomy":"product_brand","embeddable":true,"href":"https:\/\/www.koupeltech.com\/index.php\/wp-json\/wp\/v2\/product_brand?post=56355"},{"taxonomy":"product_cat","embeddable":true,"href":"https:\/\/www.koupeltech.com\/index.php\/wp-json\/wp\/v2\/product_cat?post=56355"},{"taxonomy":"product_tag","embeddable":true,"href":"https:\/\/www.koupeltech.com\/index.php\/wp-json\/wp\/v2\/product_tag?post=56355"}],"curies":[{"name":"wp","href":"https:\/\/api.w.org\/{rel}","templated":true}]}}