{"id":62316,"date":"2026-04-27T14:05:22","date_gmt":"2026-04-27T14:05:22","guid":{"rendered":""},"modified":"2026-04-27T14:05:22","modified_gmt":"2026-04-27T14:05:22","slug":"ihned-k-objednani-makita-cw001gz-aku-chladici-a-ohrivaci-box-20l-li-ion-xgt-lxt-bez-aku-z-62316","status":"publish","type":"product","link":"https:\/\/www.koupeltech.com\/index.php\/produkt\/ihned-k-objednani-makita-cw001gz-aku-chladici-a-ohrivaci-box-20l-li-ion-xgt-lxt-bez-aku-z-62316\/","title":{"rendered":"Ihned K Objedn\u00e1n\u00ed Makita CW001GZ Aku chlad\u00edc\u00ed a oh\u0159\u00edvac\u00ed box 20l Li-ion XGT\/LXT,bez aku Z"},"content":{"rendered":"<table>\n<div class=\"tab-pane active product-description\" id=\"popis\" role=\"tabpanel\">\n<div class=\"short-description\" itemprop=\"description\"><\/div>\n<div class=\"description\">\n<p><span class=\"bullet-line\">\u0160ikovn\u00fd pomocn\u00edk na cest\u00e1ch funguj\u00edc\u00ed na 2 akumul\u00e1tory Li-ion XGT 40V, na 2 akumul\u00e1tory Li-ion LXT18V, s\u00ed\u0165ov\u00fd adapt\u00e9r nebo autokonektor 12V<\/span><br \/><span class=\"bullet-line\">Kompresorov\u00fd typ<\/span><br \/><span class=\"bullet-line\">Mo\u017enost nastaven\u00ed 7 stup\u0148\u016f chlazen\u00ed -18\u00b0C, -15\u00b0C, -10\u00b0C, -5\u00b0C, 0\u00b0C, 5\u00b0C a 10\u00b0C<\/span><br \/><span class=\"bullet-line\">Mo\u017enost nastaven\u00ed oh\u0159evu na 30\u00b0C, 35\u00b0C, 40\u00b0C, 45\u00b0C, 50\u00b0C, 55\u00b0C nebo 60\u00b0C<\/span><br \/><span class=\"bullet-line\">Dokonal\u00e1 izolace umo\u017e\u0148uje dlouh\u00e9 zachov\u00e1n\u00ed teploty i ve vypnut\u00e9m stavu<\/span><br \/><span class=\"bullet-line\">Objem boxu 20 l<\/span><br \/><span class=\"bullet-line\">P\u0159ehledn\u00fd LED displej<\/span><br \/><span class=\"bullet-line\">Mo\u017enost nab\u00edjen\u00ed extern\u00edho p\u0159\u00edstroje p\u0159es USB 5V\/2,4A<\/span><br \/><span class=\"bullet-line\">100 mm kole\u010dka pro jednoduch\u00fd p\u0159evoz ledni\u010dky<\/span><br \/><span class=\"bullet-line\">Integrovan\u00fd otv\u00edr\u00e1k na l\u00e1hve<\/span><br \/><span class=\"bullet-line\">IP54 &#8211; odoln\u00e9 proti prachu a st\u0159\u00edkaj\u00edc\u00ed vod\u011b<\/span><br \/><span class=\"bullet-line\">Dod\u00e1vka bez s\u00ed\u0165ov\u00e9ho adapt\u00e9ru, akumul\u00e1tor\u016f a nab\u00edje\u010dky<\/span><\/p>\n<p>\u25ba P\u0159\u00edslu\u0161enstv\u00ed<span class=\"bullet-line\">Autokonektor 12\/24V (WL00000002 )<\/span><\/p>\n<\/div>\n<div class=\"parameters\">\n<tr>\n<td>Akumul\u00e1tor<\/td>\n<td>Li-ion 2x40V \/ 2x18V<\/td>\n<\/tr>\n<tr>\n<td>Doba pou\u017eit\u00ed\/akumul\u00e1tor<\/td>\n<td>22 hod na 5\u00b0C\/2xBL4040<\/td>\n<\/tr>\n<tr>\n<td>Objem n\u00e1doby<\/td>\n<td>20 l<\/td>\n<\/tr>\n<tr>\n<td>Hmotnost<\/td>\n<td>13,5 \/ 15,5 kg<\/td>\n<\/tr>\n<tr>\n<td>Rozm\u011bry (Dx\u0160xV)<\/td>\n<td>663 x 341 x 372 mm<\/td>\n<\/tr><\/div>\n<\/table>\n","protected":false},"excerpt":{"rendered":"<p>\u0160ikovn\u00fd pomocn\u00edk na cest\u00e1ch funguj\u00edc\u00ed na 2 akumul\u00e1tory Li-ion XGT 40V, na 2 akumul\u00e1tory Li-ion LXT18V, s\u00ed\u0165ov\u00fd adapt\u00e9r nebo autokonektor 12VKompresorov\u00fd typMo\u017enost nastaven\u00ed 7 stup\u0148\u016f chlazen\u00ed -18\u00b0C, -15\u00b0C, -10\u00b0C, -5\u00b0C, 0\u00b0C, 5\u00b0C a 10\u00b0CMo\u017enost nastaven\u00ed oh\u0159evu na 30\u00b0C, 35\u00b0C, 40\u00b0C, 45\u00b0C, 50\u00b0C, 55\u00b0C nebo 60\u00b0CDokonal\u00e1 izolace umo\u017e\u0148uje dlouh\u00e9 zachov\u00e1n\u00ed teploty i ve vypnut\u00e9m stavuObjem boxu [&hellip;]<\/p>\n","protected":false},"featured_media":62416,"comment_status":"open","ping_status":"open","template":"","meta":[],"product_brand":[],"product_cat":[51,52,53],"product_tag":[],"class_list":{"0":"post-62316","1":"product","2":"type-product","3":"status-publish","4":"has-post-thumbnail","6":"product_cat-bazen","7":"product_cat-sport","8":"product_cat-volny-cas","10":"first","11":"instock","12":"sale","13":"shipping-taxable","14":"purchasable","15":"product-type-simple"},"yoast_head":"<!-- This site is optimized with the Yoast SEO plugin v26.8 - https:\/\/yoast.com\/product\/yoast-seo-wordpress\/ -->\n<title>Ihned K Objedn\u00e1n\u00ed Makita CW001GZ Aku chlad\u00edc\u00ed a oh\u0159\u00edvac\u00ed box 20l Li-ion XGT\/LXT,bez aku Z -<\/title>\n<meta name=\"robots\" content=\"index, follow, max-snippet:-1, max-image-preview:large, max-video-preview:-1\" \/>\n<link rel=\"canonical\" href=\"https:\/\/www.koupeltech.com\/index.php\/produkt\/ihned-k-objednani-makita-cw001gz-aku-chladici-a-ohrivaci-box-20l-li-ion-xgt-lxt-bez-aku-z-62316\/\" \/>\n<meta property=\"og:locale\" content=\"cs_CZ\" \/>\n<meta property=\"og:type\" content=\"article\" \/>\n<meta property=\"og:title\" content=\"Ihned K Objedn\u00e1n\u00ed Makita CW001GZ Aku chlad\u00edc\u00ed a oh\u0159\u00edvac\u00ed box 20l Li-ion XGT\/LXT,bez aku Z -\" \/>\n<meta property=\"og:description\" content=\"\u0160ikovn\u00fd pomocn\u00edk na cest\u00e1ch funguj\u00edc\u00ed na 2 akumul\u00e1tory Li-ion XGT 40V, na 2 akumul\u00e1tory Li-ion LXT18V, s\u00ed\u0165ov\u00fd adapt\u00e9r nebo autokonektor 12VKompresorov\u00fd typMo\u017enost nastaven\u00ed 7 stup\u0148\u016f chlazen\u00ed -18\u00b0C, -15\u00b0C, -10\u00b0C, -5\u00b0C, 0\u00b0C, 5\u00b0C a 10\u00b0CMo\u017enost nastaven\u00ed oh\u0159evu na 30\u00b0C, 35\u00b0C, 40\u00b0C, 45\u00b0C, 50\u00b0C, 55\u00b0C nebo 60\u00b0CDokonal\u00e1 izolace umo\u017e\u0148uje dlouh\u00e9 zachov\u00e1n\u00ed teploty i ve vypnut\u00e9m stavuObjem boxu [&hellip;]\" \/>\n<meta property=\"og:url\" content=\"https:\/\/www.koupeltech.com\/index.php\/produkt\/ihned-k-objednani-makita-cw001gz-aku-chladici-a-ohrivaci-box-20l-li-ion-xgt-lxt-bez-aku-z-62316\/\" \/>\n<meta property=\"og:image\" content=\"https:\/\/www.koupeltech.com\/wp-content\/uploads\/2026\/SK0026614-CZ20260425-092328-0-1777080210-priloha_-skk-45928.webp\" \/>\n\t<meta property=\"og:image:width\" content=\"827\" \/>\n\t<meta property=\"og:image:height\" content=\"618\" \/>\n\t<meta property=\"og:image:type\" content=\"image\/webp\" \/>\n<meta name=\"twitter:card\" content=\"summary_large_image\" \/>\n<meta name=\"twitter:label1\" content=\"Odhadovan\u00e1 doba \u010dten\u00ed\" \/>\n\t<meta name=\"twitter:data1\" content=\"1 minuta\" \/>\n<script type=\"application\/ld+json\" class=\"yoast-schema-graph\">{\"@context\":\"https:\/\/schema.org\",\"@graph\":[{\"@type\":\"WebPage\",\"@id\":\"https:\/\/www.koupeltech.com\/index.php\/produkt\/ihned-k-objednani-makita-cw001gz-aku-chladici-a-ohrivaci-box-20l-li-ion-xgt-lxt-bez-aku-z-62316\/\",\"url\":\"https:\/\/www.koupeltech.com\/index.php\/produkt\/ihned-k-objednani-makita-cw001gz-aku-chladici-a-ohrivaci-box-20l-li-ion-xgt-lxt-bez-aku-z-62316\/\",\"name\":\"Ihned K Objedn\u00e1n\u00ed Makita CW001GZ Aku chlad\u00edc\u00ed a oh\u0159\u00edvac\u00ed box 20l Li-ion XGT\/LXT,bez aku Z -\",\"isPartOf\":{\"@id\":\"https:\/\/www.koupeltech.com\/#website\"},\"primaryImageOfPage\":{\"@id\":\"https:\/\/www.koupeltech.com\/index.php\/produkt\/ihned-k-objednani-makita-cw001gz-aku-chladici-a-ohrivaci-box-20l-li-ion-xgt-lxt-bez-aku-z-62316\/#primaryimage\"},\"image\":{\"@id\":\"https:\/\/www.koupeltech.com\/index.php\/produkt\/ihned-k-objednani-makita-cw001gz-aku-chladici-a-ohrivaci-box-20l-li-ion-xgt-lxt-bez-aku-z-62316\/#primaryimage\"},\"thumbnailUrl\":\"https:\/\/www.koupeltech.com\/wp-content\/uploads\/2026\/SK0026614-CZ20260425-092328-0-1777080210-priloha_-skk-45928.webp\",\"datePublished\":\"2026-04-27T14:05:22+00:00\",\"breadcrumb\":{\"@id\":\"https:\/\/www.koupeltech.com\/index.php\/produkt\/ihned-k-objednani-makita-cw001gz-aku-chladici-a-ohrivaci-box-20l-li-ion-xgt-lxt-bez-aku-z-62316\/#breadcrumb\"},\"inLanguage\":\"cs\",\"potentialAction\":[{\"@type\":\"ReadAction\",\"target\":[\"https:\/\/www.koupeltech.com\/index.php\/produkt\/ihned-k-objednani-makita-cw001gz-aku-chladici-a-ohrivaci-box-20l-li-ion-xgt-lxt-bez-aku-z-62316\/\"]}]},{\"@type\":\"ImageObject\",\"inLanguage\":\"cs\",\"@id\":\"https:\/\/www.koupeltech.com\/index.php\/produkt\/ihned-k-objednani-makita-cw001gz-aku-chladici-a-ohrivaci-box-20l-li-ion-xgt-lxt-bez-aku-z-62316\/#primaryimage\",\"url\":\"https:\/\/www.koupeltech.com\/wp-content\/uploads\/2026\/SK0026614-CZ20260425-092328-0-1777080210-priloha_-skk-45928.webp\",\"contentUrl\":\"https:\/\/www.koupeltech.com\/wp-content\/uploads\/2026\/SK0026614-CZ20260425-092328-0-1777080210-priloha_-skk-45928.webp\",\"width\":827,\"height\":618},{\"@type\":\"BreadcrumbList\",\"@id\":\"https:\/\/www.koupeltech.com\/index.php\/produkt\/ihned-k-objednani-makita-cw001gz-aku-chladici-a-ohrivaci-box-20l-li-ion-xgt-lxt-bez-aku-z-62316\/#breadcrumb\",\"itemListElement\":[{\"@type\":\"ListItem\",\"position\":1,\"name\":\"Home\",\"item\":\"https:\/\/www.koupeltech.com\/\"},{\"@type\":\"ListItem\",\"position\":2,\"name\":\"Products\",\"item\":\"https:\/\/www.koupeltech.com\/index.php\/products\/\"},{\"@type\":\"ListItem\",\"position\":3,\"name\":\"Ihned K Objedn\u00e1n\u00ed Makita CW001GZ Aku chlad\u00edc\u00ed a oh\u0159\u00edvac\u00ed box 20l Li-ion XGT\/LXT,bez aku Z\"}]},{\"@type\":\"WebSite\",\"@id\":\"https:\/\/www.koupeltech.com\/#website\",\"url\":\"https:\/\/www.koupeltech.com\/\",\"name\":\"\",\"description\":\"\",\"potentialAction\":[{\"@type\":\"SearchAction\",\"target\":{\"@type\":\"EntryPoint\",\"urlTemplate\":\"https:\/\/www.koupeltech.com\/?s={search_term_string}\"},\"query-input\":{\"@type\":\"PropertyValueSpecification\",\"valueRequired\":true,\"valueName\":\"search_term_string\"}}],\"inLanguage\":\"cs\"}]}<\/script>\n<!-- \/ Yoast SEO plugin. -->","yoast_head_json":{"title":"Ihned K Objedn\u00e1n\u00ed Makita CW001GZ Aku chlad\u00edc\u00ed a oh\u0159\u00edvac\u00ed box 20l Li-ion XGT\/LXT,bez aku Z -","robots":{"index":"index","follow":"follow","max-snippet":"max-snippet:-1","max-image-preview":"max-image-preview:large","max-video-preview":"max-video-preview:-1"},"canonical":"https:\/\/www.koupeltech.com\/index.php\/produkt\/ihned-k-objednani-makita-cw001gz-aku-chladici-a-ohrivaci-box-20l-li-ion-xgt-lxt-bez-aku-z-62316\/","og_locale":"cs_CZ","og_type":"article","og_title":"Ihned K Objedn\u00e1n\u00ed Makita CW001GZ Aku chlad\u00edc\u00ed a oh\u0159\u00edvac\u00ed box 20l Li-ion XGT\/LXT,bez aku Z -","og_description":"\u0160ikovn\u00fd pomocn\u00edk na cest\u00e1ch funguj\u00edc\u00ed na 2 akumul\u00e1tory Li-ion XGT 40V, na 2 akumul\u00e1tory Li-ion LXT18V, s\u00ed\u0165ov\u00fd adapt\u00e9r nebo autokonektor 12VKompresorov\u00fd typMo\u017enost nastaven\u00ed 7 stup\u0148\u016f chlazen\u00ed -18\u00b0C, -15\u00b0C, -10\u00b0C, -5\u00b0C, 0\u00b0C, 5\u00b0C a 10\u00b0CMo\u017enost nastaven\u00ed oh\u0159evu na 30\u00b0C, 35\u00b0C, 40\u00b0C, 45\u00b0C, 50\u00b0C, 55\u00b0C nebo 60\u00b0CDokonal\u00e1 izolace umo\u017e\u0148uje dlouh\u00e9 zachov\u00e1n\u00ed teploty i ve vypnut\u00e9m stavuObjem boxu [&hellip;]","og_url":"https:\/\/www.koupeltech.com\/index.php\/produkt\/ihned-k-objednani-makita-cw001gz-aku-chladici-a-ohrivaci-box-20l-li-ion-xgt-lxt-bez-aku-z-62316\/","og_image":[{"width":827,"height":618,"url":"https:\/\/www.koupeltech.com\/wp-content\/uploads\/2026\/SK0026614-CZ20260425-092328-0-1777080210-priloha_-skk-45928.webp","type":"image\/webp"}],"twitter_card":"summary_large_image","twitter_misc":{"Odhadovan\u00e1 doba \u010dten\u00ed":"1 minuta"},"schema":{"@context":"https:\/\/schema.org","@graph":[{"@type":"WebPage","@id":"https:\/\/www.koupeltech.com\/index.php\/produkt\/ihned-k-objednani-makita-cw001gz-aku-chladici-a-ohrivaci-box-20l-li-ion-xgt-lxt-bez-aku-z-62316\/","url":"https:\/\/www.koupeltech.com\/index.php\/produkt\/ihned-k-objednani-makita-cw001gz-aku-chladici-a-ohrivaci-box-20l-li-ion-xgt-lxt-bez-aku-z-62316\/","name":"Ihned K Objedn\u00e1n\u00ed Makita CW001GZ Aku chlad\u00edc\u00ed a oh\u0159\u00edvac\u00ed box 20l Li-ion XGT\/LXT,bez aku Z -","isPartOf":{"@id":"https:\/\/www.koupeltech.com\/#website"},"primaryImageOfPage":{"@id":"https:\/\/www.koupeltech.com\/index.php\/produkt\/ihned-k-objednani-makita-cw001gz-aku-chladici-a-ohrivaci-box-20l-li-ion-xgt-lxt-bez-aku-z-62316\/#primaryimage"},"image":{"@id":"https:\/\/www.koupeltech.com\/index.php\/produkt\/ihned-k-objednani-makita-cw001gz-aku-chladici-a-ohrivaci-box-20l-li-ion-xgt-lxt-bez-aku-z-62316\/#primaryimage"},"thumbnailUrl":"https:\/\/www.koupeltech.com\/wp-content\/uploads\/2026\/SK0026614-CZ20260425-092328-0-1777080210-priloha_-skk-45928.webp","datePublished":"2026-04-27T14:05:22+00:00","breadcrumb":{"@id":"https:\/\/www.koupeltech.com\/index.php\/produkt\/ihned-k-objednani-makita-cw001gz-aku-chladici-a-ohrivaci-box-20l-li-ion-xgt-lxt-bez-aku-z-62316\/#breadcrumb"},"inLanguage":"cs","potentialAction":[{"@type":"ReadAction","target":["https:\/\/www.koupeltech.com\/index.php\/produkt\/ihned-k-objednani-makita-cw001gz-aku-chladici-a-ohrivaci-box-20l-li-ion-xgt-lxt-bez-aku-z-62316\/"]}]},{"@type":"ImageObject","inLanguage":"cs","@id":"https:\/\/www.koupeltech.com\/index.php\/produkt\/ihned-k-objednani-makita-cw001gz-aku-chladici-a-ohrivaci-box-20l-li-ion-xgt-lxt-bez-aku-z-62316\/#primaryimage","url":"https:\/\/www.koupeltech.com\/wp-content\/uploads\/2026\/SK0026614-CZ20260425-092328-0-1777080210-priloha_-skk-45928.webp","contentUrl":"https:\/\/www.koupeltech.com\/wp-content\/uploads\/2026\/SK0026614-CZ20260425-092328-0-1777080210-priloha_-skk-45928.webp","width":827,"height":618},{"@type":"BreadcrumbList","@id":"https:\/\/www.koupeltech.com\/index.php\/produkt\/ihned-k-objednani-makita-cw001gz-aku-chladici-a-ohrivaci-box-20l-li-ion-xgt-lxt-bez-aku-z-62316\/#breadcrumb","itemListElement":[{"@type":"ListItem","position":1,"name":"Home","item":"https:\/\/www.koupeltech.com\/"},{"@type":"ListItem","position":2,"name":"Products","item":"https:\/\/www.koupeltech.com\/index.php\/products\/"},{"@type":"ListItem","position":3,"name":"Ihned K Objedn\u00e1n\u00ed Makita CW001GZ Aku chlad\u00edc\u00ed a oh\u0159\u00edvac\u00ed box 20l Li-ion XGT\/LXT,bez aku Z"}]},{"@type":"WebSite","@id":"https:\/\/www.koupeltech.com\/#website","url":"https:\/\/www.koupeltech.com\/","name":"","description":"","potentialAction":[{"@type":"SearchAction","target":{"@type":"EntryPoint","urlTemplate":"https:\/\/www.koupeltech.com\/?s={search_term_string}"},"query-input":{"@type":"PropertyValueSpecification","valueRequired":true,"valueName":"search_term_string"}}],"inLanguage":"cs"}]}},"_links":{"self":[{"href":"https:\/\/www.koupeltech.com\/index.php\/wp-json\/wp\/v2\/product\/62316","targetHints":{"allow":["GET"]}}],"collection":[{"href":"https:\/\/www.koupeltech.com\/index.php\/wp-json\/wp\/v2\/product"}],"about":[{"href":"https:\/\/www.koupeltech.com\/index.php\/wp-json\/wp\/v2\/types\/product"}],"replies":[{"embeddable":true,"href":"https:\/\/www.koupeltech.com\/index.php\/wp-json\/wp\/v2\/comments?post=62316"}],"wp:featuredmedia":[{"embeddable":true,"href":"https:\/\/www.koupeltech.com\/index.php\/wp-json\/wp\/v2\/media\/62416"}],"wp:attachment":[{"href":"https:\/\/www.koupeltech.com\/index.php\/wp-json\/wp\/v2\/media?parent=62316"}],"wp:term":[{"taxonomy":"product_brand","embeddable":true,"href":"https:\/\/www.koupeltech.com\/index.php\/wp-json\/wp\/v2\/product_brand?post=62316"},{"taxonomy":"product_cat","embeddable":true,"href":"https:\/\/www.koupeltech.com\/index.php\/wp-json\/wp\/v2\/product_cat?post=62316"},{"taxonomy":"product_tag","embeddable":true,"href":"https:\/\/www.koupeltech.com\/index.php\/wp-json\/wp\/v2\/product_tag?post=62316"}],"curies":[{"name":"wp","href":"https:\/\/api.w.org\/{rel}","templated":true}]}}