{"id":6362,"date":"2026-04-27T13:56:48","date_gmt":"2026-04-27T13:56:48","guid":{"rendered":""},"modified":"2026-04-27T13:56:48","modified_gmt":"2026-04-27T13:56:48","slug":"cenova-bomba-makita-dub186z-aku-ofukovac-li-ion-lxt-18v-bez-aku-z-6362","status":"publish","type":"product","link":"https:\/\/www.koupeltech.com\/index.php\/produkt\/cenova-bomba-makita-dub186z-aku-ofukovac-li-ion-lxt-18v-bez-aku-z-6362\/","title":{"rendered":"Cenov\u00e1 Bomba Makita DUB186Z Aku ofukova\u010d Li-ion LXT 18V,bez aku Z"},"content":{"rendered":"<table>\n<div class=\"tab-pane active product-description\" id=\"popis\" role=\"tabpanel\">\n<div class=\"short-description\" itemprop=\"description\"><\/div>\n<div class=\"description\"><span class='bullet-line'>Lehk\u00fd, kompaktn\u00ed a p\u0159itom siln\u00fd stroj poh\u00e1n\u011bn\u00fd akumul\u00e1torem Li-ion 18V<br \/><\/span><span class='bullet-line'>3 stupn\u011b nastaven\u00ed objemu vzduchu<br \/><\/span><span class='bullet-line'>Elektronick\u00fd vyp\u00edna\u010d umo\u017e\u0148uj\u00edc\u00ed regulaci chodu<br \/><\/span><span class='bullet-line'>Ergonomicky tvarovan\u00e1 pogumovan\u00e1 rukoje\u0165<br \/><\/span><span class='bullet-line'>Pomoc\u00ed speci\u00e1ln\u00edho p\u0159\u00edslu\u0161enstv\u00ed je mo\u017en\u00e9 pou\u017e\u00edt jako v\u00fdkonn\u00fd vysava\u010d<br \/><\/span><span class='bullet-line'>Sou\u010d\u00e1st\u00ed dod\u00e1vky je prodlou\u017een\u00e1 tryska se speci\u00e1ln\u00edm tvarem \u00fast\u00ed<br \/><\/span><span class='bullet-line'>Dod\u00e1vka bez akumul\u00e1toru a nab\u00edje\u010dky<br \/><\/span><br \/>\u25ba P\u0159\u00edslu\u0161enstv\u00ed<span class='bullet-line'>Tryska (191G09-6)<\/span><\/div>\n<div class=\"parameters\">\n<tr>\n<td>Akumul\u00e1tor<\/td>\n<td>Li-ion 18 V<\/td>\n<\/tr>\n<tr>\n<td>Max rychlost vzduchu<\/td>\n<td>68 m\/s<\/td>\n<\/tr>\n<tr>\n<td>Max. pr\u016ftok vzduchu<\/td>\n<td>3,2 m3\/h<\/td>\n<\/tr>\n<tr>\n<td>Doba pou\u017eit\u00ed\/akumul\u00e1tor<\/td>\n<td>130\/50\/20 min\/BL1850<\/td>\n<\/tr>\n<tr>\n<td>Hmotnost<\/td>\n<td>1,5 \/ 2,1 kg<\/td>\n<\/tr>\n<tr>\n<td>Rozm\u011bry (Dx\u0160xV)<\/td>\n<td>861 x 156 x 210 mm<\/td>\n<\/tr><\/div>\n<\/table>\n","protected":false},"excerpt":{"rendered":"<p>Lehk\u00fd, kompaktn\u00ed a p\u0159itom siln\u00fd stroj poh\u00e1n\u011bn\u00fd akumul\u00e1torem Li-ion 18V3 stupn\u011b nastaven\u00ed objemu vzduchuElektronick\u00fd vyp\u00edna\u010d umo\u017e\u0148uj\u00edc\u00ed regulaci choduErgonomicky tvarovan\u00e1 pogumovan\u00e1 rukoje\u0165Pomoc\u00ed speci\u00e1ln\u00edho p\u0159\u00edslu\u0161enstv\u00ed je mo\u017en\u00e9 pou\u017e\u00edt jako v\u00fdkonn\u00fd vysava\u010dSou\u010d\u00e1st\u00ed dod\u00e1vky je prodlou\u017een\u00e1 tryska se speci\u00e1ln\u00edm tvarem \u00fast\u00edDod\u00e1vka bez akumul\u00e1toru a nab\u00edje\u010dky\u25ba P\u0159\u00edslu\u0161enstv\u00edTryska (191G09-6) Akumul\u00e1tor Li-ion 18 V Max rychlost vzduchu 68 m\/s Max. pr\u016ftok vzduchu [&hellip;]<\/p>\n","protected":false},"featured_media":6462,"comment_status":"open","ping_status":"open","template":"","meta":[],"product_brand":[],"product_cat":[44],"product_tag":[],"class_list":{"0":"post-6362","1":"product","2":"type-product","3":"status-publish","4":"has-post-thumbnail","6":"product_cat-zahrada","8":"first","9":"instock","10":"sale","11":"shipping-taxable","12":"purchasable","13":"product-type-simple"},"yoast_head":"<!-- This site is optimized with the Yoast SEO plugin v26.8 - https:\/\/yoast.com\/product\/yoast-seo-wordpress\/ -->\n<title>Cenov\u00e1 Bomba Makita DUB186Z Aku ofukova\u010d Li-ion LXT 18V,bez aku Z -<\/title>\n<meta name=\"robots\" content=\"index, follow, max-snippet:-1, max-image-preview:large, max-video-preview:-1\" \/>\n<link rel=\"canonical\" href=\"https:\/\/www.koupeltech.com\/index.php\/produkt\/cenova-bomba-makita-dub186z-aku-ofukovac-li-ion-lxt-18v-bez-aku-z-6362\/\" \/>\n<meta property=\"og:locale\" content=\"cs_CZ\" \/>\n<meta property=\"og:type\" content=\"article\" \/>\n<meta property=\"og:title\" content=\"Cenov\u00e1 Bomba Makita DUB186Z Aku ofukova\u010d Li-ion LXT 18V,bez aku Z -\" \/>\n<meta property=\"og:description\" content=\"Lehk\u00fd, kompaktn\u00ed a p\u0159itom siln\u00fd stroj poh\u00e1n\u011bn\u00fd akumul\u00e1torem Li-ion 18V3 stupn\u011b nastaven\u00ed objemu vzduchuElektronick\u00fd vyp\u00edna\u010d umo\u017e\u0148uj\u00edc\u00ed regulaci choduErgonomicky tvarovan\u00e1 pogumovan\u00e1 rukoje\u0165Pomoc\u00ed speci\u00e1ln\u00edho p\u0159\u00edslu\u0161enstv\u00ed je mo\u017en\u00e9 pou\u017e\u00edt jako v\u00fdkonn\u00fd vysava\u010dSou\u010d\u00e1st\u00ed dod\u00e1vky je prodlou\u017een\u00e1 tryska se speci\u00e1ln\u00edm tvarem \u00fast\u00edDod\u00e1vka bez akumul\u00e1toru a nab\u00edje\u010dky\u25ba P\u0159\u00edslu\u0161enstv\u00edTryska (191G09-6) Akumul\u00e1tor Li-ion 18 V Max rychlost vzduchu 68 m\/s Max. pr\u016ftok vzduchu [&hellip;]\" \/>\n<meta property=\"og:url\" content=\"https:\/\/www.koupeltech.com\/index.php\/produkt\/cenova-bomba-makita-dub186z-aku-ofukovac-li-ion-lxt-18v-bez-aku-z-6362\/\" \/>\n<meta property=\"og:image\" content=\"https:\/\/www.koupeltech.com\/wp-content\/uploads\/2026\/SK0022315-CZ20260425-092328-0-1777080210-dub186z_c2l0.webp\" \/>\n\t<meta property=\"og:image:width\" content=\"1000\" \/>\n\t<meta property=\"og:image:height\" content=\"498\" \/>\n\t<meta property=\"og:image:type\" content=\"image\/webp\" \/>\n<meta name=\"twitter:card\" content=\"summary_large_image\" \/>\n<meta name=\"twitter:label1\" content=\"Odhadovan\u00e1 doba \u010dten\u00ed\" \/>\n\t<meta name=\"twitter:data1\" content=\"1 minuta\" \/>\n<script type=\"application\/ld+json\" class=\"yoast-schema-graph\">{\"@context\":\"https:\/\/schema.org\",\"@graph\":[{\"@type\":\"WebPage\",\"@id\":\"https:\/\/www.koupeltech.com\/index.php\/produkt\/cenova-bomba-makita-dub186z-aku-ofukovac-li-ion-lxt-18v-bez-aku-z-6362\/\",\"url\":\"https:\/\/www.koupeltech.com\/index.php\/produkt\/cenova-bomba-makita-dub186z-aku-ofukovac-li-ion-lxt-18v-bez-aku-z-6362\/\",\"name\":\"Cenov\u00e1 Bomba Makita DUB186Z Aku ofukova\u010d Li-ion LXT 18V,bez aku Z -\",\"isPartOf\":{\"@id\":\"https:\/\/www.koupeltech.com\/#website\"},\"primaryImageOfPage\":{\"@id\":\"https:\/\/www.koupeltech.com\/index.php\/produkt\/cenova-bomba-makita-dub186z-aku-ofukovac-li-ion-lxt-18v-bez-aku-z-6362\/#primaryimage\"},\"image\":{\"@id\":\"https:\/\/www.koupeltech.com\/index.php\/produkt\/cenova-bomba-makita-dub186z-aku-ofukovac-li-ion-lxt-18v-bez-aku-z-6362\/#primaryimage\"},\"thumbnailUrl\":\"https:\/\/www.koupeltech.com\/wp-content\/uploads\/2026\/SK0022315-CZ20260425-092328-0-1777080210-dub186z_c2l0.webp\",\"datePublished\":\"2026-04-27T13:56:48+00:00\",\"breadcrumb\":{\"@id\":\"https:\/\/www.koupeltech.com\/index.php\/produkt\/cenova-bomba-makita-dub186z-aku-ofukovac-li-ion-lxt-18v-bez-aku-z-6362\/#breadcrumb\"},\"inLanguage\":\"cs\",\"potentialAction\":[{\"@type\":\"ReadAction\",\"target\":[\"https:\/\/www.koupeltech.com\/index.php\/produkt\/cenova-bomba-makita-dub186z-aku-ofukovac-li-ion-lxt-18v-bez-aku-z-6362\/\"]}]},{\"@type\":\"ImageObject\",\"inLanguage\":\"cs\",\"@id\":\"https:\/\/www.koupeltech.com\/index.php\/produkt\/cenova-bomba-makita-dub186z-aku-ofukovac-li-ion-lxt-18v-bez-aku-z-6362\/#primaryimage\",\"url\":\"https:\/\/www.koupeltech.com\/wp-content\/uploads\/2026\/SK0022315-CZ20260425-092328-0-1777080210-dub186z_c2l0.webp\",\"contentUrl\":\"https:\/\/www.koupeltech.com\/wp-content\/uploads\/2026\/SK0022315-CZ20260425-092328-0-1777080210-dub186z_c2l0.webp\",\"width\":1000,\"height\":498},{\"@type\":\"BreadcrumbList\",\"@id\":\"https:\/\/www.koupeltech.com\/index.php\/produkt\/cenova-bomba-makita-dub186z-aku-ofukovac-li-ion-lxt-18v-bez-aku-z-6362\/#breadcrumb\",\"itemListElement\":[{\"@type\":\"ListItem\",\"position\":1,\"name\":\"Home\",\"item\":\"https:\/\/www.koupeltech.com\/\"},{\"@type\":\"ListItem\",\"position\":2,\"name\":\"Products\",\"item\":\"https:\/\/www.koupeltech.com\/index.php\/products\/\"},{\"@type\":\"ListItem\",\"position\":3,\"name\":\"Cenov\u00e1 Bomba Makita DUB186Z Aku ofukova\u010d Li-ion LXT 18V,bez aku Z\"}]},{\"@type\":\"WebSite\",\"@id\":\"https:\/\/www.koupeltech.com\/#website\",\"url\":\"https:\/\/www.koupeltech.com\/\",\"name\":\"\",\"description\":\"\",\"potentialAction\":[{\"@type\":\"SearchAction\",\"target\":{\"@type\":\"EntryPoint\",\"urlTemplate\":\"https:\/\/www.koupeltech.com\/?s={search_term_string}\"},\"query-input\":{\"@type\":\"PropertyValueSpecification\",\"valueRequired\":true,\"valueName\":\"search_term_string\"}}],\"inLanguage\":\"cs\"}]}<\/script>\n<!-- \/ Yoast SEO plugin. -->","yoast_head_json":{"title":"Cenov\u00e1 Bomba Makita DUB186Z Aku ofukova\u010d Li-ion LXT 18V,bez aku Z -","robots":{"index":"index","follow":"follow","max-snippet":"max-snippet:-1","max-image-preview":"max-image-preview:large","max-video-preview":"max-video-preview:-1"},"canonical":"https:\/\/www.koupeltech.com\/index.php\/produkt\/cenova-bomba-makita-dub186z-aku-ofukovac-li-ion-lxt-18v-bez-aku-z-6362\/","og_locale":"cs_CZ","og_type":"article","og_title":"Cenov\u00e1 Bomba Makita DUB186Z Aku ofukova\u010d Li-ion LXT 18V,bez aku Z -","og_description":"Lehk\u00fd, kompaktn\u00ed a p\u0159itom siln\u00fd stroj poh\u00e1n\u011bn\u00fd akumul\u00e1torem Li-ion 18V3 stupn\u011b nastaven\u00ed objemu vzduchuElektronick\u00fd vyp\u00edna\u010d umo\u017e\u0148uj\u00edc\u00ed regulaci choduErgonomicky tvarovan\u00e1 pogumovan\u00e1 rukoje\u0165Pomoc\u00ed speci\u00e1ln\u00edho p\u0159\u00edslu\u0161enstv\u00ed je mo\u017en\u00e9 pou\u017e\u00edt jako v\u00fdkonn\u00fd vysava\u010dSou\u010d\u00e1st\u00ed dod\u00e1vky je prodlou\u017een\u00e1 tryska se speci\u00e1ln\u00edm tvarem \u00fast\u00edDod\u00e1vka bez akumul\u00e1toru a nab\u00edje\u010dky\u25ba P\u0159\u00edslu\u0161enstv\u00edTryska (191G09-6) Akumul\u00e1tor Li-ion 18 V Max rychlost vzduchu 68 m\/s Max. pr\u016ftok vzduchu [&hellip;]","og_url":"https:\/\/www.koupeltech.com\/index.php\/produkt\/cenova-bomba-makita-dub186z-aku-ofukovac-li-ion-lxt-18v-bez-aku-z-6362\/","og_image":[{"width":1000,"height":498,"url":"https:\/\/www.koupeltech.com\/wp-content\/uploads\/2026\/SK0022315-CZ20260425-092328-0-1777080210-dub186z_c2l0.webp","type":"image\/webp"}],"twitter_card":"summary_large_image","twitter_misc":{"Odhadovan\u00e1 doba \u010dten\u00ed":"1 minuta"},"schema":{"@context":"https:\/\/schema.org","@graph":[{"@type":"WebPage","@id":"https:\/\/www.koupeltech.com\/index.php\/produkt\/cenova-bomba-makita-dub186z-aku-ofukovac-li-ion-lxt-18v-bez-aku-z-6362\/","url":"https:\/\/www.koupeltech.com\/index.php\/produkt\/cenova-bomba-makita-dub186z-aku-ofukovac-li-ion-lxt-18v-bez-aku-z-6362\/","name":"Cenov\u00e1 Bomba Makita DUB186Z Aku ofukova\u010d Li-ion LXT 18V,bez aku Z -","isPartOf":{"@id":"https:\/\/www.koupeltech.com\/#website"},"primaryImageOfPage":{"@id":"https:\/\/www.koupeltech.com\/index.php\/produkt\/cenova-bomba-makita-dub186z-aku-ofukovac-li-ion-lxt-18v-bez-aku-z-6362\/#primaryimage"},"image":{"@id":"https:\/\/www.koupeltech.com\/index.php\/produkt\/cenova-bomba-makita-dub186z-aku-ofukovac-li-ion-lxt-18v-bez-aku-z-6362\/#primaryimage"},"thumbnailUrl":"https:\/\/www.koupeltech.com\/wp-content\/uploads\/2026\/SK0022315-CZ20260425-092328-0-1777080210-dub186z_c2l0.webp","datePublished":"2026-04-27T13:56:48+00:00","breadcrumb":{"@id":"https:\/\/www.koupeltech.com\/index.php\/produkt\/cenova-bomba-makita-dub186z-aku-ofukovac-li-ion-lxt-18v-bez-aku-z-6362\/#breadcrumb"},"inLanguage":"cs","potentialAction":[{"@type":"ReadAction","target":["https:\/\/www.koupeltech.com\/index.php\/produkt\/cenova-bomba-makita-dub186z-aku-ofukovac-li-ion-lxt-18v-bez-aku-z-6362\/"]}]},{"@type":"ImageObject","inLanguage":"cs","@id":"https:\/\/www.koupeltech.com\/index.php\/produkt\/cenova-bomba-makita-dub186z-aku-ofukovac-li-ion-lxt-18v-bez-aku-z-6362\/#primaryimage","url":"https:\/\/www.koupeltech.com\/wp-content\/uploads\/2026\/SK0022315-CZ20260425-092328-0-1777080210-dub186z_c2l0.webp","contentUrl":"https:\/\/www.koupeltech.com\/wp-content\/uploads\/2026\/SK0022315-CZ20260425-092328-0-1777080210-dub186z_c2l0.webp","width":1000,"height":498},{"@type":"BreadcrumbList","@id":"https:\/\/www.koupeltech.com\/index.php\/produkt\/cenova-bomba-makita-dub186z-aku-ofukovac-li-ion-lxt-18v-bez-aku-z-6362\/#breadcrumb","itemListElement":[{"@type":"ListItem","position":1,"name":"Home","item":"https:\/\/www.koupeltech.com\/"},{"@type":"ListItem","position":2,"name":"Products","item":"https:\/\/www.koupeltech.com\/index.php\/products\/"},{"@type":"ListItem","position":3,"name":"Cenov\u00e1 Bomba Makita DUB186Z Aku ofukova\u010d Li-ion LXT 18V,bez aku Z"}]},{"@type":"WebSite","@id":"https:\/\/www.koupeltech.com\/#website","url":"https:\/\/www.koupeltech.com\/","name":"","description":"","potentialAction":[{"@type":"SearchAction","target":{"@type":"EntryPoint","urlTemplate":"https:\/\/www.koupeltech.com\/?s={search_term_string}"},"query-input":{"@type":"PropertyValueSpecification","valueRequired":true,"valueName":"search_term_string"}}],"inLanguage":"cs"}]}},"_links":{"self":[{"href":"https:\/\/www.koupeltech.com\/index.php\/wp-json\/wp\/v2\/product\/6362","targetHints":{"allow":["GET"]}}],"collection":[{"href":"https:\/\/www.koupeltech.com\/index.php\/wp-json\/wp\/v2\/product"}],"about":[{"href":"https:\/\/www.koupeltech.com\/index.php\/wp-json\/wp\/v2\/types\/product"}],"replies":[{"embeddable":true,"href":"https:\/\/www.koupeltech.com\/index.php\/wp-json\/wp\/v2\/comments?post=6362"}],"wp:featuredmedia":[{"embeddable":true,"href":"https:\/\/www.koupeltech.com\/index.php\/wp-json\/wp\/v2\/media\/6462"}],"wp:attachment":[{"href":"https:\/\/www.koupeltech.com\/index.php\/wp-json\/wp\/v2\/media?parent=6362"}],"wp:term":[{"taxonomy":"product_brand","embeddable":true,"href":"https:\/\/www.koupeltech.com\/index.php\/wp-json\/wp\/v2\/product_brand?post=6362"},{"taxonomy":"product_cat","embeddable":true,"href":"https:\/\/www.koupeltech.com\/index.php\/wp-json\/wp\/v2\/product_cat?post=6362"},{"taxonomy":"product_tag","embeddable":true,"href":"https:\/\/www.koupeltech.com\/index.php\/wp-json\/wp\/v2\/product_tag?post=6362"}],"curies":[{"name":"wp","href":"https:\/\/api.w.org\/{rel}","templated":true}]}}