{"id":6363,"date":"2026-04-27T13:56:48","date_gmt":"2026-04-27T13:56:48","guid":{"rendered":""},"modified":"2026-04-27T13:56:48","modified_gmt":"2026-04-27T13:56:48","slug":"cenove-vyhodny-makita-jr3061t-pila-ocaska-s-predkyvem-1250w-6363","status":"publish","type":"product","link":"https:\/\/www.koupeltech.com\/index.php\/produkt\/cenove-vyhodny-makita-jr3061t-pila-ocaska-s-predkyvem-1250w-6363\/","title":{"rendered":"Cenov\u011b V\u00fdhodn\u00fd Makita JR3061T Pila ocaska s p\u0159edkyvem 1250W"},"content":{"rendered":"<table>\n<div class=\"tab-pane active product-description\" id=\"popis\" role=\"tabpanel\">\n<div class=\"short-description\" itemprop=\"description\"><\/div>\n<div class=\"description\">\n<p><span class=\"bullet-line\">Bezn\u00e1strojov\u00e1 v\u00fdm\u011bna pilov\u00e9ho listu<\/span><br \/><span class=\"bullet-line\">Nov\u00e9 konstruk\u010dn\u00ed \u0159e\u0161en\u00ed v\u00fdrazn\u011b zvy\u0161uje rychlost \u0159ezu<\/span><br \/><span class=\"bullet-line\">Bezn\u00e1strojov\u00e9 nastaven\u00ed vodic\u00ed patky<\/span><br \/><span class=\"bullet-line\">V\u00fdrazn\u011b zv\u00fd\u0161en\u00e1 odolnost stroj<\/span><br \/><span class=\"bullet-line\">Prachot\u011bsn\u00e1 konstrukce umo\u017enuj\u00edc\u00ed del\u0161\u00ed \u017eivotnost<\/span><br \/><span class=\"bullet-line\">Regulace ot\u00e1\u010dek a p\u0159edkyv<\/span><br \/><span class=\"bullet-line\">Zadn\u00ed rukoje\u0165 s m\u011bkk\u00fdm gumov\u00fdm dr\u017eadlem<\/span><br \/><span class=\"bullet-line\">Univerz\u00e1ln\u00ed up\u00edn\u00e1n\u00ed pro v\u0161echny standardn\u00ed pilov\u00e9 listy<\/span><\/p>\n<p>\u25ba P\u0159\u00edslu\u0161enstv\u00ed<span class=\"bullet-line\">Transportn\u00ed kufr (824734-9)<\/span><br \/><span class=\"bullet-line\">Bimetalov\u00fd pilov\u00fd list (B-05038)<\/span><br \/><span class=\"bullet-line\">Bimetalov\u00fd pilov\u00fd list (B-05044)<\/span><br \/><span class=\"bullet-line\">Bimetalov\u00fd pilov\u00fd list (B-05153)<\/span><\/p>\n<\/div>\n<\/table>\n","protected":false},"excerpt":{"rendered":"<p>Bezn\u00e1strojov\u00e1 v\u00fdm\u011bna pilov\u00e9ho listuNov\u00e9 konstruk\u010dn\u00ed \u0159e\u0161en\u00ed v\u00fdrazn\u011b zvy\u0161uje rychlost \u0159ezuBezn\u00e1strojov\u00e9 nastaven\u00ed vodic\u00ed patkyV\u00fdrazn\u011b zv\u00fd\u0161en\u00e1 odolnost strojPrachot\u011bsn\u00e1 konstrukce umo\u017enuj\u00edc\u00ed del\u0161\u00ed \u017eivotnostRegulace ot\u00e1\u010dek a p\u0159edkyvZadn\u00ed rukoje\u0165 s m\u011bkk\u00fdm gumov\u00fdm dr\u017eadlemUniverz\u00e1ln\u00ed up\u00edn\u00e1n\u00ed pro v\u0161echny standardn\u00ed pilov\u00e9 listy \u25ba P\u0159\u00edslu\u0161enstv\u00edTransportn\u00ed kufr (824734-9)Bimetalov\u00fd pilov\u00fd list (B-05038)Bimetalov\u00fd pilov\u00fd list (B-05044)Bimetalov\u00fd pilov\u00fd list (B-05153)<\/p>\n","protected":false},"featured_media":6463,"comment_status":"open","ping_status":"open","template":"","meta":[],"product_brand":[],"product_cat":[43],"product_tag":[],"class_list":{"0":"post-6363","1":"product","2":"type-product","3":"status-publish","4":"has-post-thumbnail","6":"product_cat-naradi","8":"first","9":"instock","10":"sale","11":"shipping-taxable","12":"purchasable","13":"product-type-simple"},"yoast_head":"<!-- This site is optimized with the Yoast SEO plugin v26.8 - https:\/\/yoast.com\/product\/yoast-seo-wordpress\/ -->\n<title>Cenov\u011b V\u00fdhodn\u00fd Makita JR3061T Pila ocaska s p\u0159edkyvem 1250W -<\/title>\n<meta name=\"robots\" content=\"index, follow, max-snippet:-1, max-image-preview:large, max-video-preview:-1\" \/>\n<link rel=\"canonical\" href=\"https:\/\/www.koupeltech.com\/index.php\/produkt\/cenove-vyhodny-makita-jr3061t-pila-ocaska-s-predkyvem-1250w-6363\/\" \/>\n<meta property=\"og:locale\" content=\"cs_CZ\" \/>\n<meta property=\"og:type\" content=\"article\" \/>\n<meta property=\"og:title\" content=\"Cenov\u011b V\u00fdhodn\u00fd Makita JR3061T Pila ocaska s p\u0159edkyvem 1250W -\" \/>\n<meta property=\"og:description\" content=\"Bezn\u00e1strojov\u00e1 v\u00fdm\u011bna pilov\u00e9ho listuNov\u00e9 konstruk\u010dn\u00ed \u0159e\u0161en\u00ed v\u00fdrazn\u011b zvy\u0161uje rychlost \u0159ezuBezn\u00e1strojov\u00e9 nastaven\u00ed vodic\u00ed patkyV\u00fdrazn\u011b zv\u00fd\u0161en\u00e1 odolnost strojPrachot\u011bsn\u00e1 konstrukce umo\u017enuj\u00edc\u00ed del\u0161\u00ed \u017eivotnostRegulace ot\u00e1\u010dek a p\u0159edkyvZadn\u00ed rukoje\u0165 s m\u011bkk\u00fdm gumov\u00fdm dr\u017eadlemUniverz\u00e1ln\u00ed up\u00edn\u00e1n\u00ed pro v\u0161echny standardn\u00ed pilov\u00e9 listy \u25ba P\u0159\u00edslu\u0161enstv\u00edTransportn\u00ed kufr (824734-9)Bimetalov\u00fd pilov\u00fd list (B-05038)Bimetalov\u00fd pilov\u00fd list (B-05044)Bimetalov\u00fd pilov\u00fd list (B-05153)\" \/>\n<meta property=\"og:url\" content=\"https:\/\/www.koupeltech.com\/index.php\/produkt\/cenove-vyhodny-makita-jr3061t-pila-ocaska-s-predkyvem-1250w-6363\/\" \/>\n<meta property=\"og:image\" content=\"https:\/\/www.koupeltech.com\/wp-content\/uploads\/2026\/SK0022317-CZ20260425-092328-0-1777080210-pol_pl_makita-jr3061t-pila-szablasta-posuwowa-1250w-73401_5.webp\" \/>\n\t<meta property=\"og:image:width\" content=\"700\" \/>\n\t<meta property=\"og:image:height\" content=\"525\" \/>\n\t<meta property=\"og:image:type\" content=\"image\/webp\" \/>\n<meta name=\"twitter:card\" content=\"summary_large_image\" \/>\n<script type=\"application\/ld+json\" class=\"yoast-schema-graph\">{\"@context\":\"https:\/\/schema.org\",\"@graph\":[{\"@type\":\"WebPage\",\"@id\":\"https:\/\/www.koupeltech.com\/index.php\/produkt\/cenove-vyhodny-makita-jr3061t-pila-ocaska-s-predkyvem-1250w-6363\/\",\"url\":\"https:\/\/www.koupeltech.com\/index.php\/produkt\/cenove-vyhodny-makita-jr3061t-pila-ocaska-s-predkyvem-1250w-6363\/\",\"name\":\"Cenov\u011b V\u00fdhodn\u00fd Makita JR3061T Pila ocaska s p\u0159edkyvem 1250W -\",\"isPartOf\":{\"@id\":\"https:\/\/www.koupeltech.com\/#website\"},\"primaryImageOfPage\":{\"@id\":\"https:\/\/www.koupeltech.com\/index.php\/produkt\/cenove-vyhodny-makita-jr3061t-pila-ocaska-s-predkyvem-1250w-6363\/#primaryimage\"},\"image\":{\"@id\":\"https:\/\/www.koupeltech.com\/index.php\/produkt\/cenove-vyhodny-makita-jr3061t-pila-ocaska-s-predkyvem-1250w-6363\/#primaryimage\"},\"thumbnailUrl\":\"https:\/\/www.koupeltech.com\/wp-content\/uploads\/2026\/SK0022317-CZ20260425-092328-0-1777080210-pol_pl_makita-jr3061t-pila-szablasta-posuwowa-1250w-73401_5.webp\",\"datePublished\":\"2026-04-27T13:56:48+00:00\",\"breadcrumb\":{\"@id\":\"https:\/\/www.koupeltech.com\/index.php\/produkt\/cenove-vyhodny-makita-jr3061t-pila-ocaska-s-predkyvem-1250w-6363\/#breadcrumb\"},\"inLanguage\":\"cs\",\"potentialAction\":[{\"@type\":\"ReadAction\",\"target\":[\"https:\/\/www.koupeltech.com\/index.php\/produkt\/cenove-vyhodny-makita-jr3061t-pila-ocaska-s-predkyvem-1250w-6363\/\"]}]},{\"@type\":\"ImageObject\",\"inLanguage\":\"cs\",\"@id\":\"https:\/\/www.koupeltech.com\/index.php\/produkt\/cenove-vyhodny-makita-jr3061t-pila-ocaska-s-predkyvem-1250w-6363\/#primaryimage\",\"url\":\"https:\/\/www.koupeltech.com\/wp-content\/uploads\/2026\/SK0022317-CZ20260425-092328-0-1777080210-pol_pl_makita-jr3061t-pila-szablasta-posuwowa-1250w-73401_5.webp\",\"contentUrl\":\"https:\/\/www.koupeltech.com\/wp-content\/uploads\/2026\/SK0022317-CZ20260425-092328-0-1777080210-pol_pl_makita-jr3061t-pila-szablasta-posuwowa-1250w-73401_5.webp\",\"width\":700,\"height\":525},{\"@type\":\"BreadcrumbList\",\"@id\":\"https:\/\/www.koupeltech.com\/index.php\/produkt\/cenove-vyhodny-makita-jr3061t-pila-ocaska-s-predkyvem-1250w-6363\/#breadcrumb\",\"itemListElement\":[{\"@type\":\"ListItem\",\"position\":1,\"name\":\"Home\",\"item\":\"https:\/\/www.koupeltech.com\/\"},{\"@type\":\"ListItem\",\"position\":2,\"name\":\"Products\",\"item\":\"https:\/\/www.koupeltech.com\/index.php\/products\/\"},{\"@type\":\"ListItem\",\"position\":3,\"name\":\"Cenov\u011b V\u00fdhodn\u00fd Makita JR3061T Pila ocaska s p\u0159edkyvem 1250W\"}]},{\"@type\":\"WebSite\",\"@id\":\"https:\/\/www.koupeltech.com\/#website\",\"url\":\"https:\/\/www.koupeltech.com\/\",\"name\":\"\",\"description\":\"\",\"potentialAction\":[{\"@type\":\"SearchAction\",\"target\":{\"@type\":\"EntryPoint\",\"urlTemplate\":\"https:\/\/www.koupeltech.com\/?s={search_term_string}\"},\"query-input\":{\"@type\":\"PropertyValueSpecification\",\"valueRequired\":true,\"valueName\":\"search_term_string\"}}],\"inLanguage\":\"cs\"}]}<\/script>\n<!-- \/ Yoast SEO plugin. -->","yoast_head_json":{"title":"Cenov\u011b V\u00fdhodn\u00fd Makita JR3061T Pila ocaska s p\u0159edkyvem 1250W -","robots":{"index":"index","follow":"follow","max-snippet":"max-snippet:-1","max-image-preview":"max-image-preview:large","max-video-preview":"max-video-preview:-1"},"canonical":"https:\/\/www.koupeltech.com\/index.php\/produkt\/cenove-vyhodny-makita-jr3061t-pila-ocaska-s-predkyvem-1250w-6363\/","og_locale":"cs_CZ","og_type":"article","og_title":"Cenov\u011b V\u00fdhodn\u00fd Makita JR3061T Pila ocaska s p\u0159edkyvem 1250W -","og_description":"Bezn\u00e1strojov\u00e1 v\u00fdm\u011bna pilov\u00e9ho listuNov\u00e9 konstruk\u010dn\u00ed \u0159e\u0161en\u00ed v\u00fdrazn\u011b zvy\u0161uje rychlost \u0159ezuBezn\u00e1strojov\u00e9 nastaven\u00ed vodic\u00ed patkyV\u00fdrazn\u011b zv\u00fd\u0161en\u00e1 odolnost strojPrachot\u011bsn\u00e1 konstrukce umo\u017enuj\u00edc\u00ed del\u0161\u00ed \u017eivotnostRegulace ot\u00e1\u010dek a p\u0159edkyvZadn\u00ed rukoje\u0165 s m\u011bkk\u00fdm gumov\u00fdm dr\u017eadlemUniverz\u00e1ln\u00ed up\u00edn\u00e1n\u00ed pro v\u0161echny standardn\u00ed pilov\u00e9 listy \u25ba P\u0159\u00edslu\u0161enstv\u00edTransportn\u00ed kufr (824734-9)Bimetalov\u00fd pilov\u00fd list (B-05038)Bimetalov\u00fd pilov\u00fd list (B-05044)Bimetalov\u00fd pilov\u00fd list (B-05153)","og_url":"https:\/\/www.koupeltech.com\/index.php\/produkt\/cenove-vyhodny-makita-jr3061t-pila-ocaska-s-predkyvem-1250w-6363\/","og_image":[{"width":700,"height":525,"url":"https:\/\/www.koupeltech.com\/wp-content\/uploads\/2026\/SK0022317-CZ20260425-092328-0-1777080210-pol_pl_makita-jr3061t-pila-szablasta-posuwowa-1250w-73401_5.webp","type":"image\/webp"}],"twitter_card":"summary_large_image","schema":{"@context":"https:\/\/schema.org","@graph":[{"@type":"WebPage","@id":"https:\/\/www.koupeltech.com\/index.php\/produkt\/cenove-vyhodny-makita-jr3061t-pila-ocaska-s-predkyvem-1250w-6363\/","url":"https:\/\/www.koupeltech.com\/index.php\/produkt\/cenove-vyhodny-makita-jr3061t-pila-ocaska-s-predkyvem-1250w-6363\/","name":"Cenov\u011b V\u00fdhodn\u00fd Makita JR3061T Pila ocaska s p\u0159edkyvem 1250W -","isPartOf":{"@id":"https:\/\/www.koupeltech.com\/#website"},"primaryImageOfPage":{"@id":"https:\/\/www.koupeltech.com\/index.php\/produkt\/cenove-vyhodny-makita-jr3061t-pila-ocaska-s-predkyvem-1250w-6363\/#primaryimage"},"image":{"@id":"https:\/\/www.koupeltech.com\/index.php\/produkt\/cenove-vyhodny-makita-jr3061t-pila-ocaska-s-predkyvem-1250w-6363\/#primaryimage"},"thumbnailUrl":"https:\/\/www.koupeltech.com\/wp-content\/uploads\/2026\/SK0022317-CZ20260425-092328-0-1777080210-pol_pl_makita-jr3061t-pila-szablasta-posuwowa-1250w-73401_5.webp","datePublished":"2026-04-27T13:56:48+00:00","breadcrumb":{"@id":"https:\/\/www.koupeltech.com\/index.php\/produkt\/cenove-vyhodny-makita-jr3061t-pila-ocaska-s-predkyvem-1250w-6363\/#breadcrumb"},"inLanguage":"cs","potentialAction":[{"@type":"ReadAction","target":["https:\/\/www.koupeltech.com\/index.php\/produkt\/cenove-vyhodny-makita-jr3061t-pila-ocaska-s-predkyvem-1250w-6363\/"]}]},{"@type":"ImageObject","inLanguage":"cs","@id":"https:\/\/www.koupeltech.com\/index.php\/produkt\/cenove-vyhodny-makita-jr3061t-pila-ocaska-s-predkyvem-1250w-6363\/#primaryimage","url":"https:\/\/www.koupeltech.com\/wp-content\/uploads\/2026\/SK0022317-CZ20260425-092328-0-1777080210-pol_pl_makita-jr3061t-pila-szablasta-posuwowa-1250w-73401_5.webp","contentUrl":"https:\/\/www.koupeltech.com\/wp-content\/uploads\/2026\/SK0022317-CZ20260425-092328-0-1777080210-pol_pl_makita-jr3061t-pila-szablasta-posuwowa-1250w-73401_5.webp","width":700,"height":525},{"@type":"BreadcrumbList","@id":"https:\/\/www.koupeltech.com\/index.php\/produkt\/cenove-vyhodny-makita-jr3061t-pila-ocaska-s-predkyvem-1250w-6363\/#breadcrumb","itemListElement":[{"@type":"ListItem","position":1,"name":"Home","item":"https:\/\/www.koupeltech.com\/"},{"@type":"ListItem","position":2,"name":"Products","item":"https:\/\/www.koupeltech.com\/index.php\/products\/"},{"@type":"ListItem","position":3,"name":"Cenov\u011b V\u00fdhodn\u00fd Makita JR3061T Pila ocaska s p\u0159edkyvem 1250W"}]},{"@type":"WebSite","@id":"https:\/\/www.koupeltech.com\/#website","url":"https:\/\/www.koupeltech.com\/","name":"","description":"","potentialAction":[{"@type":"SearchAction","target":{"@type":"EntryPoint","urlTemplate":"https:\/\/www.koupeltech.com\/?s={search_term_string}"},"query-input":{"@type":"PropertyValueSpecification","valueRequired":true,"valueName":"search_term_string"}}],"inLanguage":"cs"}]}},"_links":{"self":[{"href":"https:\/\/www.koupeltech.com\/index.php\/wp-json\/wp\/v2\/product\/6363","targetHints":{"allow":["GET"]}}],"collection":[{"href":"https:\/\/www.koupeltech.com\/index.php\/wp-json\/wp\/v2\/product"}],"about":[{"href":"https:\/\/www.koupeltech.com\/index.php\/wp-json\/wp\/v2\/types\/product"}],"replies":[{"embeddable":true,"href":"https:\/\/www.koupeltech.com\/index.php\/wp-json\/wp\/v2\/comments?post=6363"}],"wp:featuredmedia":[{"embeddable":true,"href":"https:\/\/www.koupeltech.com\/index.php\/wp-json\/wp\/v2\/media\/6463"}],"wp:attachment":[{"href":"https:\/\/www.koupeltech.com\/index.php\/wp-json\/wp\/v2\/media?parent=6363"}],"wp:term":[{"taxonomy":"product_brand","embeddable":true,"href":"https:\/\/www.koupeltech.com\/index.php\/wp-json\/wp\/v2\/product_brand?post=6363"},{"taxonomy":"product_cat","embeddable":true,"href":"https:\/\/www.koupeltech.com\/index.php\/wp-json\/wp\/v2\/product_cat?post=6363"},{"taxonomy":"product_tag","embeddable":true,"href":"https:\/\/www.koupeltech.com\/index.php\/wp-json\/wp\/v2\/product_tag?post=6363"}],"curies":[{"name":"wp","href":"https:\/\/api.w.org\/{rel}","templated":true}]}}