{"id":6368,"date":"2026-04-27T13:56:48","date_gmt":"2026-04-27T13:56:48","guid":{"rendered":""},"modified":"2026-04-27T13:56:48","modified_gmt":"2026-04-27T13:56:48","slug":"overeny-remmers-terasovy-olej-eco-bangkirai-5-0l-6368","status":"publish","type":"product","link":"https:\/\/www.koupeltech.com\/index.php\/produkt\/overeny-remmers-terasovy-olej-eco-bangkirai-5-0l-6368\/","title":{"rendered":"Ov\u011b\u0159en\u00fd REMMERS TERASOV\u00dd OLEJ [ECO] BANGKIRAI 5,0L"},"content":{"rendered":"<table>\n<div class=\"tab-pane active product-description\" id=\"popis\" role=\"tabpanel\">\n<div class=\"short-description\" itemprop=\"description\"><\/div>\n<div class=\"description\"><span class='bullet-line'>Na b\u00e1zi obnoviteln\u00fdch surovin: minim\u00e1ln\u011b 80 %<br \/><\/span><span class='bullet-line'>Vegansk\u00fd produkt na z\u00e1klad\u011b dostupn\u00fdch informac\u00ed<br \/><\/span><span class='bullet-line'>Na b\u00e1zi vody s minim\u00e1ln\u00edm obsahem rozpou\u0161t\u011bdel<br \/><\/span><span class='bullet-line'>Protiskluzov\u00fd povrch<br \/><\/span><span class='bullet-line'>Odoln\u00fd v\u016f\u010di pov\u011btrnostn\u00edm vliv\u016fm a UV z\u00e1\u0159en\u00ed<br \/><\/span><span class='bullet-line'>N\u00e1sledn\u00e9 o\u0161et\u0159en\u00ed bez p\u0159ebrou\u0161en\u00ed<br \/><\/span><span class='bullet-line'>Dobr\u00fd rozliv<br \/><\/span><span class='bullet-line'>Ochra\u0148uje d\u0159evo p\u0159ed vysu\u0161en\u00edm<br \/><\/span><span class='bullet-line'>Prody\u0161n\u00e1<br \/><\/span><span class='bullet-line'>Recyklovateln\u00fd kovov\u00fd obal<br \/><\/span><br \/>\u25ba Z\u00e1kladn\u00ed informace o Gartenholz-\u00d6l [eco]:<span class='bullet-line'>Pojivo Na b\u00e1zi rostlinn\u00fdch olej\u016f<br \/><\/span><span class='bullet-line'>Hustota (20 \u00b0C) cca. 1,02 g\/cm\u00b3<br \/><\/span><span class='bullet-line'>Viskozita 300 mPas<br \/><\/span><span class='bullet-line'>Z\u00e1pach Jemn\u00fd<br \/><\/span><span class='bullet-line'>Stupe\u0148 lesku Matn\u00fd<br \/><\/span><span class='bullet-line'>cca 60 ml\/m\u00b2 na n\u00e1t\u011br<br \/><\/span><span class='bullet-line'>Pro hrub\u00e1 a r\u00fdhovan\u00e1 d\u0159eva po\u010d\u00edtejte s vy\u0161\u0161\u00ed spot\u0159ebou.<br \/><\/span><span class='bullet-line'>Spot\u0159ebovan\u00e9 mno\u017estv\u00ed je z\u00e1visl\u00e9 na savosti podkladu.<br \/><\/span><span class='bullet-line'>P\u0159esn\u00e9 mno\u017estv\u00ed ur\u010d\u00edte pomoc\u00ed zku\u0161ebn\u00edho n\u00e1t\u011bru.<br \/><\/span><span class='bullet-line'>Max. 2 n\u00e1t\u011bry, nat\u00edrat tenkou vrstvou.<br \/><\/span><span class='bullet-line'>Zbytky produktu (hlavn\u011b v dr\u00e1\u017ek\u00e1ch) ihned odstra\u0148te, resp. zahla\u010fte.<br \/><\/span><br \/>\u25ba Doby schnut\u00ed:<span class='bullet-line'>P\u0159et\u00edrateln\u00fd: po cca 4 hodin\u00e1ch<br \/><\/span><span class='bullet-line'>Hodnoty ov\u011b\u0159en\u00e9 v praxi: teplota 20 \u00b0C a 65 % relativn\u00ed vlhkost vzduchu.<br \/><\/span><span class='bullet-line'>N\u00edzk\u00e9 teploty, nedostate\u010dn\u00e1 v\u00fdm\u011bna vzduchu a vysok\u00e1 vlhkost vzduchu schnut\u00ed v\u00fdrazn\u011b prodlu\u017euj\u00ed.<br \/><\/span><span class='bullet-line'>Podle druhu pou\u017eit\u00e9ho d\u0159eva, nap\u0159. dubu, m\u016f\u017ee doch\u00e1zet na z\u00e1klad\u011b obsa\u017een\u00fdch l\u00e1tek ke zpomalen\u00ed procesu schnut\u00ed<br \/><\/span><br \/>\u25ba Pou\u017eit\u00ed v exteri\u00e9ru na:<span class='bullet-line'>D\u0159evo do interi\u00e9ru a exteri\u00e9ru<br \/><\/span><span class='bullet-line'>Rozm\u011brov\u011b st\u00e1l\u00e9 a \u010d\u00e1ste\u010dn\u011b rozm\u011brov\u011b st\u00e1l\u00e9 stavebn\u00ed prvky<br \/><\/span><span class='bullet-line'>Ochrana a \u00fadr\u017eba d\u0159eva nejen v zahrad\u00e1ch &#8211; (zahradn\u00ed) n\u00e1bytek a d\u0159ev\u011bn\u00e9 terasy ( nap\u0159. teak, bangkirai, mod\u0159\u00edn, douglaska a accoya )<br \/><\/span><span class='bullet-line'>Nevhodn\u00e9 pro d\u0159evo massaranduba a Ipe: pro tyto povrchy doporu\u010dujeme TOP Terasov\u00fd olej (Pflege-\u00d6l)<br \/><\/span><span class='bullet-line'>Pro informaci k zde neuveden\u00fdm, exotick\u00fdm d\u0159evin\u00e1m, kontaktujte, pros\u00edm, technick\u00fd servis Remmers<br \/><\/span><span class='bullet-line'>Pro WPC, bambusov\u00e9 a resysta podlahy doporu\u010dujeme WPC-Impr\u00e4gnier-\u00d6l<br \/><\/span><br \/>\u25ba Dopl\u0148kov\u00e9 informace:<span class='bullet-line'>Skladujte v uzav\u0159en\u00fdch origin\u00e1ln\u00edch obalech, v chladu, suchu a chr\u00e1n\u011bn\u00e9 p\u0159ed mrazem, trvanlivost min. 24 m\u011bs\u00edc\u016f.<br \/><\/span><span class='bullet-line'>Akrylov\u00fd \u0161t\u011btec, ploch\u00fd \u0161t\u011btec<br \/><\/span><span class='bullet-line'>Pracovn\u00ed n\u00e1\u0159ad\u00ed ihned omyjte vodou a myc\u00edm p\u0159\u00edpravkem.<br \/><\/span><span class='bullet-line'>Zbytky po myt\u00ed zne\u0161kod\u0148ujte v souladu s p\u0159edpisy.<\/span><\/div>\n<div class=\"parameters\">\n<tr>\n<td>Hmotnost<\/td>\n<td>5,54<\/td>\n<\/tr><\/div>\n<\/table>\n","protected":false},"excerpt":{"rendered":"<p>Na b\u00e1zi obnoviteln\u00fdch surovin: minim\u00e1ln\u011b 80 %Vegansk\u00fd produkt na z\u00e1klad\u011b dostupn\u00fdch informac\u00edNa b\u00e1zi vody s minim\u00e1ln\u00edm obsahem rozpou\u0161t\u011bdelProtiskluzov\u00fd povrchOdoln\u00fd v\u016f\u010di pov\u011btrnostn\u00edm vliv\u016fm a UV z\u00e1\u0159en\u00edN\u00e1sledn\u00e9 o\u0161et\u0159en\u00ed bez p\u0159ebrou\u0161en\u00edDobr\u00fd rozlivOchra\u0148uje d\u0159evo p\u0159ed vysu\u0161en\u00edmPrody\u0161n\u00e1Recyklovateln\u00fd kovov\u00fd obal\u25ba Z\u00e1kladn\u00ed informace o Gartenholz-\u00d6l [eco]:Pojivo Na b\u00e1zi rostlinn\u00fdch olej\u016fHustota (20 \u00b0C) cca. 1,02 g\/cm\u00b3Viskozita 300 mPasZ\u00e1pach Jemn\u00fdStupe\u0148 lesku Matn\u00fdcca 60 ml\/m\u00b2 [&hellip;]<\/p>\n","protected":false},"featured_media":6468,"comment_status":"open","ping_status":"open","template":"","meta":[],"product_brand":[],"product_cat":[40,42,41],"product_tag":[],"class_list":{"0":"post-6368","1":"product","2":"type-product","3":"status-publish","4":"has-post-thumbnail","6":"product_cat-barvy","7":"product_cat-chemie","8":"product_cat-laky","10":"first","11":"instock","12":"sale","13":"shipping-taxable","14":"purchasable","15":"product-type-simple"},"yoast_head":"<!-- This site is optimized with the Yoast SEO plugin v26.8 - https:\/\/yoast.com\/product\/yoast-seo-wordpress\/ -->\n<title>Ov\u011b\u0159en\u00fd REMMERS TERASOV\u00dd OLEJ [ECO] BANGKIRAI 5,0L -<\/title>\n<meta name=\"robots\" content=\"index, follow, max-snippet:-1, max-image-preview:large, max-video-preview:-1\" \/>\n<link rel=\"canonical\" href=\"https:\/\/www.koupeltech.com\/index.php\/produkt\/overeny-remmers-terasovy-olej-eco-bangkirai-5-0l-6368\/\" \/>\n<meta property=\"og:locale\" content=\"cs_CZ\" \/>\n<meta property=\"og:type\" content=\"article\" \/>\n<meta property=\"og:title\" content=\"Ov\u011b\u0159en\u00fd REMMERS TERASOV\u00dd OLEJ [ECO] BANGKIRAI 5,0L -\" \/>\n<meta property=\"og:description\" content=\"Na b\u00e1zi obnoviteln\u00fdch surovin: minim\u00e1ln\u011b 80 %Vegansk\u00fd produkt na z\u00e1klad\u011b dostupn\u00fdch informac\u00edNa b\u00e1zi vody s minim\u00e1ln\u00edm obsahem rozpou\u0161t\u011bdelProtiskluzov\u00fd povrchOdoln\u00fd v\u016f\u010di pov\u011btrnostn\u00edm vliv\u016fm a UV z\u00e1\u0159en\u00edN\u00e1sledn\u00e9 o\u0161et\u0159en\u00ed bez p\u0159ebrou\u0161en\u00edDobr\u00fd rozlivOchra\u0148uje d\u0159evo p\u0159ed vysu\u0161en\u00edmPrody\u0161n\u00e1Recyklovateln\u00fd kovov\u00fd obal\u25ba Z\u00e1kladn\u00ed informace o Gartenholz-\u00d6l [eco]:Pojivo Na b\u00e1zi rostlinn\u00fdch olej\u016fHustota (20 \u00b0C) cca. 1,02 g\/cm\u00b3Viskozita 300 mPasZ\u00e1pach Jemn\u00fdStupe\u0148 lesku Matn\u00fdcca 60 ml\/m\u00b2 [&hellip;]\" \/>\n<meta property=\"og:url\" content=\"https:\/\/www.koupeltech.com\/index.php\/produkt\/overeny-remmers-terasovy-olej-eco-bangkirai-5-0l-6368\/\" \/>\n<meta property=\"og:image\" content=\"https:\/\/www.koupeltech.com\/wp-content\/uploads\/2026\/SK0022322-CZ20260425-092328-0-1777080210-thumbnail_1.webp\" \/>\n\t<meta property=\"og:image:width\" content=\"699\" \/>\n\t<meta property=\"og:image:height\" content=\"525\" \/>\n\t<meta property=\"og:image:type\" content=\"image\/webp\" \/>\n<meta name=\"twitter:card\" content=\"summary_large_image\" \/>\n<meta name=\"twitter:label1\" content=\"Odhadovan\u00e1 doba \u010dten\u00ed\" \/>\n\t<meta name=\"twitter:data1\" content=\"2 minuty\" \/>\n<script type=\"application\/ld+json\" class=\"yoast-schema-graph\">{\"@context\":\"https:\/\/schema.org\",\"@graph\":[{\"@type\":\"WebPage\",\"@id\":\"https:\/\/www.koupeltech.com\/index.php\/produkt\/overeny-remmers-terasovy-olej-eco-bangkirai-5-0l-6368\/\",\"url\":\"https:\/\/www.koupeltech.com\/index.php\/produkt\/overeny-remmers-terasovy-olej-eco-bangkirai-5-0l-6368\/\",\"name\":\"Ov\u011b\u0159en\u00fd REMMERS TERASOV\u00dd OLEJ [ECO] BANGKIRAI 5,0L -\",\"isPartOf\":{\"@id\":\"https:\/\/www.koupeltech.com\/#website\"},\"primaryImageOfPage\":{\"@id\":\"https:\/\/www.koupeltech.com\/index.php\/produkt\/overeny-remmers-terasovy-olej-eco-bangkirai-5-0l-6368\/#primaryimage\"},\"image\":{\"@id\":\"https:\/\/www.koupeltech.com\/index.php\/produkt\/overeny-remmers-terasovy-olej-eco-bangkirai-5-0l-6368\/#primaryimage\"},\"thumbnailUrl\":\"https:\/\/www.koupeltech.com\/wp-content\/uploads\/2026\/SK0022322-CZ20260425-092328-0-1777080210-thumbnail_1.webp\",\"datePublished\":\"2026-04-27T13:56:48+00:00\",\"breadcrumb\":{\"@id\":\"https:\/\/www.koupeltech.com\/index.php\/produkt\/overeny-remmers-terasovy-olej-eco-bangkirai-5-0l-6368\/#breadcrumb\"},\"inLanguage\":\"cs\",\"potentialAction\":[{\"@type\":\"ReadAction\",\"target\":[\"https:\/\/www.koupeltech.com\/index.php\/produkt\/overeny-remmers-terasovy-olej-eco-bangkirai-5-0l-6368\/\"]}]},{\"@type\":\"ImageObject\",\"inLanguage\":\"cs\",\"@id\":\"https:\/\/www.koupeltech.com\/index.php\/produkt\/overeny-remmers-terasovy-olej-eco-bangkirai-5-0l-6368\/#primaryimage\",\"url\":\"https:\/\/www.koupeltech.com\/wp-content\/uploads\/2026\/SK0022322-CZ20260425-092328-0-1777080210-thumbnail_1.webp\",\"contentUrl\":\"https:\/\/www.koupeltech.com\/wp-content\/uploads\/2026\/SK0022322-CZ20260425-092328-0-1777080210-thumbnail_1.webp\",\"width\":699,\"height\":525},{\"@type\":\"BreadcrumbList\",\"@id\":\"https:\/\/www.koupeltech.com\/index.php\/produkt\/overeny-remmers-terasovy-olej-eco-bangkirai-5-0l-6368\/#breadcrumb\",\"itemListElement\":[{\"@type\":\"ListItem\",\"position\":1,\"name\":\"Home\",\"item\":\"https:\/\/www.koupeltech.com\/\"},{\"@type\":\"ListItem\",\"position\":2,\"name\":\"Products\",\"item\":\"https:\/\/www.koupeltech.com\/index.php\/products\/\"},{\"@type\":\"ListItem\",\"position\":3,\"name\":\"Ov\u011b\u0159en\u00fd REMMERS TERASOV\u00dd OLEJ [ECO] BANGKIRAI 5,0L\"}]},{\"@type\":\"WebSite\",\"@id\":\"https:\/\/www.koupeltech.com\/#website\",\"url\":\"https:\/\/www.koupeltech.com\/\",\"name\":\"\",\"description\":\"\",\"potentialAction\":[{\"@type\":\"SearchAction\",\"target\":{\"@type\":\"EntryPoint\",\"urlTemplate\":\"https:\/\/www.koupeltech.com\/?s={search_term_string}\"},\"query-input\":{\"@type\":\"PropertyValueSpecification\",\"valueRequired\":true,\"valueName\":\"search_term_string\"}}],\"inLanguage\":\"cs\"}]}<\/script>\n<!-- \/ Yoast SEO plugin. -->","yoast_head_json":{"title":"Ov\u011b\u0159en\u00fd REMMERS TERASOV\u00dd OLEJ [ECO] BANGKIRAI 5,0L -","robots":{"index":"index","follow":"follow","max-snippet":"max-snippet:-1","max-image-preview":"max-image-preview:large","max-video-preview":"max-video-preview:-1"},"canonical":"https:\/\/www.koupeltech.com\/index.php\/produkt\/overeny-remmers-terasovy-olej-eco-bangkirai-5-0l-6368\/","og_locale":"cs_CZ","og_type":"article","og_title":"Ov\u011b\u0159en\u00fd REMMERS TERASOV\u00dd OLEJ [ECO] BANGKIRAI 5,0L -","og_description":"Na b\u00e1zi obnoviteln\u00fdch surovin: minim\u00e1ln\u011b 80 %Vegansk\u00fd produkt na z\u00e1klad\u011b dostupn\u00fdch informac\u00edNa b\u00e1zi vody s minim\u00e1ln\u00edm obsahem rozpou\u0161t\u011bdelProtiskluzov\u00fd povrchOdoln\u00fd v\u016f\u010di pov\u011btrnostn\u00edm vliv\u016fm a UV z\u00e1\u0159en\u00edN\u00e1sledn\u00e9 o\u0161et\u0159en\u00ed bez p\u0159ebrou\u0161en\u00edDobr\u00fd rozlivOchra\u0148uje d\u0159evo p\u0159ed vysu\u0161en\u00edmPrody\u0161n\u00e1Recyklovateln\u00fd kovov\u00fd obal\u25ba Z\u00e1kladn\u00ed informace o Gartenholz-\u00d6l [eco]:Pojivo Na b\u00e1zi rostlinn\u00fdch olej\u016fHustota (20 \u00b0C) cca. 1,02 g\/cm\u00b3Viskozita 300 mPasZ\u00e1pach Jemn\u00fdStupe\u0148 lesku Matn\u00fdcca 60 ml\/m\u00b2 [&hellip;]","og_url":"https:\/\/www.koupeltech.com\/index.php\/produkt\/overeny-remmers-terasovy-olej-eco-bangkirai-5-0l-6368\/","og_image":[{"width":699,"height":525,"url":"https:\/\/www.koupeltech.com\/wp-content\/uploads\/2026\/SK0022322-CZ20260425-092328-0-1777080210-thumbnail_1.webp","type":"image\/webp"}],"twitter_card":"summary_large_image","twitter_misc":{"Odhadovan\u00e1 doba \u010dten\u00ed":"2 minuty"},"schema":{"@context":"https:\/\/schema.org","@graph":[{"@type":"WebPage","@id":"https:\/\/www.koupeltech.com\/index.php\/produkt\/overeny-remmers-terasovy-olej-eco-bangkirai-5-0l-6368\/","url":"https:\/\/www.koupeltech.com\/index.php\/produkt\/overeny-remmers-terasovy-olej-eco-bangkirai-5-0l-6368\/","name":"Ov\u011b\u0159en\u00fd REMMERS TERASOV\u00dd OLEJ [ECO] BANGKIRAI 5,0L -","isPartOf":{"@id":"https:\/\/www.koupeltech.com\/#website"},"primaryImageOfPage":{"@id":"https:\/\/www.koupeltech.com\/index.php\/produkt\/overeny-remmers-terasovy-olej-eco-bangkirai-5-0l-6368\/#primaryimage"},"image":{"@id":"https:\/\/www.koupeltech.com\/index.php\/produkt\/overeny-remmers-terasovy-olej-eco-bangkirai-5-0l-6368\/#primaryimage"},"thumbnailUrl":"https:\/\/www.koupeltech.com\/wp-content\/uploads\/2026\/SK0022322-CZ20260425-092328-0-1777080210-thumbnail_1.webp","datePublished":"2026-04-27T13:56:48+00:00","breadcrumb":{"@id":"https:\/\/www.koupeltech.com\/index.php\/produkt\/overeny-remmers-terasovy-olej-eco-bangkirai-5-0l-6368\/#breadcrumb"},"inLanguage":"cs","potentialAction":[{"@type":"ReadAction","target":["https:\/\/www.koupeltech.com\/index.php\/produkt\/overeny-remmers-terasovy-olej-eco-bangkirai-5-0l-6368\/"]}]},{"@type":"ImageObject","inLanguage":"cs","@id":"https:\/\/www.koupeltech.com\/index.php\/produkt\/overeny-remmers-terasovy-olej-eco-bangkirai-5-0l-6368\/#primaryimage","url":"https:\/\/www.koupeltech.com\/wp-content\/uploads\/2026\/SK0022322-CZ20260425-092328-0-1777080210-thumbnail_1.webp","contentUrl":"https:\/\/www.koupeltech.com\/wp-content\/uploads\/2026\/SK0022322-CZ20260425-092328-0-1777080210-thumbnail_1.webp","width":699,"height":525},{"@type":"BreadcrumbList","@id":"https:\/\/www.koupeltech.com\/index.php\/produkt\/overeny-remmers-terasovy-olej-eco-bangkirai-5-0l-6368\/#breadcrumb","itemListElement":[{"@type":"ListItem","position":1,"name":"Home","item":"https:\/\/www.koupeltech.com\/"},{"@type":"ListItem","position":2,"name":"Products","item":"https:\/\/www.koupeltech.com\/index.php\/products\/"},{"@type":"ListItem","position":3,"name":"Ov\u011b\u0159en\u00fd REMMERS TERASOV\u00dd OLEJ [ECO] BANGKIRAI 5,0L"}]},{"@type":"WebSite","@id":"https:\/\/www.koupeltech.com\/#website","url":"https:\/\/www.koupeltech.com\/","name":"","description":"","potentialAction":[{"@type":"SearchAction","target":{"@type":"EntryPoint","urlTemplate":"https:\/\/www.koupeltech.com\/?s={search_term_string}"},"query-input":{"@type":"PropertyValueSpecification","valueRequired":true,"valueName":"search_term_string"}}],"inLanguage":"cs"}]}},"_links":{"self":[{"href":"https:\/\/www.koupeltech.com\/index.php\/wp-json\/wp\/v2\/product\/6368","targetHints":{"allow":["GET"]}}],"collection":[{"href":"https:\/\/www.koupeltech.com\/index.php\/wp-json\/wp\/v2\/product"}],"about":[{"href":"https:\/\/www.koupeltech.com\/index.php\/wp-json\/wp\/v2\/types\/product"}],"replies":[{"embeddable":true,"href":"https:\/\/www.koupeltech.com\/index.php\/wp-json\/wp\/v2\/comments?post=6368"}],"wp:featuredmedia":[{"embeddable":true,"href":"https:\/\/www.koupeltech.com\/index.php\/wp-json\/wp\/v2\/media\/6468"}],"wp:attachment":[{"href":"https:\/\/www.koupeltech.com\/index.php\/wp-json\/wp\/v2\/media?parent=6368"}],"wp:term":[{"taxonomy":"product_brand","embeddable":true,"href":"https:\/\/www.koupeltech.com\/index.php\/wp-json\/wp\/v2\/product_brand?post=6368"},{"taxonomy":"product_cat","embeddable":true,"href":"https:\/\/www.koupeltech.com\/index.php\/wp-json\/wp\/v2\/product_cat?post=6368"},{"taxonomy":"product_tag","embeddable":true,"href":"https:\/\/www.koupeltech.com\/index.php\/wp-json\/wp\/v2\/product_tag?post=6368"}],"curies":[{"name":"wp","href":"https:\/\/api.w.org\/{rel}","templated":true}]}}