{"id":6585,"date":"2026-04-27T13:56:50","date_gmt":"2026-04-27T13:56:50","guid":{"rendered":""},"modified":"2026-04-27T13:56:50","modified_gmt":"2026-04-27T13:56:50","slug":"makita-ga029gm201-aku-uhlova-bruska-s-regulaci-125mm-li-ion-xgt-40v-4-0ah-must-have-6585","status":"publish","type":"product","link":"https:\/\/www.koupeltech.com\/index.php\/produkt\/makita-ga029gm201-aku-uhlova-bruska-s-regulaci-125mm-li-ion-xgt-40v-4-0ah-must-have-6585\/","title":{"rendered":"Makita GA029GM201 Aku \u00fahlov\u00e1 bruska s regulac\u00ed 125mm Li-ion XGT 40V\/4,0Ah Must-Have"},"content":{"rendered":"<table>\n<div class=\"tab-pane active product-description\" id=\"popis\" role=\"tabpanel\">\n<div class=\"short-description\" itemprop=\"description\"><\/div>\n<div class=\"description\">\n<p><span class=\"bullet-line\">Siln\u00e1 a spolehliv\u00e1 aku \u00fahlov\u00e1 bruska s regulac\u00ed srovnateln\u00e1 s elektrickou verz\u00ed 1100W<\/span><br \/><span class=\"bullet-line\">Technologie Li-ion XGT 40V umo\u017e\u0148uj\u00edc\u00ed extr\u00e9mn\u00ed zat\u00ed\u017een\u00ed stroje a dlouhou v\u00fddr\u017e na jedno nabit\u00ed akumul\u00e1toru<\/span><br \/><span class=\"bullet-line\">Technologie XPT umo\u017e\u0148uj\u00edc\u00ed pou\u017eit\u00ed v prost\u0159ed\u00ed se zv\u00fd\u0161enou pra\u0161nost\u00ed nebo vlhkost\u00ed<\/span><br \/><span class=\"bullet-line\">Siln\u00fd a spolehliv\u00fd bezuhl\u00edkov\u00fd motor umo\u017e\u0148uj\u00edc\u00ed del\u0161\u00ed pou\u017eit\u00ed na jedno nabit\u00ed akumul\u00e1toru<\/span><br \/><span class=\"bullet-line\">Technologie AWS &#8211; mo\u017enost p\u0159ipojen\u00ed vysava\u010de p\u0159es BlueTooth a automatick\u00e9 spu\u0161t\u011bn\u00ed ods\u00e1v\u00e1n\u00ed v p\u0159\u00edpad\u011b zapnut\u00ed stroje<\/span><br \/><span class=\"bullet-line\">Technologie ADT &#8211; automatick\u00e9 elektronick\u00e9 nastaven\u00ed po\u010dtu ot\u00e1\u010dek podle aktu\u00e1ln\u00edch pracovn\u00edch podm\u00ednek<\/span><br \/><span class=\"bullet-line\">Elektronick\u00e1 brzda dob\u011bhu kotou\u010de<\/span><br \/><span class=\"bullet-line\">Elektronick\u00fd syst\u00e9m AFT vypne motor v p\u0159\u00edpad\u011b n\u00e1hl\u00e9ho poklesu zat\u00ed\u017een\u00ed<\/span><br \/><span class=\"bullet-line\">Elektronick\u00e1 kontrola zat\u00ed\u017een\u00ed s mo\u017enost\u00ed regulace ot\u00e1\u010dek stroje<\/span><br \/><span class=\"bullet-line\">Dob\u011bhov\u00e1 brzda kotou\u010de<\/span><br \/><span class=\"bullet-line\">Sklopn\u00fd vyp\u00edna\u010d bez mo\u017enosti aretace na st\u00e1l\u00fd chod<\/span><br \/><span class=\"bullet-line\">Sou\u010d\u00e1st\u00ed dod\u00e1vky jsou dva akumul\u00e1tory BL4040, rychlonab\u00edje\u010dka a Makpac<\/span><\/p>\n<p>\u25ba P\u0159\u00edslu\u0161enstv\u00ed<span class=\"bullet-line\">Makpac (821552-6)<\/span><br \/><span class=\"bullet-line\">Vlo\u017eka Makpacu (835E79-0)<\/span><br \/><span class=\"bullet-line\">2 ks akumul\u00e1toru BL4040 (191B26-6)<\/span><br \/><span class=\"bullet-line\">Rychlonab\u00edje\u010dka DC40RA (630B63-0)<\/span><br \/><span class=\"bullet-line\">Bo\u010dn\u00ed rukoje\u0165 (158237-4)<\/span><br \/><span class=\"bullet-line\">Kryt kotou\u010de (347480-2)<\/span><br \/><span class=\"bullet-line\">Kl\u00ed\u010d k \u00fahlov\u00e9 brusce (782423-1)<\/span><br \/><span class=\"bullet-line\">Brusn\u00fd kotou\u010de (A-80656)<\/span><\/p>\n<\/div>\n<div class=\"parameters\">\n<tr>\n<td>Akumul\u00e1tor<\/td>\n<td>Li-ion 40 V<\/td>\n<\/tr>\n<tr>\n<td>Ot\u00e1\u010dky napr\u00e1zdno<\/td>\n<td>3.000-8.500 min-1<\/td>\n<\/tr>\n<tr>\n<td>Pr\u016fm\u011br kotou\u010de<\/td>\n<td>125 mm<\/td>\n<\/tr>\n<tr>\n<td>Velikost v\u0159etene<\/td>\n<td>M14 x 2<\/td>\n<\/tr>\n<tr>\n<td>Hmotnost<\/td>\n<td>3,5\/4,5 kg<\/td>\n<\/tr>\n<tr>\n<td>Rozm\u011bry (Dx\u0160xV)<\/td>\n<td>413 x 140 x 152 mm<\/td>\n<\/tr><\/div>\n<\/table>\n","protected":false},"excerpt":{"rendered":"<p>Siln\u00e1 a spolehliv\u00e1 aku \u00fahlov\u00e1 bruska s regulac\u00ed srovnateln\u00e1 s elektrickou verz\u00ed 1100WTechnologie Li-ion XGT 40V umo\u017e\u0148uj\u00edc\u00ed extr\u00e9mn\u00ed zat\u00ed\u017een\u00ed stroje a dlouhou v\u00fddr\u017e na jedno nabit\u00ed akumul\u00e1toruTechnologie XPT umo\u017e\u0148uj\u00edc\u00ed pou\u017eit\u00ed v prost\u0159ed\u00ed se zv\u00fd\u0161enou pra\u0161nost\u00ed nebo vlhkost\u00edSiln\u00fd a spolehliv\u00fd bezuhl\u00edkov\u00fd motor umo\u017e\u0148uj\u00edc\u00ed del\u0161\u00ed pou\u017eit\u00ed na jedno nabit\u00ed akumul\u00e1toruTechnologie AWS &#8211; mo\u017enost p\u0159ipojen\u00ed vysava\u010de p\u0159es BlueTooth [&hellip;]<\/p>\n","protected":false},"featured_media":6685,"comment_status":"open","ping_status":"open","template":"","meta":[],"product_brand":[],"product_cat":[43],"product_tag":[],"class_list":{"0":"post-6585","1":"product","2":"type-product","3":"status-publish","4":"has-post-thumbnail","6":"product_cat-naradi","8":"first","9":"instock","10":"sale","11":"shipping-taxable","12":"purchasable","13":"product-type-simple"},"yoast_head":"<!-- This site is optimized with the Yoast SEO plugin v26.8 - https:\/\/yoast.com\/product\/yoast-seo-wordpress\/ -->\n<title>Makita GA029GM201 Aku \u00fahlov\u00e1 bruska s regulac\u00ed 125mm Li-ion XGT 40V\/4,0Ah Must-Have -<\/title>\n<meta name=\"robots\" content=\"index, follow, max-snippet:-1, max-image-preview:large, max-video-preview:-1\" \/>\n<link rel=\"canonical\" href=\"https:\/\/www.koupeltech.com\/index.php\/produkt\/makita-ga029gm201-aku-uhlova-bruska-s-regulaci-125mm-li-ion-xgt-40v-4-0ah-must-have-6585\/\" \/>\n<meta property=\"og:locale\" content=\"cs_CZ\" \/>\n<meta property=\"og:type\" content=\"article\" \/>\n<meta property=\"og:title\" content=\"Makita GA029GM201 Aku \u00fahlov\u00e1 bruska s regulac\u00ed 125mm Li-ion XGT 40V\/4,0Ah Must-Have -\" \/>\n<meta property=\"og:description\" content=\"Siln\u00e1 a spolehliv\u00e1 aku \u00fahlov\u00e1 bruska s regulac\u00ed srovnateln\u00e1 s elektrickou verz\u00ed 1100WTechnologie Li-ion XGT 40V umo\u017e\u0148uj\u00edc\u00ed extr\u00e9mn\u00ed zat\u00ed\u017een\u00ed stroje a dlouhou v\u00fddr\u017e na jedno nabit\u00ed akumul\u00e1toruTechnologie XPT umo\u017e\u0148uj\u00edc\u00ed pou\u017eit\u00ed v prost\u0159ed\u00ed se zv\u00fd\u0161enou pra\u0161nost\u00ed nebo vlhkost\u00edSiln\u00fd a spolehliv\u00fd bezuhl\u00edkov\u00fd motor umo\u017e\u0148uj\u00edc\u00ed del\u0161\u00ed pou\u017eit\u00ed na jedno nabit\u00ed akumul\u00e1toruTechnologie AWS &#8211; mo\u017enost p\u0159ipojen\u00ed vysava\u010de p\u0159es BlueTooth [&hellip;]\" \/>\n<meta property=\"og:url\" content=\"https:\/\/www.koupeltech.com\/index.php\/produkt\/makita-ga029gm201-aku-uhlova-bruska-s-regulaci-125mm-li-ion-xgt-40v-4-0ah-must-have-6585\/\" \/>\n<meta property=\"og:image\" content=\"https:\/\/www.koupeltech.com\/wp-content\/uploads\/2026\/SK0022439-CZ20260425-092328-0-1777080210-ga029gm201_c2r0_s100.webp\" \/>\n\t<meta property=\"og:image:width\" content=\"699\" \/>\n\t<meta property=\"og:image:height\" content=\"377\" \/>\n\t<meta property=\"og:image:type\" content=\"image\/webp\" \/>\n<meta name=\"twitter:card\" content=\"summary_large_image\" \/>\n<meta name=\"twitter:label1\" content=\"Odhadovan\u00e1 doba \u010dten\u00ed\" \/>\n\t<meta name=\"twitter:data1\" content=\"1 minuta\" \/>\n<script type=\"application\/ld+json\" class=\"yoast-schema-graph\">{\"@context\":\"https:\/\/schema.org\",\"@graph\":[{\"@type\":\"WebPage\",\"@id\":\"https:\/\/www.koupeltech.com\/index.php\/produkt\/makita-ga029gm201-aku-uhlova-bruska-s-regulaci-125mm-li-ion-xgt-40v-4-0ah-must-have-6585\/\",\"url\":\"https:\/\/www.koupeltech.com\/index.php\/produkt\/makita-ga029gm201-aku-uhlova-bruska-s-regulaci-125mm-li-ion-xgt-40v-4-0ah-must-have-6585\/\",\"name\":\"Makita GA029GM201 Aku \u00fahlov\u00e1 bruska s regulac\u00ed 125mm Li-ion XGT 40V\/4,0Ah Must-Have -\",\"isPartOf\":{\"@id\":\"https:\/\/www.koupeltech.com\/#website\"},\"primaryImageOfPage\":{\"@id\":\"https:\/\/www.koupeltech.com\/index.php\/produkt\/makita-ga029gm201-aku-uhlova-bruska-s-regulaci-125mm-li-ion-xgt-40v-4-0ah-must-have-6585\/#primaryimage\"},\"image\":{\"@id\":\"https:\/\/www.koupeltech.com\/index.php\/produkt\/makita-ga029gm201-aku-uhlova-bruska-s-regulaci-125mm-li-ion-xgt-40v-4-0ah-must-have-6585\/#primaryimage\"},\"thumbnailUrl\":\"https:\/\/www.koupeltech.com\/wp-content\/uploads\/2026\/SK0022439-CZ20260425-092328-0-1777080210-ga029gm201_c2r0_s100.webp\",\"datePublished\":\"2026-04-27T13:56:50+00:00\",\"breadcrumb\":{\"@id\":\"https:\/\/www.koupeltech.com\/index.php\/produkt\/makita-ga029gm201-aku-uhlova-bruska-s-regulaci-125mm-li-ion-xgt-40v-4-0ah-must-have-6585\/#breadcrumb\"},\"inLanguage\":\"cs\",\"potentialAction\":[{\"@type\":\"ReadAction\",\"target\":[\"https:\/\/www.koupeltech.com\/index.php\/produkt\/makita-ga029gm201-aku-uhlova-bruska-s-regulaci-125mm-li-ion-xgt-40v-4-0ah-must-have-6585\/\"]}]},{\"@type\":\"ImageObject\",\"inLanguage\":\"cs\",\"@id\":\"https:\/\/www.koupeltech.com\/index.php\/produkt\/makita-ga029gm201-aku-uhlova-bruska-s-regulaci-125mm-li-ion-xgt-40v-4-0ah-must-have-6585\/#primaryimage\",\"url\":\"https:\/\/www.koupeltech.com\/wp-content\/uploads\/2026\/SK0022439-CZ20260425-092328-0-1777080210-ga029gm201_c2r0_s100.webp\",\"contentUrl\":\"https:\/\/www.koupeltech.com\/wp-content\/uploads\/2026\/SK0022439-CZ20260425-092328-0-1777080210-ga029gm201_c2r0_s100.webp\",\"width\":699,\"height\":377},{\"@type\":\"BreadcrumbList\",\"@id\":\"https:\/\/www.koupeltech.com\/index.php\/produkt\/makita-ga029gm201-aku-uhlova-bruska-s-regulaci-125mm-li-ion-xgt-40v-4-0ah-must-have-6585\/#breadcrumb\",\"itemListElement\":[{\"@type\":\"ListItem\",\"position\":1,\"name\":\"Home\",\"item\":\"https:\/\/www.koupeltech.com\/\"},{\"@type\":\"ListItem\",\"position\":2,\"name\":\"Products\",\"item\":\"https:\/\/www.koupeltech.com\/index.php\/products\/\"},{\"@type\":\"ListItem\",\"position\":3,\"name\":\"Makita GA029GM201 Aku \u00fahlov\u00e1 bruska s regulac\u00ed 125mm Li-ion XGT 40V\/4,0Ah Must-Have\"}]},{\"@type\":\"WebSite\",\"@id\":\"https:\/\/www.koupeltech.com\/#website\",\"url\":\"https:\/\/www.koupeltech.com\/\",\"name\":\"\",\"description\":\"\",\"potentialAction\":[{\"@type\":\"SearchAction\",\"target\":{\"@type\":\"EntryPoint\",\"urlTemplate\":\"https:\/\/www.koupeltech.com\/?s={search_term_string}\"},\"query-input\":{\"@type\":\"PropertyValueSpecification\",\"valueRequired\":true,\"valueName\":\"search_term_string\"}}],\"inLanguage\":\"cs\"}]}<\/script>\n<!-- \/ Yoast SEO plugin. -->","yoast_head_json":{"title":"Makita GA029GM201 Aku \u00fahlov\u00e1 bruska s regulac\u00ed 125mm Li-ion XGT 40V\/4,0Ah Must-Have -","robots":{"index":"index","follow":"follow","max-snippet":"max-snippet:-1","max-image-preview":"max-image-preview:large","max-video-preview":"max-video-preview:-1"},"canonical":"https:\/\/www.koupeltech.com\/index.php\/produkt\/makita-ga029gm201-aku-uhlova-bruska-s-regulaci-125mm-li-ion-xgt-40v-4-0ah-must-have-6585\/","og_locale":"cs_CZ","og_type":"article","og_title":"Makita GA029GM201 Aku \u00fahlov\u00e1 bruska s regulac\u00ed 125mm Li-ion XGT 40V\/4,0Ah Must-Have -","og_description":"Siln\u00e1 a spolehliv\u00e1 aku \u00fahlov\u00e1 bruska s regulac\u00ed srovnateln\u00e1 s elektrickou verz\u00ed 1100WTechnologie Li-ion XGT 40V umo\u017e\u0148uj\u00edc\u00ed extr\u00e9mn\u00ed zat\u00ed\u017een\u00ed stroje a dlouhou v\u00fddr\u017e na jedno nabit\u00ed akumul\u00e1toruTechnologie XPT umo\u017e\u0148uj\u00edc\u00ed pou\u017eit\u00ed v prost\u0159ed\u00ed se zv\u00fd\u0161enou pra\u0161nost\u00ed nebo vlhkost\u00edSiln\u00fd a spolehliv\u00fd bezuhl\u00edkov\u00fd motor umo\u017e\u0148uj\u00edc\u00ed del\u0161\u00ed pou\u017eit\u00ed na jedno nabit\u00ed akumul\u00e1toruTechnologie AWS &#8211; mo\u017enost p\u0159ipojen\u00ed vysava\u010de p\u0159es BlueTooth [&hellip;]","og_url":"https:\/\/www.koupeltech.com\/index.php\/produkt\/makita-ga029gm201-aku-uhlova-bruska-s-regulaci-125mm-li-ion-xgt-40v-4-0ah-must-have-6585\/","og_image":[{"width":699,"height":377,"url":"https:\/\/www.koupeltech.com\/wp-content\/uploads\/2026\/SK0022439-CZ20260425-092328-0-1777080210-ga029gm201_c2r0_s100.webp","type":"image\/webp"}],"twitter_card":"summary_large_image","twitter_misc":{"Odhadovan\u00e1 doba \u010dten\u00ed":"1 minuta"},"schema":{"@context":"https:\/\/schema.org","@graph":[{"@type":"WebPage","@id":"https:\/\/www.koupeltech.com\/index.php\/produkt\/makita-ga029gm201-aku-uhlova-bruska-s-regulaci-125mm-li-ion-xgt-40v-4-0ah-must-have-6585\/","url":"https:\/\/www.koupeltech.com\/index.php\/produkt\/makita-ga029gm201-aku-uhlova-bruska-s-regulaci-125mm-li-ion-xgt-40v-4-0ah-must-have-6585\/","name":"Makita GA029GM201 Aku \u00fahlov\u00e1 bruska s regulac\u00ed 125mm Li-ion XGT 40V\/4,0Ah Must-Have -","isPartOf":{"@id":"https:\/\/www.koupeltech.com\/#website"},"primaryImageOfPage":{"@id":"https:\/\/www.koupeltech.com\/index.php\/produkt\/makita-ga029gm201-aku-uhlova-bruska-s-regulaci-125mm-li-ion-xgt-40v-4-0ah-must-have-6585\/#primaryimage"},"image":{"@id":"https:\/\/www.koupeltech.com\/index.php\/produkt\/makita-ga029gm201-aku-uhlova-bruska-s-regulaci-125mm-li-ion-xgt-40v-4-0ah-must-have-6585\/#primaryimage"},"thumbnailUrl":"https:\/\/www.koupeltech.com\/wp-content\/uploads\/2026\/SK0022439-CZ20260425-092328-0-1777080210-ga029gm201_c2r0_s100.webp","datePublished":"2026-04-27T13:56:50+00:00","breadcrumb":{"@id":"https:\/\/www.koupeltech.com\/index.php\/produkt\/makita-ga029gm201-aku-uhlova-bruska-s-regulaci-125mm-li-ion-xgt-40v-4-0ah-must-have-6585\/#breadcrumb"},"inLanguage":"cs","potentialAction":[{"@type":"ReadAction","target":["https:\/\/www.koupeltech.com\/index.php\/produkt\/makita-ga029gm201-aku-uhlova-bruska-s-regulaci-125mm-li-ion-xgt-40v-4-0ah-must-have-6585\/"]}]},{"@type":"ImageObject","inLanguage":"cs","@id":"https:\/\/www.koupeltech.com\/index.php\/produkt\/makita-ga029gm201-aku-uhlova-bruska-s-regulaci-125mm-li-ion-xgt-40v-4-0ah-must-have-6585\/#primaryimage","url":"https:\/\/www.koupeltech.com\/wp-content\/uploads\/2026\/SK0022439-CZ20260425-092328-0-1777080210-ga029gm201_c2r0_s100.webp","contentUrl":"https:\/\/www.koupeltech.com\/wp-content\/uploads\/2026\/SK0022439-CZ20260425-092328-0-1777080210-ga029gm201_c2r0_s100.webp","width":699,"height":377},{"@type":"BreadcrumbList","@id":"https:\/\/www.koupeltech.com\/index.php\/produkt\/makita-ga029gm201-aku-uhlova-bruska-s-regulaci-125mm-li-ion-xgt-40v-4-0ah-must-have-6585\/#breadcrumb","itemListElement":[{"@type":"ListItem","position":1,"name":"Home","item":"https:\/\/www.koupeltech.com\/"},{"@type":"ListItem","position":2,"name":"Products","item":"https:\/\/www.koupeltech.com\/index.php\/products\/"},{"@type":"ListItem","position":3,"name":"Makita GA029GM201 Aku \u00fahlov\u00e1 bruska s regulac\u00ed 125mm Li-ion XGT 40V\/4,0Ah Must-Have"}]},{"@type":"WebSite","@id":"https:\/\/www.koupeltech.com\/#website","url":"https:\/\/www.koupeltech.com\/","name":"","description":"","potentialAction":[{"@type":"SearchAction","target":{"@type":"EntryPoint","urlTemplate":"https:\/\/www.koupeltech.com\/?s={search_term_string}"},"query-input":{"@type":"PropertyValueSpecification","valueRequired":true,"valueName":"search_term_string"}}],"inLanguage":"cs"}]}},"_links":{"self":[{"href":"https:\/\/www.koupeltech.com\/index.php\/wp-json\/wp\/v2\/product\/6585","targetHints":{"allow":["GET"]}}],"collection":[{"href":"https:\/\/www.koupeltech.com\/index.php\/wp-json\/wp\/v2\/product"}],"about":[{"href":"https:\/\/www.koupeltech.com\/index.php\/wp-json\/wp\/v2\/types\/product"}],"replies":[{"embeddable":true,"href":"https:\/\/www.koupeltech.com\/index.php\/wp-json\/wp\/v2\/comments?post=6585"}],"wp:featuredmedia":[{"embeddable":true,"href":"https:\/\/www.koupeltech.com\/index.php\/wp-json\/wp\/v2\/media\/6685"}],"wp:attachment":[{"href":"https:\/\/www.koupeltech.com\/index.php\/wp-json\/wp\/v2\/media?parent=6585"}],"wp:term":[{"taxonomy":"product_brand","embeddable":true,"href":"https:\/\/www.koupeltech.com\/index.php\/wp-json\/wp\/v2\/product_brand?post=6585"},{"taxonomy":"product_cat","embeddable":true,"href":"https:\/\/www.koupeltech.com\/index.php\/wp-json\/wp\/v2\/product_cat?post=6585"},{"taxonomy":"product_tag","embeddable":true,"href":"https:\/\/www.koupeltech.com\/index.php\/wp-json\/wp\/v2\/product_tag?post=6585"}],"curies":[{"name":"wp","href":"https:\/\/api.w.org\/{rel}","templated":true}]}}