{"id":67506,"date":"2026-04-27T14:06:14","date_gmt":"2026-04-27T14:06:14","guid":{"rendered":""},"modified":"2026-04-27T14:06:14","modified_gmt":"2026-04-27T14:06:14","slug":"zrcadlo-invence-zcoe-60-q08-l01-d06-cenova-bomba-67506","status":"publish","type":"product","link":"https:\/\/www.koupeltech.com\/index.php\/produkt\/zrcadlo-invence-zcoe-60-q08-l01-d06-cenova-bomba-67506\/","title":{"rendered":"Zrcadlo INVENCE ZCOE 60 &#8211; Q08 (L01+D06) Cenov\u00e1 Bomba"},"content":{"rendered":"<div class=\"basic-description\">\n<h3>Detailn\u00ed popis produktu<\/h3>\n<p>Modern\u00ed a z\u00e1bavn\u00fd vzhled zrcadla INVENCE skv\u011ble zapadne do koupelen, ve kter\u00fdch se db\u00e1 na detaily. Co toti\u017e m\u016f\u017ee vyza\u0159ovat dokonalost v\u00edce ne\u017e kulat\u00fd tvar zrcadla? Usm\u011bjte se na sebe v zrcadle INVENCE hned r\u00e1no a uvid\u00edte, \u017ee pozitivn\u00ed energie v\u00e1s bude doprov\u00e1zet b\u011bhem cel\u00e9ho dne. <\/p>\n<h2><strong>Parametry zrcadla<\/strong><\/h2>\n<p>Kulat\u00e9 zrcadlo <strong>INVENCE ZCOE 60<\/strong> na \u010dtvercov\u00e9 d\u0159ev\u011bn\u00e9 desce zaujme hned na prvn\u00ed pohled. Kombinace roh\u016f a v\u00fdrazn\u00e9ho oblouku mimo desku ukazuje na hrav\u00e9ho ducha v dom\u00e1cnosti i l\u00e1sku ke kreativit\u011b. Desku lze vyrobit z mnoha dekor\u016f a d\u0159evodekor\u016f, lak\u016f i v\u00e1mi vybran\u00e9 barvy ze vzorn\u00edku RAL.<\/p>\n<p>Zrcadlo je vybaveno <strong>LED osv\u011btlen\u00edm o v\u00fdkonu 48 W<\/strong> a na desce najdete praktick\u00fd <strong>vyp\u00edna\u010d i z\u00e1suvku<\/strong>, kterou ocen\u00ed p\u0159edev\u0161\u00edm ti, kte\u0159\u00ed si ka\u017ed\u00e9 r\u00e1no p\u0159ed zrcadlem upravuj\u00ed vlasy \u010di vousy. Z\u00e1suvka i vyp\u00edna\u010d jsou v univerz\u00e1ln\u00ed antracitov\u00e9 barv\u011b.<\/p>\n<h3><strong>S \u010d\u00edm lze kombinovat zrcadlo INVENCE?<\/strong><\/h3>\n<p>Kulat\u00e9 zrcadlo INVENCE si bude rozum\u011bt se sk\u0159\u00ed\u0148kami se zaoblen\u00fdmi rohy \u010di modern\u00edmi umyvadlov\u00fdmi deskami. \u010c\u00edm jednodu\u0161\u0161\u00ed bude vzhled cel\u00e9ho prostoru, t\u00edm sn\u00e1z vynikne toto zrcadlo. D\u00edky st\u0159\u00eddmosti vypad\u00e1 hezky ve spojen\u00ed s minimalistick\u00fdmi sk\u0159\u00ed\u0148kami bez \u00fachytek nebo v koupeln\u00e1ch za\u0159\u00edzen\u00fdch podle posledn\u00edch trend\u016f.<\/p>\n<p>Samoz\u0159ejmost\u00ed je cel\u00e1 kolekce INVENCE, ale p\u0159edstavivosti se meze nekladou! Zkuste si p\u0159edstavit i kombinaci s kolekc\u00ed STORM nebo VARIANTE. <\/p>\n<h3><strong>Snadn\u00e1 mont\u00e1\u017e zrcadla INVENCE<\/strong><\/h3>\n<p>Rozbit\u00e9 zrcadlo, to nen\u00ed nic hezk\u00e9ho. Proto ch\u00e1peme, \u017ee m\u016f\u017eete m\u00edt lehk\u00e9 obavy z mont\u00e1\u017ee. Ale nemus\u00edte se ni\u010deho b\u00e1t. Mont\u00e1\u017en\u00ed n\u00e1vod najdete p\u0159\u00edmo na str\u00e1nk\u00e1ch produktu a v na\u0161\u00ed poradn\u011b z\u00edsk\u00e1te cenn\u00e9 rady odborn\u00edk\u016f, kte\u0159\u00ed zrcadla instalovali do koupelen ji\u017e mnohokr\u00e1t. <\/p>\n<\/p><\/div>\n","protected":false},"excerpt":{"rendered":"<p>Detailn\u00ed popis produktu Modern\u00ed a z\u00e1bavn\u00fd vzhled zrcadla INVENCE skv\u011ble zapadne do koupelen, ve kter\u00fdch se db\u00e1 na detaily. Co toti\u017e m\u016f\u017ee vyza\u0159ovat dokonalost v\u00edce ne\u017e kulat\u00fd tvar zrcadla? Usm\u011bjte se na sebe v zrcadle INVENCE hned r\u00e1no a uvid\u00edte, \u017ee pozitivn\u00ed energie v\u00e1s bude doprov\u00e1zet b\u011bhem cel\u00e9ho dne. Parametry zrcadla Kulat\u00e9 zrcadlo INVENCE ZCOE [&hellip;]<\/p>\n","protected":false},"featured_media":67606,"comment_status":"open","ping_status":"open","template":"","meta":[],"product_brand":[],"product_cat":[84],"product_tag":[],"class_list":{"0":"post-67506","1":"product","2":"type-product","3":"status-publish","4":"has-post-thumbnail","6":"product_cat-koupelny-a-sanitarni-technika","8":"first","9":"instock","10":"sale","11":"shipping-taxable","12":"purchasable","13":"product-type-simple"},"yoast_head":"<!-- This site is optimized with the Yoast SEO plugin v26.8 - https:\/\/yoast.com\/product\/yoast-seo-wordpress\/ -->\n<title>Zrcadlo INVENCE ZCOE 60 - Q08 (L01+D06) Cenov\u00e1 Bomba -<\/title>\n<meta name=\"robots\" content=\"index, follow, max-snippet:-1, max-image-preview:large, max-video-preview:-1\" \/>\n<link rel=\"canonical\" href=\"https:\/\/www.koupeltech.com\/index.php\/produkt\/zrcadlo-invence-zcoe-60-q08-l01-d06-cenova-bomba-67506\/\" \/>\n<meta property=\"og:locale\" content=\"cs_CZ\" \/>\n<meta property=\"og:type\" content=\"article\" \/>\n<meta property=\"og:title\" content=\"Zrcadlo INVENCE ZCOE 60 - Q08 (L01+D06) Cenov\u00e1 Bomba -\" \/>\n<meta property=\"og:description\" content=\"Detailn\u00ed popis produktu Modern\u00ed a z\u00e1bavn\u00fd vzhled zrcadla INVENCE skv\u011ble zapadne do koupelen, ve kter\u00fdch se db\u00e1 na detaily. Co toti\u017e m\u016f\u017ee vyza\u0159ovat dokonalost v\u00edce ne\u017e kulat\u00fd tvar zrcadla? Usm\u011bjte se na sebe v zrcadle INVENCE hned r\u00e1no a uvid\u00edte, \u017ee pozitivn\u00ed energie v\u00e1s bude doprov\u00e1zet b\u011bhem cel\u00e9ho dne. Parametry zrcadla Kulat\u00e9 zrcadlo INVENCE ZCOE [&hellip;]\" \/>\n<meta property=\"og:url\" content=\"https:\/\/www.koupeltech.com\/index.php\/produkt\/zrcadlo-invence-zcoe-60-q08-l01-d06-cenova-bomba-67506\/\" \/>\n<meta property=\"og:image\" content=\"https:\/\/www.koupeltech.com\/wp-content\/uploads\/2026\/SK0027593-CZ20260425-093351-0-1777080838-896793-1_zrcadlo-invence-zcoe-60-q08--l01-d06-.webp\" \/>\n\t<meta property=\"og:image:width\" content=\"1000\" \/>\n\t<meta property=\"og:image:height\" content=\"750\" \/>\n\t<meta property=\"og:image:type\" content=\"image\/webp\" \/>\n<meta name=\"twitter:card\" content=\"summary_large_image\" \/>\n<meta name=\"twitter:label1\" content=\"Odhadovan\u00e1 doba \u010dten\u00ed\" \/>\n\t<meta name=\"twitter:data1\" content=\"2 minuty\" \/>\n<script type=\"application\/ld+json\" class=\"yoast-schema-graph\">{\"@context\":\"https:\/\/schema.org\",\"@graph\":[{\"@type\":\"WebPage\",\"@id\":\"https:\/\/www.koupeltech.com\/index.php\/produkt\/zrcadlo-invence-zcoe-60-q08-l01-d06-cenova-bomba-67506\/\",\"url\":\"https:\/\/www.koupeltech.com\/index.php\/produkt\/zrcadlo-invence-zcoe-60-q08-l01-d06-cenova-bomba-67506\/\",\"name\":\"Zrcadlo INVENCE ZCOE 60 - Q08 (L01+D06) Cenov\u00e1 Bomba -\",\"isPartOf\":{\"@id\":\"https:\/\/www.koupeltech.com\/#website\"},\"primaryImageOfPage\":{\"@id\":\"https:\/\/www.koupeltech.com\/index.php\/produkt\/zrcadlo-invence-zcoe-60-q08-l01-d06-cenova-bomba-67506\/#primaryimage\"},\"image\":{\"@id\":\"https:\/\/www.koupeltech.com\/index.php\/produkt\/zrcadlo-invence-zcoe-60-q08-l01-d06-cenova-bomba-67506\/#primaryimage\"},\"thumbnailUrl\":\"https:\/\/www.koupeltech.com\/wp-content\/uploads\/2026\/SK0027593-CZ20260425-093351-0-1777080838-896793-1_zrcadlo-invence-zcoe-60-q08--l01-d06-.webp\",\"datePublished\":\"2026-04-27T14:06:14+00:00\",\"breadcrumb\":{\"@id\":\"https:\/\/www.koupeltech.com\/index.php\/produkt\/zrcadlo-invence-zcoe-60-q08-l01-d06-cenova-bomba-67506\/#breadcrumb\"},\"inLanguage\":\"cs\",\"potentialAction\":[{\"@type\":\"ReadAction\",\"target\":[\"https:\/\/www.koupeltech.com\/index.php\/produkt\/zrcadlo-invence-zcoe-60-q08-l01-d06-cenova-bomba-67506\/\"]}]},{\"@type\":\"ImageObject\",\"inLanguage\":\"cs\",\"@id\":\"https:\/\/www.koupeltech.com\/index.php\/produkt\/zrcadlo-invence-zcoe-60-q08-l01-d06-cenova-bomba-67506\/#primaryimage\",\"url\":\"https:\/\/www.koupeltech.com\/wp-content\/uploads\/2026\/SK0027593-CZ20260425-093351-0-1777080838-896793-1_zrcadlo-invence-zcoe-60-q08--l01-d06-.webp\",\"contentUrl\":\"https:\/\/www.koupeltech.com\/wp-content\/uploads\/2026\/SK0027593-CZ20260425-093351-0-1777080838-896793-1_zrcadlo-invence-zcoe-60-q08--l01-d06-.webp\",\"width\":1000,\"height\":750},{\"@type\":\"BreadcrumbList\",\"@id\":\"https:\/\/www.koupeltech.com\/index.php\/produkt\/zrcadlo-invence-zcoe-60-q08-l01-d06-cenova-bomba-67506\/#breadcrumb\",\"itemListElement\":[{\"@type\":\"ListItem\",\"position\":1,\"name\":\"Home\",\"item\":\"https:\/\/www.koupeltech.com\/\"},{\"@type\":\"ListItem\",\"position\":2,\"name\":\"Products\",\"item\":\"https:\/\/www.koupeltech.com\/index.php\/products\/\"},{\"@type\":\"ListItem\",\"position\":3,\"name\":\"Zrcadlo INVENCE ZCOE 60 &#8211; Q08 (L01+D06) Cenov\u00e1 Bomba\"}]},{\"@type\":\"WebSite\",\"@id\":\"https:\/\/www.koupeltech.com\/#website\",\"url\":\"https:\/\/www.koupeltech.com\/\",\"name\":\"\",\"description\":\"\",\"potentialAction\":[{\"@type\":\"SearchAction\",\"target\":{\"@type\":\"EntryPoint\",\"urlTemplate\":\"https:\/\/www.koupeltech.com\/?s={search_term_string}\"},\"query-input\":{\"@type\":\"PropertyValueSpecification\",\"valueRequired\":true,\"valueName\":\"search_term_string\"}}],\"inLanguage\":\"cs\"}]}<\/script>\n<!-- \/ Yoast SEO plugin. -->","yoast_head_json":{"title":"Zrcadlo INVENCE ZCOE 60 - Q08 (L01+D06) Cenov\u00e1 Bomba -","robots":{"index":"index","follow":"follow","max-snippet":"max-snippet:-1","max-image-preview":"max-image-preview:large","max-video-preview":"max-video-preview:-1"},"canonical":"https:\/\/www.koupeltech.com\/index.php\/produkt\/zrcadlo-invence-zcoe-60-q08-l01-d06-cenova-bomba-67506\/","og_locale":"cs_CZ","og_type":"article","og_title":"Zrcadlo INVENCE ZCOE 60 - Q08 (L01+D06) Cenov\u00e1 Bomba -","og_description":"Detailn\u00ed popis produktu Modern\u00ed a z\u00e1bavn\u00fd vzhled zrcadla INVENCE skv\u011ble zapadne do koupelen, ve kter\u00fdch se db\u00e1 na detaily. Co toti\u017e m\u016f\u017ee vyza\u0159ovat dokonalost v\u00edce ne\u017e kulat\u00fd tvar zrcadla? Usm\u011bjte se na sebe v zrcadle INVENCE hned r\u00e1no a uvid\u00edte, \u017ee pozitivn\u00ed energie v\u00e1s bude doprov\u00e1zet b\u011bhem cel\u00e9ho dne. Parametry zrcadla Kulat\u00e9 zrcadlo INVENCE ZCOE [&hellip;]","og_url":"https:\/\/www.koupeltech.com\/index.php\/produkt\/zrcadlo-invence-zcoe-60-q08-l01-d06-cenova-bomba-67506\/","og_image":[{"width":1000,"height":750,"url":"https:\/\/www.koupeltech.com\/wp-content\/uploads\/2026\/SK0027593-CZ20260425-093351-0-1777080838-896793-1_zrcadlo-invence-zcoe-60-q08--l01-d06-.webp","type":"image\/webp"}],"twitter_card":"summary_large_image","twitter_misc":{"Odhadovan\u00e1 doba \u010dten\u00ed":"2 minuty"},"schema":{"@context":"https:\/\/schema.org","@graph":[{"@type":"WebPage","@id":"https:\/\/www.koupeltech.com\/index.php\/produkt\/zrcadlo-invence-zcoe-60-q08-l01-d06-cenova-bomba-67506\/","url":"https:\/\/www.koupeltech.com\/index.php\/produkt\/zrcadlo-invence-zcoe-60-q08-l01-d06-cenova-bomba-67506\/","name":"Zrcadlo INVENCE ZCOE 60 - Q08 (L01+D06) Cenov\u00e1 Bomba -","isPartOf":{"@id":"https:\/\/www.koupeltech.com\/#website"},"primaryImageOfPage":{"@id":"https:\/\/www.koupeltech.com\/index.php\/produkt\/zrcadlo-invence-zcoe-60-q08-l01-d06-cenova-bomba-67506\/#primaryimage"},"image":{"@id":"https:\/\/www.koupeltech.com\/index.php\/produkt\/zrcadlo-invence-zcoe-60-q08-l01-d06-cenova-bomba-67506\/#primaryimage"},"thumbnailUrl":"https:\/\/www.koupeltech.com\/wp-content\/uploads\/2026\/SK0027593-CZ20260425-093351-0-1777080838-896793-1_zrcadlo-invence-zcoe-60-q08--l01-d06-.webp","datePublished":"2026-04-27T14:06:14+00:00","breadcrumb":{"@id":"https:\/\/www.koupeltech.com\/index.php\/produkt\/zrcadlo-invence-zcoe-60-q08-l01-d06-cenova-bomba-67506\/#breadcrumb"},"inLanguage":"cs","potentialAction":[{"@type":"ReadAction","target":["https:\/\/www.koupeltech.com\/index.php\/produkt\/zrcadlo-invence-zcoe-60-q08-l01-d06-cenova-bomba-67506\/"]}]},{"@type":"ImageObject","inLanguage":"cs","@id":"https:\/\/www.koupeltech.com\/index.php\/produkt\/zrcadlo-invence-zcoe-60-q08-l01-d06-cenova-bomba-67506\/#primaryimage","url":"https:\/\/www.koupeltech.com\/wp-content\/uploads\/2026\/SK0027593-CZ20260425-093351-0-1777080838-896793-1_zrcadlo-invence-zcoe-60-q08--l01-d06-.webp","contentUrl":"https:\/\/www.koupeltech.com\/wp-content\/uploads\/2026\/SK0027593-CZ20260425-093351-0-1777080838-896793-1_zrcadlo-invence-zcoe-60-q08--l01-d06-.webp","width":1000,"height":750},{"@type":"BreadcrumbList","@id":"https:\/\/www.koupeltech.com\/index.php\/produkt\/zrcadlo-invence-zcoe-60-q08-l01-d06-cenova-bomba-67506\/#breadcrumb","itemListElement":[{"@type":"ListItem","position":1,"name":"Home","item":"https:\/\/www.koupeltech.com\/"},{"@type":"ListItem","position":2,"name":"Products","item":"https:\/\/www.koupeltech.com\/index.php\/products\/"},{"@type":"ListItem","position":3,"name":"Zrcadlo INVENCE ZCOE 60 &#8211; Q08 (L01+D06) Cenov\u00e1 Bomba"}]},{"@type":"WebSite","@id":"https:\/\/www.koupeltech.com\/#website","url":"https:\/\/www.koupeltech.com\/","name":"","description":"","potentialAction":[{"@type":"SearchAction","target":{"@type":"EntryPoint","urlTemplate":"https:\/\/www.koupeltech.com\/?s={search_term_string}"},"query-input":{"@type":"PropertyValueSpecification","valueRequired":true,"valueName":"search_term_string"}}],"inLanguage":"cs"}]}},"_links":{"self":[{"href":"https:\/\/www.koupeltech.com\/index.php\/wp-json\/wp\/v2\/product\/67506","targetHints":{"allow":["GET"]}}],"collection":[{"href":"https:\/\/www.koupeltech.com\/index.php\/wp-json\/wp\/v2\/product"}],"about":[{"href":"https:\/\/www.koupeltech.com\/index.php\/wp-json\/wp\/v2\/types\/product"}],"replies":[{"embeddable":true,"href":"https:\/\/www.koupeltech.com\/index.php\/wp-json\/wp\/v2\/comments?post=67506"}],"wp:featuredmedia":[{"embeddable":true,"href":"https:\/\/www.koupeltech.com\/index.php\/wp-json\/wp\/v2\/media\/67606"}],"wp:attachment":[{"href":"https:\/\/www.koupeltech.com\/index.php\/wp-json\/wp\/v2\/media?parent=67506"}],"wp:term":[{"taxonomy":"product_brand","embeddable":true,"href":"https:\/\/www.koupeltech.com\/index.php\/wp-json\/wp\/v2\/product_brand?post=67506"},{"taxonomy":"product_cat","embeddable":true,"href":"https:\/\/www.koupeltech.com\/index.php\/wp-json\/wp\/v2\/product_cat?post=67506"},{"taxonomy":"product_tag","embeddable":true,"href":"https:\/\/www.koupeltech.com\/index.php\/wp-json\/wp\/v2\/product_tag?post=67506"}],"curies":[{"name":"wp","href":"https:\/\/api.w.org\/{rel}","templated":true}]}}