{"id":6787,"date":"2026-04-27T13:56:51","date_gmt":"2026-04-27T13:56:51","guid":{"rendered":""},"modified":"2026-04-27T13:56:51","modified_gmt":"2026-04-27T13:56:51","slug":"omezena-nabidka-gardena-4058-60-ohranicujici-kabel-50-m-6787","status":"publish","type":"product","link":"https:\/\/www.koupeltech.com\/index.php\/produkt\/omezena-nabidka-gardena-4058-60-ohranicujici-kabel-50-m-6787\/","title":{"rendered":"Omezen\u00e1 Nab\u00eddka Gardena 4058-60 ohrani\u010duj\u00edc\u00ed kabel 50 m"},"content":{"rendered":"<table>\n<div class=\"tab-pane active product-description\" id=\"popis\" role=\"tabpanel\">\n<div class=\"short-description\" itemprop=\"description\"><\/div>\n<div class=\"description\">\u25ba Prostor, ve kter\u00e9m se bude robotick\u00e1 seka\u010dka pohybovat: definujte oblast se\u010den\u00ed pro robotickou seka\u010dku<span class='bullet-line'>Po polo\u017een\u00ed GARDENA ohrani\u010duj\u00edc\u00edho vodi\u010de GARDENA robotick\u00e1 seka\u010dka na tr\u00e1vu okam\u017eit\u011b pozn\u00e1, v jak\u00e9m prostoru m\u00e1 prov\u00e1d\u011bt se\u010den\u00ed. <\/span><span class='bullet-line'>Mal\u00e1 kazeta s 50 metry je zvl\u00e1\u0161t\u011b praktick\u00e1 v p\u0159\u00edpad\u011b nov\u011b os\u00e1zen\u00fdch travnat\u00fdch ploch nebo nov\u00e9 \u00fapravy \u010d\u00e1sti zahrady, kde je nutn\u00e9 ohrani\u010duj\u00edc\u00ed vodi\u010d znovu polo\u017eit. <\/span><span class='bullet-line'>Pot\u0159ebnou d\u00e9lku lze jednodu\u0161e p\u0159idat ke st\u00e1vaj\u00edc\u00edmu vodi\u010di. <\/span><span class='bullet-line'>Stejn\u00fd vodi\u010d slou\u017e\u00ed tak\u00e9 jako vodic\u00ed dr\u00e1t, kter\u00fd nav\u00e1d\u00ed robotickou seka\u010dku zp\u011bt k nab\u00edjec\u00ed stanici. <\/span><span class='bullet-line'>V p\u0159\u00edpad\u011b, \u017ee pot\u0159ebujete spojit dva ohrani\u010duj\u00edc\u00ed dr\u00e1ty, pou\u017e\u00edvejte pouze origin\u00e1ln\u00ed GARDENA konektory.<\/span><\/div>\n<\/table>\n","protected":false},"excerpt":{"rendered":"<p>\u25ba Prostor, ve kter\u00e9m se bude robotick\u00e1 seka\u010dka pohybovat: definujte oblast se\u010den\u00ed pro robotickou seka\u010dkuPo polo\u017een\u00ed GARDENA ohrani\u010duj\u00edc\u00edho vodi\u010de GARDENA robotick\u00e1 seka\u010dka na tr\u00e1vu okam\u017eit\u011b pozn\u00e1, v jak\u00e9m prostoru m\u00e1 prov\u00e1d\u011bt se\u010den\u00ed. Mal\u00e1 kazeta s 50 metry je zvl\u00e1\u0161t\u011b praktick\u00e1 v p\u0159\u00edpad\u011b nov\u011b os\u00e1zen\u00fdch travnat\u00fdch ploch nebo nov\u00e9 \u00fapravy \u010d\u00e1sti zahrady, kde je nutn\u00e9 ohrani\u010duj\u00edc\u00ed [&hellip;]<\/p>\n","protected":false},"featured_media":6887,"comment_status":"open","ping_status":"open","template":"","meta":[],"product_brand":[],"product_cat":[44],"product_tag":[],"class_list":{"0":"post-6787","1":"product","2":"type-product","3":"status-publish","4":"has-post-thumbnail","6":"product_cat-zahrada","8":"first","9":"instock","10":"sale","11":"shipping-taxable","12":"purchasable","13":"product-type-simple"},"yoast_head":"<!-- This site is optimized with the Yoast SEO plugin v26.8 - https:\/\/yoast.com\/product\/yoast-seo-wordpress\/ -->\n<title>Omezen\u00e1 Nab\u00eddka Gardena 4058-60 ohrani\u010duj\u00edc\u00ed kabel 50 m -<\/title>\n<meta name=\"robots\" content=\"index, follow, max-snippet:-1, max-image-preview:large, max-video-preview:-1\" \/>\n<link rel=\"canonical\" href=\"https:\/\/www.koupeltech.com\/index.php\/produkt\/omezena-nabidka-gardena-4058-60-ohranicujici-kabel-50-m-6787\/\" \/>\n<meta property=\"og:locale\" content=\"cs_CZ\" \/>\n<meta property=\"og:type\" content=\"article\" \/>\n<meta property=\"og:title\" content=\"Omezen\u00e1 Nab\u00eddka Gardena 4058-60 ohrani\u010duj\u00edc\u00ed kabel 50 m -\" \/>\n<meta property=\"og:description\" content=\"\u25ba Prostor, ve kter\u00e9m se bude robotick\u00e1 seka\u010dka pohybovat: definujte oblast se\u010den\u00ed pro robotickou seka\u010dkuPo polo\u017een\u00ed GARDENA ohrani\u010duj\u00edc\u00edho vodi\u010de GARDENA robotick\u00e1 seka\u010dka na tr\u00e1vu okam\u017eit\u011b pozn\u00e1, v jak\u00e9m prostoru m\u00e1 prov\u00e1d\u011bt se\u010den\u00ed. Mal\u00e1 kazeta s 50 metry je zvl\u00e1\u0161t\u011b praktick\u00e1 v p\u0159\u00edpad\u011b nov\u011b os\u00e1zen\u00fdch travnat\u00fdch ploch nebo nov\u00e9 \u00fapravy \u010d\u00e1sti zahrady, kde je nutn\u00e9 ohrani\u010duj\u00edc\u00ed [&hellip;]\" \/>\n<meta property=\"og:url\" content=\"https:\/\/www.koupeltech.com\/index.php\/produkt\/omezena-nabidka-gardena-4058-60-ohranicujici-kabel-50-m-6787\/\" \/>\n<meta property=\"og:image\" content=\"https:\/\/www.koupeltech.com\/wp-content\/uploads\/2026\/SK0022545-CZ20260425-092328-0-1777080210-1240091-1_162530.webp\" \/>\n\t<meta property=\"og:image:width\" content=\"631\" \/>\n\t<meta property=\"og:image:height\" content=\"530\" \/>\n\t<meta property=\"og:image:type\" content=\"image\/webp\" \/>\n<meta name=\"twitter:card\" content=\"summary_large_image\" \/>\n<meta name=\"twitter:label1\" content=\"Odhadovan\u00e1 doba \u010dten\u00ed\" \/>\n\t<meta name=\"twitter:data1\" content=\"1 minuta\" \/>\n<script type=\"application\/ld+json\" class=\"yoast-schema-graph\">{\"@context\":\"https:\/\/schema.org\",\"@graph\":[{\"@type\":\"WebPage\",\"@id\":\"https:\/\/www.koupeltech.com\/index.php\/produkt\/omezena-nabidka-gardena-4058-60-ohranicujici-kabel-50-m-6787\/\",\"url\":\"https:\/\/www.koupeltech.com\/index.php\/produkt\/omezena-nabidka-gardena-4058-60-ohranicujici-kabel-50-m-6787\/\",\"name\":\"Omezen\u00e1 Nab\u00eddka Gardena 4058-60 ohrani\u010duj\u00edc\u00ed kabel 50 m -\",\"isPartOf\":{\"@id\":\"https:\/\/www.koupeltech.com\/#website\"},\"primaryImageOfPage\":{\"@id\":\"https:\/\/www.koupeltech.com\/index.php\/produkt\/omezena-nabidka-gardena-4058-60-ohranicujici-kabel-50-m-6787\/#primaryimage\"},\"image\":{\"@id\":\"https:\/\/www.koupeltech.com\/index.php\/produkt\/omezena-nabidka-gardena-4058-60-ohranicujici-kabel-50-m-6787\/#primaryimage\"},\"thumbnailUrl\":\"https:\/\/www.koupeltech.com\/wp-content\/uploads\/2026\/SK0022545-CZ20260425-092328-0-1777080210-1240091-1_162530.webp\",\"datePublished\":\"2026-04-27T13:56:51+00:00\",\"breadcrumb\":{\"@id\":\"https:\/\/www.koupeltech.com\/index.php\/produkt\/omezena-nabidka-gardena-4058-60-ohranicujici-kabel-50-m-6787\/#breadcrumb\"},\"inLanguage\":\"cs\",\"potentialAction\":[{\"@type\":\"ReadAction\",\"target\":[\"https:\/\/www.koupeltech.com\/index.php\/produkt\/omezena-nabidka-gardena-4058-60-ohranicujici-kabel-50-m-6787\/\"]}]},{\"@type\":\"ImageObject\",\"inLanguage\":\"cs\",\"@id\":\"https:\/\/www.koupeltech.com\/index.php\/produkt\/omezena-nabidka-gardena-4058-60-ohranicujici-kabel-50-m-6787\/#primaryimage\",\"url\":\"https:\/\/www.koupeltech.com\/wp-content\/uploads\/2026\/SK0022545-CZ20260425-092328-0-1777080210-1240091-1_162530.webp\",\"contentUrl\":\"https:\/\/www.koupeltech.com\/wp-content\/uploads\/2026\/SK0022545-CZ20260425-092328-0-1777080210-1240091-1_162530.webp\",\"width\":631,\"height\":530},{\"@type\":\"BreadcrumbList\",\"@id\":\"https:\/\/www.koupeltech.com\/index.php\/produkt\/omezena-nabidka-gardena-4058-60-ohranicujici-kabel-50-m-6787\/#breadcrumb\",\"itemListElement\":[{\"@type\":\"ListItem\",\"position\":1,\"name\":\"Home\",\"item\":\"https:\/\/www.koupeltech.com\/\"},{\"@type\":\"ListItem\",\"position\":2,\"name\":\"Products\",\"item\":\"https:\/\/www.koupeltech.com\/index.php\/products\/\"},{\"@type\":\"ListItem\",\"position\":3,\"name\":\"Omezen\u00e1 Nab\u00eddka Gardena 4058-60 ohrani\u010duj\u00edc\u00ed kabel 50 m\"}]},{\"@type\":\"WebSite\",\"@id\":\"https:\/\/www.koupeltech.com\/#website\",\"url\":\"https:\/\/www.koupeltech.com\/\",\"name\":\"\",\"description\":\"\",\"potentialAction\":[{\"@type\":\"SearchAction\",\"target\":{\"@type\":\"EntryPoint\",\"urlTemplate\":\"https:\/\/www.koupeltech.com\/?s={search_term_string}\"},\"query-input\":{\"@type\":\"PropertyValueSpecification\",\"valueRequired\":true,\"valueName\":\"search_term_string\"}}],\"inLanguage\":\"cs\"}]}<\/script>\n<!-- \/ Yoast SEO plugin. -->","yoast_head_json":{"title":"Omezen\u00e1 Nab\u00eddka Gardena 4058-60 ohrani\u010duj\u00edc\u00ed kabel 50 m -","robots":{"index":"index","follow":"follow","max-snippet":"max-snippet:-1","max-image-preview":"max-image-preview:large","max-video-preview":"max-video-preview:-1"},"canonical":"https:\/\/www.koupeltech.com\/index.php\/produkt\/omezena-nabidka-gardena-4058-60-ohranicujici-kabel-50-m-6787\/","og_locale":"cs_CZ","og_type":"article","og_title":"Omezen\u00e1 Nab\u00eddka Gardena 4058-60 ohrani\u010duj\u00edc\u00ed kabel 50 m -","og_description":"\u25ba Prostor, ve kter\u00e9m se bude robotick\u00e1 seka\u010dka pohybovat: definujte oblast se\u010den\u00ed pro robotickou seka\u010dkuPo polo\u017een\u00ed GARDENA ohrani\u010duj\u00edc\u00edho vodi\u010de GARDENA robotick\u00e1 seka\u010dka na tr\u00e1vu okam\u017eit\u011b pozn\u00e1, v jak\u00e9m prostoru m\u00e1 prov\u00e1d\u011bt se\u010den\u00ed. Mal\u00e1 kazeta s 50 metry je zvl\u00e1\u0161t\u011b praktick\u00e1 v p\u0159\u00edpad\u011b nov\u011b os\u00e1zen\u00fdch travnat\u00fdch ploch nebo nov\u00e9 \u00fapravy \u010d\u00e1sti zahrady, kde je nutn\u00e9 ohrani\u010duj\u00edc\u00ed [&hellip;]","og_url":"https:\/\/www.koupeltech.com\/index.php\/produkt\/omezena-nabidka-gardena-4058-60-ohranicujici-kabel-50-m-6787\/","og_image":[{"width":631,"height":530,"url":"https:\/\/www.koupeltech.com\/wp-content\/uploads\/2026\/SK0022545-CZ20260425-092328-0-1777080210-1240091-1_162530.webp","type":"image\/webp"}],"twitter_card":"summary_large_image","twitter_misc":{"Odhadovan\u00e1 doba \u010dten\u00ed":"1 minuta"},"schema":{"@context":"https:\/\/schema.org","@graph":[{"@type":"WebPage","@id":"https:\/\/www.koupeltech.com\/index.php\/produkt\/omezena-nabidka-gardena-4058-60-ohranicujici-kabel-50-m-6787\/","url":"https:\/\/www.koupeltech.com\/index.php\/produkt\/omezena-nabidka-gardena-4058-60-ohranicujici-kabel-50-m-6787\/","name":"Omezen\u00e1 Nab\u00eddka Gardena 4058-60 ohrani\u010duj\u00edc\u00ed kabel 50 m -","isPartOf":{"@id":"https:\/\/www.koupeltech.com\/#website"},"primaryImageOfPage":{"@id":"https:\/\/www.koupeltech.com\/index.php\/produkt\/omezena-nabidka-gardena-4058-60-ohranicujici-kabel-50-m-6787\/#primaryimage"},"image":{"@id":"https:\/\/www.koupeltech.com\/index.php\/produkt\/omezena-nabidka-gardena-4058-60-ohranicujici-kabel-50-m-6787\/#primaryimage"},"thumbnailUrl":"https:\/\/www.koupeltech.com\/wp-content\/uploads\/2026\/SK0022545-CZ20260425-092328-0-1777080210-1240091-1_162530.webp","datePublished":"2026-04-27T13:56:51+00:00","breadcrumb":{"@id":"https:\/\/www.koupeltech.com\/index.php\/produkt\/omezena-nabidka-gardena-4058-60-ohranicujici-kabel-50-m-6787\/#breadcrumb"},"inLanguage":"cs","potentialAction":[{"@type":"ReadAction","target":["https:\/\/www.koupeltech.com\/index.php\/produkt\/omezena-nabidka-gardena-4058-60-ohranicujici-kabel-50-m-6787\/"]}]},{"@type":"ImageObject","inLanguage":"cs","@id":"https:\/\/www.koupeltech.com\/index.php\/produkt\/omezena-nabidka-gardena-4058-60-ohranicujici-kabel-50-m-6787\/#primaryimage","url":"https:\/\/www.koupeltech.com\/wp-content\/uploads\/2026\/SK0022545-CZ20260425-092328-0-1777080210-1240091-1_162530.webp","contentUrl":"https:\/\/www.koupeltech.com\/wp-content\/uploads\/2026\/SK0022545-CZ20260425-092328-0-1777080210-1240091-1_162530.webp","width":631,"height":530},{"@type":"BreadcrumbList","@id":"https:\/\/www.koupeltech.com\/index.php\/produkt\/omezena-nabidka-gardena-4058-60-ohranicujici-kabel-50-m-6787\/#breadcrumb","itemListElement":[{"@type":"ListItem","position":1,"name":"Home","item":"https:\/\/www.koupeltech.com\/"},{"@type":"ListItem","position":2,"name":"Products","item":"https:\/\/www.koupeltech.com\/index.php\/products\/"},{"@type":"ListItem","position":3,"name":"Omezen\u00e1 Nab\u00eddka Gardena 4058-60 ohrani\u010duj\u00edc\u00ed kabel 50 m"}]},{"@type":"WebSite","@id":"https:\/\/www.koupeltech.com\/#website","url":"https:\/\/www.koupeltech.com\/","name":"","description":"","potentialAction":[{"@type":"SearchAction","target":{"@type":"EntryPoint","urlTemplate":"https:\/\/www.koupeltech.com\/?s={search_term_string}"},"query-input":{"@type":"PropertyValueSpecification","valueRequired":true,"valueName":"search_term_string"}}],"inLanguage":"cs"}]}},"_links":{"self":[{"href":"https:\/\/www.koupeltech.com\/index.php\/wp-json\/wp\/v2\/product\/6787","targetHints":{"allow":["GET"]}}],"collection":[{"href":"https:\/\/www.koupeltech.com\/index.php\/wp-json\/wp\/v2\/product"}],"about":[{"href":"https:\/\/www.koupeltech.com\/index.php\/wp-json\/wp\/v2\/types\/product"}],"replies":[{"embeddable":true,"href":"https:\/\/www.koupeltech.com\/index.php\/wp-json\/wp\/v2\/comments?post=6787"}],"wp:featuredmedia":[{"embeddable":true,"href":"https:\/\/www.koupeltech.com\/index.php\/wp-json\/wp\/v2\/media\/6887"}],"wp:attachment":[{"href":"https:\/\/www.koupeltech.com\/index.php\/wp-json\/wp\/v2\/media?parent=6787"}],"wp:term":[{"taxonomy":"product_brand","embeddable":true,"href":"https:\/\/www.koupeltech.com\/index.php\/wp-json\/wp\/v2\/product_brand?post=6787"},{"taxonomy":"product_cat","embeddable":true,"href":"https:\/\/www.koupeltech.com\/index.php\/wp-json\/wp\/v2\/product_cat?post=6787"},{"taxonomy":"product_tag","embeddable":true,"href":"https:\/\/www.koupeltech.com\/index.php\/wp-json\/wp\/v2\/product_tag?post=6787"}],"curies":[{"name":"wp","href":"https:\/\/api.w.org\/{rel}","templated":true}]}}