{"id":6891,"date":"2026-04-27T13:56:52","date_gmt":"2026-04-27T13:56:52","guid":{"rendered":""},"modified":"2026-04-27T13:56:52","modified_gmt":"2026-04-27T13:56:52","slug":"top-prodej-gardena-5003-20-plocha-hadice-38-mm-1-1-2-50-m-6891","status":"publish","type":"product","link":"https:\/\/www.koupeltech.com\/index.php\/produkt\/top-prodej-gardena-5003-20-plocha-hadice-38-mm-1-1-2-50-m-6891\/","title":{"rendered":"Top Prodej Gardena 5003-20 ploch\u00e1 hadice 38 mm 1 1\/2&#8243;&#8220;, 50 m&#8220;"},"content":{"rendered":"<table>\n<div class=\"tab-pane active product-description\" id=\"popis\" role=\"tabpanel\">\n<div class=\"short-description\" itemprop=\"description\">DOPRODEJ POZOR jedn\u00e1 se  o cenu za jeden metr ne za balen\u00ed. 30m skladem<\/div>\n<div class=\"description\">\u25ba Vyztu\u017een\u00e1 s\u00ed\u0165ovinou a dvojit\u00e1 vrstva materi\u00e1lu pro extra trvanlivost<span class='bullet-line'>Materi\u00e1l pou\u017eit\u00fd u ploch\u00fdch hadic je nejen dvouvrstv\u00fd, ale tak\u00e9 vyztu\u017een\u00fd vl\u00e1kny. <br \/><\/span><span class='bullet-line'>D\u00edky tomu je odoln\u00fd v\u016f\u010di UV z\u00e1\u0159en\u00ed a poskytuje vynikaj\u00edc\u00ed ochranu proti pov\u011btrnostn\u00edm vliv\u016fm.<br \/><\/span><br \/>\u25ba Pevn\u00e1 a univerz\u00e1ln\u00ed ploch\u00e1 hadice pro n\u00e1ro\u010dn\u00e9 podm\u00ednky<span class='bullet-line'>Ploch\u00e1 hadice 38 mm (1 1\/2&#8243;), p\u0159edstaven\u00e1 zna\u010dkou GARDENA, preferovanou zahradn\u00ed zna\u010dkou milion\u016f majitel\u016f dom\u016f a zahrad po cel\u00e9m sv\u011bt\u011b, je modern\u00ed a praktickou evoluc\u00ed klasick\u00e9 hadice na vodu. <br \/><\/span><span class='bullet-line'>V\u00fdrobek kombinuje r\u016fzn\u00e9 v\u00fdhody, \u0161pi\u010dkovou kvalitu a univerz\u00e1lnost. <br \/><\/span><span class='bullet-line'>Ploch\u00e1 hadice s pr\u016fm\u011brem 38 mm (1 1\/2&#8243;) p\u0159i pou\u017e\u00edv\u00e1n\u00ed se p\u0159ed a po distribuci vody zplo\u0161t\u00ed. <br \/><\/span><span class='bullet-line'>Znamen\u00e1 to, \u017ee tato hadice je mimo\u0159\u00e1dn\u011b \u00fasporn\u00e1 z hlediska m\u00edsta, lze ji snadno slo\u017eit a \u00fasporn\u011b uskladnit. <br \/><\/span><span class='bullet-line'>Oby\u010dejn\u00e9 hadice vyroben\u00e9 z m\u00e9n\u011b pru\u017en\u00e9ho materi\u00e1lu a s pevn\u00fdm pr\u016fm\u011brem lze tak\u00e9 srolovat, ale zab\u00edraj\u00ed zna\u010dn\u00e9 mno\u017estv\u00ed m\u00edsta. <br \/><\/span><span class='bullet-line'>Tato ploch\u00e1 hadice je ve srovn\u00e1n\u00ed s nimi mnohem kompaktn\u011bj\u0161\u00ed. <br \/><\/span><span class='bullet-line'>D\u00edky sv\u00e9mu vysoce kvalitn\u00edmu zpracov\u00e1n\u00ed a v\u00fdjime\u010dn\u00e9 kvalit\u011b pro vysok\u00e9 zat\u00ed\u017een\u00ed je tato hadice vynikaj\u00edc\u00edm dopl\u0148kem va\u0161eho zahradn\u00edho vybaven\u00ed. <br \/><\/span><span class='bullet-line'>M\u016f\u017ee se pochlubit trval\u00fdm tlakov\u00fdm zat\u00ed\u017een\u00edm 8 bar\u016f a je schopna fungovat a\u017e do tlaku 24 bar\u016f, p\u0159i kter\u00e9m dojde k jej\u00edmu prasknut\u00ed. <br \/><\/span><span class='bullet-line'>Proto je mo\u017en\u00e9 ji pou\u017e\u00edvat nejen jako ka\u017edodenn\u00ed zahradn\u00ed hadici pro distribuci vody a ve spojen\u00ed s ponorn\u00fdmi \u010derpadly, ale tak\u00e9 p\u0159i zavla\u017eov\u00e1n\u00ed v zem\u011bd\u011blstv\u00ed. <br \/><\/span><span class='bullet-line'>Aby zvl\u00e1dly tyto n\u00e1ro\u010dn\u00e9 pracovn\u00ed podm\u00ednky, mus\u00ed b\u00fdt velmi odoln\u00e9. <br \/><\/span><span class='bullet-line'>Z tohoto d\u016fvodu je materi\u00e1l ploch\u00e9 hadice dvouvrstv\u00fd a je vyrobena z PVC zes\u00edlen\u00e9ho s\u00ed\u0165ovinou. <br \/><\/span><span class='bullet-line'>GARDENA ploch\u00e1 hadice 38 mm (1 1\/2&#8243;) je odoln\u00e1 v\u016f\u010di UV z\u00e1\u0159en\u00ed a pov\u011btrnostn\u00edm vliv\u016fm, tak\u017ee je velmi trvanliv\u00e1 a p\u0159ipraven\u00e1 k pou\u017eit\u00ed i za nep\u0159\u00edzniv\u00fdch pov\u011btrnostn\u00edch podm\u00ednek. <br \/><\/span><span class='bullet-line'>Hadice se vyr\u00e1b\u00ed v Evrop\u011b z velmi kvalitn\u00edch materi\u00e1l\u016f. <br \/><\/span><span class='bullet-line'>Pro tuto v\u00edt\u011bznou kombinaci odoln\u00fdch komponent\u016f a kvality Made in Europe, poskytuje GARDENA sv\u00fdm z\u00e1kazn\u00edk\u016fm velmi p\u0159\u00edjemnou z\u00e1ruku v trv\u00e1n\u00ed 12 let.<\/span><\/div>\n<\/table>\n","protected":false},"excerpt":{"rendered":"<p>DOPRODEJ POZOR jedn\u00e1 se o cenu za jeden metr ne za balen\u00ed. 30m skladem \u25ba Vyztu\u017een\u00e1 s\u00ed\u0165ovinou a dvojit\u00e1 vrstva materi\u00e1lu pro extra trvanlivostMateri\u00e1l pou\u017eit\u00fd u ploch\u00fdch hadic je nejen dvouvrstv\u00fd, ale tak\u00e9 vyztu\u017een\u00fd vl\u00e1kny. D\u00edky tomu je odoln\u00fd v\u016f\u010di UV z\u00e1\u0159en\u00ed a poskytuje vynikaj\u00edc\u00ed ochranu proti pov\u011btrnostn\u00edm vliv\u016fm.\u25ba Pevn\u00e1 a univerz\u00e1ln\u00ed ploch\u00e1 hadice pro [&hellip;]<\/p>\n","protected":false},"featured_media":6991,"comment_status":"open","ping_status":"open","template":"","meta":[],"product_brand":[],"product_cat":[44],"product_tag":[],"class_list":{"0":"post-6891","1":"product","2":"type-product","3":"status-publish","4":"has-post-thumbnail","6":"product_cat-zahrada","8":"first","9":"instock","10":"sale","11":"shipping-taxable","12":"purchasable","13":"product-type-simple"},"yoast_head":"<!-- This site is optimized with the Yoast SEO plugin v26.8 - https:\/\/yoast.com\/product\/yoast-seo-wordpress\/ -->\n<title>Top Prodej Gardena 5003-20 ploch\u00e1 hadice 38 mm 1 1\/2&quot;&quot;, 50 m&quot; -<\/title>\n<meta name=\"robots\" content=\"index, follow, max-snippet:-1, max-image-preview:large, max-video-preview:-1\" \/>\n<link rel=\"canonical\" href=\"https:\/\/www.koupeltech.com\/index.php\/produkt\/top-prodej-gardena-5003-20-plocha-hadice-38-mm-1-1-2-50-m-6891\/\" \/>\n<meta property=\"og:locale\" content=\"cs_CZ\" \/>\n<meta property=\"og:type\" content=\"article\" \/>\n<meta property=\"og:title\" content=\"Top Prodej Gardena 5003-20 ploch\u00e1 hadice 38 mm 1 1\/2&quot;&quot;, 50 m&quot; -\" \/>\n<meta property=\"og:description\" content=\"DOPRODEJ POZOR jedn\u00e1 se o cenu za jeden metr ne za balen\u00ed. 30m skladem \u25ba Vyztu\u017een\u00e1 s\u00ed\u0165ovinou a dvojit\u00e1 vrstva materi\u00e1lu pro extra trvanlivostMateri\u00e1l pou\u017eit\u00fd u ploch\u00fdch hadic je nejen dvouvrstv\u00fd, ale tak\u00e9 vyztu\u017een\u00fd vl\u00e1kny. D\u00edky tomu je odoln\u00fd v\u016f\u010di UV z\u00e1\u0159en\u00ed a poskytuje vynikaj\u00edc\u00ed ochranu proti pov\u011btrnostn\u00edm vliv\u016fm.\u25ba Pevn\u00e1 a univerz\u00e1ln\u00ed ploch\u00e1 hadice pro [&hellip;]\" \/>\n<meta property=\"og:url\" content=\"https:\/\/www.koupeltech.com\/index.php\/produkt\/top-prodej-gardena-5003-20-plocha-hadice-38-mm-1-1-2-50-m-6891\/\" \/>\n<meta property=\"og:image\" content=\"https:\/\/www.koupeltech.com\/wp-content\/uploads\/2026\/SK0022549-CZ20260425-092328-0-1777080210-1240097-1_162830.webp\" \/>\n\t<meta property=\"og:image:width\" content=\"850\" \/>\n\t<meta property=\"og:image:height\" content=\"463\" \/>\n\t<meta property=\"og:image:type\" content=\"image\/webp\" \/>\n<meta name=\"twitter:card\" content=\"summary_large_image\" \/>\n<meta name=\"twitter:label1\" content=\"Odhadovan\u00e1 doba \u010dten\u00ed\" \/>\n\t<meta name=\"twitter:data1\" content=\"2 minuty\" \/>\n<script type=\"application\/ld+json\" class=\"yoast-schema-graph\">{\"@context\":\"https:\/\/schema.org\",\"@graph\":[{\"@type\":\"WebPage\",\"@id\":\"https:\/\/www.koupeltech.com\/index.php\/produkt\/top-prodej-gardena-5003-20-plocha-hadice-38-mm-1-1-2-50-m-6891\/\",\"url\":\"https:\/\/www.koupeltech.com\/index.php\/produkt\/top-prodej-gardena-5003-20-plocha-hadice-38-mm-1-1-2-50-m-6891\/\",\"name\":\"Top Prodej Gardena 5003-20 ploch\u00e1 hadice 38 mm 1 1\/2\\\"\\\", 50 m\\\" -\",\"isPartOf\":{\"@id\":\"https:\/\/www.koupeltech.com\/#website\"},\"primaryImageOfPage\":{\"@id\":\"https:\/\/www.koupeltech.com\/index.php\/produkt\/top-prodej-gardena-5003-20-plocha-hadice-38-mm-1-1-2-50-m-6891\/#primaryimage\"},\"image\":{\"@id\":\"https:\/\/www.koupeltech.com\/index.php\/produkt\/top-prodej-gardena-5003-20-plocha-hadice-38-mm-1-1-2-50-m-6891\/#primaryimage\"},\"thumbnailUrl\":\"https:\/\/www.koupeltech.com\/wp-content\/uploads\/2026\/SK0022549-CZ20260425-092328-0-1777080210-1240097-1_162830.webp\",\"datePublished\":\"2026-04-27T13:56:52+00:00\",\"breadcrumb\":{\"@id\":\"https:\/\/www.koupeltech.com\/index.php\/produkt\/top-prodej-gardena-5003-20-plocha-hadice-38-mm-1-1-2-50-m-6891\/#breadcrumb\"},\"inLanguage\":\"cs\",\"potentialAction\":[{\"@type\":\"ReadAction\",\"target\":[\"https:\/\/www.koupeltech.com\/index.php\/produkt\/top-prodej-gardena-5003-20-plocha-hadice-38-mm-1-1-2-50-m-6891\/\"]}]},{\"@type\":\"ImageObject\",\"inLanguage\":\"cs\",\"@id\":\"https:\/\/www.koupeltech.com\/index.php\/produkt\/top-prodej-gardena-5003-20-plocha-hadice-38-mm-1-1-2-50-m-6891\/#primaryimage\",\"url\":\"https:\/\/www.koupeltech.com\/wp-content\/uploads\/2026\/SK0022549-CZ20260425-092328-0-1777080210-1240097-1_162830.webp\",\"contentUrl\":\"https:\/\/www.koupeltech.com\/wp-content\/uploads\/2026\/SK0022549-CZ20260425-092328-0-1777080210-1240097-1_162830.webp\",\"width\":850,\"height\":463},{\"@type\":\"BreadcrumbList\",\"@id\":\"https:\/\/www.koupeltech.com\/index.php\/produkt\/top-prodej-gardena-5003-20-plocha-hadice-38-mm-1-1-2-50-m-6891\/#breadcrumb\",\"itemListElement\":[{\"@type\":\"ListItem\",\"position\":1,\"name\":\"Home\",\"item\":\"https:\/\/www.koupeltech.com\/\"},{\"@type\":\"ListItem\",\"position\":2,\"name\":\"Products\",\"item\":\"https:\/\/www.koupeltech.com\/index.php\/products\/\"},{\"@type\":\"ListItem\",\"position\":3,\"name\":\"Top Prodej Gardena 5003-20 ploch\u00e1 hadice 38 mm 1 1\/2&#8243;&#8220;, 50 m&#8220;\"}]},{\"@type\":\"WebSite\",\"@id\":\"https:\/\/www.koupeltech.com\/#website\",\"url\":\"https:\/\/www.koupeltech.com\/\",\"name\":\"\",\"description\":\"\",\"potentialAction\":[{\"@type\":\"SearchAction\",\"target\":{\"@type\":\"EntryPoint\",\"urlTemplate\":\"https:\/\/www.koupeltech.com\/?s={search_term_string}\"},\"query-input\":{\"@type\":\"PropertyValueSpecification\",\"valueRequired\":true,\"valueName\":\"search_term_string\"}}],\"inLanguage\":\"cs\"}]}<\/script>\n<!-- \/ Yoast SEO plugin. -->","yoast_head_json":{"title":"Top Prodej Gardena 5003-20 ploch\u00e1 hadice 38 mm 1 1\/2\"\", 50 m\" -","robots":{"index":"index","follow":"follow","max-snippet":"max-snippet:-1","max-image-preview":"max-image-preview:large","max-video-preview":"max-video-preview:-1"},"canonical":"https:\/\/www.koupeltech.com\/index.php\/produkt\/top-prodej-gardena-5003-20-plocha-hadice-38-mm-1-1-2-50-m-6891\/","og_locale":"cs_CZ","og_type":"article","og_title":"Top Prodej Gardena 5003-20 ploch\u00e1 hadice 38 mm 1 1\/2\"\", 50 m\" -","og_description":"DOPRODEJ POZOR jedn\u00e1 se o cenu za jeden metr ne za balen\u00ed. 30m skladem \u25ba Vyztu\u017een\u00e1 s\u00ed\u0165ovinou a dvojit\u00e1 vrstva materi\u00e1lu pro extra trvanlivostMateri\u00e1l pou\u017eit\u00fd u ploch\u00fdch hadic je nejen dvouvrstv\u00fd, ale tak\u00e9 vyztu\u017een\u00fd vl\u00e1kny. D\u00edky tomu je odoln\u00fd v\u016f\u010di UV z\u00e1\u0159en\u00ed a poskytuje vynikaj\u00edc\u00ed ochranu proti pov\u011btrnostn\u00edm vliv\u016fm.\u25ba Pevn\u00e1 a univerz\u00e1ln\u00ed ploch\u00e1 hadice pro [&hellip;]","og_url":"https:\/\/www.koupeltech.com\/index.php\/produkt\/top-prodej-gardena-5003-20-plocha-hadice-38-mm-1-1-2-50-m-6891\/","og_image":[{"width":850,"height":463,"url":"https:\/\/www.koupeltech.com\/wp-content\/uploads\/2026\/SK0022549-CZ20260425-092328-0-1777080210-1240097-1_162830.webp","type":"image\/webp"}],"twitter_card":"summary_large_image","twitter_misc":{"Odhadovan\u00e1 doba \u010dten\u00ed":"2 minuty"},"schema":{"@context":"https:\/\/schema.org","@graph":[{"@type":"WebPage","@id":"https:\/\/www.koupeltech.com\/index.php\/produkt\/top-prodej-gardena-5003-20-plocha-hadice-38-mm-1-1-2-50-m-6891\/","url":"https:\/\/www.koupeltech.com\/index.php\/produkt\/top-prodej-gardena-5003-20-plocha-hadice-38-mm-1-1-2-50-m-6891\/","name":"Top Prodej Gardena 5003-20 ploch\u00e1 hadice 38 mm 1 1\/2\"\", 50 m\" -","isPartOf":{"@id":"https:\/\/www.koupeltech.com\/#website"},"primaryImageOfPage":{"@id":"https:\/\/www.koupeltech.com\/index.php\/produkt\/top-prodej-gardena-5003-20-plocha-hadice-38-mm-1-1-2-50-m-6891\/#primaryimage"},"image":{"@id":"https:\/\/www.koupeltech.com\/index.php\/produkt\/top-prodej-gardena-5003-20-plocha-hadice-38-mm-1-1-2-50-m-6891\/#primaryimage"},"thumbnailUrl":"https:\/\/www.koupeltech.com\/wp-content\/uploads\/2026\/SK0022549-CZ20260425-092328-0-1777080210-1240097-1_162830.webp","datePublished":"2026-04-27T13:56:52+00:00","breadcrumb":{"@id":"https:\/\/www.koupeltech.com\/index.php\/produkt\/top-prodej-gardena-5003-20-plocha-hadice-38-mm-1-1-2-50-m-6891\/#breadcrumb"},"inLanguage":"cs","potentialAction":[{"@type":"ReadAction","target":["https:\/\/www.koupeltech.com\/index.php\/produkt\/top-prodej-gardena-5003-20-plocha-hadice-38-mm-1-1-2-50-m-6891\/"]}]},{"@type":"ImageObject","inLanguage":"cs","@id":"https:\/\/www.koupeltech.com\/index.php\/produkt\/top-prodej-gardena-5003-20-plocha-hadice-38-mm-1-1-2-50-m-6891\/#primaryimage","url":"https:\/\/www.koupeltech.com\/wp-content\/uploads\/2026\/SK0022549-CZ20260425-092328-0-1777080210-1240097-1_162830.webp","contentUrl":"https:\/\/www.koupeltech.com\/wp-content\/uploads\/2026\/SK0022549-CZ20260425-092328-0-1777080210-1240097-1_162830.webp","width":850,"height":463},{"@type":"BreadcrumbList","@id":"https:\/\/www.koupeltech.com\/index.php\/produkt\/top-prodej-gardena-5003-20-plocha-hadice-38-mm-1-1-2-50-m-6891\/#breadcrumb","itemListElement":[{"@type":"ListItem","position":1,"name":"Home","item":"https:\/\/www.koupeltech.com\/"},{"@type":"ListItem","position":2,"name":"Products","item":"https:\/\/www.koupeltech.com\/index.php\/products\/"},{"@type":"ListItem","position":3,"name":"Top Prodej Gardena 5003-20 ploch\u00e1 hadice 38 mm 1 1\/2&#8243;&#8220;, 50 m&#8220;"}]},{"@type":"WebSite","@id":"https:\/\/www.koupeltech.com\/#website","url":"https:\/\/www.koupeltech.com\/","name":"","description":"","potentialAction":[{"@type":"SearchAction","target":{"@type":"EntryPoint","urlTemplate":"https:\/\/www.koupeltech.com\/?s={search_term_string}"},"query-input":{"@type":"PropertyValueSpecification","valueRequired":true,"valueName":"search_term_string"}}],"inLanguage":"cs"}]}},"_links":{"self":[{"href":"https:\/\/www.koupeltech.com\/index.php\/wp-json\/wp\/v2\/product\/6891","targetHints":{"allow":["GET"]}}],"collection":[{"href":"https:\/\/www.koupeltech.com\/index.php\/wp-json\/wp\/v2\/product"}],"about":[{"href":"https:\/\/www.koupeltech.com\/index.php\/wp-json\/wp\/v2\/types\/product"}],"replies":[{"embeddable":true,"href":"https:\/\/www.koupeltech.com\/index.php\/wp-json\/wp\/v2\/comments?post=6891"}],"wp:featuredmedia":[{"embeddable":true,"href":"https:\/\/www.koupeltech.com\/index.php\/wp-json\/wp\/v2\/media\/6991"}],"wp:attachment":[{"href":"https:\/\/www.koupeltech.com\/index.php\/wp-json\/wp\/v2\/media?parent=6891"}],"wp:term":[{"taxonomy":"product_brand","embeddable":true,"href":"https:\/\/www.koupeltech.com\/index.php\/wp-json\/wp\/v2\/product_brand?post=6891"},{"taxonomy":"product_cat","embeddable":true,"href":"https:\/\/www.koupeltech.com\/index.php\/wp-json\/wp\/v2\/product_cat?post=6891"},{"taxonomy":"product_tag","embeddable":true,"href":"https:\/\/www.koupeltech.com\/index.php\/wp-json\/wp\/v2\/product_tag?post=6891"}],"curies":[{"name":"wp","href":"https:\/\/api.w.org\/{rel}","templated":true}]}}