{"id":70127,"date":"2026-04-27T14:06:39","date_gmt":"2026-04-27T14:06:39","guid":{"rendered":""},"modified":"2026-04-27T14:06:39","modified_gmt":"2026-04-27T14:06:39","slug":"hs-flamingo-podpalovac-burner-tuba-100-ks-posledni-sance-70127","status":"publish","type":"product","link":"https:\/\/www.koupeltech.com\/index.php\/produkt\/hs-flamingo-podpalovac-burner-tuba-100-ks-posledni-sance-70127\/","title":{"rendered":"HS Flamingo Podpalova\u010d BURNER, tuba 100 ks Posledn\u00ed \u0160ance"},"content":{"rendered":"<div id=\"e4920176\" class=\"pages\">\n<div>\n<div id=\"PDDescription\" class=\"UserContentView userContent v1a v1 bs-view dcon dc164 PDDescription\" ><dc-con><dc-con><bs-empty><\/bs-empty><\/dc-con><dc-con>        <\/p>\n<div class=\"customDescription\">                    <\/div>\n<p><\/dc-con><dc-con>Balen\u00ed: 100 ks<br \/>Aplikace: cel\u00fd s\u00e1\u010dek vho\u010fte do ohn\u011b. S\u00e1\u010dek je ekologicky nez\u00e1vadn\u00fd.<br \/>D\u00e1nsk\u00fd v\u00fdrobce BURNER<br \/>Inovace, kvalita, bezpe\u010dnost a ochrana \u017eivotn\u00edho prost\u0159ed\u00ed p\u0159edstavuj\u00ed koncep\u010dn\u00ed z\u00e1klad na\u0161eho \u201eorigin\u00e1ln\u00edho\u201c pr\u00e9miov\u00e9ho podpalova\u010de, kter\u00fd je dodnes&nbsp;nejprod\u00e1van\u011bj\u0161\u00edm&nbsp;produktem na trhu.<br \/>Podpalova\u010de BURNER jsou nejlep\u0161\u00ed a nejbezpe\u010dn\u011bj\u0161\u00ed zp\u016fsob, jak zap\u00e1lit ohe\u0148, a\u0165 u\u017e jste doma, v divo\u010din\u011b, na hor\u00e1ch nebo u vody. V\u00fdrobky BURNER jsou jedin\u00e9 podpalova\u010de, kter\u00e9 jsou spolehliv\u00e9 ve v\u0161ech ro\u010dn\u00edch obdob\u00edch a pov\u011btrnostn\u00edch podm\u00ednk\u00e1ch. Proto je na\u0161\u00edm posl\u00e1n\u00edm z\u016fstat na p\u0159edn\u00edm sv\u011btov\u00e9m \u017eeb\u0159\u00ed\u010dku v\u00fdrobc\u016f&nbsp;pr\u00e9miov\u00fdch&nbsp;podpalova\u010du pro&nbsp;krby, kamna a grily.<br \/>Na\u0161e p\u016fvodn\u00ed nep\u0159ekonateln\u00e9&nbsp;podpalova\u010de vyv\u00edj\u00edme a vyr\u00e1b\u00edme od roku 1992, kdy byla v D\u00e1nsku zalo\u017eena spole\u010dnost BURNER International A \/ S.&nbsp;V\u00fdroba podpalova\u010d\u016f&nbsp;u\u016fst\u00e1v\u00e1&nbsp;st\u00e1le v D\u00e1nsku, co\u017e n\u00e1m umo\u017e\u0148uje zaru\u010dit, \u017ee&nbsp;budeme v\u017edy dod\u00e1vat v\u00fdrobky trvale vysok\u00e9 kvality odpov\u00eddaj\u00edc\u00ed mezin\u00e1rodn\u00edm etick\u00fdm standard\u016fm.<br \/>Pravideln\u011b investujeme do nov\u00fdch technologi\u00ed a na\u0161e v\u00fdrobn\u00ed a logistick\u00e9 centrum je \u0161pi\u010dkov\u00fdm sv\u011btov\u00fdm l\u00eddrem v&nbsp;oboru. To je&nbsp;z\u00e1rukou st\u00e1l\u00fdch a p\u0159esn\u00fdch dod\u00e1vek na\u0161im z\u00e1kazn\u00edk\u016fm po cel\u00e9m sv\u011bt\u011b. V ka\u017ed\u00e9m z posledn\u00edch p\u011bti let na\u0161e spolehlivost dod\u00e1vek p\u0159es\u00e1hla 99,5% a ka\u017edoro\u010dn\u011b p\u0159isp\u011bla k \u00fasp\u011b\u0161n\u00e9mu r\u016fstu BURNER International A \/ S na nov\u00fdch i st\u00e1vaj\u00edc\u00edch trz\u00edch.<br \/>Existuje jen jeden podpalova\u010d, kter\u00fd lze nazvat \u201eorigin\u00e1lem\u201c &#8211; a to je n\u00e1\u0161!<br \/>EUH208: Obsahuje formaldehyd, m\u016f\u017ee zp\u016fsobit alergickou reakci. EUH210: Bezpe\u010dnostn\u00ed list dostupn\u00fd na vy\u017e\u00e1d\u00e1n\u00ed.<\/dc-con><\/dc-con><\/div>\n<div id=\"PDDescription2\" class=\"UserContentView userContent v1a v1 bs-view dcon dc165 PDDescription2\" >\n<table class='techparam_table'>\n<tr>\n<td>Po\u010det v balen\u00ed<\/td>\n<td>100ks <\/td>\n<\/tr>\n<tr>\n<td>Distributor pro \u010cR a SR<\/td>\n<td>HS Flamingo s.r.o. &#8211; www.hsflamingo.cz <\/td>\n<\/tr>\n<tr>\n<td>Po\u010det balen\u00ed v kartonu<\/td>\n<td>6 <\/td>\n<\/tr>\n<\/table>\n<\/div><\/div>\n<div id=\"PDTable3\" class=\"ProductDetailTableView v3a v3 bs-view dcon dc185 PDTable3\" >\n<table>\n<thead><\/thead>\n<tbody>\n<tr class=\"attribute attr_bsshop_maker\">\n<td class=\"caption\">V\u00fdrobce<\/td>\n<td class=\"value\">BURNER<\/td>\n<\/tr>\n<\/tbody>\n<\/table>\n<\/div>\n<\/div>\n<div id=\"e4920177\" class=\"tabs\">\n","protected":false},"excerpt":{"rendered":"<p>Balen\u00ed: 100 ksAplikace: cel\u00fd s\u00e1\u010dek vho\u010fte do ohn\u011b. S\u00e1\u010dek je ekologicky nez\u00e1vadn\u00fd.D\u00e1nsk\u00fd v\u00fdrobce BURNERInovace, kvalita, bezpe\u010dnost a ochrana \u017eivotn\u00edho prost\u0159ed\u00ed p\u0159edstavuj\u00ed koncep\u010dn\u00ed z\u00e1klad na\u0161eho \u201eorigin\u00e1ln\u00edho\u201c pr\u00e9miov\u00e9ho podpalova\u010de, kter\u00fd je dodnes&nbsp;nejprod\u00e1van\u011bj\u0161\u00edm&nbsp;produktem na trhu.Podpalova\u010de BURNER jsou nejlep\u0161\u00ed a nejbezpe\u010dn\u011bj\u0161\u00ed zp\u016fsob, jak zap\u00e1lit ohe\u0148, a\u0165 u\u017e jste doma, v divo\u010din\u011b, na hor\u00e1ch nebo u vody. V\u00fdrobky BURNER jsou [&hellip;]<\/p>\n","protected":false},"featured_media":70227,"comment_status":"open","ping_status":"open","template":"","meta":[],"product_brand":[],"product_cat":[103],"product_tag":[],"class_list":{"0":"post-70127","1":"product","2":"type-product","3":"status-publish","4":"has-post-thumbnail","6":"product_cat-krby-a-kamna","8":"first","9":"instock","10":"sale","11":"shipping-taxable","12":"purchasable","13":"product-type-simple"},"yoast_head":"<!-- This site is optimized with the Yoast SEO plugin v26.8 - https:\/\/yoast.com\/product\/yoast-seo-wordpress\/ -->\n<title>HS Flamingo Podpalova\u010d BURNER, tuba 100 ks Posledn\u00ed \u0160ance -<\/title>\n<meta name=\"robots\" content=\"index, follow, max-snippet:-1, max-image-preview:large, max-video-preview:-1\" \/>\n<link rel=\"canonical\" href=\"https:\/\/www.koupeltech.com\/index.php\/produkt\/hs-flamingo-podpalovac-burner-tuba-100-ks-posledni-sance-70127\/\" \/>\n<meta property=\"og:locale\" content=\"cs_CZ\" \/>\n<meta property=\"og:type\" content=\"article\" \/>\n<meta property=\"og:title\" content=\"HS Flamingo Podpalova\u010d BURNER, tuba 100 ks Posledn\u00ed \u0160ance -\" \/>\n<meta property=\"og:description\" content=\"Balen\u00ed: 100 ksAplikace: cel\u00fd s\u00e1\u010dek vho\u010fte do ohn\u011b. S\u00e1\u010dek je ekologicky nez\u00e1vadn\u00fd.D\u00e1nsk\u00fd v\u00fdrobce BURNERInovace, kvalita, bezpe\u010dnost a ochrana \u017eivotn\u00edho prost\u0159ed\u00ed p\u0159edstavuj\u00ed koncep\u010dn\u00ed z\u00e1klad na\u0161eho \u201eorigin\u00e1ln\u00edho\u201c pr\u00e9miov\u00e9ho podpalova\u010de, kter\u00fd je dodnes&nbsp;nejprod\u00e1van\u011bj\u0161\u00edm&nbsp;produktem na trhu.Podpalova\u010de BURNER jsou nejlep\u0161\u00ed a nejbezpe\u010dn\u011bj\u0161\u00ed zp\u016fsob, jak zap\u00e1lit ohe\u0148, a\u0165 u\u017e jste doma, v divo\u010din\u011b, na hor\u00e1ch nebo u vody. V\u00fdrobky BURNER jsou [&hellip;]\" \/>\n<meta property=\"og:url\" content=\"https:\/\/www.koupeltech.com\/index.php\/produkt\/hs-flamingo-podpalovac-burner-tuba-100-ks-posledni-sance-70127\/\" \/>\n<meta property=\"og:image\" content=\"https:\/\/www.koupeltech.com\/wp-content\/uploads\/2026\/SK0022477-CZ20260425-093449-0-1777080896-hs-flamingo-podpalovac-burner-tuba-100-ks.webp\" \/>\n\t<meta property=\"og:image:width\" content=\"1000\" \/>\n\t<meta property=\"og:image:height\" content=\"525\" \/>\n\t<meta property=\"og:image:type\" content=\"image\/webp\" \/>\n<meta name=\"twitter:card\" content=\"summary_large_image\" \/>\n<meta name=\"twitter:label1\" content=\"Odhadovan\u00e1 doba \u010dten\u00ed\" \/>\n\t<meta name=\"twitter:data1\" content=\"2 minuty\" \/>\n<script type=\"application\/ld+json\" class=\"yoast-schema-graph\">{\"@context\":\"https:\/\/schema.org\",\"@graph\":[{\"@type\":\"WebPage\",\"@id\":\"https:\/\/www.koupeltech.com\/index.php\/produkt\/hs-flamingo-podpalovac-burner-tuba-100-ks-posledni-sance-70127\/\",\"url\":\"https:\/\/www.koupeltech.com\/index.php\/produkt\/hs-flamingo-podpalovac-burner-tuba-100-ks-posledni-sance-70127\/\",\"name\":\"HS Flamingo Podpalova\u010d BURNER, tuba 100 ks Posledn\u00ed \u0160ance -\",\"isPartOf\":{\"@id\":\"https:\/\/www.koupeltech.com\/#website\"},\"primaryImageOfPage\":{\"@id\":\"https:\/\/www.koupeltech.com\/index.php\/produkt\/hs-flamingo-podpalovac-burner-tuba-100-ks-posledni-sance-70127\/#primaryimage\"},\"image\":{\"@id\":\"https:\/\/www.koupeltech.com\/index.php\/produkt\/hs-flamingo-podpalovac-burner-tuba-100-ks-posledni-sance-70127\/#primaryimage\"},\"thumbnailUrl\":\"https:\/\/www.koupeltech.com\/wp-content\/uploads\/2026\/SK0022477-CZ20260425-093449-0-1777080896-hs-flamingo-podpalovac-burner-tuba-100-ks.webp\",\"datePublished\":\"2026-04-27T14:06:39+00:00\",\"breadcrumb\":{\"@id\":\"https:\/\/www.koupeltech.com\/index.php\/produkt\/hs-flamingo-podpalovac-burner-tuba-100-ks-posledni-sance-70127\/#breadcrumb\"},\"inLanguage\":\"cs\",\"potentialAction\":[{\"@type\":\"ReadAction\",\"target\":[\"https:\/\/www.koupeltech.com\/index.php\/produkt\/hs-flamingo-podpalovac-burner-tuba-100-ks-posledni-sance-70127\/\"]}]},{\"@type\":\"ImageObject\",\"inLanguage\":\"cs\",\"@id\":\"https:\/\/www.koupeltech.com\/index.php\/produkt\/hs-flamingo-podpalovac-burner-tuba-100-ks-posledni-sance-70127\/#primaryimage\",\"url\":\"https:\/\/www.koupeltech.com\/wp-content\/uploads\/2026\/SK0022477-CZ20260425-093449-0-1777080896-hs-flamingo-podpalovac-burner-tuba-100-ks.webp\",\"contentUrl\":\"https:\/\/www.koupeltech.com\/wp-content\/uploads\/2026\/SK0022477-CZ20260425-093449-0-1777080896-hs-flamingo-podpalovac-burner-tuba-100-ks.webp\",\"width\":1000,\"height\":525},{\"@type\":\"BreadcrumbList\",\"@id\":\"https:\/\/www.koupeltech.com\/index.php\/produkt\/hs-flamingo-podpalovac-burner-tuba-100-ks-posledni-sance-70127\/#breadcrumb\",\"itemListElement\":[{\"@type\":\"ListItem\",\"position\":1,\"name\":\"Home\",\"item\":\"https:\/\/www.koupeltech.com\/\"},{\"@type\":\"ListItem\",\"position\":2,\"name\":\"Products\",\"item\":\"https:\/\/www.koupeltech.com\/index.php\/products\/\"},{\"@type\":\"ListItem\",\"position\":3,\"name\":\"HS Flamingo Podpalova\u010d BURNER, tuba 100 ks Posledn\u00ed \u0160ance\"}]},{\"@type\":\"WebSite\",\"@id\":\"https:\/\/www.koupeltech.com\/#website\",\"url\":\"https:\/\/www.koupeltech.com\/\",\"name\":\"\",\"description\":\"\",\"potentialAction\":[{\"@type\":\"SearchAction\",\"target\":{\"@type\":\"EntryPoint\",\"urlTemplate\":\"https:\/\/www.koupeltech.com\/?s={search_term_string}\"},\"query-input\":{\"@type\":\"PropertyValueSpecification\",\"valueRequired\":true,\"valueName\":\"search_term_string\"}}],\"inLanguage\":\"cs\"}]}<\/script>\n<!-- \/ Yoast SEO plugin. -->","yoast_head_json":{"title":"HS Flamingo Podpalova\u010d BURNER, tuba 100 ks Posledn\u00ed \u0160ance -","robots":{"index":"index","follow":"follow","max-snippet":"max-snippet:-1","max-image-preview":"max-image-preview:large","max-video-preview":"max-video-preview:-1"},"canonical":"https:\/\/www.koupeltech.com\/index.php\/produkt\/hs-flamingo-podpalovac-burner-tuba-100-ks-posledni-sance-70127\/","og_locale":"cs_CZ","og_type":"article","og_title":"HS Flamingo Podpalova\u010d BURNER, tuba 100 ks Posledn\u00ed \u0160ance -","og_description":"Balen\u00ed: 100 ksAplikace: cel\u00fd s\u00e1\u010dek vho\u010fte do ohn\u011b. S\u00e1\u010dek je ekologicky nez\u00e1vadn\u00fd.D\u00e1nsk\u00fd v\u00fdrobce BURNERInovace, kvalita, bezpe\u010dnost a ochrana \u017eivotn\u00edho prost\u0159ed\u00ed p\u0159edstavuj\u00ed koncep\u010dn\u00ed z\u00e1klad na\u0161eho \u201eorigin\u00e1ln\u00edho\u201c pr\u00e9miov\u00e9ho podpalova\u010de, kter\u00fd je dodnes&nbsp;nejprod\u00e1van\u011bj\u0161\u00edm&nbsp;produktem na trhu.Podpalova\u010de BURNER jsou nejlep\u0161\u00ed a nejbezpe\u010dn\u011bj\u0161\u00ed zp\u016fsob, jak zap\u00e1lit ohe\u0148, a\u0165 u\u017e jste doma, v divo\u010din\u011b, na hor\u00e1ch nebo u vody. V\u00fdrobky BURNER jsou [&hellip;]","og_url":"https:\/\/www.koupeltech.com\/index.php\/produkt\/hs-flamingo-podpalovac-burner-tuba-100-ks-posledni-sance-70127\/","og_image":[{"width":1000,"height":525,"url":"https:\/\/www.koupeltech.com\/wp-content\/uploads\/2026\/SK0022477-CZ20260425-093449-0-1777080896-hs-flamingo-podpalovac-burner-tuba-100-ks.webp","type":"image\/webp"}],"twitter_card":"summary_large_image","twitter_misc":{"Odhadovan\u00e1 doba \u010dten\u00ed":"2 minuty"},"schema":{"@context":"https:\/\/schema.org","@graph":[{"@type":"WebPage","@id":"https:\/\/www.koupeltech.com\/index.php\/produkt\/hs-flamingo-podpalovac-burner-tuba-100-ks-posledni-sance-70127\/","url":"https:\/\/www.koupeltech.com\/index.php\/produkt\/hs-flamingo-podpalovac-burner-tuba-100-ks-posledni-sance-70127\/","name":"HS Flamingo Podpalova\u010d BURNER, tuba 100 ks Posledn\u00ed \u0160ance -","isPartOf":{"@id":"https:\/\/www.koupeltech.com\/#website"},"primaryImageOfPage":{"@id":"https:\/\/www.koupeltech.com\/index.php\/produkt\/hs-flamingo-podpalovac-burner-tuba-100-ks-posledni-sance-70127\/#primaryimage"},"image":{"@id":"https:\/\/www.koupeltech.com\/index.php\/produkt\/hs-flamingo-podpalovac-burner-tuba-100-ks-posledni-sance-70127\/#primaryimage"},"thumbnailUrl":"https:\/\/www.koupeltech.com\/wp-content\/uploads\/2026\/SK0022477-CZ20260425-093449-0-1777080896-hs-flamingo-podpalovac-burner-tuba-100-ks.webp","datePublished":"2026-04-27T14:06:39+00:00","breadcrumb":{"@id":"https:\/\/www.koupeltech.com\/index.php\/produkt\/hs-flamingo-podpalovac-burner-tuba-100-ks-posledni-sance-70127\/#breadcrumb"},"inLanguage":"cs","potentialAction":[{"@type":"ReadAction","target":["https:\/\/www.koupeltech.com\/index.php\/produkt\/hs-flamingo-podpalovac-burner-tuba-100-ks-posledni-sance-70127\/"]}]},{"@type":"ImageObject","inLanguage":"cs","@id":"https:\/\/www.koupeltech.com\/index.php\/produkt\/hs-flamingo-podpalovac-burner-tuba-100-ks-posledni-sance-70127\/#primaryimage","url":"https:\/\/www.koupeltech.com\/wp-content\/uploads\/2026\/SK0022477-CZ20260425-093449-0-1777080896-hs-flamingo-podpalovac-burner-tuba-100-ks.webp","contentUrl":"https:\/\/www.koupeltech.com\/wp-content\/uploads\/2026\/SK0022477-CZ20260425-093449-0-1777080896-hs-flamingo-podpalovac-burner-tuba-100-ks.webp","width":1000,"height":525},{"@type":"BreadcrumbList","@id":"https:\/\/www.koupeltech.com\/index.php\/produkt\/hs-flamingo-podpalovac-burner-tuba-100-ks-posledni-sance-70127\/#breadcrumb","itemListElement":[{"@type":"ListItem","position":1,"name":"Home","item":"https:\/\/www.koupeltech.com\/"},{"@type":"ListItem","position":2,"name":"Products","item":"https:\/\/www.koupeltech.com\/index.php\/products\/"},{"@type":"ListItem","position":3,"name":"HS Flamingo Podpalova\u010d BURNER, tuba 100 ks Posledn\u00ed \u0160ance"}]},{"@type":"WebSite","@id":"https:\/\/www.koupeltech.com\/#website","url":"https:\/\/www.koupeltech.com\/","name":"","description":"","potentialAction":[{"@type":"SearchAction","target":{"@type":"EntryPoint","urlTemplate":"https:\/\/www.koupeltech.com\/?s={search_term_string}"},"query-input":{"@type":"PropertyValueSpecification","valueRequired":true,"valueName":"search_term_string"}}],"inLanguage":"cs"}]}},"_links":{"self":[{"href":"https:\/\/www.koupeltech.com\/index.php\/wp-json\/wp\/v2\/product\/70127","targetHints":{"allow":["GET"]}}],"collection":[{"href":"https:\/\/www.koupeltech.com\/index.php\/wp-json\/wp\/v2\/product"}],"about":[{"href":"https:\/\/www.koupeltech.com\/index.php\/wp-json\/wp\/v2\/types\/product"}],"replies":[{"embeddable":true,"href":"https:\/\/www.koupeltech.com\/index.php\/wp-json\/wp\/v2\/comments?post=70127"}],"wp:featuredmedia":[{"embeddable":true,"href":"https:\/\/www.koupeltech.com\/index.php\/wp-json\/wp\/v2\/media\/70227"}],"wp:attachment":[{"href":"https:\/\/www.koupeltech.com\/index.php\/wp-json\/wp\/v2\/media?parent=70127"}],"wp:term":[{"taxonomy":"product_brand","embeddable":true,"href":"https:\/\/www.koupeltech.com\/index.php\/wp-json\/wp\/v2\/product_brand?post=70127"},{"taxonomy":"product_cat","embeddable":true,"href":"https:\/\/www.koupeltech.com\/index.php\/wp-json\/wp\/v2\/product_cat?post=70127"},{"taxonomy":"product_tag","embeddable":true,"href":"https:\/\/www.koupeltech.com\/index.php\/wp-json\/wp\/v2\/product_tag?post=70127"}],"curies":[{"name":"wp","href":"https:\/\/api.w.org\/{rel}","templated":true}]}}